[INFO] cloning repository https://github.com/Larkspur-Wang/Codex_Keyboard
[INFO] running `Command { std: "git" "-c" "credential.helper=" "-c" "credential.helper=/workspace/cargo-home/bin/git-credential-null" "clone" "--bare" "https://github.com/Larkspur-Wang/Codex_Keyboard" "/workspace/cache/git-repos/https%3A%2F%2Fgithub.com%2FLarkspur-Wang%2FCodex_Keyboard", kill_on_drop: false }`
[INFO] [stderr] Cloning into bare repository '/workspace/cache/git-repos/https%3A%2F%2Fgithub.com%2FLarkspur-Wang%2FCodex_Keyboard'...
[INFO] running `Command { std: "git" "rev-parse" "HEAD", kill_on_drop: false }`
[INFO] [stdout] acaa464907b6581b82f01b532cbbde0bb52c3419
[INFO] checking Larkspur-Wang/Codex_Keyboard against 3154cc1a3e6424e44f438a95007d043ed5ceaaf6 for pr-133502-30
[INFO] running `Command { std: "git" "clone" "/workspace/cache/git-repos/https%3A%2F%2Fgithub.com%2FLarkspur-Wang%2FCodex_Keyboard" "/workspace/builds/worker-7-tc2/source", kill_on_drop: false }`
[INFO] [stderr] Cloning into '/workspace/builds/worker-7-tc2/source'...
[INFO] [stderr] done.
[INFO] started tweaking git repo https://github.com/Larkspur-Wang/Codex_Keyboard
[INFO] finished tweaking git repo https://github.com/Larkspur-Wang/Codex_Keyboard
[INFO] tweaked toml for git repo https://github.com/Larkspur-Wang/Codex_Keyboard written to /workspace/builds/worker-7-tc2/source/Cargo.toml
[INFO] validating manifest of git repo https://github.com/Larkspur-Wang/Codex_Keyboard on toolchain 3154cc1a3e6424e44f438a95007d043ed5ceaaf6
[INFO] running `Command { std: CARGO_HOME="/workspace/cargo-home" RUSTUP_HOME="/workspace/rustup-home" "/workspace/cargo-home/bin/cargo" "+3154cc1a3e6424e44f438a95007d043ed5ceaaf6" "metadata" "--manifest-path" "Cargo.toml" "--no-deps", kill_on_drop: false }`
[INFO] crate git repo https://github.com/Larkspur-Wang/Codex_Keyboard already has a lockfile, it will not be regenerated
[INFO] running `Command { std: CARGO_HOME="/workspace/cargo-home" RUSTUP_HOME="/workspace/rustup-home" "/workspace/cargo-home/bin/cargo" "+3154cc1a3e6424e44f438a95007d043ed5ceaaf6" "fetch" "--manifest-path" "Cargo.toml", kill_on_drop: false }`
[INFO] [stderr]     Blocking waiting for file lock on package cache
[INFO] [stderr]     Blocking waiting for file lock on package cache
[INFO] running `Command { std: "docker" "create" "-v" "/var/lib/crater-agent-workspace/builds/worker-7-tc2/source:/opt/rustwide/workdir:ro,Z" "-v" "/var/lib/crater-agent-workspace/builds/worker-7-tc2/target:/opt/rustwide/target:rw,Z" "-v" "/var/lib/crater-agent-workspace/cargo-home:/opt/rustwide/cargo-home:ro,Z" "-v" "/var/lib/crater-agent-workspace/rustup-home:/opt/rustwide/rustup-home:ro,Z" "-m" "1610612736" "--network" "none" "ghcr.io/rust-lang/crates-build-env/linux@sha256:77db811e55d90add9212f6832c23229e3de5f1c1f9905e8cb07319ea15df73ac" "sleep" "infinity", kill_on_drop: false }`
[INFO] [stdout] 4608f52b963d99621de4161ba0a98d3dcbc6c33a6a4f7ca6f7a88b894249faa6
[INFO] running `Command { std: "docker" "start" "4608f52b963d99621de4161ba0a98d3dcbc6c33a6a4f7ca6f7a88b894249faa6", kill_on_drop: false }`
[INFO] running `Command { std: "docker" "inspect" "4608f52b963d99621de4161ba0a98d3dcbc6c33a6a4f7ca6f7a88b894249faa6", kill_on_drop: false }`
[INFO] running `Command { std: "docker" "exec" "-e" "SOURCE_DIR=/opt/rustwide/workdir" "-e" "CARGO_HOME=/opt/rustwide/cargo-home" "-e" "RUSTUP_HOME=/opt/rustwide/rustup-home" "-e" "CARGO_TARGET_DIR=/opt/rustwide/target" "-w" "/opt/rustwide/workdir" "--user" "0:0" "4608f52b963d99621de4161ba0a98d3dcbc6c33a6a4f7ca6f7a88b894249faa6" "/opt/rustwide/cargo-home/bin/cargo" "+3154cc1a3e6424e44f438a95007d043ed5ceaaf6" "metadata" "--no-deps" "--format-version=1", kill_on_drop: false }`
[INFO] running `Command { std: "docker" "inspect" "4608f52b963d99621de4161ba0a98d3dcbc6c33a6a4f7ca6f7a88b894249faa6", kill_on_drop: false }`
[INFO] running `Command { std: "docker" "exec" "-e" "SOURCE_DIR=/opt/rustwide/workdir" "-e" "CARGO_HOME=/opt/rustwide/cargo-home" "-e" "RUSTUP_HOME=/opt/rustwide/rustup-home" "-e" "CARGO_TARGET_DIR=/opt/rustwide/target" "-e" "CARGO_INCREMENTAL=0" "-e" "RUST_BACKTRACE=full" "-e" "RUSTFLAGS=--cap-lints=forbid" "-e" "RUSTDOCFLAGS=--cap-lints=forbid" "-w" "/opt/rustwide/workdir" "--user" "0:0" "4608f52b963d99621de4161ba0a98d3dcbc6c33a6a4f7ca6f7a88b894249faa6" "/opt/rustwide/cargo-home/bin/cargo" "+3154cc1a3e6424e44f438a95007d043ed5ceaaf6" "check" "--frozen" "--all" "--all-targets" "--message-format=json", kill_on_drop: false }`
[INFO] [stderr]    Compiling libc v0.2.189
[INFO] [stderr]     Checking cfg-if v1.0.4
[INFO] [stderr]    Compiling version_check v0.9.5
[INFO] [stderr]     Checking typenum v1.20.1
[INFO] [stderr]    Compiling shlex v2.0.1
[INFO] [stderr]    Compiling find-msvc-tools v0.1.9
[INFO] [stderr]     Checking subtle v2.6.1
[INFO] [stderr]    Compiling proc-macro2 v1.0.107
[INFO] [stderr]    Compiling unicode-ident v1.0.24
[INFO] [stderr]    Compiling quote v1.0.47
[INFO] [stderr]     Checking cpufeatures v0.2.17
[INFO] [stderr]     Checking zeroize v1.9.0
[INFO] [stderr]    Compiling serde_core v1.0.229
[INFO] [stderr]    Compiling vcpkg v0.2.15
[INFO] [stderr]    Compiling pkg-config v0.3.33
[INFO] [stderr]    Compiling getrandom v0.4.3
[INFO] [stderr]     Checking untrusted v0.9.0
[INFO] [stderr]    Compiling zmij v1.0.23
[INFO] [stderr]     Checking bitflags v2.13.1
[INFO] [stderr]    Compiling rustix v1.1.4
[INFO] [stderr]     Checking rustls-pki-types v1.15.1
[INFO] [stderr]     Checking foldhash v0.2.0
[INFO] [stderr]     Checking opaque-debug v0.3.1
[INFO] [stderr]     Checking hashbrown v0.16.1
[INFO] [stderr]    Compiling httparse v1.10.1
[INFO] [stderr]    Compiling cc v1.4.0
[INFO] [stderr]     Checking linux-raw-sys v0.12.1
[INFO] [stderr]    Compiling serde v1.0.229
[INFO] [stderr]    Compiling signal-hook v0.3.18
[INFO] [stderr]     Checking once_cell v1.21.4
[INFO] [stderr]    Compiling thiserror v2.0.19
[INFO] [stderr]    Compiling serde_json v1.0.151
[INFO] [stderr]    Compiling rustls v0.23.43
[INFO] [stderr]    Compiling generic-array v0.14.7
[INFO] [stderr]     Checking openssl-probe v0.2.1
[INFO] [stderr]     Checking fallible-iterator v0.3.0
[INFO] [stderr]     Checking smallvec v1.15.2
[INFO] [stderr]     Checking itoa v1.0.18
[INFO] [stderr]     Checking fallible-streaming-iterator v0.1.9
[INFO] [stderr]     Checking fastrand v2.5.0
[INFO] [stderr]     Checking memchr v2.8.3
[INFO] [stderr]     Checking rustls-native-certs v0.8.4
[INFO] [stderr]     Checking base64 v0.22.1
[INFO] [stderr]    Compiling easy-codex-desktop v0.1.0 (/opt/rustwide/workdir/app/desktop/src-tauri)
[INFO] [stderr]     Checking hashlink v0.11.1
[INFO] [stderr]    Compiling syn v3.0.3
[INFO] [stderr]     Checking getrandom v0.2.17
[INFO] [stderr]     Checking errno v0.3.14
[INFO] [stderr]     Checking fs2 v0.4.3
[INFO] [stderr]     Checking signal-hook-registry v1.4.8
[INFO] [stderr]     Checking rand_core v0.6.4
[INFO] [stderr]    Compiling ring v0.17.14
[INFO] [stderr]    Compiling libsqlite3-sys v0.37.0
[INFO] [stderr]     Checking uuid v1.24.0
[INFO] [stderr]     Checking crypto-common v0.1.7
[INFO] [stderr]     Checking block-buffer v0.10.4
[INFO] [stderr]     Checking inout v0.1.4
[INFO] [stderr]     Checking universal-hash v0.5.1
[INFO] [stderr]     Checking aead v0.5.2
[INFO] [stderr]     Checking cipher v0.4.4
[INFO] [stderr]     Checking digest v0.10.7
[INFO] [stderr]     Checking polyval v0.6.2
[INFO] [stderr]     Checking hmac v0.12.1
[INFO] [stderr]     Checking sha1 v0.10.7
[INFO] [stderr]     Checking sha2 v0.10.9
[INFO] [stderr]     Checking ghash v0.5.1
[INFO] [stderr]     Checking tempfile v3.27.0
[INFO] [stderr]     Checking aes v0.8.4
[INFO] [stderr]     Checking ctr v0.9.2
[INFO] [stderr]     Checking hkdf v0.12.4
[INFO] [stderr]     Checking aes-gcm v0.10.3
[INFO] [stderr]    Compiling serde_derive v1.0.229
[INFO] [stderr]    Compiling thiserror-impl v2.0.19
[INFO] [stderr]     Checking rustls-webpki v0.103.13
[INFO] [stderr]     Checking rusqlite v0.39.0
[INFO] [stderr]     Checking easy-codex-host v0.1.0 (/opt/rustwide/workdir/app/host)
[INFO] [stdout] error[E0433]: cannot find type `HealthError` in this scope
[INFO] [stdout]     --> app/host/src/launch_agent.rs:1015:14
[INFO] [stdout]      |
[INFO] [stdout] 1015 |             &HealthError::InvalidResponse
[INFO] [stdout]      |              ^^^^^^^^^^^ use of undeclared type `HealthError`
[INFO] [stdout]      |
[INFO] [stdout] help: consider importing this enum
[INFO] [stdout]      |
[INFO] [stdout]  756 +     use crate::health::HealthError;
[INFO] [stdout]      |
[INFO] [stdout] 
[INFO] [stdout] 
[INFO] [stdout] error[E0433]: cannot find type `HealthError` in this scope
[INFO] [stdout]     --> app/host/src/launch_agent.rs:1017:52
[INFO] [stdout]      |
[INFO] [stdout] 1017 |         assert!(health_is_temporarily_unavailable(&HealthError::Io(
[INFO] [stdout]      |                                                    ^^^^^^^^^^^ use of undeclared type `HealthError`
[INFO] [stdout]      |
[INFO] [stdout] help: consider importing this enum
[INFO] [stdout]      |
[INFO] [stdout]  756 +     use crate::health::HealthError;
[INFO] [stdout]      |
[INFO] [stdout] 
[INFO] [stdout] 
[INFO] [stdout] error[E0433]: cannot find type `HealthError` in this scope
[INFO] [stdout]     --> app/host/src/launch_agent.rs:1021:14
[INFO] [stdout]      |
[INFO] [stdout] 1021 |             &HealthError::UnsafeSocket
[INFO] [stdout]      |              ^^^^^^^^^^^ use of undeclared type `HealthError`
[INFO] [stdout]      |
[INFO] [stdout] help: consider importing this enum
[INFO] [stdout]      |
[INFO] [stdout]  756 +     use crate::health::HealthError;
[INFO] [stdout]      |
[INFO] [stdout] 
[INFO] [stdout] 
[INFO] [stdout] warning: use of deprecated method `std::sync::atomic::Atomic::<usize>::fetch_update`: renamed to `try_update` for consistency
[INFO] [stdout]    --> app/host/src/health.rs:631:10
[INFO] [stdout]     |
[INFO] [stdout] 631 |         .fetch_update(Ordering::AcqRel, Ordering::Acquire, |count| {
[INFO] [stdout]     |          ^^^^^^^^^^^^
[INFO] [stdout]     |
[INFO] [stdout]     = note: `#[warn(deprecated)]` on by default
[INFO] [stdout] help: replace the use of the deprecated method
[INFO] [stdout]     |
[INFO] [stdout] 631 -         .fetch_update(Ordering::AcqRel, Ordering::Acquire, |count| {
[INFO] [stdout] 631 +         .try_update(Ordering::AcqRel, Ordering::Acquire, |count| {
[INFO] [stdout]     |
[INFO] [stdout] 
[INFO] [stdout] 
[INFO] [stdout] warning: use of deprecated method `std::sync::atomic::Atomic::<usize>::fetch_update`: renamed to `try_update` for consistency
[INFO] [stdout]    --> app/host/src/health.rs:631:10
[INFO] [stdout]     |
[INFO] [stdout] 631 |         .fetch_update(Ordering::AcqRel, Ordering::Acquire, |count| {
[INFO] [stdout]     |          ^^^^^^^^^^^^
[INFO] [stdout]     |
[INFO] [stdout]     = note: `#[warn(deprecated)]` on by default
[INFO] [stdout] help: replace the use of the deprecated method
[INFO] [stdout]     |
[INFO] [stdout] 631 -         .fetch_update(Ordering::AcqRel, Ordering::Acquire, |count| {
[INFO] [stdout] 631 +         .try_update(Ordering::AcqRel, Ordering::Acquire, |count| {
[INFO] [stdout]     |
[INFO] [stdout] 
[INFO] [stdout] 
[INFO] [stdout] error[E0425]: cannot find function `health_is_temporarily_unavailable` in this scope
[INFO] [stdout]     --> app/host/src/launch_agent.rs:1014:17
[INFO] [stdout]      |
[INFO] [stdout] 1014 |         assert!(health_is_temporarily_unavailable(
[INFO] [stdout]      |                 ^^^^^^^^^^^^^^^^^^^^^^^^^^^^^^^^^ not found in this scope
[INFO] [stdout] 
[INFO] [stdout] 
[INFO] [stdout] error[E0425]: cannot find function `health_is_temporarily_unavailable` in this scope
[INFO] [stdout]     --> app/host/src/launch_agent.rs:1017:17
[INFO] [stdout]      |
[INFO] [stdout] 1017 |         assert!(health_is_temporarily_unavailable(&HealthError::Io(
[INFO] [stdout]      |                 ^^^^^^^^^^^^^^^^^^^^^^^^^^^^^^^^^ not found in this scope
[INFO] [stdout] 
[INFO] [stdout] 
[INFO] [stdout] error[E0425]: cannot find function `health_is_temporarily_unavailable` in this scope
[INFO] [stdout]     --> app/host/src/launch_agent.rs:1020:18
[INFO] [stdout]      |
[INFO] [stdout] 1020 |         assert!(!health_is_temporarily_unavailable(
[INFO] [stdout]      |                  ^^^^^^^^^^^^^^^^^^^^^^^^^^^^^^^^^ not found in this scope
[INFO] [stdout] 
[INFO] [stdout] 
[INFO] [stdout] warning: method `reconcile_with` is never used
[INFO] [stdout]    --> app/host/src/cache.rs:448:19
[INFO] [stdout]     |
[INFO] [stdout] 240 | impl CacheStore {
[INFO] [stdout]     | --------------- method in this implementation
[INFO] [stdout] ...
[INFO] [stdout] 448 |     pub(crate) fn reconcile_with<E, F>(
[INFO] [stdout]     |                   ^^^^^^^^^^^^^^
[INFO] [stdout]     |
[INFO] [stdout]     = note: `#[warn(dead_code)]` (part of `#[warn(unused)]`) on by default
[INFO] [stdout] 
[INFO] [stdout] 
[INFO] [stdout] warning: unused import: `LocalCacheSecretStore`
[INFO] [stdout]   --> app/host/src/main.rs:24:54
[INFO] [stdout]    |
[INFO] [stdout] 24 |     DashScopeEnvStore, ImportLock, KeychainAccounts, LocalCacheSecretStore, SecretStore,
[INFO] [stdout]    |                                                      ^^^^^^^^^^^^^^^^^^^^^
[INFO] [stdout]    |
[INFO] [stdout]    = note: `#[warn(unused_imports)]` (part of `#[warn(unused)]`) on by default
[INFO] [stdout] 
[INFO] [stdout] 
[INFO] [stdout] warning: unused import: `LocalCacheSecretStore`
[INFO] [stdout]   --> app/host/src/main.rs:24:54
[INFO] [stdout]    |
[INFO] [stdout] 24 |     DashScopeEnvStore, ImportLock, KeychainAccounts, LocalCacheSecretStore, SecretStore,
[INFO] [stdout]    |                                                      ^^^^^^^^^^^^^^^^^^^^^
[INFO] [stdout]    |
[INFO] [stdout]    = note: `#[warn(unused_imports)]` (part of `#[warn(unused)]`) on by default
[INFO] [stdout] 
[INFO] [stdout] 
[INFO] [stdout] Some errors have detailed explanations: E0425, E0433.
[INFO] [stdout] 
[INFO] [stdout] For more information about an error, try `rustc --explain E0425`.
[INFO] [stdout] 
[INFO] [stderr] error: could not compile `easy-codex-host` (lib test) due to 6 previous errors; 1 warning emitted
[INFO] [stderr] warning: unused dependency `easy-codex-host`
[INFO] [stderr]   --> app/desktop/src-tauri/Cargo.toml:10:1
[INFO] [stderr]    |
[INFO] [stderr] 10 | easy-codex-host = { path = "../../host" }
[INFO] [stderr]    | ^^^^^^^^^^^^^^^^^^^^^^^^^^^^^^^^^^^^^^^^^
[INFO] [stderr]    |
[INFO] [stderr]    = note: `cargo::unused_dependencies` is set to `warn` by default
[INFO] [stderr] help: consider removing the dependency on `easy-codex-host`
[INFO] [stderr] warning: `easy-codex-desktop` (manifest) generated 1 warning
[INFO] running `Command { std: "docker" "inspect" "4608f52b963d99621de4161ba0a98d3dcbc6c33a6a4f7ca6f7a88b894249faa6", kill_on_drop: false }`
[INFO] running `Command { std: "docker" "rm" "-f" "4608f52b963d99621de4161ba0a98d3dcbc6c33a6a4f7ca6f7a88b894249faa6", kill_on_drop: false }`
[INFO] [stdout] 4608f52b963d99621de4161ba0a98d3dcbc6c33a6a4f7ca6f7a88b894249faa6
