[INFO] cloning repository https://github.com/Laboredih123/goonmos
[INFO] running `Command { std: "git" "-c" "credential.helper=" "-c" "credential.helper=/workspace/cargo-home/bin/git-credential-null" "clone" "--bare" "https://github.com/Laboredih123/goonmos" "/workspace/cache/git-repos/https%3A%2F%2Fgithub.com%2FLaboredih123%2Fgoonmos", kill_on_drop: false }`
[INFO] [stderr] Cloning into bare repository '/workspace/cache/git-repos/https%3A%2F%2Fgithub.com%2FLaboredih123%2Fgoonmos'...
[INFO] running `Command { std: "git" "rev-parse" "HEAD", kill_on_drop: false }`
[INFO] [stdout] 370041a2d7949038dd78890025d66d85d2a6aecf
[INFO] checking Laboredih123/goonmos against 3154cc1a3e6424e44f438a95007d043ed5ceaaf6+rustflags=-Znext-solver=coherence for pr-133502-30
[INFO] running `Command { std: "git" "clone" "/workspace/cache/git-repos/https%3A%2F%2Fgithub.com%2FLaboredih123%2Fgoonmos" "/workspace/builds/worker-5-tc1/source", kill_on_drop: false }`
[INFO] [stderr] Cloning into '/workspace/builds/worker-5-tc1/source'...
[INFO] [stderr] done.
[INFO] removed /workspace/builds/worker-5-tc1/source/.cargo/config.toml
[INFO] started tweaking git repo https://github.com/Laboredih123/goonmos
[INFO] finished tweaking git repo https://github.com/Laboredih123/goonmos
[INFO] tweaked toml for git repo https://github.com/Laboredih123/goonmos written to /workspace/builds/worker-5-tc1/source/Cargo.toml
[INFO] validating manifest of git repo https://github.com/Laboredih123/goonmos on toolchain 3154cc1a3e6424e44f438a95007d043ed5ceaaf6
[INFO] running `Command { std: CARGO_HOME="/workspace/cargo-home" RUSTUP_HOME="/workspace/rustup-home" "/workspace/cargo-home/bin/cargo" "+3154cc1a3e6424e44f438a95007d043ed5ceaaf6" "metadata" "--manifest-path" "Cargo.toml" "--no-deps", kill_on_drop: false }`
[INFO] crate git repo https://github.com/Laboredih123/goonmos already has a lockfile, it will not be regenerated
[INFO] running `Command { std: CARGO_HOME="/workspace/cargo-home" RUSTUP_HOME="/workspace/rustup-home" "/workspace/cargo-home/bin/cargo" "+3154cc1a3e6424e44f438a95007d043ed5ceaaf6" "fetch" "--manifest-path" "Cargo.toml", kill_on_drop: false }`
[INFO] [stderr]     Updating crates.io index
[INFO] [stderr]  Downloading crates ...
[INFO] [stderr]   Downloaded papaya v0.2.4
[INFO] [stderr]   Downloaded seize v0.5.1
[INFO] [stderr]   Downloaded meowtonin-impl v0.3.3
[INFO] [stderr]   Downloaded constcat v0.6.1
[INFO] [stderr]   Downloaded meowtonin v0.3.3
[INFO] [stderr]   Downloaded meowtonin-byondapi-sys v0.3.3
[INFO] [stderr]   Downloaded rustc-demangle v0.1.28
[INFO] running `Command { std: "docker" "create" "-v" "/var/lib/crater-agent-workspace/builds/worker-5-tc1/source:/opt/rustwide/workdir:ro,Z" "-v" "/var/lib/crater-agent-workspace/builds/worker-5-tc1/target:/opt/rustwide/target:rw,Z" "-v" "/var/lib/crater-agent-workspace/cargo-home:/opt/rustwide/cargo-home:ro,Z" "-v" "/var/lib/crater-agent-workspace/rustup-home:/opt/rustwide/rustup-home:ro,Z" "-m" "1610612736" "--network" "none" "ghcr.io/rust-lang/crates-build-env/linux@sha256:77db811e55d90add9212f6832c23229e3de5f1c1f9905e8cb07319ea15df73ac" "sleep" "infinity", kill_on_drop: false }`
[INFO] [stdout] 948ce44a1b223ab5eca1507e338508c38b4ee2d9bff5297f206e2f59dc80a842
[INFO] running `Command { std: "docker" "start" "948ce44a1b223ab5eca1507e338508c38b4ee2d9bff5297f206e2f59dc80a842", kill_on_drop: false }`
[INFO] running `Command { std: "docker" "inspect" "948ce44a1b223ab5eca1507e338508c38b4ee2d9bff5297f206e2f59dc80a842", kill_on_drop: false }`
[INFO] running `Command { std: "docker" "exec" "-e" "SOURCE_DIR=/opt/rustwide/workdir" "-e" "CARGO_HOME=/opt/rustwide/cargo-home" "-e" "RUSTUP_HOME=/opt/rustwide/rustup-home" "-e" "CARGO_TARGET_DIR=/opt/rustwide/target" "-w" "/opt/rustwide/workdir" "--user" "0:0" "948ce44a1b223ab5eca1507e338508c38b4ee2d9bff5297f206e2f59dc80a842" "/opt/rustwide/cargo-home/bin/cargo" "+3154cc1a3e6424e44f438a95007d043ed5ceaaf6" "metadata" "--no-deps" "--format-version=1", kill_on_drop: false }`
[INFO] running `Command { std: "docker" "inspect" "948ce44a1b223ab5eca1507e338508c38b4ee2d9bff5297f206e2f59dc80a842", kill_on_drop: false }`
[INFO] running `Command { std: "docker" "exec" "-e" "SOURCE_DIR=/opt/rustwide/workdir" "-e" "CARGO_HOME=/opt/rustwide/cargo-home" "-e" "RUSTUP_HOME=/opt/rustwide/rustup-home" "-e" "CARGO_TARGET_DIR=/opt/rustwide/target" "-e" "CARGO_INCREMENTAL=0" "-e" "RUST_BACKTRACE=full" "-e" "RUSTFLAGS=--cap-lints=forbid -Znext-solver=coherence" "-e" "RUSTDOCFLAGS=--cap-lints=forbid" "-w" "/opt/rustwide/workdir" "--user" "0:0" "948ce44a1b223ab5eca1507e338508c38b4ee2d9bff5297f206e2f59dc80a842" "/opt/rustwide/cargo-home/bin/cargo" "+3154cc1a3e6424e44f438a95007d043ed5ceaaf6" "check" "--frozen" "--all" "--all-targets" "--message-format=json", kill_on_drop: false }`
[INFO] [stderr]     Checking memchr v2.8.3
[INFO] [stderr]    Compiling meowtonin-byondapi-sys v0.3.3
[INFO] [stderr]     Checking smallvec v1.15.2
[INFO] [stderr]    Compiling serde_core v1.0.228
[INFO] [stderr]    Compiling syn v2.0.119
[INFO] [stderr]     Checking miniz_oxide v0.8.9
[INFO] [stderr]     Checking libloading v0.9.0
[INFO] [stderr]     Checking seize v0.5.1
[INFO] [stderr]    Compiling serde v1.0.228
[INFO] [stderr]     Checking bytemuck v1.25.1
[INFO] [stderr]     Checking rustc-demangle v0.1.28
[INFO] [stderr]     Checking constcat v0.6.1
[INFO] [stderr]     Checking grid v1.0.1
[INFO] [stderr]     Checking rayon v1.12.0
[INFO] [stderr]     Checking parking_lot_core v0.9.12
[INFO] [stderr]     Checking papaya v0.2.4
[INFO] [stderr]     Checking parking_lot v0.12.5
[INFO] [stderr]     Checking object v0.37.3
[INFO] [stderr]     Checking aho-corasick v1.1.4
[INFO] [stderr]     Checking serde_json v1.0.150
[INFO] [stderr]     Checking smol_str v0.3.6
[INFO] [stderr]    Compiling darling_core v0.23.0
[INFO] [stderr]    Compiling serde_derive v1.0.228
[INFO] [stderr]    Compiling thiserror-impl v2.0.18
[INFO] [stderr]     Checking thiserror v2.0.18
[INFO] [stderr]     Checking backtrace v0.3.76
[INFO] [stderr]    Compiling darling_macro v0.23.0
[INFO] [stderr]    Compiling darling v0.23.0
[INFO] [stderr]    Compiling meowtonin-impl v0.3.3
[INFO] [stderr]     Checking meowtonin v0.3.3
[INFO] [stdout] error[E0308]: mismatched types
[INFO] [stdout]   --> /opt/rustwide/cargo-home/registry/src/index.crates.io-1949cf8c6b5b557f/meowtonin-0.3.3/src/strid.rs:33:11
[INFO] [stdout]    |
[INFO] [stdout] 33 |     if id == NONE as u32 { None } else { Some(id) }
[INFO] [stdout]    |              ^^^^^^^^^^^ expected `u64`, found `u32`
[INFO] [stdout] 
[INFO] [stdout] 
[INFO] [stdout] error[E0277]: can't compare `u64` with `u32`
[INFO] [stdout]    --> /opt/rustwide/cargo-home/registry/src/index.crates.io-1949cf8c6b5b557f/meowtonin-0.3.3/src/strid.rs:33:8
[INFO] [stdout]     |
[INFO] [stdout]  33 |     if id == NONE as u32 { None } else { Some(id) }
[INFO] [stdout]     |           ^^ no implementation for `u64 == u32`
[INFO] [stdout]     |
[INFO] [stdout]     = help: the trait `PartialEq<u32>` is not implemented for `u64`
[INFO] [stdout] help: `u64` implements trait `PartialEq<Rhs>`
[INFO] [stdout]    --> /rustc/3154cc1a3e6424e44f438a95007d043ed5ceaaf6/library/core/src/cmp.rs:2174:12
[INFO] [stdout]     |
[INFO] [stdout]     = note: `PartialEq`
[INFO] [stdout]    ::: /rustc/3154cc1a3e6424e44f438a95007d043ed5ceaaf6/library/core/src/cmp.rs:2186:5
[INFO] [stdout]     |
[INFO] [stdout]     = note: in this macro invocation
[INFO] [stdout]     |
[INFO] [stdout]    ::: /opt/rustwide/cargo-home/registry/src/index.crates.io-1949cf8c6b5b557f/serde_json-1.0.150/src/value/partial_eq.rs:76:13
[INFO] [stdout]     |
[INFO] [stdout]  76 |               impl PartialEq<Value> for $ty {
[INFO] [stdout]     |               ^^^^^^^^^^^^^^^^^^^^^^^^^^^^^ `PartialEq<Value>`
[INFO] [stdout] ...
[INFO] [stdout]  97 | / partialeq_numeric! {
[INFO] [stdout]  98 | |     eq_i64[i8 i16 i32 i64 isize]
[INFO] [stdout]  99 | |     eq_u64[u8 u16 u32 u64 usize]
[INFO] [stdout] 100 | |     eq_f32[f32]
[INFO] [stdout] 101 | |     eq_f64[f64]
[INFO] [stdout] 102 | |     eq_bool[bool]
[INFO] [stdout] 103 | | }
[INFO] [stdout]     | |_- in this macro invocation
[INFO] [stdout]     = note: this error originates in the macro `impl_partial_eq_for_primitive` which comes from the expansion of the macro `partialeq_numeric` (in Nightly builds, run with -Z macro-backtrace for more info)
[INFO] [stdout] 
[INFO] [stdout] 
[INFO] [stdout] error[E0308]: mismatched types
[INFO] [stdout]   --> /opt/rustwide/cargo-home/registry/src/index.crates.io-1949cf8c6b5b557f/meowtonin-0.3.3/src/strid.rs:48:65
[INFO] [stdout]    |
[INFO] [stdout] 48 |     unsafe { ByondValue::new_ref_unchecked(ByondValueType::String, id) }
[INFO] [stdout]    |              -----------------------------                         ^^ expected `u32`, found `u64`
[INFO] [stdout]    |              |
[INFO] [stdout]    |              arguments to this function are incorrect
[INFO] [stdout]    |
[INFO] [stdout] note: associated function defined here
[INFO] [stdout]   --> /opt/rustwide/cargo-home/registry/src/index.crates.io-1949cf8c6b5b557f/meowtonin-0.3.3/src/value/reference.rs:18:22
[INFO] [stdout]    |
[INFO] [stdout] 18 |     pub const unsafe fn new_ref_unchecked(value_type: ByondValueType, ref_id: u32) -> Self {
[INFO] [stdout]    |                         ^^^^^^^^^^^^^^^^^                             -----------
[INFO] [stdout] help: you can convert a `u64` to a `u32` and panic if the converted value doesn't fit
[INFO] [stdout]    |
[INFO] [stdout] 48 |     unsafe { ByondValue::new_ref_unchecked(ByondValueType::String, id.try_into().unwrap()) }
[INFO] [stdout]    |                                                                      ++++++++++++++++++++
[INFO] [stdout] 
[INFO] [stdout] 
[INFO] [stdout] error[E0308]: mismatched types
[INFO] [stdout]   --> /opt/rustwide/cargo-home/registry/src/index.crates.io-1949cf8c6b5b557f/meowtonin-0.3.3/src/strid.rs:56:65
[INFO] [stdout]    |
[INFO] [stdout] 56 |     unsafe { ByondValue::new_ref_unchecked(ByondValueType::String, id) }
[INFO] [stdout]    |              -----------------------------                         ^^ expected `u32`, found `u64`
[INFO] [stdout]    |              |
[INFO] [stdout]    |              arguments to this function are incorrect
[INFO] [stdout]    |
[INFO] [stdout] note: associated function defined here
[INFO] [stdout]   --> /opt/rustwide/cargo-home/registry/src/index.crates.io-1949cf8c6b5b557f/meowtonin-0.3.3/src/value/reference.rs:18:22
[INFO] [stdout]    |
[INFO] [stdout] 18 |     pub const unsafe fn new_ref_unchecked(value_type: ByondValueType, ref_id: u32) -> Self {
[INFO] [stdout]    |                         ^^^^^^^^^^^^^^^^^                             -----------
[INFO] [stdout] help: you can convert a `u64` to a `u32` and panic if the converted value doesn't fit
[INFO] [stdout]    |
[INFO] [stdout] 56 |     unsafe { ByondValue::new_ref_unchecked(ByondValueType::String, id.try_into().unwrap()) }
[INFO] [stdout]    |                                                                      ++++++++++++++++++++
[INFO] [stdout] 
[INFO] [stdout] 
[INFO] [stdout] error[E0308]: mismatched types
[INFO] [stdout]   --> /opt/rustwide/cargo-home/registry/src/index.crates.io-1949cf8c6b5b557f/meowtonin-0.3.3/src/value/reference.rs:41:39
[INFO] [stdout]    |
[INFO] [stdout] 41 |         if result == 0 { None } else { Some(result) }
[INFO] [stdout]    |                                        ---- ^^^^^^ expected `u32`, found `u64`
[INFO] [stdout]    |                                        |
[INFO] [stdout]    |                                        arguments to this enum variant are incorrect
[INFO] [stdout]    |
[INFO] [stdout] help: the type constructed contains `u64` due to the type of the argument passed
[INFO] [stdout]   --> /opt/rustwide/cargo-home/registry/src/index.crates.io-1949cf8c6b5b557f/meowtonin-0.3.3/src/value/reference.rs:41:34
[INFO] [stdout]    |
[INFO] [stdout] 41 |         if result == 0 { None } else { Some(result) }
[INFO] [stdout]    |                                        ^^^^^------^
[INFO] [stdout]    |                                             |
[INFO] [stdout]    |                                             this argument influences the type of `Some`
[INFO] [stdout] note: tuple variant defined here
[INFO] [stdout]   --> /rustc/3154cc1a3e6424e44f438a95007d043ed5ceaaf6/library/core/src/option.rs:606:4
[INFO] [stdout] help: you can convert a `u64` to a `u32` and panic if the converted value doesn't fit
[INFO] [stdout]    |
[INFO] [stdout] 41 |         if result == 0 { None } else { Some(result.try_into().unwrap()) }
[INFO] [stdout]    |                                                   ++++++++++++++++++++
[INFO] [stdout] 
[INFO] [stdout] 
[INFO] [stdout] error[E0308]: mismatched types
[INFO] [stdout]   --> /opt/rustwide/cargo-home/registry/src/index.crates.io-1949cf8c6b5b557f/meowtonin-0.3.3/src/value/reference.rs:24:33
[INFO] [stdout]    |
[INFO] [stdout] 24 |             data: ByondValueData { ref_: ref_id },
[INFO] [stdout]    |                                          ^^^^^^ expected `u64`, found `u32`
[INFO] [stdout] 
[INFO] [stdout] 
[INFO] [stdout] Some errors have detailed explanations: E0277, E0308.
[INFO] [stdout] 
[INFO] [stdout] For more information about an error, try `rustc --explain E0277`.
[INFO] [stdout] 
[INFO] [stderr] error: could not compile `meowtonin` (lib) due to 6 previous errors
[INFO] running `Command { std: "docker" "inspect" "948ce44a1b223ab5eca1507e338508c38b4ee2d9bff5297f206e2f59dc80a842", kill_on_drop: false }`
[INFO] running `Command { std: "docker" "rm" "-f" "948ce44a1b223ab5eca1507e338508c38b4ee2d9bff5297f206e2f59dc80a842", kill_on_drop: false }`
[INFO] [stdout] 948ce44a1b223ab5eca1507e338508c38b4ee2d9bff5297f206e2f59dc80a842
