[INFO] cloning repository https://github.com/LX-Audiolabs/agal
[INFO] running `Command { std: "git" "-c" "credential.helper=" "-c" "credential.helper=/workspace/cargo-home/bin/git-credential-null" "clone" "--bare" "https://github.com/LX-Audiolabs/agal" "/workspace/cache/git-repos/https%3A%2F%2Fgithub.com%2FLX-Audiolabs%2Fagal", kill_on_drop: false }`
[INFO] [stderr] Cloning into bare repository '/workspace/cache/git-repos/https%3A%2F%2Fgithub.com%2FLX-Audiolabs%2Fagal'...
[INFO] running `Command { std: "git" "rev-parse" "HEAD", kill_on_drop: false }`
[INFO] [stdout] f73962a9e1e1214871c6de51b089d2bc450f5dd2
[INFO] checking LX-Audiolabs/agal against 3154cc1a3e6424e44f438a95007d043ed5ceaaf6+rustflags=-Znext-solver=coherence for pr-133502-30
[INFO] running `Command { std: "git" "clone" "/workspace/cache/git-repos/https%3A%2F%2Fgithub.com%2FLX-Audiolabs%2Fagal" "/workspace/builds/worker-0-tc1/source", kill_on_drop: false }`
[INFO] [stderr] Cloning into '/workspace/builds/worker-0-tc1/source'...
[INFO] [stderr] done.
[INFO] started tweaking git repo https://github.com/LX-Audiolabs/agal
[INFO] finished tweaking git repo https://github.com/LX-Audiolabs/agal
[INFO] tweaked toml for git repo https://github.com/LX-Audiolabs/agal written to /workspace/builds/worker-0-tc1/source/Cargo.toml
[INFO] validating manifest of git repo https://github.com/LX-Audiolabs/agal on toolchain 3154cc1a3e6424e44f438a95007d043ed5ceaaf6
[INFO] running `Command { std: CARGO_HOME="/workspace/cargo-home" RUSTUP_HOME="/workspace/rustup-home" "/workspace/cargo-home/bin/cargo" "+3154cc1a3e6424e44f438a95007d043ed5ceaaf6" "metadata" "--manifest-path" "Cargo.toml" "--no-deps", kill_on_drop: false }`
[INFO] crate git repo https://github.com/LX-Audiolabs/agal already has a lockfile, it will not be regenerated
[INFO] running `Command { std: CARGO_HOME="/workspace/cargo-home" RUSTUP_HOME="/workspace/rustup-home" "/workspace/cargo-home/bin/cargo" "+3154cc1a3e6424e44f438a95007d043ed5ceaaf6" "fetch" "--manifest-path" "Cargo.toml", kill_on_drop: false }`
[INFO] [stderr] warning: `package.homepage` is redundant with `package.repository`
[INFO] [stderr]   --> Cargo.toml:33:12
[INFO] [stderr]    |
[INFO] [stderr] 33 | homepage = "https://github.com/LX-Audiolabs/agal"
[INFO] [stderr]    |            ^^^^^^^^^^^^^^^^^^^^^^^^^^^^^^^^^^^^^^
[INFO] [stderr] ...
[INFO] [stderr] 38 | repository = "https://github.com/LX-Audiolabs/agal"
[INFO] [stderr]    |              --------------------------------------
[INFO] [stderr]    |
[INFO] [stderr]    = note: `cargo::redundant_homepage` is set to `warn` by default
[INFO] [stderr] help: consider removing `package.homepage`
[INFO] [stderr] warning: `agentic-audiolab` (manifest) generated 1 warning
[INFO] [stderr]     Updating crates.io index
[INFO] [stderr]  Downloading crates ...
[INFO] [stderr]   Downloaded typetag v0.2.23
[INFO] [stderr]   Downloaded typetag-impl v0.2.23
[INFO] [stderr]   Downloaded rmcp v0.1.5
[INFO] [stderr]   Downloaded rmcp-macros v0.1.5
[INFO] [stderr]   Downloaded tantivy-tokenizer-api v0.7.0
[INFO] [stderr]   Downloaded tantivy-bitpacker v0.10.0
[INFO] [stderr]   Downloaded tantivy-stacker v0.7.0
[INFO] [stderr]   Downloaded tantivy-query-grammar v0.26.0
[INFO] [stderr]   Downloaded inotify v0.11.4
[INFO] [stderr]   Downloaded tantivy-common v0.11.0
[INFO] [stderr]   Downloaded bitpacking v0.9.3
[INFO] [stderr]   Downloaded sketches-ddsketch v0.4.1
[INFO] [stderr]   Downloaded tantivy-sstable v0.7.0
[INFO] [stderr]   Downloaded prettyplease v0.3.0
[INFO] [stderr]   Downloaded bon v3.10.0
[INFO] [stderr]   Downloaded bon-macros v3.10.0
[INFO] [stderr]   Downloaded datasketches v0.2.0
[INFO] [stderr]   Downloaded tantivy-columnar v0.7.0
[INFO] [stderr]   Downloaded tantivy v0.26.1
[INFO] running `Command { std: "docker" "create" "-v" "/var/lib/crater-agent-workspace/builds/worker-0-tc1/source:/opt/rustwide/workdir:ro,Z" "-v" "/var/lib/crater-agent-workspace/builds/worker-0-tc1/target:/opt/rustwide/target:rw,Z" "-v" "/var/lib/crater-agent-workspace/cargo-home:/opt/rustwide/cargo-home:ro,Z" "-v" "/var/lib/crater-agent-workspace/rustup-home:/opt/rustwide/rustup-home:ro,Z" "-m" "1610612736" "--network" "none" "ghcr.io/rust-lang/crates-build-env/linux@sha256:77db811e55d90add9212f6832c23229e3de5f1c1f9905e8cb07319ea15df73ac" "sleep" "infinity", kill_on_drop: false }`
[INFO] [stdout] c3fa2ceb8321a7d554485fca5cc99457085557a34634e8e3474827a905b2c75a
[INFO] running `Command { std: "docker" "start" "c3fa2ceb8321a7d554485fca5cc99457085557a34634e8e3474827a905b2c75a", kill_on_drop: false }`
[INFO] running `Command { std: "docker" "inspect" "c3fa2ceb8321a7d554485fca5cc99457085557a34634e8e3474827a905b2c75a", kill_on_drop: false }`
[INFO] running `Command { std: "docker" "exec" "-e" "SOURCE_DIR=/opt/rustwide/workdir" "-e" "CARGO_HOME=/opt/rustwide/cargo-home" "-e" "RUSTUP_HOME=/opt/rustwide/rustup-home" "-e" "CARGO_TARGET_DIR=/opt/rustwide/target" "-w" "/opt/rustwide/workdir" "--user" "0:0" "c3fa2ceb8321a7d554485fca5cc99457085557a34634e8e3474827a905b2c75a" "/opt/rustwide/cargo-home/bin/cargo" "+3154cc1a3e6424e44f438a95007d043ed5ceaaf6" "metadata" "--no-deps" "--format-version=1", kill_on_drop: false }`
[INFO] running `Command { std: "docker" "inspect" "c3fa2ceb8321a7d554485fca5cc99457085557a34634e8e3474827a905b2c75a", kill_on_drop: false }`
[INFO] running `Command { std: "docker" "exec" "-e" "SOURCE_DIR=/opt/rustwide/workdir" "-e" "CARGO_HOME=/opt/rustwide/cargo-home" "-e" "RUSTUP_HOME=/opt/rustwide/rustup-home" "-e" "CARGO_TARGET_DIR=/opt/rustwide/target" "-e" "CARGO_INCREMENTAL=0" "-e" "RUST_BACKTRACE=full" "-e" "RUSTFLAGS=--cap-lints=forbid -Znext-solver=coherence" "-e" "RUSTDOCFLAGS=--cap-lints=forbid" "-w" "/opt/rustwide/workdir" "--user" "0:0" "c3fa2ceb8321a7d554485fca5cc99457085557a34634e8e3474827a905b2c75a" "/opt/rustwide/cargo-home/bin/cargo" "+3154cc1a3e6424e44f438a95007d043ed5ceaaf6" "check" "--frozen" "--all" "--all-targets" "--message-format=json", kill_on_drop: false }`
[INFO] [stderr] warning: `package.homepage` is redundant with `package.repository`
[INFO] [stderr]   --> Cargo.toml:33:12
[INFO] [stderr]    |
[INFO] [stderr] 33 | homepage = "https://github.com/LX-Audiolabs/agal"
[INFO] [stderr]    |            ^^^^^^^^^^^^^^^^^^^^^^^^^^^^^^^^^^^^^^
[INFO] [stderr] ...
[INFO] [stderr] 38 | repository = "https://github.com/LX-Audiolabs/agal"
[INFO] [stderr]    |              --------------------------------------
[INFO] [stderr]    |
[INFO] [stderr]    = note: `cargo::redundant_homepage` is set to `warn` by default
[INFO] [stderr] help: consider removing `package.homepage`
[INFO] [stderr] warning: `agentic-audiolab` (manifest) generated 1 warning
[INFO] [stderr]    Compiling serde_core v1.0.229
[INFO] [stderr]    Compiling find-msvc-tools v0.1.11
[INFO] [stderr]    Compiling serde v1.0.229
[INFO] [stderr]    Compiling syn v3.0.4
[INFO] [stderr]     Checking futures-channel v0.3.34
[INFO] [stderr]    Compiling crossbeam-utils v0.8.22
[INFO] [stderr]    Compiling num-traits v0.2.19
[INFO] [stderr]    Compiling serde_json v1.0.151
[INFO] [stderr]     Checking futures-io v0.3.34
[INFO] [stderr]     Checking time-core v0.1.9
[INFO] [stderr]    Compiling crossbeam-epoch v0.9.20
[INFO] [stderr]    Compiling cc v1.4.4
[INFO] [stderr]    Compiling zstd-safe v7.2.4
[INFO] [stderr]     Checking ownedbytes v0.9.0
[INFO] [stderr]    Compiling typeid v1.0.3
[INFO] [stderr]    Compiling crossbeam-deque v0.8.7
[INFO] [stderr]    Compiling prettyplease v0.3.0
[INFO] [stderr]     Checking either v1.18.0
[INFO] [stderr]     Checking bitpacking v0.9.3
[INFO] [stderr]    Compiling syn v2.0.119
[INFO] [stderr]    Compiling proc-macro2 v1.0.107
[INFO] [stderr]     Checking utf8-ranges v1.0.5
[INFO] [stderr]    Compiling erased-serde v0.4.10
[INFO] [stderr]    Compiling rustversion v1.0.23
[INFO] [stderr]    Compiling inotify-sys v0.1.8
[INFO] [stderr]     Checking log v0.4.33
[INFO] [stderr]     Checking tantivy-fst v0.5.0
[INFO] [stderr]     Checking itertools v0.14.0
[INFO] [stderr]     Checking tantivy-bitpacker v0.10.0
[INFO] [stderr]    Compiling typetag v0.2.23
[INFO] [stderr]    Compiling quote v1.0.47
[INFO] [stderr]    Compiling crc32fast v1.5.1
[INFO] [stderr]     Checking unicode-ident v1.0.24
[INFO] [stderr]     Checking murmurhash32 v0.3.1
[INFO] [stderr]     Checking nom v7.1.3
[INFO] [stderr]     Checking rayon-core v1.13.0
[INFO] [stderr]     Checking ordered-float v5.5.0
[INFO] [stderr]    Compiling zstd-sys v2.0.16+zstd.1.5.7
[INFO] [stderr]     Checking regex-automata v0.4.18
[INFO] [stderr]     Checking downcast-rs v2.0.2
[INFO] [stderr]     Checking fastdivide v0.4.2
[INFO] [stderr]     Checking winnow v1.0.4
[INFO] [stderr]     Checking tempfile v3.27.0
[INFO] [stderr]     Checking deranged v0.5.8
[INFO] [stderr]     Checking toml_parser v1.1.3+spec-1.1.0
[INFO] [stderr]     Checking uuid v1.25.0
[INFO] [stderr]     Checking serde_spanned v1.1.1
[INFO] [stderr]     Checking toml_datetime v1.1.1+spec-1.1.0
[INFO] [stderr]     Checking arc-swap v1.9.2
[INFO] [stderr]     Checking inotify v0.11.4
[INFO] [stderr]     Checking rayon v1.12.0
[INFO] [stderr]     Checking regex v1.13.1
[INFO] [stderr]     Checking lru v0.16.4
[INFO] [stderr]     Checking fs4 v0.13.1
[INFO] [stderr]     Checking time v0.3.55
[INFO] [stderr]     Checking mio v1.2.2
[INFO] [stderr]     Checking measure_time v0.9.0
[INFO] [stderr]     Checking crossbeam-channel v0.5.16
[INFO] [stderr]     Checking notify-types v2.1.0
[INFO] [stderr]     Checking memmap2 v0.9.11
[INFO] [stderr]     Checking aho-corasick v1.1.5
[INFO] [stderr]     Checking levenshtein_automata v0.2.1
[INFO] [stderr]    Compiling darling_core v0.24.1
[INFO] [stderr]     Checking lz4_flex v0.13.1
[INFO] [stderr]     Checking census v0.4.2
[INFO] [stderr]     Checking toml_writer v1.1.2+spec-1.1.0
[INFO] [stderr]     Checking htmlescape v0.3.1
[INFO] [stderr]     Checking datasketches v0.2.0
[INFO] [stderr]     Checking oneshot v0.1.13
[INFO] [stderr]     Checking smallvec v1.15.2
[INFO] [stderr]     Checking toml v1.1.5+spec-1.1.0
[INFO] [stderr]     Checking notify v8.2.0
[INFO] [stderr]    Compiling serde_derive_internals v0.29.1
[INFO] [stderr]    Compiling ref-cast v1.0.27
[INFO] [stderr]    Compiling schemars v0.8.22
[INFO] [stderr]    Compiling serde_derive v1.0.229
[INFO] [stderr]    Compiling futures-macro v0.3.34
[INFO] [stderr]    Compiling async-trait v0.1.92
[INFO] [stderr]    Compiling thiserror-impl v2.0.20
[INFO] [stderr]    Compiling typetag-impl v0.2.23
[INFO] [stderr]     Checking futures-util v0.3.34
[INFO] [stderr]    Compiling tokio-macros v2.7.2
[INFO] [stderr]    Compiling schemars_derive v0.8.22
[INFO] [stderr]     Checking thiserror v2.0.20
[INFO] [stderr]     Checking tokio v1.53.1
[INFO] [stderr]    Compiling darling_macro v0.24.1
[INFO] [stderr]    Compiling ref-cast-impl v1.0.27
[INFO] [stderr]    Compiling darling v0.24.1
[INFO] [stderr]    Compiling bon-macros v3.10.0
[INFO] [stderr]    Compiling tracing-attributes v0.1.31
[INFO] [stderr]    Compiling serde_derive_internals v0.30.0
[INFO] [stderr]    Compiling clap_derive v4.6.4
[INFO] [stderr]    Compiling schemars_derive v1.2.2
[INFO] [stderr]     Checking futures-executor v0.3.34
[INFO] [stderr]     Checking tracing v0.1.44
[INFO] [stderr]     Checking futures v0.3.34
[INFO] [stderr]     Checking clap_builder v4.6.6
[INFO] [stderr]    Compiling rmcp-macros v0.1.5
[INFO] [stderr]     Checking tantivy-common v0.11.0
[INFO] [stderr]     Checking rust-stemmers v1.2.0
[INFO] [stderr]     Checking tantivy-tokenizer-api v0.7.0
[INFO] [stderr]     Checking tantivy-query-grammar v0.26.0
[INFO] [stderr]     Checking tantivy-stacker v0.7.0
[INFO] [stderr]     Checking sketches-ddsketch v0.4.1
[INFO] [stderr]     Checking tokio-util v0.7.19
[INFO] [stderr]     Checking chrono v0.4.45
[INFO] [stderr]     Checking clap v4.6.6
[INFO] [stderr]     Checking schemars v1.2.2
[INFO] [stderr]     Checking bon v3.10.0
[INFO] [stderr]     Checking rmcp v0.1.5
[INFO] [stderr]     Checking zstd v0.13.3
[INFO] [stderr]     Checking tantivy-sstable v0.7.0
[INFO] [stderr]     Checking tantivy-columnar v0.7.0
[INFO] [stderr]     Checking tantivy v0.26.1
[INFO] [stderr]     Checking agal-core v0.10.0 (/opt/rustwide/workdir/crates/core)
[INFO] [stdout] error[E0432]: unresolved import `tantivy::SnippetGenerator`
[INFO] [stdout]   --> crates/core/src/search.rs:13:22
[INFO] [stdout]    |
[INFO] [stdout] 13 | use tantivy::{Index, SnippetGenerator, TantivyDocument, doc};
[INFO] [stdout]    |                      ^^^^^^^^^^^^^^^^ no `SnippetGenerator` in the root
[INFO] [stdout]    |
[INFO] [stdout]    = help: consider importing this struct instead:
[INFO] [stdout]            tantivy::snippet::SnippetGenerator
[INFO] [stdout] 
[INFO] [stdout] 
[INFO] [stdout] error[E0432]: unresolved import `tantivy::SnippetGenerator`
[INFO] [stdout]   --> crates/core/src/search.rs:13:22
[INFO] [stdout]    |
[INFO] [stdout] 13 | use tantivy::{Index, SnippetGenerator, TantivyDocument, doc};
[INFO] [stdout]    |                      ^^^^^^^^^^^^^^^^ no `SnippetGenerator` in the root
[INFO] [stdout]    |
[INFO] [stdout]    = help: consider importing this struct instead:
[INFO] [stdout]            tantivy::snippet::SnippetGenerator
[INFO] [stdout] 
[INFO] [stdout] 
[INFO] [stdout] error[E0277]: the trait bound `TopDocs: Collector` is not satisfied
[INFO] [stdout]    --> crates/core/src/search.rs:100:44
[INFO] [stdout]     |
[INFO] [stdout] 100 |     let top_docs = searcher.search(&query, &TopDocs::with_limit(max_results))?;
[INFO] [stdout]     |                             ------         ^^^^^^^^^^^^^^^^^^^^^^^^^^^^^^^^^ the trait `Collector` is not implemented for `TopDocs`
[INFO] [stdout]     |                             |
[INFO] [stdout]     |                             required by a bound introduced by this call
[INFO] [stdout]     |
[INFO] [stdout]     = help: the following other types implement trait `Collector`:
[INFO] [stdout]               (Left, Right)
[INFO] [stdout]               (One, Two, Three)
[INFO] [stdout]               (One, Two, Three, Four)
[INFO] [stdout]               AggregationCollector
[INFO] [stdout]               BytesFilterCollector<TCollector, TPredicate>
[INFO] [stdout]               DistributedAggregationCollector
[INFO] [stdout]               DocSetCollector
[INFO] [stdout]               FacetCollector
[INFO] [stdout]             and 6 others
[INFO] [stdout] note: required by a bound in `tantivy::Searcher::search`
[INFO] [stdout]    --> /opt/rustwide/cargo-home/registry/src/index.crates.io-1949cf8c6b5b557f/tantivy-0.26.1/src/core/searcher.rs:180:22
[INFO] [stdout]     |
[INFO] [stdout]  73 | impl Searcher {
[INFO] [stdout] ...
[INFO] [stdout] 180 |     pub fn search<C: Collector>(
[INFO] [stdout]     |                      ^^^^^^^^^ required by this bound in `Searcher::search`
[INFO] [stdout] 
[INFO] [stdout] 
[INFO] [stdout] warning: method call on a diverging inference variable
[INFO] [stdout]    --> crates/core/src/search.rs:102:17
[INFO] [stdout]     |
[INFO] [stdout] 102 |     if top_docs.is_empty() {
[INFO] [stdout]     |                 ^^^^^^^^
[INFO] [stdout]     |
[INFO] [stdout]     = help: consider providing a type annotation
[INFO] [stdout]     = warning: this was previously accepted by the compiler but is being phased out; it will become a hard error in a future release!
[INFO] [stdout]     = note: for more information, see issue #156047 <https://github.com/rust-lang/rust/issues/156047>
[INFO] [stdout]     = note: `#[warn(method_call_on_diverging_infer_var)]` (part of `#[warn(future_incompatible)]`) on by default
[INFO] [stdout] 
[INFO] [stdout] 
[INFO] [stdout] error[E0599]: no method named `is_empty` found for type `!` in the current scope
[INFO] [stdout]    --> crates/core/src/search.rs:102:17
[INFO] [stdout]     |
[INFO] [stdout] 102 |     if top_docs.is_empty() {
[INFO] [stdout]     |                 ^^^^^^^^ method not found in `!`
[INFO] [stdout] 
[INFO] [stdout] 
[INFO] [stdout] error[E0599]: no method named `len` found for type `!` in the current scope
[INFO] [stdout]    --> crates/core/src/search.rs:115:18
[INFO] [stdout]     |
[INFO] [stdout] 115 |         top_docs.len()
[INFO] [stdout]     |                  ^^^
[INFO] [stdout]     |
[INFO] [stdout] help: there is a method `le` with a similar name, but with different arguments
[INFO] [stdout]    --> /rustc/3154cc1a3e6424e44f438a95007d043ed5ceaaf6/library/core/src/cmp.rs:1520:4
[INFO] [stdout] 
[INFO] [stdout] 
[INFO] [stdout] warning: unreachable call
[INFO] [stdout]    --> crates/core/src/search.rs:115:18
[INFO] [stdout]     |
[INFO] [stdout] 115 |         top_docs.len()
[INFO] [stdout]     |         -------- ^^^ unreachable call
[INFO] [stdout]     |         |
[INFO] [stdout]     |         any code following this expression is unreachable
[INFO] [stdout]     |
[INFO] [stdout]     = note: `#[warn(unreachable_code)]` (part of `#[warn(unused)]`) on by default
[INFO] [stdout] 
[INFO] [stdout] 
[INFO] [stdout] error[E0277]: `&!` is not an iterator
[INFO] [stdout]    --> crates/core/src/search.rs:118:31
[INFO] [stdout]     |
[INFO] [stdout] 118 |     for (_score, doc_addr) in &top_docs {
[INFO] [stdout]     |                               ^^^^^^^^^ `&!` is not an iterator
[INFO] [stdout]     |
[INFO] [stdout]     = help: the trait `Iterator` is not implemented for `&!`
[INFO] [stdout]     = note: required for `&!` to implement `IntoIterator`
[INFO] [stdout] 
[INFO] [stdout] 
[INFO] [stdout] error[E0277]: the trait bound `TopDocs: Collector` is not satisfied
[INFO] [stdout]    --> crates/core/src/search.rs:100:44
[INFO] [stdout]     |
[INFO] [stdout] 100 |     let top_docs = searcher.search(&query, &TopDocs::with_limit(max_results))?;
[INFO] [stdout]     |                             ------         ^^^^^^^^^^^^^^^^^^^^^^^^^^^^^^^^^ the trait `Collector` is not implemented for `TopDocs`
[INFO] [stdout]     |                             |
[INFO] [stdout]     |                             required by a bound introduced by this call
[INFO] [stdout]     |
[INFO] [stdout]     = help: the following other types implement trait `Collector`:
[INFO] [stdout]               (Left, Right)
[INFO] [stdout]               (One, Two, Three)
[INFO] [stdout]               (One, Two, Three, Four)
[INFO] [stdout]               AggregationCollector
[INFO] [stdout]               BytesFilterCollector<TCollector, TPredicate>
[INFO] [stdout]               DistributedAggregationCollector
[INFO] [stdout]               DocSetCollector
[INFO] [stdout]               FacetCollector
[INFO] [stdout]             and 6 others
[INFO] [stdout] note: required by a bound in `tantivy::Searcher::search`
[INFO] [stdout]    --> /opt/rustwide/cargo-home/registry/src/index.crates.io-1949cf8c6b5b557f/tantivy-0.26.1/src/core/searcher.rs:180:22
[INFO] [stdout]     |
[INFO] [stdout]  73 | impl Searcher {
[INFO] [stdout] ...
[INFO] [stdout] 180 |     pub fn search<C: Collector>(
[INFO] [stdout]     |                      ^^^^^^^^^ required by this bound in `Searcher::search`
[INFO] [stdout] 
[INFO] [stdout] 
[INFO] [stdout] warning: method call on a diverging inference variable
[INFO] [stdout]    --> crates/core/src/search.rs:102:17
[INFO] [stdout]     |
[INFO] [stdout] 102 |     if top_docs.is_empty() {
[INFO] [stdout]     |                 ^^^^^^^^
[INFO] [stdout]     |
[INFO] [stdout]     = help: consider providing a type annotation
[INFO] [stdout]     = warning: this was previously accepted by the compiler but is being phased out; it will become a hard error in a future release!
[INFO] [stdout]     = note: for more information, see issue #156047 <https://github.com/rust-lang/rust/issues/156047>
[INFO] [stdout]     = note: `#[warn(method_call_on_diverging_infer_var)]` (part of `#[warn(future_incompatible)]`) on by default
[INFO] [stdout] 
[INFO] [stdout] 
[INFO] [stdout] error[E0599]: no method named `is_empty` found for type `!` in the current scope
[INFO] [stdout]    --> crates/core/src/search.rs:102:17
[INFO] [stdout]     |
[INFO] [stdout] 102 |     if top_docs.is_empty() {
[INFO] [stdout]     |                 ^^^^^^^^ method not found in `!`
[INFO] [stdout] 
[INFO] [stdout] 
[INFO] [stdout] error[E0599]: no method named `len` found for type `!` in the current scope
[INFO] [stdout]    --> crates/core/src/search.rs:115:18
[INFO] [stdout]     |
[INFO] [stdout] 115 |         top_docs.len()
[INFO] [stdout]     |                  ^^^
[INFO] [stdout]     |
[INFO] [stdout] help: there is a method `le` with a similar name, but with different arguments
[INFO] [stdout]    --> /rustc/3154cc1a3e6424e44f438a95007d043ed5ceaaf6/library/core/src/cmp.rs:1520:4
[INFO] [stdout] 
[INFO] [stdout] 
[INFO] [stdout] warning: unreachable call
[INFO] [stdout]    --> crates/core/src/search.rs:115:18
[INFO] [stdout]     |
[INFO] [stdout] 115 |         top_docs.len()
[INFO] [stdout]     |         -------- ^^^ unreachable call
[INFO] [stdout]     |         |
[INFO] [stdout]     |         any code following this expression is unreachable
[INFO] [stdout]     |
[INFO] [stdout]     = note: `#[warn(unreachable_code)]` (part of `#[warn(unused)]`) on by default
[INFO] [stdout] 
[INFO] [stdout] 
[INFO] [stdout] error[E0277]: `&!` is not an iterator
[INFO] [stdout]    --> crates/core/src/search.rs:118:31
[INFO] [stdout]     |
[INFO] [stdout] 118 |     for (_score, doc_addr) in &top_docs {
[INFO] [stdout]     |                               ^^^^^^^^^ `&!` is not an iterator
[INFO] [stdout]     |
[INFO] [stdout]     = help: the trait `Iterator` is not implemented for `&!`
[INFO] [stdout]     = note: required for `&!` to implement `IntoIterator`
[INFO] [stdout] 
[INFO] [stdout] 
[INFO] [stdout] Some errors have detailed explanations: E0277, E0432, E0599.
[INFO] [stdout] 
[INFO] [stdout] For more information about an error, try `rustc --explain E0277`.
[INFO] [stdout] 
[INFO] [stderr] error: could not compile `agal-core` (lib test) due to 5 previous errors; 3 warnings emitted
[INFO] [stderr] warning: build failed, waiting for other jobs to finish...
[INFO] [stdout] Some errors have detailed explanations: E0277, E0432, E0599.
[INFO] [stdout] 
[INFO] [stdout] For more information about an error, try `rustc --explain E0277`.
[INFO] [stdout] 
[INFO] [stderr] error: could not compile `agal-core` (lib) due to 5 previous errors; 3 warnings emitted
[INFO] running `Command { std: "docker" "inspect" "c3fa2ceb8321a7d554485fca5cc99457085557a34634e8e3474827a905b2c75a", kill_on_drop: false }`
[INFO] running `Command { std: "docker" "rm" "-f" "c3fa2ceb8321a7d554485fca5cc99457085557a34634e8e3474827a905b2c75a", kill_on_drop: false }`
[INFO] [stdout] c3fa2ceb8321a7d554485fca5cc99457085557a34634e8e3474827a905b2c75a
