[INFO] cloning repository https://github.com/LING71671/lsw
[INFO] running `Command { std: "git" "-c" "credential.helper=" "-c" "credential.helper=/workspace/cargo-home/bin/git-credential-null" "clone" "--bare" "https://github.com/LING71671/lsw" "/workspace/cache/git-repos/https%3A%2F%2Fgithub.com%2FLING71671%2Flsw", kill_on_drop: false }`
[INFO] [stderr] Cloning into bare repository '/workspace/cache/git-repos/https%3A%2F%2Fgithub.com%2FLING71671%2Flsw'...
[INFO] running `Command { std: "git" "rev-parse" "HEAD", kill_on_drop: false }`
[INFO] [stdout] f2cb08924a60e8a3b0708887d0a50b5a26dbb19d
[INFO] checking LING71671/lsw against 3154cc1a3e6424e44f438a95007d043ed5ceaaf6+rustflags=-Znext-solver=coherence for pr-133502-30
[INFO] running `Command { std: "git" "clone" "/workspace/cache/git-repos/https%3A%2F%2Fgithub.com%2FLING71671%2Flsw" "/workspace/builds/worker-6-tc1/source", kill_on_drop: false }`
[INFO] [stderr] Cloning into '/workspace/builds/worker-6-tc1/source'...
[INFO] [stderr] done.
[INFO] started tweaking git repo https://github.com/LING71671/lsw
[INFO] finished tweaking git repo https://github.com/LING71671/lsw
[INFO] tweaked toml for git repo https://github.com/LING71671/lsw written to /workspace/builds/worker-6-tc1/source/Cargo.toml
[INFO] validating manifest of git repo https://github.com/LING71671/lsw on toolchain 3154cc1a3e6424e44f438a95007d043ed5ceaaf6
[INFO] running `Command { std: CARGO_HOME="/workspace/cargo-home" RUSTUP_HOME="/workspace/rustup-home" "/workspace/cargo-home/bin/cargo" "+3154cc1a3e6424e44f438a95007d043ed5ceaaf6" "metadata" "--manifest-path" "Cargo.toml" "--no-deps", kill_on_drop: false }`
[INFO] crate git repo https://github.com/LING71671/lsw already has a lockfile, it will not be regenerated
[INFO] running `Command { std: CARGO_HOME="/workspace/cargo-home" RUSTUP_HOME="/workspace/rustup-home" "/workspace/cargo-home/bin/cargo" "+3154cc1a3e6424e44f438a95007d043ed5ceaaf6" "fetch" "--manifest-path" "Cargo.toml", kill_on_drop: false }`
[INFO] [stderr] warning: unused field `categories` in `workspace.package`
[INFO] [stderr]   --> Cargo.toml:43:1
[INFO] [stderr]    |
[INFO] [stderr] 43 | categories = ["command-line-utilities", "emulators", "os"]
[INFO] [stderr]    | ^^^^^^^^^^
[INFO] [stderr]    |
[INFO] [stderr]    = note: `cargo::unused_workspace_package_fields` is set to `warn` by default
[INFO] [stderr] help: consider removing the field `workspace.package.categories`
[INFO] [stderr] warning: unused field `keywords` in `workspace.package`
[INFO] [stderr]   --> Cargo.toml:47:1
[INFO] [stderr]    |
[INFO] [stderr] 47 | keywords = ["wsl", "linux-subsystem", "windows", "wine", "conpty"]
[INFO] [stderr]    | ^^^^^^^^
[INFO] [stderr]    |
[INFO] [stderr] help: consider removing the field `workspace.package.keywords`
[INFO] [stderr] warning: workspace (manifest) generated 2 warnings
[INFO] [stderr] warning: `package.homepage` is redundant with `package.documentation`
[INFO] [stderr]  --> crates/lsw-exec/Cargo.toml:8:1
[INFO] [stderr]   |
[INFO] [stderr] 8 | homepage.workspace = true
[INFO] [stderr]   | ^^^^^^^^
[INFO] [stderr] 9 | documentation.workspace = true
[INFO] [stderr]   | -------------
[INFO] [stderr]   |
[INFO] [stderr]   = note: `cargo::redundant_homepage` is set to `warn` by default
[INFO] [stderr] help: consider removing `package.homepage`
[INFO] [stderr] warning: `lsw-exec` (manifest) generated 1 warning
[INFO] [stderr] warning: `package.homepage` is redundant with `package.documentation`
[INFO] [stderr]  --> crates/lswpath/Cargo.toml:8:1
[INFO] [stderr]   |
[INFO] [stderr] 8 | homepage.workspace = true
[INFO] [stderr]   | ^^^^^^^^
[INFO] [stderr] 9 | documentation.workspace = true
[INFO] [stderr]   | -------------
[INFO] [stderr]   |
[INFO] [stderr]   = note: `cargo::redundant_homepage` is set to `warn` by default
[INFO] [stderr] help: consider removing `package.homepage`
[INFO] [stderr] warning: `lswpath` (manifest) generated 1 warning
[INFO] [stderr] warning: `package.homepage` is redundant with `package.documentation`
[INFO] [stderr]  --> crates/lsw-cli/Cargo.toml:8:1
[INFO] [stderr]   |
[INFO] [stderr] 8 | homepage.workspace = true
[INFO] [stderr]   | ^^^^^^^^
[INFO] [stderr] 9 | documentation.workspace = true
[INFO] [stderr]   | -------------
[INFO] [stderr]   |
[INFO] [stderr]   = note: `cargo::redundant_homepage` is set to `warn` by default
[INFO] [stderr] help: consider removing `package.homepage`
[INFO] [stderr] warning: `lsw-cli` (manifest) generated 1 warning
[INFO] [stderr] warning: `package.homepage` is redundant with `package.documentation`
[INFO] [stderr]  --> crates/lswd/Cargo.toml:8:1
[INFO] [stderr]   |
[INFO] [stderr] 8 | homepage.workspace = true
[INFO] [stderr]   | ^^^^^^^^
[INFO] [stderr] 9 | documentation.workspace = true
[INFO] [stderr]   | -------------
[INFO] [stderr]   |
[INFO] [stderr]   = note: `cargo::redundant_homepage` is set to `warn` by default
[INFO] [stderr] help: consider removing `package.homepage`
[INFO] [stderr] warning: `lswd` (manifest) generated 1 warning
[INFO] [stderr] warning: `package.homepage` is redundant with `package.documentation`
[INFO] [stderr]  --> crates/lsw-core/Cargo.toml:8:1
[INFO] [stderr]   |
[INFO] [stderr] 8 | homepage.workspace = true
[INFO] [stderr]   | ^^^^^^^^
[INFO] [stderr] 9 | documentation.workspace = true
[INFO] [stderr]   | -------------
[INFO] [stderr]   |
[INFO] [stderr]   = note: `cargo::redundant_homepage` is set to `warn` by default
[INFO] [stderr] help: consider removing `package.homepage`
[INFO] [stderr] warning: `lsw-core` (manifest) generated 1 warning
[INFO] [stderr]     Updating crates.io index
[INFO] [stderr]  Downloading crates ...
[INFO] [stderr]   Downloaded ini v1.3.0
[INFO] [stderr]   Downloaded configparser v1.0.0
[INFO] running `Command { std: "docker" "create" "-v" "/var/lib/crater-agent-workspace/builds/worker-6-tc1/source:/opt/rustwide/workdir:ro,Z" "-v" "/var/lib/crater-agent-workspace/builds/worker-6-tc1/target:/opt/rustwide/target:rw,Z" "-v" "/var/lib/crater-agent-workspace/cargo-home:/opt/rustwide/cargo-home:ro,Z" "-v" "/var/lib/crater-agent-workspace/rustup-home:/opt/rustwide/rustup-home:ro,Z" "-m" "1610612736" "--network" "none" "ghcr.io/rust-lang/crates-build-env/linux@sha256:77db811e55d90add9212f6832c23229e3de5f1c1f9905e8cb07319ea15df73ac" "sleep" "infinity", kill_on_drop: false }`
[INFO] [stdout] a074848f70a49e0abe4fbabeb935ce59b86fb7e168f9ca148117f4c468421e78
[INFO] running `Command { std: "docker" "start" "a074848f70a49e0abe4fbabeb935ce59b86fb7e168f9ca148117f4c468421e78", kill_on_drop: false }`
[INFO] running `Command { std: "docker" "inspect" "a074848f70a49e0abe4fbabeb935ce59b86fb7e168f9ca148117f4c468421e78", kill_on_drop: false }`
[INFO] running `Command { std: "docker" "exec" "-e" "SOURCE_DIR=/opt/rustwide/workdir" "-e" "CARGO_HOME=/opt/rustwide/cargo-home" "-e" "RUSTUP_HOME=/opt/rustwide/rustup-home" "-e" "CARGO_TARGET_DIR=/opt/rustwide/target" "-w" "/opt/rustwide/workdir" "--user" "0:0" "a074848f70a49e0abe4fbabeb935ce59b86fb7e168f9ca148117f4c468421e78" "/opt/rustwide/cargo-home/bin/cargo" "+3154cc1a3e6424e44f438a95007d043ed5ceaaf6" "metadata" "--no-deps" "--format-version=1", kill_on_drop: false }`
[INFO] running `Command { std: "docker" "inspect" "a074848f70a49e0abe4fbabeb935ce59b86fb7e168f9ca148117f4c468421e78", kill_on_drop: false }`
[INFO] running `Command { std: "docker" "exec" "-e" "SOURCE_DIR=/opt/rustwide/workdir" "-e" "CARGO_HOME=/opt/rustwide/cargo-home" "-e" "RUSTUP_HOME=/opt/rustwide/rustup-home" "-e" "CARGO_TARGET_DIR=/opt/rustwide/target" "-e" "CARGO_INCREMENTAL=0" "-e" "RUST_BACKTRACE=full" "-e" "RUSTFLAGS=--cap-lints=forbid -Znext-solver=coherence" "-e" "RUSTDOCFLAGS=--cap-lints=forbid" "-w" "/opt/rustwide/workdir" "--user" "0:0" "a074848f70a49e0abe4fbabeb935ce59b86fb7e168f9ca148117f4c468421e78" "/opt/rustwide/cargo-home/bin/cargo" "+3154cc1a3e6424e44f438a95007d043ed5ceaaf6" "check" "--frozen" "--all" "--all-targets" "--message-format=json", kill_on_drop: false }`
[INFO] [stderr] warning: unused field `categories` in `workspace.package`
[INFO] [stderr]   --> Cargo.toml:43:1
[INFO] [stderr]    |
[INFO] [stderr] 43 | categories = ["command-line-utilities", "emulators", "os"]
[INFO] [stderr]    | ^^^^^^^^^^
[INFO] [stderr]    |
[INFO] [stderr]    = note: `cargo::unused_workspace_package_fields` is set to `warn` by default
[INFO] [stderr] help: consider removing the field `workspace.package.categories`
[INFO] [stderr] warning: unused field `keywords` in `workspace.package`
[INFO] [stderr]   --> Cargo.toml:47:1
[INFO] [stderr]    |
[INFO] [stderr] 47 | keywords = ["wsl", "linux-subsystem", "windows", "wine", "conpty"]
[INFO] [stderr]    | ^^^^^^^^
[INFO] [stderr]    |
[INFO] [stderr] help: consider removing the field `workspace.package.keywords`
[INFO] [stderr] warning: workspace (manifest) generated 2 warnings
[INFO] [stderr] warning: `package.homepage` is redundant with `package.documentation`
[INFO] [stderr]  --> crates/lswd/Cargo.toml:8:1
[INFO] [stderr]   |
[INFO] [stderr] 8 | homepage.workspace = true
[INFO] [stderr]   | ^^^^^^^^
[INFO] [stderr] 9 | documentation.workspace = true
[INFO] [stderr]   | -------------
[INFO] [stderr]   |
[INFO] [stderr]   = note: `cargo::redundant_homepage` is set to `warn` by default
[INFO] [stderr] help: consider removing `package.homepage`
[INFO] [stderr] warning: `lswd` (manifest) generated 1 warning
[INFO] [stderr] warning: `package.homepage` is redundant with `package.documentation`
[INFO] [stderr]  --> crates/lsw-core/Cargo.toml:8:1
[INFO] [stderr]   |
[INFO] [stderr] 8 | homepage.workspace = true
[INFO] [stderr]   | ^^^^^^^^
[INFO] [stderr] 9 | documentation.workspace = true
[INFO] [stderr]   | -------------
[INFO] [stderr]   |
[INFO] [stderr]   = note: `cargo::redundant_homepage` is set to `warn` by default
[INFO] [stderr] help: consider removing `package.homepage`
[INFO] [stderr] warning: `lsw-core` (manifest) generated 1 warning
[INFO] [stderr] warning: `package.homepage` is redundant with `package.documentation`
[INFO] [stderr]  --> crates/lsw-exec/Cargo.toml:8:1
[INFO] [stderr]   |
[INFO] [stderr] 8 | homepage.workspace = true
[INFO] [stderr]   | ^^^^^^^^
[INFO] [stderr] 9 | documentation.workspace = true
[INFO] [stderr]   | -------------
[INFO] [stderr]   |
[INFO] [stderr]   = note: `cargo::redundant_homepage` is set to `warn` by default
[INFO] [stderr] help: consider removing `package.homepage`
[INFO] [stderr] warning: `lsw-exec` (manifest) generated 1 warning
[INFO] [stderr] warning: `package.homepage` is redundant with `package.documentation`
[INFO] [stderr]  --> crates/lswpath/Cargo.toml:8:1
[INFO] [stderr]   |
[INFO] [stderr] 8 | homepage.workspace = true
[INFO] [stderr]   | ^^^^^^^^
[INFO] [stderr] 9 | documentation.workspace = true
[INFO] [stderr]   | -------------
[INFO] [stderr]   |
[INFO] [stderr]   = note: `cargo::redundant_homepage` is set to `warn` by default
[INFO] [stderr] help: consider removing `package.homepage`
[INFO] [stderr] warning: `lswpath` (manifest) generated 1 warning
[INFO] [stderr] warning: `package.homepage` is redundant with `package.documentation`
[INFO] [stderr]  --> crates/lsw-cli/Cargo.toml:8:1
[INFO] [stderr]   |
[INFO] [stderr] 8 | homepage.workspace = true
[INFO] [stderr]   | ^^^^^^^^
[INFO] [stderr] 9 | documentation.workspace = true
[INFO] [stderr]   | -------------
[INFO] [stderr]   |
[INFO] [stderr]   = note: `cargo::redundant_homepage` is set to `warn` by default
[INFO] [stderr] help: consider removing `package.homepage`
[INFO] [stderr] warning: `lsw-cli` (manifest) generated 1 warning
[INFO] [stderr]     Checking smallvec v1.15.2
[INFO] [stderr]    Compiling nix v0.29.0
[INFO] [stderr]     Checking configparser v1.0.0
[INFO] [stderr]    Compiling syn v2.0.119
[INFO] [stderr]     Checking errno v0.3.14
[INFO] [stderr]    Compiling tokio-macros v2.7.2
[INFO] [stderr]     Checking regex-syntax v0.8.11
[INFO] [stderr]     Checking clap_builder v4.6.6
[INFO] [stderr]    Compiling getrandom v0.4.3
[INFO] [stderr]     Checking tracing-log v0.2.0
[INFO] [stderr]     Checking sharded-slab v0.1.7
[INFO] [stderr]     Checking thread_local v1.1.10
[INFO] [stderr]     Checking nu-ansi-term v0.50.3
[INFO] [stderr]     Checking rustix v1.1.4
[INFO] [stderr]     Checking signal-hook-registry v1.4.8
[INFO] [stderr]     Checking ini v1.3.0
[INFO] [stderr]     Checking parking_lot_core v0.9.12
[INFO] [stderr]     Checking parking_lot v0.12.5
[INFO] [stderr]     Checking tokio v1.53.1
[INFO] [stderr]     Checking regex-automata v0.4.18
[INFO] [stderr]     Checking tempfile v3.27.0
[INFO] [stderr]     Checking clap v4.6.6
[INFO] [stderr]     Checking matchers v0.2.0
[INFO] [stderr]    Compiling tracing-attributes v0.1.31
[INFO] [stderr]    Compiling thiserror-impl v1.0.69
[INFO] [stderr]     Checking thiserror v1.0.69
[INFO] [stderr]     Checking tracing v0.1.44
[INFO] [stderr]     Checking tracing-subscriber v0.3.23
[INFO] [stderr]     Checking lsw-core v0.1.0 (/opt/rustwide/workdir/crates/lsw-core)
[INFO] [stderr]     Checking lsw-exec v0.1.0 (/opt/rustwide/workdir/crates/lsw-exec)
[INFO] [stderr]     Checking lswd v0.1.0 (/opt/rustwide/workdir/crates/lswd)
[INFO] [stderr]     Checking lswpath v0.1.0 (/opt/rustwide/workdir/crates/lswpath)
[INFO] [stderr]     Checking lsw-cli v0.1.0 (/opt/rustwide/workdir/crates/lsw-cli)
[INFO] [stdout] error[E0603]: struct import `UnixStream` is private
[INFO] [stdout]   --> crates/lsw-core/../../tests/e2e/tier4_application_scenarios/t4_02_server_daemon_service.rs:41:44
[INFO] [stdout]    |
[INFO] [stdout] 41 |     if let Ok(_) = crate::common::harness::UnixStream::connect(&harness.socket_path) {
[INFO] [stdout]    |                                            ^^^^^^^^^^ private struct import
[INFO] [stdout]    |
[INFO] [stdout] note: the struct import `UnixStream` is defined here...
[INFO] [stdout]   --> crates/lsw-core/../../tests/e2e/common/harness.rs:7:5
[INFO] [stdout]    |
[INFO] [stdout]  7 | use std::os::unix::net::UnixStream;
[INFO] [stdout]    |     ^^^^^^^^^^^^^^^^^^^^^^^^^^^^^^
[INFO] [stdout] note: ...and refers to the struct `UnixStream` which is defined here
[INFO] [stdout]   --> /rustc/3154cc1a3e6424e44f438a95007d043ed5ceaaf6/library/std/src/os/unix/net/mod.rs:39:8
[INFO] [stdout]    |
[INFO] [stdout]    = note: you could import this directly
[INFO] [stdout] help: consider importing this struct instead
[INFO] [stdout]    |
[INFO] [stdout] 41 -     if let Ok(_) = crate::common::harness::UnixStream::connect(&harness.socket_path) {
[INFO] [stdout] 41 +     if let Ok(_) = std::os::unix::net::UnixStream::connect(&harness.socket_path) {
[INFO] [stdout]    |
[INFO] [stdout] 
[INFO] [stdout] 
[INFO] [stdout] error[E0599]: no method named `read_to_string` found for struct `UnixStream` in the current scope
[INFO] [stdout]    --> crates/lsw-core/../../tests/e2e/common/harness.rs:371:20
[INFO] [stdout]     |
[INFO] [stdout] 371 |             stream.read_to_string(&mut response_buf).expect("Failed to read IPC response");
[INFO] [stdout]     |                    ^^^^^^^^^^^^^^
[INFO] [stdout]     |
[INFO] [stdout]    --> /rustc/3154cc1a3e6424e44f438a95007d043ed5ceaaf6/library/alloc/src/io/read.rs:342:7
[INFO] [stdout]     |
[INFO] [stdout]     = note: the method is available for `UnixStream` here
[INFO] [stdout]     |
[INFO] [stdout]     = help: items from traits can only be used if the trait is in scope
[INFO] [stdout] help: trait `Read` which provides `read_to_string` is implemented but not in scope; perhaps you want to import it
[INFO] [stdout]     |
[INFO] [stdout]   4 + use std::io::Read;
[INFO] [stdout]     |
[INFO] [stdout] help: there is a method `read_to_end` with a similar name
[INFO] [stdout]     |
[INFO] [stdout] 371 -             stream.read_to_string(&mut response_buf).expect("Failed to read IPC response");
[INFO] [stdout] 371 +             stream.read_to_end(&mut response_buf).expect("Failed to read IPC response");
[INFO] [stdout]     |
[INFO] [stdout] 
[INFO] [stdout] 
[INFO] [stdout] error[E0599]: no method named `read_to_string` found for struct `std::os::unix::net::UnixStream` in the current scope
[INFO] [stdout]    --> crates/lsw-core/../../tests/e2e/common/harness.rs:371:20
[INFO] [stdout]     |
[INFO] [stdout] 371 |             stream.read_to_string(&mut response_buf).expect("Failed to read IPC response");
[INFO] [stdout]     |                    ^^^^^^^^^^^^^^
[INFO] [stdout]     |
[INFO] [stdout]    --> /rustc/3154cc1a3e6424e44f438a95007d043ed5ceaaf6/library/alloc/src/io/read.rs:342:7
[INFO] [stdout]     |
[INFO] [stdout]     = note: the method is available for `std::os::unix::net::UnixStream` here
[INFO] [stdout]     |
[INFO] [stdout]     = help: items from traits can only be used if the trait is in scope
[INFO] [stdout] help: trait `Read` which provides `read_to_string` is implemented but not in scope; perhaps you want to import it
[INFO] [stdout]     |
[INFO] [stdout]   4 + use std::io::Read;
[INFO] [stdout]     |
[INFO] [stdout] help: there is a method `read_to_end` with a similar name
[INFO] [stdout]     |
[INFO] [stdout] 371 -             stream.read_to_string(&mut response_buf).expect("Failed to read IPC response");
[INFO] [stdout] 371 +             stream.read_to_end(&mut response_buf).expect("Failed to read IPC response");
[INFO] [stdout]     |
[INFO] [stdout] 
[INFO] [stdout] 
[INFO] [stdout] error[E0599]: no method named `read_to_string` found for struct `UnixStream` in the current scope
[INFO] [stdout]    --> crates/lsw-core/../../tests/e2e/common/harness.rs:371:20
[INFO] [stdout]     |
[INFO] [stdout] 371 |             stream.read_to_string(&mut response_buf).expect("Failed to read IPC response");
[INFO] [stdout]     |                    ^^^^^^^^^^^^^^
[INFO] [stdout]     |
[INFO] [stdout]    --> /rustc/3154cc1a3e6424e44f438a95007d043ed5ceaaf6/library/alloc/src/io/read.rs:342:7
[INFO] [stdout]     |
[INFO] [stdout]     = note: the method is available for `UnixStream` here
[INFO] [stdout]     |
[INFO] [stdout]     = help: items from traits can only be used if the trait is in scope
[INFO] [stdout] help: trait `Read` which provides `read_to_string` is implemented but not in scope; perhaps you want to import it
[INFO] [stdout]     |
[INFO] [stdout]   4 + use std::io::Read;
[INFO] [stdout]     |
[INFO] [stdout] help: there is a method `read_to_end` with a similar name
[INFO] [stdout]     |
[INFO] [stdout] 371 -             stream.read_to_string(&mut response_buf).expect("Failed to read IPC response");
[INFO] [stdout] 371 +             stream.read_to_end(&mut response_buf).expect("Failed to read IPC response");
[INFO] [stdout]     |
[INFO] [stdout] 
[INFO] [stdout] 
[INFO] [stdout] For more information about this error, try `rustc --explain E0599`.
[INFO] [stdout] 
[INFO] [stderr] error: could not compile `lsw-core` (test "e2e_tier3") due to 1 previous error
[INFO] [stderr] warning: build failed, waiting for other jobs to finish...
[INFO] [stdout] Some errors have detailed explanations: E0599, E0603.
[INFO] [stdout] 
[INFO] [stdout] For more information about an error, try `rustc --explain E0599`.
[INFO] [stdout] 
[INFO] [stderr] error: could not compile `lsw-core` (test "e2e_tier4") due to 2 previous errors
[INFO] [stdout] For more information about this error, try `rustc --explain E0599`.
[INFO] [stdout] 
[INFO] [stderr] error: could not compile `lsw-core` (test "e2e_tier2") due to 1 previous error
[INFO] [stdout] error[E0425]: cannot find value `symlink_path` in this scope
[INFO] [stdout]   --> crates/lsw-core/../../tests/e2e/tier1_unit_features/t1_15_posix_metadata.rs:83:51
[INFO] [stdout]    |
[INFO] [stdout] 83 |         std::os::unix::fs::symlink(&target_path, &symlink_path).expect("Failed to create symlink");
[INFO] [stdout]    |                                                   ^^^^^^^^^^^^ not found in this scope
[INFO] [stdout]    |
[INFO] [stdout] note: `_symlink_path` defined here
[INFO] [stdout]   --> crates/lsw-core/../../tests/e2e/tier1_unit_features/t1_15_posix_metadata.rs:76:9
[INFO] [stdout]    |
[INFO] [stdout] 76 |     let _symlink_path = harness.vfs_root.join("c").join("link.txt");
[INFO] [stdout]    |         ^^^^^^^^^^^^^
[INFO] [stdout] help: the leading underscore in `_symlink_path` marks it as unused, consider renaming it to `symlink_path`
[INFO] [stdout]    |
[INFO] [stdout] 76 -     let _symlink_path = harness.vfs_root.join("c").join("link.txt");
[INFO] [stdout] 76 +     let symlink_path = harness.vfs_root.join("c").join("link.txt");
[INFO] [stdout]    |
[INFO] [stdout] 
[INFO] [stdout] 
[INFO] [stdout] error[E0425]: cannot find value `symlink_path` in this scope
[INFO] [stdout]   --> crates/lsw-core/../../tests/e2e/tier1_unit_features/t1_15_posix_metadata.rs:84:17
[INFO] [stdout]    |
[INFO] [stdout] 84 |         assert!(symlink_path.exists());
[INFO] [stdout]    |                 ^^^^^^^^^^^^ not found in this scope
[INFO] [stdout]    |
[INFO] [stdout] note: `_symlink_path` defined here
[INFO] [stdout]   --> crates/lsw-core/../../tests/e2e/tier1_unit_features/t1_15_posix_metadata.rs:76:9
[INFO] [stdout]    |
[INFO] [stdout] 76 |     let _symlink_path = harness.vfs_root.join("c").join("link.txt");
[INFO] [stdout]    |         ^^^^^^^^^^^^^
[INFO] [stdout] help: the leading underscore in `_symlink_path` marks it as unused, consider renaming it to `symlink_path`
[INFO] [stdout]    |
[INFO] [stdout] 76 -     let _symlink_path = harness.vfs_root.join("c").join("link.txt");
[INFO] [stdout] 76 +     let symlink_path = harness.vfs_root.join("c").join("link.txt");
[INFO] [stdout]    |
[INFO] [stdout] 
[INFO] [stdout] 
[INFO] [stdout] error[E0425]: cannot find value `symlink_path` in this scope
[INFO] [stdout]   --> crates/lsw-core/../../tests/e2e/tier1_unit_features/t1_15_posix_metadata.rs:85:42
[INFO] [stdout]    |
[INFO] [stdout] 85 |         let meta = fs::symlink_metadata(&symlink_path).unwrap();
[INFO] [stdout]    |                                          ^^^^^^^^^^^^ not found in this scope
[INFO] [stdout]    |
[INFO] [stdout] note: `_symlink_path` defined here
[INFO] [stdout]   --> crates/lsw-core/../../tests/e2e/tier1_unit_features/t1_15_posix_metadata.rs:76:9
[INFO] [stdout]    |
[INFO] [stdout] 76 |     let _symlink_path = harness.vfs_root.join("c").join("link.txt");
[INFO] [stdout]    |         ^^^^^^^^^^^^^
[INFO] [stdout] help: the leading underscore in `_symlink_path` marks it as unused, consider renaming it to `symlink_path`
[INFO] [stdout]    |
[INFO] [stdout] 76 -     let _symlink_path = harness.vfs_root.join("c").join("link.txt");
[INFO] [stdout] 76 +     let symlink_path = harness.vfs_root.join("c").join("link.txt");
[INFO] [stdout]    |
[INFO] [stdout] 
[INFO] [stdout] 
[INFO] [stdout] error[E0599]: no method named `read_to_string` found for struct `std::os::unix::net::UnixStream` in the current scope
[INFO] [stdout]    --> crates/lsw-core/../../tests/e2e/common/harness.rs:371:20
[INFO] [stdout]     |
[INFO] [stdout] 371 |             stream.read_to_string(&mut response_buf).expect("Failed to read IPC response");
[INFO] [stdout]     |                    ^^^^^^^^^^^^^^
[INFO] [stdout]     |
[INFO] [stdout]    --> /rustc/3154cc1a3e6424e44f438a95007d043ed5ceaaf6/library/alloc/src/io/read.rs:342:7
[INFO] [stdout]     |
[INFO] [stdout]     = note: the method is available for `std::os::unix::net::UnixStream` here
[INFO] [stdout]     |
[INFO] [stdout]     = help: items from traits can only be used if the trait is in scope
[INFO] [stdout] help: trait `Read` which provides `read_to_string` is implemented but not in scope; perhaps you want to import it
[INFO] [stdout]     |
[INFO] [stdout]   4 + use std::io::Read;
[INFO] [stdout]     |
[INFO] [stdout] help: there is a method `read_to_end` with a similar name
[INFO] [stdout]     |
[INFO] [stdout] 371 -             stream.read_to_string(&mut response_buf).expect("Failed to read IPC response");
[INFO] [stdout] 371 +             stream.read_to_end(&mut response_buf).expect("Failed to read IPC response");
[INFO] [stdout]     |
[INFO] [stdout] 
[INFO] [stdout] 
[INFO] [stdout] Some errors have detailed explanations: E0425, E0599.
[INFO] [stdout] 
[INFO] [stdout] For more information about an error, try `rustc --explain E0425`.
[INFO] [stdout] 
[INFO] [stderr] error: could not compile `lsw-core` (test "e2e_tier1") due to 4 previous errors
[INFO] [stderr] warning: unused dependency `anyhow`
[INFO] [stderr]   --> crates/lsw-cli/Cargo.toml:14:1
[INFO] [stderr]    |
[INFO] [stderr] 14 | anyhow.workspace = true
[INFO] [stderr]    | ^^^^^^
[INFO] [stderr]    |
[INFO] [stderr]    = note: `cargo::unused_dependencies` is set to `warn` by default
[INFO] [stderr] help: consider removing the dependency on `anyhow`
[INFO] [stderr] warning: `lsw-cli` (manifest) generated 1 warning
[INFO] [stderr] warning: unused dependency `ini`
[INFO] [stderr]   --> crates/lsw-core/Cargo.toml:15:1
[INFO] [stderr]    |
[INFO] [stderr] 15 | ini.workspace = true
[INFO] [stderr]    | ^^^
[INFO] [stderr]    |
[INFO] [stderr]    = note: `cargo::unused_dependencies` is set to `warn` by default
[INFO] [stderr] help: consider removing the dependency on `ini`
[INFO] [stderr] warning: `lsw-core` (manifest) generated 1 warning
[INFO] [stderr] warning: unused dependency `tracing-subscriber`
[INFO] [stderr]   --> crates/lswd/Cargo.toml:23:1
[INFO] [stderr]    |
[INFO] [stderr] 23 | tracing-subscriber.workspace = true
[INFO] [stderr]    | ^^^^^^^^^^^^^^^^^^
[INFO] [stderr]    |
[INFO] [stderr]    = note: `cargo::unused_dependencies` is set to `warn` by default
[INFO] [stderr] help: consider removing the dependency on `tracing-subscriber`
[INFO] [stderr] warning: `lswd` (manifest) generated 1 warning
[INFO] [stderr] warning: unused dependency `anyhow`
[INFO] [stderr]   --> crates/lswpath/Cargo.toml:14:1
[INFO] [stderr]    |
[INFO] [stderr] 14 | anyhow.workspace = true
[INFO] [stderr]    | ^^^^^^
[INFO] [stderr]    |
[INFO] [stderr]    = note: `cargo::unused_dependencies` is set to `warn` by default
[INFO] [stderr] help: consider removing the dependency on `anyhow`
[INFO] [stderr] warning: `lswpath` (manifest) generated 1 warning
[INFO] running `Command { std: "docker" "inspect" "a074848f70a49e0abe4fbabeb935ce59b86fb7e168f9ca148117f4c468421e78", kill_on_drop: false }`
[INFO] running `Command { std: "docker" "rm" "-f" "a074848f70a49e0abe4fbabeb935ce59b86fb7e168f9ca148117f4c468421e78", kill_on_drop: false }`
[INFO] [stdout] a074848f70a49e0abe4fbabeb935ce59b86fb7e168f9ca148117f4c468421e78
