[INFO] cloning repository https://github.com/Kun-AzureLotus/LOL-AI-Commentary
[INFO] running `Command { std: "git" "-c" "credential.helper=" "-c" "credential.helper=/workspace/cargo-home/bin/git-credential-null" "clone" "--bare" "https://github.com/Kun-AzureLotus/LOL-AI-Commentary" "/workspace/cache/git-repos/https%3A%2F%2Fgithub.com%2FKun-AzureLotus%2FLOL-AI-Commentary", kill_on_drop: false }`
[INFO] [stderr] Cloning into bare repository '/workspace/cache/git-repos/https%3A%2F%2Fgithub.com%2FKun-AzureLotus%2FLOL-AI-Commentary'...
[INFO] running `Command { std: "git" "rev-parse" "HEAD", kill_on_drop: false }`
[INFO] [stdout] 458fe27a36cbd713bb3c6e98ddc8b6f50f9c8159
[INFO] checking Kun-AzureLotus/LOL-AI-Commentary against 3154cc1a3e6424e44f438a95007d043ed5ceaaf6+rustflags=-Znext-solver=coherence for pr-133502-30
[INFO] running `Command { std: "git" "clone" "/workspace/cache/git-repos/https%3A%2F%2Fgithub.com%2FKun-AzureLotus%2FLOL-AI-Commentary" "/workspace/builds/worker-7-tc1/source", kill_on_drop: false }`
[INFO] [stderr] Cloning into '/workspace/builds/worker-7-tc1/source'...
[INFO] [stderr] done.
[INFO] started tweaking git repo https://github.com/Kun-AzureLotus/LOL-AI-Commentary
[INFO] finished tweaking git repo https://github.com/Kun-AzureLotus/LOL-AI-Commentary
[INFO] tweaked toml for git repo https://github.com/Kun-AzureLotus/LOL-AI-Commentary written to /workspace/builds/worker-7-tc1/source/Cargo.toml
[INFO] validating manifest of git repo https://github.com/Kun-AzureLotus/LOL-AI-Commentary on toolchain 3154cc1a3e6424e44f438a95007d043ed5ceaaf6
[INFO] running `Command { std: CARGO_HOME="/workspace/cargo-home" RUSTUP_HOME="/workspace/rustup-home" "/workspace/cargo-home/bin/cargo" "+3154cc1a3e6424e44f438a95007d043ed5ceaaf6" "metadata" "--manifest-path" "Cargo.toml" "--no-deps", kill_on_drop: false }`
[INFO] crate git repo https://github.com/Kun-AzureLotus/LOL-AI-Commentary already has a lockfile, it will not be regenerated
[INFO] running `Command { std: CARGO_HOME="/workspace/cargo-home" RUSTUP_HOME="/workspace/rustup-home" "/workspace/cargo-home/bin/cargo" "+3154cc1a3e6424e44f438a95007d043ed5ceaaf6" "fetch" "--manifest-path" "Cargo.toml", kill_on_drop: false }`
[INFO] running `Command { std: "docker" "create" "-v" "/var/lib/crater-agent-workspace/builds/worker-7-tc1/source:/opt/rustwide/workdir:ro,Z" "-v" "/var/lib/crater-agent-workspace/builds/worker-7-tc1/target:/opt/rustwide/target:rw,Z" "-v" "/var/lib/crater-agent-workspace/cargo-home:/opt/rustwide/cargo-home:ro,Z" "-v" "/var/lib/crater-agent-workspace/rustup-home:/opt/rustwide/rustup-home:ro,Z" "-m" "1610612736" "--network" "none" "ghcr.io/rust-lang/crates-build-env/linux@sha256:77db811e55d90add9212f6832c23229e3de5f1c1f9905e8cb07319ea15df73ac" "sleep" "infinity", kill_on_drop: false }`
[INFO] [stdout] 90abd43f8300f7cb92b4cd844835ed0ce6752d38ba77799af2afc3ba976e7986
[INFO] running `Command { std: "docker" "start" "90abd43f8300f7cb92b4cd844835ed0ce6752d38ba77799af2afc3ba976e7986", kill_on_drop: false }`
[INFO] running `Command { std: "docker" "inspect" "90abd43f8300f7cb92b4cd844835ed0ce6752d38ba77799af2afc3ba976e7986", kill_on_drop: false }`
[INFO] running `Command { std: "docker" "exec" "-e" "SOURCE_DIR=/opt/rustwide/workdir" "-e" "CARGO_HOME=/opt/rustwide/cargo-home" "-e" "RUSTUP_HOME=/opt/rustwide/rustup-home" "-e" "CARGO_TARGET_DIR=/opt/rustwide/target" "-w" "/opt/rustwide/workdir" "--user" "0:0" "90abd43f8300f7cb92b4cd844835ed0ce6752d38ba77799af2afc3ba976e7986" "/opt/rustwide/cargo-home/bin/cargo" "+3154cc1a3e6424e44f438a95007d043ed5ceaaf6" "metadata" "--no-deps" "--format-version=1", kill_on_drop: false }`
[INFO] running `Command { std: "docker" "inspect" "90abd43f8300f7cb92b4cd844835ed0ce6752d38ba77799af2afc3ba976e7986", kill_on_drop: false }`
[INFO] running `Command { std: "docker" "exec" "-e" "SOURCE_DIR=/opt/rustwide/workdir" "-e" "CARGO_HOME=/opt/rustwide/cargo-home" "-e" "RUSTUP_HOME=/opt/rustwide/rustup-home" "-e" "CARGO_TARGET_DIR=/opt/rustwide/target" "-e" "CARGO_INCREMENTAL=0" "-e" "RUST_BACKTRACE=full" "-e" "RUSTFLAGS=--cap-lints=forbid -Znext-solver=coherence" "-e" "RUSTDOCFLAGS=--cap-lints=forbid" "-w" "/opt/rustwide/workdir" "--user" "0:0" "90abd43f8300f7cb92b4cd844835ed0ce6752d38ba77799af2afc3ba976e7986" "/opt/rustwide/cargo-home/bin/cargo" "+3154cc1a3e6424e44f438a95007d043ed5ceaaf6" "check" "--frozen" "--all" "--all-targets" "--message-format=json", kill_on_drop: false }`
[INFO] [stderr]     Checking futures-sink v0.3.33
[INFO] [stderr]    Compiling syn v3.0.3
[INFO] [stderr]    Compiling openssl-sys v0.9.117
[INFO] [stderr]    Compiling futures-macro v0.3.33
[INFO] [stderr]    Compiling ring v0.17.14
[INFO] [stderr]     Checking yoke v0.8.3
[INFO] [stderr]    Compiling openssl v0.10.81
[INFO] [stderr]    Compiling serde_core v1.0.229
[INFO] [stderr]     Checking getrandom v0.3.4
[INFO] [stderr]    Compiling openssl-macros v0.1.1
[INFO] [stderr]     Checking digest v0.10.7
[INFO] [stderr]     Checking rand_core v0.9.5
[INFO] [stderr]     Checking zerovec v0.11.6
[INFO] [stderr]     Checking sha1 v0.10.7
[INFO] [stderr]     Checking rand_chacha v0.9.0
[INFO] [stderr]     Checking webpki-roots v1.0.9
[INFO] [stderr]     Checking rand v0.9.5
[INFO] [stderr]    Compiling native-tls v0.2.18
[INFO] [stderr]     Checking pxfm v0.1.30
[INFO] [stderr]     Checking futures-util v0.3.33
[INFO] [stderr]     Checking potential_utf v0.1.5
[INFO] [stderr]     Checking png v0.18.1
[INFO] [stderr]     Checking sha2 v0.10.9
[INFO] [stderr]     Checking serde_json v1.0.151
[INFO] [stderr]    Compiling rustls v0.23.43
[INFO] [stderr]     Checking moxcms v0.8.1
[INFO] [stderr]    Compiling tokio-macros v2.7.2
[INFO] [stderr]    Compiling displaydoc v0.2.7
[INFO] [stderr]    Compiling thiserror-impl v2.0.19
[INFO] [stderr]    Compiling serde_derive v1.0.229
[INFO] [stderr]     Checking tinystr v0.8.3
[INFO] [stderr]     Checking zerotrie v0.2.4
[INFO] [stderr]     Checking tokio v1.53.1
[INFO] [stderr]     Checking icu_locale_core v2.2.0
[INFO] [stderr]     Checking icu_collections v2.2.0
[INFO] [stderr]     Checking thiserror v2.0.19
[INFO] [stderr]     Checking tungstenite v0.27.0
[INFO] [stderr]     Checking rustls-webpki v0.103.13
[INFO] [stderr]     Checking icu_provider v2.2.0
[INFO] [stderr]     Checking icu_normalizer v2.2.0
[INFO] [stderr]     Checking icu_properties v2.2.0
[INFO] [stderr]     Checking serde v1.0.229
[INFO] [stderr]     Checking idna_adapter v1.2.2
[INFO] [stderr]     Checking idna v1.1.0
[INFO] [stderr]     Checking url v2.5.8
[INFO] [stderr]     Checking serde_urlencoded v0.7.1
[INFO] [stderr]     Checking image v0.25.10
[INFO] [stderr]     Checking tokio-util v0.7.19
[INFO] [stderr]     Checking tower v0.5.3
[INFO] [stderr]     Checking tokio-native-tls v0.3.1
[INFO] [stderr]     Checking tokio-tungstenite v0.27.0
[INFO] [stderr]     Checking tower-http v0.6.11
[INFO] [stderr]     Checking h2 v0.4.15
[INFO] [stderr]     Checking tokio-rustls v0.26.4
[INFO] [stderr]     Checking hyper v1.11.0
[INFO] [stderr]     Checking hyper-util v0.1.20
[INFO] [stderr]     Checking hyper-rustls v0.27.9
[INFO] [stderr]     Checking hyper-tls v0.6.0
[INFO] [stderr]     Checking reqwest v0.12.28
[INFO] [stderr]     Checking lol-ai-commentator v0.1.0 (/opt/rustwide/workdir)
[INFO] [stdout] warning: unused import: `crate::launcher::theme::Palette`
[INFO] [stdout]  --> src/launcher/oriental_background.rs:5:5
[INFO] [stdout]   |
[INFO] [stdout] 5 | use crate::launcher::theme::Palette;
[INFO] [stdout]   |     ^^^^^^^^^^^^^^^^^^^^^^^^^^^^^^^
[INFO] [stdout]   |
[INFO] [stdout]   = note: `#[warn(unused_imports)]` (part of `#[warn(unused)]`) on by default
[INFO] [stdout] 
[INFO] [stdout] 
[INFO] [stdout] warning: unused imports: `Command`, `Stdio`, `SystemTime`, `UNIX_EPOCH`, and `fs`
[INFO] [stdout]  --> src/tts/elevenlabs.rs:2:5
[INFO] [stdout]   |
[INFO] [stdout] 2 |     fs,
[INFO] [stdout]   |     ^^
[INFO] [stdout] 3 |     process::{Command, Stdio},
[INFO] [stdout]   |               ^^^^^^^  ^^^^^
[INFO] [stdout] 4 |     time::{Instant, SystemTime, UNIX_EPOCH},
[INFO] [stdout]   |                     ^^^^^^^^^^  ^^^^^^^^^^
[INFO] [stdout] 
[INFO] [stdout] 
[INFO] [stdout] warning: unused imports: `Command`, `Stdio`, `thread`, and `time::Duration`
[INFO] [stdout]  --> src/tts/local.rs:2:15
[INFO] [stdout]   |
[INFO] [stdout] 2 |     process::{Command, Stdio},
[INFO] [stdout]   |               ^^^^^^^  ^^^^^
[INFO] [stdout] 3 |     sync::{Arc, Mutex},
[INFO] [stdout] 4 |     thread,
[INFO] [stdout]   |     ^^^^^^
[INFO] [stdout] 5 |     time::Duration,
[INFO] [stdout]   |     ^^^^^^^^^^^^^^
[INFO] [stdout] 
[INFO] [stdout] 
[INFO] [stdout] warning: unused import: `crate::launcher::theme::Palette`
[INFO] [stdout]  --> src/launcher/oriental_background.rs:5:5
[INFO] [stdout]   |
[INFO] [stdout] 5 | use crate::launcher::theme::Palette;
[INFO] [stdout]   |     ^^^^^^^^^^^^^^^^^^^^^^^^^^^^^^^
[INFO] [stdout]   |
[INFO] [stdout]   = note: `#[warn(unused_imports)]` (part of `#[warn(unused)]`) on by default
[INFO] [stdout] 
[INFO] [stdout] 
[INFO] [stdout] warning: unused imports: `Command`, `Stdio`, `SystemTime`, `UNIX_EPOCH`, and `fs`
[INFO] [stdout]  --> src/tts/elevenlabs.rs:2:5
[INFO] [stdout]   |
[INFO] [stdout] 2 |     fs,
[INFO] [stdout]   |     ^^
[INFO] [stdout] 3 |     process::{Command, Stdio},
[INFO] [stdout]   |               ^^^^^^^  ^^^^^
[INFO] [stdout] 4 |     time::{Instant, SystemTime, UNIX_EPOCH},
[INFO] [stdout]   |                     ^^^^^^^^^^  ^^^^^^^^^^
[INFO] [stdout] 
[INFO] [stdout] 
[INFO] [stdout] warning: unused imports: `Command`, `Stdio`, `thread`, and `time::Duration`
[INFO] [stdout]  --> src/tts/local.rs:2:15
[INFO] [stdout]   |
[INFO] [stdout] 2 |     process::{Command, Stdio},
[INFO] [stdout]   |               ^^^^^^^  ^^^^^
[INFO] [stdout] 3 |     sync::{Arc, Mutex},
[INFO] [stdout] 4 |     thread,
[INFO] [stdout]   |     ^^^^^^
[INFO] [stdout] 5 |     time::Duration,
[INFO] [stdout]   |     ^^^^^^^^^^^^^^
[INFO] [stdout] 
[INFO] [stdout] 
[INFO] [stdout] error[E0599]: no method named `GetMasterVolume` found for reference `&()` in the current scope
[INFO] [stdout]   --> src/launcher/app_volume.rs:26:14
[INFO] [stdout]    |
[INFO] [stdout] 25 |         volume
[INFO] [stdout] 26 |             .GetMasterVolume()
[INFO] [stdout]    |              ^^^^^^^^^^^^^^^ method not found in `&()`
[INFO] [stdout] 
[INFO] [stdout] 
[INFO] [stdout] error[E0599]: no method named `SetMasterVolume` found for reference `&()` in the current scope
[INFO] [stdout]   --> src/launcher/app_volume.rs:41:18
[INFO] [stdout]    |
[INFO] [stdout] 40 |             if volume
[INFO] [stdout] 41 |                 .SetMasterVolume(scalar, std::ptr::null())
[INFO] [stdout]    |                  ^^^^^^^^^^^^^^^ method not found in `&()`
[INFO] [stdout] 
[INFO] [stdout] 
[INFO] [stdout] error[E0599]: no method named `GetMasterVolume` found for reference `&()` in the current scope
[INFO] [stdout]   --> src/launcher/app_volume.rs:26:14
[INFO] [stdout]    |
[INFO] [stdout] 25 |         volume
[INFO] [stdout] 26 |             .GetMasterVolume()
[INFO] [stdout]    |              ^^^^^^^^^^^^^^^ method not found in `&()`
[INFO] [stdout] 
[INFO] [stdout] 
[INFO] [stdout] error[E0599]: no method named `SetMasterVolume` found for reference `&()` in the current scope
[INFO] [stdout]   --> src/launcher/app_volume.rs:41:18
[INFO] [stdout]    |
[INFO] [stdout] 40 |             if volume
[INFO] [stdout] 41 |                 .SetMasterVolume(scalar, std::ptr::null())
[INFO] [stdout]    |                  ^^^^^^^^^^^^^^^ method not found in `&()`
[INFO] [stdout] 
[INFO] [stdout] 
[INFO] [stdout] For more information about this error, try `rustc --explain E0599`.
[INFO] [stdout] 
[INFO] [stderr] error: could not compile `lol-ai-commentator` (lib) due to 2 previous errors; 3 warnings emitted
[INFO] [stderr] warning: build failed, waiting for other jobs to finish...
[INFO] [stdout] For more information about this error, try `rustc --explain E0599`.
[INFO] [stdout] 
[INFO] [stderr] error: could not compile `lol-ai-commentator` (lib test) due to 2 previous errors; 3 warnings emitted
[INFO] running `Command { std: "docker" "inspect" "90abd43f8300f7cb92b4cd844835ed0ce6752d38ba77799af2afc3ba976e7986", kill_on_drop: false }`
[INFO] running `Command { std: "docker" "rm" "-f" "90abd43f8300f7cb92b4cd844835ed0ce6752d38ba77799af2afc3ba976e7986", kill_on_drop: false }`
[INFO] [stdout] 90abd43f8300f7cb92b4cd844835ed0ce6752d38ba77799af2afc3ba976e7986
