[INFO] cloning repository https://github.com/KrayOristine/ozpacker-rs
[INFO] running `Command { std: "git" "-c" "credential.helper=" "-c" "credential.helper=/workspace/cargo-home/bin/git-credential-null" "clone" "--bare" "https://github.com/KrayOristine/ozpacker-rs" "/workspace/cache/git-repos/https%3A%2F%2Fgithub.com%2FKrayOristine%2Fozpacker-rs", kill_on_drop: false }`
[INFO] [stderr] Cloning into bare repository '/workspace/cache/git-repos/https%3A%2F%2Fgithub.com%2FKrayOristine%2Fozpacker-rs'...
[INFO] running `Command { std: "git" "rev-parse" "HEAD", kill_on_drop: false }`
[INFO] [stdout] d7cd73dda4784ffeee6380a1ab47f3793c982e06
[INFO] checking KrayOristine/ozpacker-rs against 3154cc1a3e6424e44f438a95007d043ed5ceaaf6+rustflags=-Znext-solver=coherence for pr-133502-30
[INFO] running `Command { std: "git" "clone" "/workspace/cache/git-repos/https%3A%2F%2Fgithub.com%2FKrayOristine%2Fozpacker-rs" "/workspace/builds/worker-5-tc1/source", kill_on_drop: false }`
[INFO] [stderr] Cloning into '/workspace/builds/worker-5-tc1/source'...
[INFO] [stderr] done.
[INFO] removed /workspace/builds/worker-5-tc1/source/.cargo/config.toml
[INFO] started tweaking git repo https://github.com/KrayOristine/ozpacker-rs
[INFO] finished tweaking git repo https://github.com/KrayOristine/ozpacker-rs
[INFO] tweaked toml for git repo https://github.com/KrayOristine/ozpacker-rs written to /workspace/builds/worker-5-tc1/source/Cargo.toml
[INFO] validating manifest of git repo https://github.com/KrayOristine/ozpacker-rs on toolchain 3154cc1a3e6424e44f438a95007d043ed5ceaaf6
[INFO] running `Command { std: CARGO_HOME="/workspace/cargo-home" RUSTUP_HOME="/workspace/rustup-home" "/workspace/cargo-home/bin/cargo" "+3154cc1a3e6424e44f438a95007d043ed5ceaaf6" "metadata" "--manifest-path" "Cargo.toml" "--no-deps", kill_on_drop: false }`
[INFO] crate git repo https://github.com/KrayOristine/ozpacker-rs already has a lockfile, it will not be regenerated
[INFO] running `Command { std: CARGO_HOME="/workspace/cargo-home" RUSTUP_HOME="/workspace/rustup-home" "/workspace/cargo-home/bin/cargo" "+3154cc1a3e6424e44f438a95007d043ed5ceaaf6" "fetch" "--manifest-path" "Cargo.toml", kill_on_drop: false }`
[INFO] [stderr]     Blocking waiting for file lock on package cache
[INFO] [stderr]     Updating crates.io index
[INFO] [stderr]  Downloading crates ...
[INFO] [stderr]   Downloaded full_moon_derive v0.11.0
[INFO] [stderr]   Downloaded full_moon v2.2.0
[INFO] running `Command { std: "docker" "create" "-v" "/var/lib/crater-agent-workspace/builds/worker-5-tc1/source:/opt/rustwide/workdir:ro,Z" "-v" "/var/lib/crater-agent-workspace/builds/worker-5-tc1/target:/opt/rustwide/target:rw,Z" "-v" "/var/lib/crater-agent-workspace/cargo-home:/opt/rustwide/cargo-home:ro,Z" "-v" "/var/lib/crater-agent-workspace/rustup-home:/opt/rustwide/rustup-home:ro,Z" "-m" "1610612736" "--network" "none" "ghcr.io/rust-lang/crates-build-env/linux@sha256:77db811e55d90add9212f6832c23229e3de5f1c1f9905e8cb07319ea15df73ac" "sleep" "infinity", kill_on_drop: false }`
[INFO] [stdout] c8455e4114878ae290976392eb9f5b826564bfb555537bc34c290fd21780f5d2
[INFO] running `Command { std: "docker" "start" "c8455e4114878ae290976392eb9f5b826564bfb555537bc34c290fd21780f5d2", kill_on_drop: false }`
[INFO] running `Command { std: "docker" "inspect" "c8455e4114878ae290976392eb9f5b826564bfb555537bc34c290fd21780f5d2", kill_on_drop: false }`
[INFO] running `Command { std: "docker" "exec" "-e" "SOURCE_DIR=/opt/rustwide/workdir" "-e" "CARGO_HOME=/opt/rustwide/cargo-home" "-e" "RUSTUP_HOME=/opt/rustwide/rustup-home" "-e" "CARGO_TARGET_DIR=/opt/rustwide/target" "-w" "/opt/rustwide/workdir" "--user" "0:0" "c8455e4114878ae290976392eb9f5b826564bfb555537bc34c290fd21780f5d2" "/opt/rustwide/cargo-home/bin/cargo" "+3154cc1a3e6424e44f438a95007d043ed5ceaaf6" "metadata" "--no-deps" "--format-version=1", kill_on_drop: false }`
[INFO] running `Command { std: "docker" "inspect" "c8455e4114878ae290976392eb9f5b826564bfb555537bc34c290fd21780f5d2", kill_on_drop: false }`
[INFO] running `Command { std: "docker" "exec" "-e" "SOURCE_DIR=/opt/rustwide/workdir" "-e" "CARGO_HOME=/opt/rustwide/cargo-home" "-e" "RUSTUP_HOME=/opt/rustwide/rustup-home" "-e" "CARGO_TARGET_DIR=/opt/rustwide/target" "-e" "CARGO_INCREMENTAL=0" "-e" "RUST_BACKTRACE=full" "-e" "RUSTFLAGS=--cap-lints=forbid -Znext-solver=coherence" "-e" "RUSTDOCFLAGS=--cap-lints=forbid" "-w" "/opt/rustwide/workdir" "--user" "0:0" "c8455e4114878ae290976392eb9f5b826564bfb555537bc34c290fd21780f5d2" "/opt/rustwide/cargo-home/bin/cargo" "+3154cc1a3e6424e44f438a95007d043ed5ceaaf6" "check" "--frozen" "--all" "--all-targets" "--message-format=json", kill_on_drop: false }`
[INFO] [stderr]    Compiling proc-macro2 v1.0.107
[INFO] [stderr]    Compiling quote v1.0.47
[INFO] [stderr]    Compiling unicode-ident v1.0.24
[INFO] [stderr]    Compiling serde_core v1.0.229
[INFO] [stderr]    Compiling crossbeam-utils v0.8.22
[INFO] [stderr]    Compiling autocfg v1.5.1
[INFO] [stderr]    Compiling crossbeam-epoch v0.9.20
[INFO] [stderr]     Checking cfg-if v1.0.4
[INFO] [stderr]    Compiling syn v1.0.109
[INFO] [stderr]    Compiling crossbeam-deque v0.8.7
[INFO] [stderr]    Compiling libc v0.2.189
[INFO] [stderr]     Checking utf8parse v0.2.2
[INFO] [stderr]     Checking anstyle-parse v1.0.0
[INFO] [stderr]     Checking anstyle-query v1.1.5
[INFO] [stderr]    Compiling serde v1.0.229
[INFO] [stderr]     Checking is_terminal_polyfill v1.70.2
[INFO] [stderr]    Compiling shlex v2.0.1
[INFO] [stderr]     Checking colorchoice v1.0.5
[INFO] [stderr]     Checking anstyle v1.0.14
[INFO] [stderr]    Compiling hashbrown v0.12.3
[INFO] [stderr]    Compiling unicode-xid v0.2.6
[INFO] [stderr]     Checking rand_core v0.10.1
[INFO] [stderr]    Compiling getrandom v0.4.3
[INFO] [stderr]    Compiling find-msvc-tools v0.1.9
[INFO] [stderr]    Compiling paste v1.0.15
[INFO] [stderr]    Compiling zmij v1.0.23
[INFO] [stderr]    Compiling syn v3.0.3
[INFO] [stderr]    Compiling syn v2.0.119
[INFO] [stderr]    Compiling rayon-core v1.13.0
[INFO] [stderr]    Compiling indexmap v1.9.3
[INFO] [stderr]    Compiling cc v1.4.0
[INFO] [stderr]     Checking anstream v1.0.0
[INFO] [stderr]    Compiling heck v0.5.0
[INFO] [stderr]    Compiling anyhow v1.0.104
[INFO] [stderr]     Checking clap_lex v1.1.0
[INFO] [stderr]    Compiling serde_json v1.0.151
[INFO] [stderr]    Compiling pkg-config v0.3.33
[INFO] [stderr]     Checking winnow v1.0.4
[INFO] [stderr]     Checking cpufeatures v0.3.0
[INFO] [stderr]     Checking unicase v2.9.0
[INFO] [stderr]     Checking strsim v0.11.1
[INFO] [stderr]     Checking unicode-width v0.2.2
[INFO] [stderr]     Checking toml_parser v1.1.2+spec-1.1.0
[INFO] [stderr]     Checking chacha20 v0.10.1
[INFO] [stderr]     Checking clap_builder v4.6.6
[INFO] [stderr]     Checking serde_spanned v1.1.1
[INFO] [stderr]     Checking toml_datetime v1.1.1+spec-1.1.0
[INFO] [stderr]     Checking smol_str v0.3.6
[INFO] [stderr]     Checking either v1.17.0
[INFO] [stderr]     Checking memchr v2.8.3
[INFO] [stderr]     Checking bytecount v0.6.9
[INFO] [stderr]     Checking itoa v1.0.18
[INFO] [stderr]     Checking toml_writer v1.1.2+spec-1.1.0
[INFO] [stderr]     Checking rayon v1.12.0
[INFO] [stderr]     Checking toml v1.1.3+spec-1.1.0
[INFO] [stderr]     Checking rand v0.10.2
[INFO] [stderr]     Checking xxhash-rust v0.8.18
[INFO] [stderr]    Compiling ozpacker-rs v0.1.0 (/opt/rustwide/workdir)
[INFO] [stderr]    Compiling full_moon_derive v0.11.0
[INFO] [stderr]    Compiling derive_more-impl v1.0.0
[INFO] [stderr]    Compiling serde_derive v1.0.229
[INFO] [stderr]    Compiling clap_derive v4.6.4
[INFO] [stderr]     Checking derive_more v1.0.0
[INFO] [stderr]     Checking clap v4.6.6
[INFO] [stderr]     Checking full_moon v2.2.0
[INFO] [stdout] error[E0433]: cannot find `windows` in `os`
[INFO] [stdout]  --> src/storm/mod.rs:7:9
[INFO] [stdout]   |
[INFO] [stdout] 7 |     os::windows::raw::HANDLE,
[INFO] [stdout]   |         ^^^^^^^ could not find `windows` in `os`
[INFO] [stdout]   |
[INFO] [stdout] note: found an item that was configured out
[INFO] [stdout]  --> /rustc/3154cc1a3e6424e44f438a95007d043ed5ceaaf6/library/std/src/os/mod.rs:62:4
[INFO] [stdout]   |
[INFO] [stdout]   = note: the item is gated behind the `windows` feature
[INFO] [stdout] 
[INFO] [stdout] 
[INFO] [stdout] error[E0433]: cannot find `windows` in `os`
[INFO] [stdout]  --> src/storm/bindings.rs:4:14
[INFO] [stdout]   |
[INFO] [stdout] 4 | use std::os::windows::raw::HANDLE;
[INFO] [stdout]   |              ^^^^^^^ could not find `windows` in `os`
[INFO] [stdout]   |
[INFO] [stdout] note: found an item that was configured out
[INFO] [stdout]  --> /rustc/3154cc1a3e6424e44f438a95007d043ed5ceaaf6/library/std/src/os/mod.rs:62:4
[INFO] [stdout]   |
[INFO] [stdout]   = note: the item is gated behind the `windows` feature
[INFO] [stdout] 
[INFO] [stdout] 
[INFO] [stdout] error[E0433]: cannot find `windows` in `os`
[INFO] [stdout]  --> src/main.rs:8:16
[INFO] [stdout]   |
[INFO] [stdout] 8 | use ::std::os::windows::fs::{MetadataExt, OpenOptionsExt};
[INFO] [stdout]   |                ^^^^^^^ could not find `windows` in `os`
[INFO] [stdout]   |
[INFO] [stdout] note: found an item that was configured out
[INFO] [stdout]  --> /rustc/3154cc1a3e6424e44f438a95007d043ed5ceaaf6/library/std/src/os/mod.rs:62:4
[INFO] [stdout]   |
[INFO] [stdout]   = note: the item is gated behind the `windows` feature
[INFO] [stdout] 
[INFO] [stdout] 
[INFO] [stdout] warning: unused import: `File`
[INFO] [stdout]  --> src/main.rs:6:17
[INFO] [stdout]   |
[INFO] [stdout] 6 | use ::std::fs::{File, OpenOptions, exists, metadata};
[INFO] [stdout]   |                 ^^^^
[INFO] [stdout]   |
[INFO] [stdout]   = note: `#[warn(unused_imports)]` (part of `#[warn(unused)]`) on by default
[INFO] [stdout] 
[INFO] [stdout] 
[INFO] [stdout] warning: unused imports: `BufReader` and `Seek`
[INFO] [stdout]  --> src/main.rs:7:17
[INFO] [stdout]   |
[INFO] [stdout] 7 | use ::std::io::{BufReader, Read, Seek};
[INFO] [stdout]   |                 ^^^^^^^^^        ^^^^
[INFO] [stdout] 
[INFO] [stdout] 
[INFO] [stdout] error[E0433]: cannot find `windows` in `os`
[INFO] [stdout]  --> src/storm/mod.rs:7:9
[INFO] [stdout]   |
[INFO] [stdout] 7 |     os::windows::raw::HANDLE,
[INFO] [stdout]   |         ^^^^^^^ could not find `windows` in `os`
[INFO] [stdout]   |
[INFO] [stdout] note: found an item that was configured out
[INFO] [stdout]  --> /rustc/3154cc1a3e6424e44f438a95007d043ed5ceaaf6/library/std/src/os/mod.rs:62:4
[INFO] [stdout]   |
[INFO] [stdout]   = note: the item is gated behind the `windows` feature
[INFO] [stdout] 
[INFO] [stdout] 
[INFO] [stdout] error[E0433]: cannot find `windows` in `os`
[INFO] [stdout]  --> src/storm/bindings.rs:4:14
[INFO] [stdout]   |
[INFO] [stdout] 4 | use std::os::windows::raw::HANDLE;
[INFO] [stdout]   |              ^^^^^^^ could not find `windows` in `os`
[INFO] [stdout]   |
[INFO] [stdout] note: found an item that was configured out
[INFO] [stdout]  --> /rustc/3154cc1a3e6424e44f438a95007d043ed5ceaaf6/library/std/src/os/mod.rs:62:4
[INFO] [stdout]   |
[INFO] [stdout]   = note: the item is gated behind the `windows` feature
[INFO] [stdout] 
[INFO] [stdout] 
[INFO] [stdout] error[E0433]: cannot find `windows` in `os`
[INFO] [stdout]  --> src/main.rs:8:16
[INFO] [stdout]   |
[INFO] [stdout] 8 | use ::std::os::windows::fs::{MetadataExt, OpenOptionsExt};
[INFO] [stdout]   |                ^^^^^^^ could not find `windows` in `os`
[INFO] [stdout]   |
[INFO] [stdout] note: found an item that was configured out
[INFO] [stdout]  --> /rustc/3154cc1a3e6424e44f438a95007d043ed5ceaaf6/library/std/src/os/mod.rs:62:4
[INFO] [stdout]   |
[INFO] [stdout]   = note: the item is gated behind the `windows` feature
[INFO] [stdout] 
[INFO] [stdout] 
[INFO] [stdout] warning: unused import: `File`
[INFO] [stdout]  --> src/main.rs:6:17
[INFO] [stdout]   |
[INFO] [stdout] 6 | use ::std::fs::{File, OpenOptions, exists, metadata};
[INFO] [stdout]   |                 ^^^^
[INFO] [stdout]   |
[INFO] [stdout]   = note: `#[warn(unused_imports)]` (part of `#[warn(unused)]`) on by default
[INFO] [stdout] 
[INFO] [stdout] 
[INFO] [stdout] warning: unused imports: `BufReader` and `Seek`
[INFO] [stdout]  --> src/main.rs:7:17
[INFO] [stdout]   |
[INFO] [stdout] 7 | use ::std::io::{BufReader, Read, Seek};
[INFO] [stdout]   |                 ^^^^^^^^^        ^^^^
[INFO] [stdout] 
[INFO] [stdout] 
[INFO] [stdout] error[E0308]: mismatched types
[INFO] [stdout]    --> src/storm/bindings.rs:451:21
[INFO] [stdout]     |
[INFO] [stdout] 451 |             cbSize: size_of::<SFILE_CREATE_MPQ>() as c_uint,
[INFO] [stdout]     |                     ^^^^^^^^^^^^^^^^^^^^^^^^^^^^^^^^^^^^^^^ expected `u64`, found `u32`
[INFO] [stdout] 
[INFO] [stdout] 
[INFO] [stdout] error[E0308]: mismatched types
[INFO] [stdout]    --> src/storm/bindings.rs:465:29
[INFO] [stdout]     |
[INFO] [stdout] 465 |             dwMaxFileCount: file_count,
[INFO] [stdout]     |                             ^^^^^^^^^^ expected `u64`, found `u32`
[INFO] [stdout] 
[INFO] [stdout] 
[INFO] [stdout] error[E0308]: arguments to this function are incorrect
[INFO] [stdout]    --> src/storm/mod.rs:449:16
[INFO] [stdout]     |
[INFO] [stdout] 449 |             if SFileCreateFile(
[INFO] [stdout]     |                ^^^^^^^^^^^^^^^
[INFO] [stdout] ...
[INFO] [stdout] 453 |                 file_size,
[INFO] [stdout]     |                 --------- expected `u64`, found `u32`
[INFO] [stdout] 454 |                 locale,
[INFO] [stdout] 455 |                 create_flag,
[INFO] [stdout]     |                 ----------- expected `u64`, found `u32`
[INFO] [stdout]     |
[INFO] [stdout] note: function defined here
[INFO] [stdout]    --> src/storm/bindings.rs:81:12
[INFO] [stdout]     |
[INFO] [stdout]  81 |     pub fn SFileCreateFile(
[INFO] [stdout]     |            ^^^^^^^^^^^^^^^
[INFO] [stdout] ...
[INFO] [stdout]  85 |         dwFileSize: c_ulong,
[INFO] [stdout]     |         ----------
[INFO] [stdout]  86 |         lcFileLocale: c_uint,
[INFO] [stdout]  87 |         dwFlags: c_ulong,
[INFO] [stdout]     |         -------
[INFO] [stdout] help: you can convert a `u32` to a `u64`
[INFO] [stdout]     |
[INFO] [stdout] 453 |                 file_size.into(),
[INFO] [stdout]     |                          +++++++
[INFO] [stdout] help: you can convert a `u32` to a `u64`
[INFO] [stdout]     |
[INFO] [stdout] 455 |                 create_flag.into(),
[INFO] [stdout]     |                            +++++++
[INFO] [stdout] 
[INFO] [stdout] 
[INFO] [stdout] error[E0308]: mismatched types
[INFO] [stdout]    --> src/storm/mod.rs:482:17
[INFO] [stdout]     |
[INFO] [stdout] 478 |             let r = SFileAddFileEx(
[INFO] [stdout]     |                     -------------- arguments to this function are incorrect
[INFO] [stdout] ...
[INFO] [stdout] 482 |                 options.flags_value(),
[INFO] [stdout]     |                 ^^^^^^^^^^^^^^^^^^^^^ expected `u64`, found `u32`
[INFO] [stdout]     |
[INFO] [stdout] note: function defined here
[INFO] [stdout]    --> src/storm/bindings.rs:98:12
[INFO] [stdout]     |
[INFO] [stdout]  98 |     pub fn SFileAddFileEx(
[INFO] [stdout]     |            ^^^^^^^^^^^^^^
[INFO] [stdout] ...
[INFO] [stdout] 102 |         dwFlags: c_ulong,
[INFO] [stdout]     |         -------
[INFO] [stdout] help: you can convert a `u32` to a `u64`
[INFO] [stdout]     |
[INFO] [stdout] 482 |                 options.flags_value().into(),
[INFO] [stdout]     |                                      +++++++
[INFO] [stdout] 
[INFO] [stdout] 
[INFO] [stdout] error[E0308]: mismatched types
[INFO] [stdout]    --> src/storm/mod.rs:579:62
[INFO] [stdout]     |
[INFO] [stdout] 579 |             let moved = SFileSetFilePointer(self.raw, value, null, relative_to);
[INFO] [stdout]     |                         -------------------                  ^^^^ expected `*mut i32`, found `*mut i64`
[INFO] [stdout]     |                         |
[INFO] [stdout]     |                         arguments to this function are incorrect
[INFO] [stdout]     |
[INFO] [stdout]     = note: expected raw pointer `*mut i32`
[INFO] [stdout]                found raw pointer `*mut i64`
[INFO] [stdout] note: function defined here
[INFO] [stdout]    --> src/storm/bindings.rs:55:12
[INFO] [stdout]     |
[INFO] [stdout]  55 |     pub fn SFileSetFilePointer(
[INFO] [stdout]     |            ^^^^^^^^^^^^^^^^^^^
[INFO] [stdout] ...
[INFO] [stdout]  58 |         plFilePosHigh: *mut c_int,
[INFO] [stdout]     |         -------------
[INFO] [stdout] 
[INFO] [stdout] 
[INFO] [stdout] error[E0308]: arguments to this function are incorrect
[INFO] [stdout]    --> src/storm/mod.rs:602:26
[INFO] [stdout]     |
[INFO] [stdout] 602 |             let result = SFileReadFile(
[INFO] [stdout]     |                          ^^^^^^^^^^^^^
[INFO] [stdout] ...
[INFO] [stdout] 605 |                 read_amount,
[INFO] [stdout]     |                 ----------- expected `u64`, found `u32`
[INFO] [stdout]     |
[INFO] [stdout] note: expected `*mut u64`, found `*mut u32`
[INFO] [stdout]    --> src/storm/mod.rs:606:17
[INFO] [stdout]     |
[INFO] [stdout] 606 |                 read_real,
[INFO] [stdout]     |                 ^^^^^^^^^
[INFO] [stdout]     = note: expected raw pointer `*mut u64`
[INFO] [stdout]                found raw pointer `*mut u32`
[INFO] [stdout] note: function defined here
[INFO] [stdout]    --> src/storm/bindings.rs:61:12
[INFO] [stdout]     |
[INFO] [stdout]  61 |     pub fn SFileReadFile(
[INFO] [stdout]     |            ^^^^^^^^^^^^^
[INFO] [stdout] ...
[INFO] [stdout]  64 |         dwToRead: c_ulong,
[INFO] [stdout]     |         --------
[INFO] [stdout]  65 |         pdwRead: *mut c_ulong,
[INFO] [stdout]     |         -------
[INFO] [stdout] help: you can convert a `u32` to a `u64`
[INFO] [stdout]     |
[INFO] [stdout] 605 |                 read_amount.into(),
[INFO] [stdout]     |                            +++++++
[INFO] [stdout] 
[INFO] [stdout] 
[INFO] [stdout] error[E0308]: mismatched types
[INFO] [stdout]    --> src/storm/mod.rs:616:23
[INFO] [stdout]     |
[INFO] [stdout] 616 |             if err == HANDLE_EOF {
[INFO] [stdout]     |                       ^^^^^^^^^^ expected `u64`, found `u32`
[INFO] [stdout] 
[INFO] [stdout] 
[INFO] [stdout] error[E0277]: can't compare `u64` with `u32`
[INFO] [stdout]    --> src/storm/mod.rs:616:20
[INFO] [stdout]     |
[INFO] [stdout] 616 |             if err == HANDLE_EOF {
[INFO] [stdout]     |                    ^^ no implementation for `u64 == u32`
[INFO] [stdout]     |
[INFO] [stdout]     = help: the trait `PartialEq<u32>` is not implemented for `u64`
[INFO] [stdout] help: `u64` implements trait `PartialEq<Rhs>`
[INFO] [stdout]    --> /rustc/3154cc1a3e6424e44f438a95007d043ed5ceaaf6/library/core/src/cmp.rs:2174:12
[INFO] [stdout]     |
[INFO] [stdout]     = note: `PartialEq`
[INFO] [stdout]    ::: /rustc/3154cc1a3e6424e44f438a95007d043ed5ceaaf6/library/core/src/cmp.rs:2186:5
[INFO] [stdout]     |
[INFO] [stdout]     = note: in this macro invocation
[INFO] [stdout]     |
[INFO] [stdout]    ::: /opt/rustwide/cargo-home/registry/src/index.crates.io-1949cf8c6b5b557f/serde_json-1.0.151/src/value/partial_eq.rs:76:13
[INFO] [stdout]     |
[INFO] [stdout]  76 |               impl PartialEq<Value> for $ty {
[INFO] [stdout]     |               ^^^^^^^^^^^^^^^^^^^^^^^^^^^^^ `PartialEq<serde_json::Value>`
[INFO] [stdout] ...
[INFO] [stdout]  97 | / partialeq_numeric! {
[INFO] [stdout]  98 | |     eq_i64[i8 i16 i32 i64 isize]
[INFO] [stdout]  99 | |     eq_u64[u8 u16 u32 u64 usize]
[INFO] [stdout] 100 | |     eq_f32[f32]
[INFO] [stdout] 101 | |     eq_f64[f64]
[INFO] [stdout] 102 | |     eq_bool[bool]
[INFO] [stdout] 103 | | }
[INFO] [stdout]     | |_- in this macro invocation
[INFO] [stdout]     = note: this error originates in the macro `impl_partial_eq_for_primitive` which comes from the expansion of the macro `partialeq_numeric` (in Nightly builds, run with -Z macro-backtrace for more info)
[INFO] [stdout] 
[INFO] [stdout] 
[INFO] [stdout] error[E0308]: arguments to this function are incorrect
[INFO] [stdout]    --> src/storm/mod.rs:640:26
[INFO] [stdout]     |
[INFO] [stdout] 640 |             let result = SFileReadFile(
[INFO] [stdout]     |                          ^^^^^^^^^^^^^
[INFO] [stdout] ...
[INFO] [stdout] 643 |                 read_size as u32,
[INFO] [stdout]     |                 ---------------- expected `u64`, found `u32`
[INFO] [stdout]     |
[INFO] [stdout] note: expected `*mut u64`, found `*mut u32`
[INFO] [stdout]    --> src/storm/mod.rs:644:17
[INFO] [stdout]     |
[INFO] [stdout] 644 |                 read_actual,
[INFO] [stdout]     |                 ^^^^^^^^^^^
[INFO] [stdout]     = note: expected raw pointer `*mut u64`
[INFO] [stdout]                found raw pointer `*mut u32`
[INFO] [stdout] note: function defined here
[INFO] [stdout]    --> src/storm/bindings.rs:61:12
[INFO] [stdout]     |
[INFO] [stdout]  61 |     pub fn SFileReadFile(
[INFO] [stdout]     |            ^^^^^^^^^^^^^
[INFO] [stdout] ...
[INFO] [stdout]  64 |         dwToRead: c_ulong,
[INFO] [stdout]     |         --------
[INFO] [stdout]  65 |         pdwRead: *mut c_ulong,
[INFO] [stdout]     |         -------
[INFO] [stdout] help: you can convert a `u32` to a `u64`
[INFO] [stdout]     |
[INFO] [stdout] 643 |                 (read_size as u32).into(),
[INFO] [stdout]     |                 +                ++++++++
[INFO] [stdout] 
[INFO] [stdout] 
[INFO] [stdout] error[E0308]: mismatched types
[INFO] [stdout]    --> src/storm/mod.rs:654:23
[INFO] [stdout]     |
[INFO] [stdout] 654 |             if err == HANDLE_EOF {
[INFO] [stdout]     |                       ^^^^^^^^^^ expected `u64`, found `u32`
[INFO] [stdout] 
[INFO] [stdout] 
[INFO] [stdout] error[E0277]: can't compare `u64` with `u32`
[INFO] [stdout]    --> src/storm/mod.rs:654:20
[INFO] [stdout]     |
[INFO] [stdout] 654 |             if err == HANDLE_EOF {
[INFO] [stdout]     |                    ^^ no implementation for `u64 == u32`
[INFO] [stdout]     |
[INFO] [stdout]     = help: the trait `PartialEq<u32>` is not implemented for `u64`
[INFO] [stdout] help: `u64` implements trait `PartialEq<Rhs>`
[INFO] [stdout]    --> /rustc/3154cc1a3e6424e44f438a95007d043ed5ceaaf6/library/core/src/cmp.rs:2174:12
[INFO] [stdout]     |
[INFO] [stdout]     = note: `PartialEq`
[INFO] [stdout]    ::: /rustc/3154cc1a3e6424e44f438a95007d043ed5ceaaf6/library/core/src/cmp.rs:2186:5
[INFO] [stdout]     |
[INFO] [stdout]     = note: in this macro invocation
[INFO] [stdout]     |
[INFO] [stdout]    ::: /opt/rustwide/cargo-home/registry/src/index.crates.io-1949cf8c6b5b557f/serde_json-1.0.151/src/value/partial_eq.rs:76:13
[INFO] [stdout]     |
[INFO] [stdout]  76 |               impl PartialEq<Value> for $ty {
[INFO] [stdout]     |               ^^^^^^^^^^^^^^^^^^^^^^^^^^^^^ `PartialEq<serde_json::Value>`
[INFO] [stdout] ...
[INFO] [stdout]  97 | / partialeq_numeric! {
[INFO] [stdout]  98 | |     eq_i64[i8 i16 i32 i64 isize]
[INFO] [stdout]  99 | |     eq_u64[u8 u16 u32 u64 usize]
[INFO] [stdout] 100 | |     eq_f32[f32]
[INFO] [stdout] 101 | |     eq_f64[f64]
[INFO] [stdout] 102 | |     eq_bool[bool]
[INFO] [stdout] 103 | | }
[INFO] [stdout]     | |_- in this macro invocation
[INFO] [stdout]     = note: this error originates in the macro `impl_partial_eq_for_primitive` which comes from the expansion of the macro `partialeq_numeric` (in Nightly builds, run with -Z macro-backtrace for more info)
[INFO] [stdout] 
[INFO] [stdout] 
[INFO] [stdout] error[E0308]: mismatched types
[INFO] [stdout]    --> src/storm/mod.rs:688:17
[INFO] [stdout]     |
[INFO] [stdout] 685 |             let result = SFileWriteFile(
[INFO] [stdout]     |                          -------------- arguments to this function are incorrect
[INFO] [stdout] ...
[INFO] [stdout] 688 |                 write_size as u32,
[INFO] [stdout]     |                 ^^^^^^^^^^^^^^^^^ expected `u64`, found `u32`
[INFO] [stdout]     |
[INFO] [stdout] note: function defined here
[INFO] [stdout]    --> src/storm/bindings.rs:90:12
[INFO] [stdout]     |
[INFO] [stdout]  90 |     pub fn SFileWriteFile(
[INFO] [stdout]     |            ^^^^^^^^^^^^^^
[INFO] [stdout] ...
[INFO] [stdout]  93 |         dwSize: c_ulong,
[INFO] [stdout]     |         ------
[INFO] [stdout] help: you can convert a `u32` to a `u64`
[INFO] [stdout]     |
[INFO] [stdout] 688 |                 (write_size as u32).into(),
[INFO] [stdout]     |                 +                 ++++++++
[INFO] [stdout] 
[INFO] [stdout] 
[INFO] [stdout] error[E0599]: no method named `share_mode` found for mutable reference `&mut OpenOptions` in the current scope
[INFO] [stdout]    --> src/main.rs:126:44
[INFO] [stdout]     |
[INFO] [stdout] 126 |     oo.read(true).write(true).create(true).share_mode(0);
[INFO] [stdout]     |                                            ^^^^^^^^^^ method not found in `&mut OpenOptions`
[INFO] [stdout] 
[INFO] [stdout] 
[INFO] [stdout] error[E0599]: no method named `file_size` found for struct `Metadata` in the current scope
[INFO] [stdout]    --> src/main.rs:138:17
[INFO] [stdout]     |
[INFO] [stdout] 138 |         if attr.file_size() == 0 {
[INFO] [stdout]     |                 ^^^^^^^^^
[INFO] [stdout]     |
[INFO] [stdout] help: there is a method `file_type` with a similar name
[INFO] [stdout]     |
[INFO] [stdout] 138 -         if attr.file_size() == 0 {
[INFO] [stdout] 138 +         if attr.file_type() == 0 {
[INFO] [stdout]     |
[INFO] [stdout] 
[INFO] [stdout] 
[INFO] [stdout] warning: unused import: `Read`
[INFO] [stdout]  --> src/main.rs:7:28
[INFO] [stdout]   |
[INFO] [stdout] 7 | use ::std::io::{BufReader, Read, Seek};
[INFO] [stdout]   |                            ^^^^
[INFO] [stdout] 
[INFO] [stdout] 
[INFO] [stdout] Some errors have detailed explanations: E0277, E0308, E0433, E0599.
[INFO] [stdout] 
[INFO] [stdout] For more information about an error, try `rustc --explain E0277`.
[INFO] [stdout] 
[INFO] [stderr] error: could not compile `ozpacker-rs` (bin "ozpacker-rs" test) due to 17 previous errors; 3 warnings emitted
[INFO] [stderr] warning: build failed, waiting for other jobs to finish...
[INFO] [stdout] error[E0308]: mismatched types
[INFO] [stdout]    --> src/storm/bindings.rs:451:21
[INFO] [stdout]     |
[INFO] [stdout] 451 |             cbSize: size_of::<SFILE_CREATE_MPQ>() as c_uint,
[INFO] [stdout]     |                     ^^^^^^^^^^^^^^^^^^^^^^^^^^^^^^^^^^^^^^^ expected `u64`, found `u32`
[INFO] [stdout] 
[INFO] [stdout] 
[INFO] [stdout] error[E0308]: mismatched types
[INFO] [stdout]    --> src/storm/bindings.rs:465:29
[INFO] [stdout]     |
[INFO] [stdout] 465 |             dwMaxFileCount: file_count,
[INFO] [stdout]     |                             ^^^^^^^^^^ expected `u64`, found `u32`
[INFO] [stdout] 
[INFO] [stdout] 
[INFO] [stdout] error[E0308]: arguments to this function are incorrect
[INFO] [stdout]    --> src/storm/mod.rs:449:16
[INFO] [stdout]     |
[INFO] [stdout] 449 |             if SFileCreateFile(
[INFO] [stdout]     |                ^^^^^^^^^^^^^^^
[INFO] [stdout] ...
[INFO] [stdout] 453 |                 file_size,
[INFO] [stdout]     |                 --------- expected `u64`, found `u32`
[INFO] [stdout] 454 |                 locale,
[INFO] [stdout] 455 |                 create_flag,
[INFO] [stdout]     |                 ----------- expected `u64`, found `u32`
[INFO] [stdout]     |
[INFO] [stdout] note: function defined here
[INFO] [stdout]    --> src/storm/bindings.rs:81:12
[INFO] [stdout]     |
[INFO] [stdout]  81 |     pub fn SFileCreateFile(
[INFO] [stdout]     |            ^^^^^^^^^^^^^^^
[INFO] [stdout] ...
[INFO] [stdout]  85 |         dwFileSize: c_ulong,
[INFO] [stdout]     |         ----------
[INFO] [stdout]  86 |         lcFileLocale: c_uint,
[INFO] [stdout]  87 |         dwFlags: c_ulong,
[INFO] [stdout]     |         -------
[INFO] [stdout] help: you can convert a `u32` to a `u64`
[INFO] [stdout]     |
[INFO] [stdout] 453 |                 file_size.into(),
[INFO] [stdout]     |                          +++++++
[INFO] [stdout] help: you can convert a `u32` to a `u64`
[INFO] [stdout]     |
[INFO] [stdout] 455 |                 create_flag.into(),
[INFO] [stdout]     |                            +++++++
[INFO] [stdout] 
[INFO] [stdout] 
[INFO] [stdout] error[E0308]: mismatched types
[INFO] [stdout]    --> src/storm/mod.rs:482:17
[INFO] [stdout]     |
[INFO] [stdout] 478 |             let r = SFileAddFileEx(
[INFO] [stdout]     |                     -------------- arguments to this function are incorrect
[INFO] [stdout] ...
[INFO] [stdout] 482 |                 options.flags_value(),
[INFO] [stdout]     |                 ^^^^^^^^^^^^^^^^^^^^^ expected `u64`, found `u32`
[INFO] [stdout]     |
[INFO] [stdout] note: function defined here
[INFO] [stdout]    --> src/storm/bindings.rs:98:12
[INFO] [stdout]     |
[INFO] [stdout]  98 |     pub fn SFileAddFileEx(
[INFO] [stdout]     |            ^^^^^^^^^^^^^^
[INFO] [stdout] ...
[INFO] [stdout] 102 |         dwFlags: c_ulong,
[INFO] [stdout]     |         -------
[INFO] [stdout] help: you can convert a `u32` to a `u64`
[INFO] [stdout]     |
[INFO] [stdout] 482 |                 options.flags_value().into(),
[INFO] [stdout]     |                                      +++++++
[INFO] [stdout] 
[INFO] [stdout] 
[INFO] [stdout] error[E0308]: mismatched types
[INFO] [stdout]    --> src/storm/mod.rs:579:62
[INFO] [stdout]     |
[INFO] [stdout] 579 |             let moved = SFileSetFilePointer(self.raw, value, null, relative_to);
[INFO] [stdout]     |                         -------------------                  ^^^^ expected `*mut i32`, found `*mut i64`
[INFO] [stdout]     |                         |
[INFO] [stdout]     |                         arguments to this function are incorrect
[INFO] [stdout]     |
[INFO] [stdout]     = note: expected raw pointer `*mut i32`
[INFO] [stdout]                found raw pointer `*mut i64`
[INFO] [stdout] note: function defined here
[INFO] [stdout]    --> src/storm/bindings.rs:55:12
[INFO] [stdout]     |
[INFO] [stdout]  55 |     pub fn SFileSetFilePointer(
[INFO] [stdout]     |            ^^^^^^^^^^^^^^^^^^^
[INFO] [stdout] ...
[INFO] [stdout]  58 |         plFilePosHigh: *mut c_int,
[INFO] [stdout]     |         -------------
[INFO] [stdout] 
[INFO] [stdout] 
[INFO] [stdout] error[E0308]: arguments to this function are incorrect
[INFO] [stdout]    --> src/storm/mod.rs:602:26
[INFO] [stdout]     |
[INFO] [stdout] 602 |             let result = SFileReadFile(
[INFO] [stdout]     |                          ^^^^^^^^^^^^^
[INFO] [stdout] ...
[INFO] [stdout] 605 |                 read_amount,
[INFO] [stdout]     |                 ----------- expected `u64`, found `u32`
[INFO] [stdout]     |
[INFO] [stdout] note: expected `*mut u64`, found `*mut u32`
[INFO] [stdout]    --> src/storm/mod.rs:606:17
[INFO] [stdout]     |
[INFO] [stdout] 606 |                 read_real,
[INFO] [stdout]     |                 ^^^^^^^^^
[INFO] [stdout]     = note: expected raw pointer `*mut u64`
[INFO] [stdout]                found raw pointer `*mut u32`
[INFO] [stdout] note: function defined here
[INFO] [stdout]    --> src/storm/bindings.rs:61:12
[INFO] [stdout]     |
[INFO] [stdout]  61 |     pub fn SFileReadFile(
[INFO] [stdout]     |            ^^^^^^^^^^^^^
[INFO] [stdout] ...
[INFO] [stdout]  64 |         dwToRead: c_ulong,
[INFO] [stdout]     |         --------
[INFO] [stdout]  65 |         pdwRead: *mut c_ulong,
[INFO] [stdout]     |         -------
[INFO] [stdout] help: you can convert a `u32` to a `u64`
[INFO] [stdout]     |
[INFO] [stdout] 605 |                 read_amount.into(),
[INFO] [stdout]     |                            +++++++
[INFO] [stdout] 
[INFO] [stdout] 
[INFO] [stdout] error[E0308]: mismatched types
[INFO] [stdout]    --> src/storm/mod.rs:616:23
[INFO] [stdout]     |
[INFO] [stdout] 616 |             if err == HANDLE_EOF {
[INFO] [stdout]     |                       ^^^^^^^^^^ expected `u64`, found `u32`
[INFO] [stdout] 
[INFO] [stdout] 
[INFO] [stdout] error[E0277]: can't compare `u64` with `u32`
[INFO] [stdout]    --> src/storm/mod.rs:616:20
[INFO] [stdout]     |
[INFO] [stdout] 616 |             if err == HANDLE_EOF {
[INFO] [stdout]     |                    ^^ no implementation for `u64 == u32`
[INFO] [stdout]     |
[INFO] [stdout]     = help: the trait `PartialEq<u32>` is not implemented for `u64`
[INFO] [stdout] help: `u64` implements trait `PartialEq<Rhs>`
[INFO] [stdout]    --> /rustc/3154cc1a3e6424e44f438a95007d043ed5ceaaf6/library/core/src/cmp.rs:2174:12
[INFO] [stdout]     |
[INFO] [stdout]     = note: `PartialEq`
[INFO] [stdout]    ::: /rustc/3154cc1a3e6424e44f438a95007d043ed5ceaaf6/library/core/src/cmp.rs:2186:5
[INFO] [stdout]     |
[INFO] [stdout]     = note: in this macro invocation
[INFO] [stdout]     |
[INFO] [stdout]    ::: /opt/rustwide/cargo-home/registry/src/index.crates.io-1949cf8c6b5b557f/serde_json-1.0.151/src/value/partial_eq.rs:76:13
[INFO] [stdout]     |
[INFO] [stdout]  76 |               impl PartialEq<Value> for $ty {
[INFO] [stdout]     |               ^^^^^^^^^^^^^^^^^^^^^^^^^^^^^ `PartialEq<serde_json::Value>`
[INFO] [stdout] ...
[INFO] [stdout]  97 | / partialeq_numeric! {
[INFO] [stdout]  98 | |     eq_i64[i8 i16 i32 i64 isize]
[INFO] [stdout]  99 | |     eq_u64[u8 u16 u32 u64 usize]
[INFO] [stdout] 100 | |     eq_f32[f32]
[INFO] [stdout] 101 | |     eq_f64[f64]
[INFO] [stdout] 102 | |     eq_bool[bool]
[INFO] [stdout] 103 | | }
[INFO] [stdout]     | |_- in this macro invocation
[INFO] [stdout]     = note: this error originates in the macro `impl_partial_eq_for_primitive` which comes from the expansion of the macro `partialeq_numeric` (in Nightly builds, run with -Z macro-backtrace for more info)
[INFO] [stdout] 
[INFO] [stdout] 
[INFO] [stdout] error[E0308]: arguments to this function are incorrect
[INFO] [stdout]    --> src/storm/mod.rs:640:26
[INFO] [stdout]     |
[INFO] [stdout] 640 |             let result = SFileReadFile(
[INFO] [stdout]     |                          ^^^^^^^^^^^^^
[INFO] [stdout] ...
[INFO] [stdout] 643 |                 read_size as u32,
[INFO] [stdout]     |                 ---------------- expected `u64`, found `u32`
[INFO] [stdout]     |
[INFO] [stdout] note: expected `*mut u64`, found `*mut u32`
[INFO] [stdout]    --> src/storm/mod.rs:644:17
[INFO] [stdout]     |
[INFO] [stdout] 644 |                 read_actual,
[INFO] [stdout]     |                 ^^^^^^^^^^^
[INFO] [stdout]     = note: expected raw pointer `*mut u64`
[INFO] [stdout]                found raw pointer `*mut u32`
[INFO] [stdout] note: function defined here
[INFO] [stdout]    --> src/storm/bindings.rs:61:12
[INFO] [stdout]     |
[INFO] [stdout]  61 |     pub fn SFileReadFile(
[INFO] [stdout]     |            ^^^^^^^^^^^^^
[INFO] [stdout] ...
[INFO] [stdout]  64 |         dwToRead: c_ulong,
[INFO] [stdout]     |         --------
[INFO] [stdout]  65 |         pdwRead: *mut c_ulong,
[INFO] [stdout]     |         -------
[INFO] [stdout] help: you can convert a `u32` to a `u64`
[INFO] [stdout]     |
[INFO] [stdout] 643 |                 (read_size as u32).into(),
[INFO] [stdout]     |                 +                ++++++++
[INFO] [stdout] 
[INFO] [stdout] 
[INFO] [stdout] error[E0308]: mismatched types
[INFO] [stdout]    --> src/storm/mod.rs:654:23
[INFO] [stdout]     |
[INFO] [stdout] 654 |             if err == HANDLE_EOF {
[INFO] [stdout]     |                       ^^^^^^^^^^ expected `u64`, found `u32`
[INFO] [stdout] 
[INFO] [stdout] 
[INFO] [stdout] error[E0277]: can't compare `u64` with `u32`
[INFO] [stdout]    --> src/storm/mod.rs:654:20
[INFO] [stdout]     |
[INFO] [stdout] 654 |             if err == HANDLE_EOF {
[INFO] [stdout]     |                    ^^ no implementation for `u64 == u32`
[INFO] [stdout]     |
[INFO] [stdout]     = help: the trait `PartialEq<u32>` is not implemented for `u64`
[INFO] [stdout] help: `u64` implements trait `PartialEq<Rhs>`
[INFO] [stdout]    --> /rustc/3154cc1a3e6424e44f438a95007d043ed5ceaaf6/library/core/src/cmp.rs:2174:12
[INFO] [stdout]     |
[INFO] [stdout]     = note: `PartialEq`
[INFO] [stdout]    ::: /rustc/3154cc1a3e6424e44f438a95007d043ed5ceaaf6/library/core/src/cmp.rs:2186:5
[INFO] [stdout]     |
[INFO] [stdout]     = note: in this macro invocation
[INFO] [stdout]     |
[INFO] [stdout]    ::: /opt/rustwide/cargo-home/registry/src/index.crates.io-1949cf8c6b5b557f/serde_json-1.0.151/src/value/partial_eq.rs:76:13
[INFO] [stdout]     |
[INFO] [stdout]  76 |               impl PartialEq<Value> for $ty {
[INFO] [stdout]     |               ^^^^^^^^^^^^^^^^^^^^^^^^^^^^^ `PartialEq<serde_json::Value>`
[INFO] [stdout] ...
[INFO] [stdout]  97 | / partialeq_numeric! {
[INFO] [stdout]  98 | |     eq_i64[i8 i16 i32 i64 isize]
[INFO] [stdout]  99 | |     eq_u64[u8 u16 u32 u64 usize]
[INFO] [stdout] 100 | |     eq_f32[f32]
[INFO] [stdout] 101 | |     eq_f64[f64]
[INFO] [stdout] 102 | |     eq_bool[bool]
[INFO] [stdout] 103 | | }
[INFO] [stdout]     | |_- in this macro invocation
[INFO] [stdout]     = note: this error originates in the macro `impl_partial_eq_for_primitive` which comes from the expansion of the macro `partialeq_numeric` (in Nightly builds, run with -Z macro-backtrace for more info)
[INFO] [stdout] 
[INFO] [stdout] 
[INFO] [stdout] error[E0308]: mismatched types
[INFO] [stdout]    --> src/storm/mod.rs:688:17
[INFO] [stdout]     |
[INFO] [stdout] 685 |             let result = SFileWriteFile(
[INFO] [stdout]     |                          -------------- arguments to this function are incorrect
[INFO] [stdout] ...
[INFO] [stdout] 688 |                 write_size as u32,
[INFO] [stdout]     |                 ^^^^^^^^^^^^^^^^^ expected `u64`, found `u32`
[INFO] [stdout]     |
[INFO] [stdout] note: function defined here
[INFO] [stdout]    --> src/storm/bindings.rs:90:12
[INFO] [stdout]     |
[INFO] [stdout]  90 |     pub fn SFileWriteFile(
[INFO] [stdout]     |            ^^^^^^^^^^^^^^
[INFO] [stdout] ...
[INFO] [stdout]  93 |         dwSize: c_ulong,
[INFO] [stdout]     |         ------
[INFO] [stdout] help: you can convert a `u32` to a `u64`
[INFO] [stdout]     |
[INFO] [stdout] 688 |                 (write_size as u32).into(),
[INFO] [stdout]     |                 +                 ++++++++
[INFO] [stdout] 
[INFO] [stdout] 
[INFO] [stdout] error[E0599]: no method named `share_mode` found for mutable reference `&mut OpenOptions` in the current scope
[INFO] [stdout]    --> src/main.rs:126:44
[INFO] [stdout]     |
[INFO] [stdout] 126 |     oo.read(true).write(true).create(true).share_mode(0);
[INFO] [stdout]     |                                            ^^^^^^^^^^ method not found in `&mut OpenOptions`
[INFO] [stdout] 
[INFO] [stdout] 
[INFO] [stdout] error[E0599]: no method named `file_size` found for struct `Metadata` in the current scope
[INFO] [stdout]    --> src/main.rs:138:17
[INFO] [stdout]     |
[INFO] [stdout] 138 |         if attr.file_size() == 0 {
[INFO] [stdout]     |                 ^^^^^^^^^
[INFO] [stdout]     |
[INFO] [stdout] help: there is a method `file_type` with a similar name
[INFO] [stdout]     |
[INFO] [stdout] 138 -         if attr.file_size() == 0 {
[INFO] [stdout] 138 +         if attr.file_type() == 0 {
[INFO] [stdout]     |
[INFO] [stdout] 
[INFO] [stdout] 
[INFO] [stdout] warning: unused import: `Read`
[INFO] [stdout]  --> src/main.rs:7:28
[INFO] [stdout]   |
[INFO] [stdout] 7 | use ::std::io::{BufReader, Read, Seek};
[INFO] [stdout]   |                            ^^^^
[INFO] [stdout] 
[INFO] [stdout] 
[INFO] [stdout] Some errors have detailed explanations: E0277, E0308, E0433, E0599.
[INFO] [stdout] 
[INFO] [stdout] For more information about an error, try `rustc --explain E0277`.
[INFO] [stdout] 
[INFO] [stderr] error: could not compile `ozpacker-rs` (bin "ozpacker-rs") due to 17 previous errors; 3 warnings emitted
[INFO] [stderr] warning: unused dependency `full_moon`
[INFO] [stderr]   --> Cargo.toml:18:15
[INFO] [stderr]    |
[INFO] [stderr] 18 | [dependencies.full_moon]
[INFO] [stderr]    |               ^^^^^^^^^^
[INFO] [stderr]    |
[INFO] [stderr]    = note: `cargo::unused_dependencies` is set to `warn` by default
[INFO] [stderr] help: consider removing the dependency on `full_moon`
[INFO] [stderr] warning: unused dependency `rand`
[INFO] [stderr]   --> Cargo.toml:22:15
[INFO] [stderr]    |
[INFO] [stderr] 22 | [dependencies.rand]
[INFO] [stderr]    |               ^^^^^
[INFO] [stderr]    |
[INFO] [stderr] help: consider removing the dependency on `rand`
[INFO] [stderr] warning: unused dependency `rayon`
[INFO] [stderr]   --> Cargo.toml:10:1
[INFO] [stderr]    |
[INFO] [stderr] 10 | rayon = "1.12.0"
[INFO] [stderr]    | ^^^^^^^^^^^^^^^^
[INFO] [stderr]    |
[INFO] [stderr] help: consider removing the dependency on `rayon`
[INFO] [stderr] warning: unused dependency `xxhash-rust`
[INFO] [stderr]   --> Cargo.toml:30:15
[INFO] [stderr]    |
[INFO] [stderr] 30 | [dependencies.xxhash-rust]
[INFO] [stderr]    |               ^^^^^^^^^^^^
[INFO] [stderr]    |
[INFO] [stderr] help: consider removing the dependency on `xxhash-rust`
[INFO] [stderr] warning: unused dependency `pkg-config`
[INFO] [stderr]  --> Cargo.toml:6:1
[INFO] [stderr]   |
[INFO] [stderr] 6 | pkg-config = "0.3.33"
[INFO] [stderr]   | ^^^^^^^^^^^^^^^^^^^^^
[INFO] [stderr]   |
[INFO] [stderr] help: consider removing the dependency on `pkg-config`
[INFO] [stderr] warning: `ozpacker-rs` (manifest) generated 5 warnings
[INFO] running `Command { std: "docker" "inspect" "c8455e4114878ae290976392eb9f5b826564bfb555537bc34c290fd21780f5d2", kill_on_drop: false }`
[INFO] running `Command { std: "docker" "rm" "-f" "c8455e4114878ae290976392eb9f5b826564bfb555537bc34c290fd21780f5d2", kill_on_drop: false }`
[INFO] [stdout] c8455e4114878ae290976392eb9f5b826564bfb555537bc34c290fd21780f5d2
