[INFO] cloning repository https://github.com/KrakenEU/mapview-reader
[INFO] running `Command { std: "git" "-c" "credential.helper=" "-c" "credential.helper=/workspace/cargo-home/bin/git-credential-null" "clone" "--bare" "https://github.com/KrakenEU/mapview-reader" "/workspace/cache/git-repos/https%3A%2F%2Fgithub.com%2FKrakenEU%2Fmapview-reader", kill_on_drop: false }`
[INFO] [stderr] Cloning into bare repository '/workspace/cache/git-repos/https%3A%2F%2Fgithub.com%2FKrakenEU%2Fmapview-reader'...
[INFO] running `Command { std: "git" "rev-parse" "HEAD", kill_on_drop: false }`
[INFO] [stdout] 467d0fac6a8d8b8e582fbe60808b72576181c6f4
[INFO] checking KrakenEU/mapview-reader against 3154cc1a3e6424e44f438a95007d043ed5ceaaf6+rustflags=-Znext-solver=coherence for pr-133502-30
[INFO] running `Command { std: "git" "clone" "/workspace/cache/git-repos/https%3A%2F%2Fgithub.com%2FKrakenEU%2Fmapview-reader" "/workspace/builds/worker-7-tc1/source", kill_on_drop: false }`
[INFO] [stderr] Cloning into '/workspace/builds/worker-7-tc1/source'...
[INFO] [stderr] done.
[INFO] started tweaking git repo https://github.com/KrakenEU/mapview-reader
[INFO] finished tweaking git repo https://github.com/KrakenEU/mapview-reader
[INFO] tweaked toml for git repo https://github.com/KrakenEU/mapview-reader written to /workspace/builds/worker-7-tc1/source/Cargo.toml
[INFO] validating manifest of git repo https://github.com/KrakenEU/mapview-reader on toolchain 3154cc1a3e6424e44f438a95007d043ed5ceaaf6
[INFO] running `Command { std: CARGO_HOME="/workspace/cargo-home" RUSTUP_HOME="/workspace/rustup-home" "/workspace/cargo-home/bin/cargo" "+3154cc1a3e6424e44f438a95007d043ed5ceaaf6" "metadata" "--manifest-path" "Cargo.toml" "--no-deps", kill_on_drop: false }`
[INFO] crate git repo https://github.com/KrakenEU/mapview-reader already has a lockfile, it will not be regenerated
[INFO] running `Command { std: CARGO_HOME="/workspace/cargo-home" RUSTUP_HOME="/workspace/rustup-home" "/workspace/cargo-home/bin/cargo" "+3154cc1a3e6424e44f438a95007d043ed5ceaaf6" "fetch" "--manifest-path" "Cargo.toml", kill_on_drop: false }`
[INFO] running `Command { std: "docker" "create" "-v" "/var/lib/crater-agent-workspace/builds/worker-7-tc1/source:/opt/rustwide/workdir:ro,Z" "-v" "/var/lib/crater-agent-workspace/builds/worker-7-tc1/target:/opt/rustwide/target:rw,Z" "-v" "/var/lib/crater-agent-workspace/cargo-home:/opt/rustwide/cargo-home:ro,Z" "-v" "/var/lib/crater-agent-workspace/rustup-home:/opt/rustwide/rustup-home:ro,Z" "-m" "1610612736" "--network" "none" "ghcr.io/rust-lang/crates-build-env/linux@sha256:77db811e55d90add9212f6832c23229e3de5f1c1f9905e8cb07319ea15df73ac" "sleep" "infinity", kill_on_drop: false }`
[INFO] [stdout] f9f5b633ecaa4dbf9e3b86b66ed87bb28f1132b87f75696aafc4a06e9afb6612
[INFO] running `Command { std: "docker" "start" "f9f5b633ecaa4dbf9e3b86b66ed87bb28f1132b87f75696aafc4a06e9afb6612", kill_on_drop: false }`
[INFO] running `Command { std: "docker" "inspect" "f9f5b633ecaa4dbf9e3b86b66ed87bb28f1132b87f75696aafc4a06e9afb6612", kill_on_drop: false }`
[INFO] running `Command { std: "docker" "exec" "-e" "SOURCE_DIR=/opt/rustwide/workdir" "-e" "CARGO_HOME=/opt/rustwide/cargo-home" "-e" "RUSTUP_HOME=/opt/rustwide/rustup-home" "-e" "CARGO_TARGET_DIR=/opt/rustwide/target" "-w" "/opt/rustwide/workdir" "--user" "0:0" "f9f5b633ecaa4dbf9e3b86b66ed87bb28f1132b87f75696aafc4a06e9afb6612" "/opt/rustwide/cargo-home/bin/cargo" "+3154cc1a3e6424e44f438a95007d043ed5ceaaf6" "metadata" "--no-deps" "--format-version=1", kill_on_drop: false }`
[INFO] running `Command { std: "docker" "inspect" "f9f5b633ecaa4dbf9e3b86b66ed87bb28f1132b87f75696aafc4a06e9afb6612", kill_on_drop: false }`
[INFO] running `Command { std: "docker" "exec" "-e" "SOURCE_DIR=/opt/rustwide/workdir" "-e" "CARGO_HOME=/opt/rustwide/cargo-home" "-e" "RUSTUP_HOME=/opt/rustwide/rustup-home" "-e" "CARGO_TARGET_DIR=/opt/rustwide/target" "-e" "CARGO_INCREMENTAL=0" "-e" "RUST_BACKTRACE=full" "-e" "RUSTFLAGS=--cap-lints=forbid -Znext-solver=coherence" "-e" "RUSTDOCFLAGS=--cap-lints=forbid" "-w" "/opt/rustwide/workdir" "--user" "0:0" "f9f5b633ecaa4dbf9e3b86b66ed87bb28f1132b87f75696aafc4a06e9afb6612" "/opt/rustwide/cargo-home/bin/cargo" "+3154cc1a3e6424e44f438a95007d043ed5ceaaf6" "check" "--frozen" "--all" "--all-targets" "--message-format=json", kill_on_drop: false }`
[INFO] [stderr]    Compiling winapi v0.3.9
[INFO] [stderr]     Checking MapViewReader v0.1.0 (/opt/rustwide/workdir)
[INFO] [stdout] error[E0433]: cannot find `shared` in `winapi`
[INFO] [stdout]  --> src/main.rs:4:13
[INFO] [stdout]   |
[INFO] [stdout] 4 | use winapi::shared::basetsd::{ULONG_PTR};
[INFO] [stdout]   |             ^^^^^^ could not find `shared` in `winapi`
[INFO] [stdout] 
[INFO] [stdout] 
[INFO] [stdout] error[E0433]: cannot find `um` in `winapi`
[INFO] [stdout]  --> src/main.rs:5:13
[INFO] [stdout]   |
[INFO] [stdout] 5 | use winapi::um::processthreadsapi::{CreateProcessA, GetCurrentProcess, GetThreadContext, ResumeThread, SetThreadContext, PROCESS_INFO...
[INFO] [stdout]   |             ^^ could not find `um` in `winapi`
[INFO] [stdout] 
[INFO] [stdout] 
[INFO] [stdout] error[E0433]: cannot find `shared` in `winapi`
[INFO] [stdout]  --> src/main.rs:6:13
[INFO] [stdout]   |
[INFO] [stdout] 6 | use winapi::shared::ntdef::{PSTR, HANDLE, NTSTATUS, LARGE_INTEGER, PVOID};
[INFO] [stdout]   |             ^^^^^^ could not find `shared` in `winapi`
[INFO] [stdout] 
[INFO] [stdout] 
[INFO] [stdout] error[E0433]: cannot find `um` in `winapi`
[INFO] [stdout]  --> src/main.rs:7:13
[INFO] [stdout]   |
[INFO] [stdout] 7 | use winapi::um::winnt::{SECTION_ALL_ACCESS, PAGE_EXECUTE_READWRITE, SEC_COMMIT, RtlCopyMemory, CONTEXT, CONTEXT_CONTROL};
[INFO] [stdout]   |             ^^ could not find `um` in `winapi`
[INFO] [stdout] 
[INFO] [stdout] 
[INFO] [stdout] error[E0433]: cannot find `shared` in `winapi`
[INFO] [stdout]  --> src/main.rs:8:13
[INFO] [stdout]   |
[INFO] [stdout] 8 | use winapi::shared::minwindef::{HMODULE};
[INFO] [stdout]   |             ^^^^^^ could not find `shared` in `winapi`
[INFO] [stdout] 
[INFO] [stdout] 
[INFO] [stdout] error[E0433]: cannot find `um` in `winapi`
[INFO] [stdout]  --> src/main.rs:9:13
[INFO] [stdout]   |
[INFO] [stdout] 9 | use winapi::um::winbase::{CREATE_NO_WINDOW, CREATE_SUSPENDED, STARTF_USESHOWWINDOW};
[INFO] [stdout]   |             ^^ could not find `um` in `winapi`
[INFO] [stdout] 
[INFO] [stdout] 
[INFO] [stdout] error[E0433]: cannot find `um` in `winapi`
[INFO] [stdout]   --> src/main.rs:10:13
[INFO] [stdout]    |
[INFO] [stdout] 10 | use winapi::um::errhandlingapi::GetLastError;
[INFO] [stdout]    |             ^^ could not find `um` in `winapi`
[INFO] [stdout] 
[INFO] [stdout] 
[INFO] [stdout] error[E0433]: cannot find `um` in `winapi`
[INFO] [stdout]   --> src/main.rs:11:13
[INFO] [stdout]    |
[INFO] [stdout] 11 | use winapi::um::handleapi::CloseHandle;
[INFO] [stdout]    |             ^^ could not find `um` in `winapi`
[INFO] [stdout] 
[INFO] [stdout] 
[INFO] [stdout] error[E0433]: cannot find `um` in `winapi`
[INFO] [stdout]   --> src/main.rs:12:13
[INFO] [stdout]    |
[INFO] [stdout] 12 | use winapi::um::libloaderapi::{GetModuleHandleA, GetProcAddress};
[INFO] [stdout]    |             ^^ could not find `um` in `winapi`
[INFO] [stdout] 
[INFO] [stdout] 
[INFO] [stdout] error[E0432]: unresolved import `winapi::ctypes`
[INFO] [stdout]  --> src/main.rs:3:13
[INFO] [stdout]   |
[INFO] [stdout] 3 | use winapi::ctypes::{c_void};
[INFO] [stdout]   |             ^^^^^^ could not find `ctypes` in `winapi`
[INFO] [stdout] 
[INFO] [stdout] 
[INFO] [stdout] warning: type `_SECTION_INHERIT` should have an upper camel case name
[INFO] [stdout]   --> src/main.rs:14:6
[INFO] [stdout]    |
[INFO] [stdout] 14 | enum _SECTION_INHERIT {
[INFO] [stdout]    |      ^^^^^^^^^^^^^^^^ help: convert the identifier to upper camel case: `SectionInherit`
[INFO] [stdout]    |
[INFO] [stdout]    = note: `#[warn(non_camel_case_types)]` (part of `#[warn(nonstandard_style)]`) on by default
[INFO] [stdout] 
[INFO] [stdout] 
[INFO] [stdout] error[E0433]: cannot find `shared` in `winapi`
[INFO] [stdout]  --> src/main.rs:4:13
[INFO] [stdout]   |
[INFO] [stdout] 4 | use winapi::shared::basetsd::{ULONG_PTR};
[INFO] [stdout]   |             ^^^^^^ could not find `shared` in `winapi`
[INFO] [stdout] 
[INFO] [stdout] 
[INFO] [stdout] error[E0433]: cannot find `um` in `winapi`
[INFO] [stdout]  --> src/main.rs:5:13
[INFO] [stdout]   |
[INFO] [stdout] 5 | use winapi::um::processthreadsapi::{CreateProcessA, GetCurrentProcess, GetThreadContext, ResumeThread, SetThreadContext, PROCESS_INFO...
[INFO] [stdout]   |             ^^ could not find `um` in `winapi`
[INFO] [stdout] 
[INFO] [stdout] 
[INFO] [stdout] error[E0433]: cannot find `shared` in `winapi`
[INFO] [stdout]  --> src/main.rs:6:13
[INFO] [stdout]   |
[INFO] [stdout] 6 | use winapi::shared::ntdef::{PSTR, HANDLE, NTSTATUS, LARGE_INTEGER, PVOID};
[INFO] [stdout]   |             ^^^^^^ could not find `shared` in `winapi`
[INFO] [stdout] 
[INFO] [stdout] 
[INFO] [stdout] error[E0433]: cannot find `um` in `winapi`
[INFO] [stdout]  --> src/main.rs:7:13
[INFO] [stdout]   |
[INFO] [stdout] 7 | use winapi::um::winnt::{SECTION_ALL_ACCESS, PAGE_EXECUTE_READWRITE, SEC_COMMIT, RtlCopyMemory, CONTEXT, CONTEXT_CONTROL};
[INFO] [stdout]   |             ^^ could not find `um` in `winapi`
[INFO] [stdout] 
[INFO] [stdout] 
[INFO] [stdout] error[E0433]: cannot find `shared` in `winapi`
[INFO] [stdout]  --> src/main.rs:8:13
[INFO] [stdout]   |
[INFO] [stdout] 8 | use winapi::shared::minwindef::{HMODULE};
[INFO] [stdout]   |             ^^^^^^ could not find `shared` in `winapi`
[INFO] [stdout] 
[INFO] [stdout] 
[INFO] [stdout] error[E0433]: cannot find `um` in `winapi`
[INFO] [stdout]  --> src/main.rs:9:13
[INFO] [stdout]   |
[INFO] [stdout] 9 | use winapi::um::winbase::{CREATE_NO_WINDOW, CREATE_SUSPENDED, STARTF_USESHOWWINDOW};
[INFO] [stdout]   |             ^^ could not find `um` in `winapi`
[INFO] [stdout] 
[INFO] [stdout] 
[INFO] [stdout] error[E0433]: cannot find `um` in `winapi`
[INFO] [stdout]   --> src/main.rs:10:13
[INFO] [stdout]    |
[INFO] [stdout] 10 | use winapi::um::errhandlingapi::GetLastError;
[INFO] [stdout]    |             ^^ could not find `um` in `winapi`
[INFO] [stdout] 
[INFO] [stdout] 
[INFO] [stdout] error[E0433]: cannot find `um` in `winapi`
[INFO] [stdout]   --> src/main.rs:11:13
[INFO] [stdout]    |
[INFO] [stdout] 11 | use winapi::um::handleapi::CloseHandle;
[INFO] [stdout]    |             ^^ could not find `um` in `winapi`
[INFO] [stdout] 
[INFO] [stdout] 
[INFO] [stdout] error[E0433]: cannot find `um` in `winapi`
[INFO] [stdout]   --> src/main.rs:12:13
[INFO] [stdout]    |
[INFO] [stdout] 12 | use winapi::um::libloaderapi::{GetModuleHandleA, GetProcAddress};
[INFO] [stdout]    |             ^^ could not find `um` in `winapi`
[INFO] [stdout] 
[INFO] [stdout] 
[INFO] [stdout] error[E0432]: unresolved import `winapi::ctypes`
[INFO] [stdout]  --> src/main.rs:3:13
[INFO] [stdout]   |
[INFO] [stdout] 3 | use winapi::ctypes::{c_void};
[INFO] [stdout]   |             ^^^^^^ could not find `ctypes` in `winapi`
[INFO] [stdout] 
[INFO] [stdout] 
[INFO] [stdout] warning: type `_SECTION_INHERIT` should have an upper camel case name
[INFO] [stdout]   --> src/main.rs:14:6
[INFO] [stdout]    |
[INFO] [stdout] 14 | enum _SECTION_INHERIT {
[INFO] [stdout]    |      ^^^^^^^^^^^^^^^^ help: convert the identifier to upper camel case: `SectionInherit`
[INFO] [stdout]    |
[INFO] [stdout]    = note: `#[warn(non_camel_case_types)]` (part of `#[warn(nonstandard_style)]`) on by default
[INFO] [stdout] 
[INFO] [stdout] 
[INFO] [stdout] Some errors have detailed explanations: E0432, E0433.
[INFO] [stdout] 
[INFO] [stdout] For more information about an error, try `rustc --explain E0432`.
[INFO] [stdout] 
[INFO] [stderr] error: could not compile `MapViewReader` (bin "MapViewReader" test) due to 10 previous errors; 1 warning emitted
[INFO] [stderr] warning: build failed, waiting for other jobs to finish...
[INFO] [stdout] Some errors have detailed explanations: E0432, E0433.
[INFO] [stdout] 
[INFO] [stdout] For more information about an error, try `rustc --explain E0432`.
[INFO] [stdout] 
[INFO] [stderr] error: could not compile `MapViewReader` (bin "MapViewReader") due to 10 previous errors; 1 warning emitted
[INFO] running `Command { std: "docker" "inspect" "f9f5b633ecaa4dbf9e3b86b66ed87bb28f1132b87f75696aafc4a06e9afb6612", kill_on_drop: false }`
[INFO] running `Command { std: "docker" "rm" "-f" "f9f5b633ecaa4dbf9e3b86b66ed87bb28f1132b87f75696aafc4a06e9afb6612", kill_on_drop: false }`
[INFO] [stdout] f9f5b633ecaa4dbf9e3b86b66ed87bb28f1132b87f75696aafc4a06e9afb6612
