[INFO] cloning repository https://github.com/Kntt9/robloxmanager
[INFO] running `Command { std: "git" "-c" "credential.helper=" "-c" "credential.helper=/workspace/cargo-home/bin/git-credential-null" "clone" "--bare" "https://github.com/Kntt9/robloxmanager" "/workspace/cache/git-repos/https%3A%2F%2Fgithub.com%2FKntt9%2Frobloxmanager", kill_on_drop: false }`
[INFO] [stderr] Cloning into bare repository '/workspace/cache/git-repos/https%3A%2F%2Fgithub.com%2FKntt9%2Frobloxmanager'...
[INFO] running `Command { std: "git" "rev-parse" "HEAD", kill_on_drop: false }`
[INFO] [stdout] 11ff1df8c8d1a4a4be35776e7280e14f3f1c1b9c
[INFO] checking Kntt9/robloxmanager against 3154cc1a3e6424e44f438a95007d043ed5ceaaf6+rustflags=-Znext-solver=coherence for pr-133502-30
[INFO] running `Command { std: "git" "clone" "/workspace/cache/git-repos/https%3A%2F%2Fgithub.com%2FKntt9%2Frobloxmanager" "/workspace/builds/worker-0-tc1/source", kill_on_drop: false }`
[INFO] [stderr] Cloning into '/workspace/builds/worker-0-tc1/source'...
[INFO] [stderr] done.
[INFO] started tweaking git repo https://github.com/Kntt9/robloxmanager
[INFO] finished tweaking git repo https://github.com/Kntt9/robloxmanager
[INFO] tweaked toml for git repo https://github.com/Kntt9/robloxmanager written to /workspace/builds/worker-0-tc1/source/Cargo.toml
[INFO] validating manifest of git repo https://github.com/Kntt9/robloxmanager on toolchain 3154cc1a3e6424e44f438a95007d043ed5ceaaf6
[INFO] running `Command { std: CARGO_HOME="/workspace/cargo-home" RUSTUP_HOME="/workspace/rustup-home" "/workspace/cargo-home/bin/cargo" "+3154cc1a3e6424e44f438a95007d043ed5ceaaf6" "metadata" "--manifest-path" "Cargo.toml" "--no-deps", kill_on_drop: false }`
[INFO] crate git repo https://github.com/Kntt9/robloxmanager already has a lockfile, it will not be regenerated
[INFO] running `Command { std: CARGO_HOME="/workspace/cargo-home" RUSTUP_HOME="/workspace/rustup-home" "/workspace/cargo-home/bin/cargo" "+3154cc1a3e6424e44f438a95007d043ed5ceaaf6" "fetch" "--manifest-path" "Cargo.toml", kill_on_drop: false }`
[INFO] [stderr]  Downloading crates ...
[INFO] [stderr]   Downloaded toml_parser v1.1.0+spec-1.1.0
[INFO] [stderr]   Downloaded toml_datetime v1.1.0+spec-1.1.0
[INFO] [stderr]   Downloaded toml_edit v0.25.8+spec-1.1.0
[INFO] [stderr]   Downloaded wasm-bindgen-macro v0.2.115
[INFO] [stderr]   Downloaded wasm-bindgen-shared v0.2.115
[INFO] [stderr]   Downloaded wasm-bindgen-futures v0.4.65
[INFO] [stderr]   Downloaded wasm-bindgen v0.2.115
[INFO] [stderr]   Downloaded toml v1.1.0+spec-1.1.0
[INFO] [stderr]   Downloaded wasm-bindgen-macro-support v0.2.115
[INFO] [stderr]   Downloaded js-sys v0.3.92
[INFO] [stderr]   Downloaded wry v0.55.0
[INFO] [stderr]   Downloaded tao v0.35.0
[INFO] [stderr]   Downloaded web-sys v0.3.92
[INFO] [stderr]   Downloaded egui_extras v0.30.0
[INFO] [stderr]   Downloaded ecolor v0.30.0
[INFO] [stderr]   Downloaded egui v0.30.0
[INFO] [stderr]   Downloaded epaint v0.30.0
[INFO] [stderr]   Downloaded emath v0.30.0
[INFO] [stderr]   Downloaded eframe v0.30.0
[INFO] [stderr]   Downloaded epaint_default_fonts v0.30.0
[INFO] [stderr]   Downloaded egui_glow v0.30.0
[INFO] [stderr]   Downloaded egui-winit v0.30.0
[INFO] [stderr]   Downloaded egui-wgpu v0.30.0
[INFO] running `Command { std: "docker" "create" "-v" "/var/lib/crater-agent-workspace/builds/worker-0-tc1/source:/opt/rustwide/workdir:ro,Z" "-v" "/var/lib/crater-agent-workspace/builds/worker-0-tc1/target:/opt/rustwide/target:rw,Z" "-v" "/var/lib/crater-agent-workspace/cargo-home:/opt/rustwide/cargo-home:ro,Z" "-v" "/var/lib/crater-agent-workspace/rustup-home:/opt/rustwide/rustup-home:ro,Z" "-m" "1610612736" "--network" "none" "ghcr.io/rust-lang/crates-build-env/linux@sha256:77db811e55d90add9212f6832c23229e3de5f1c1f9905e8cb07319ea15df73ac" "sleep" "infinity", kill_on_drop: false }`
[INFO] [stdout] a4719c54aa8f8166e930c49f4a1d10ea7a1ee1c5fa3dee1e577fde6dd97306a2
[INFO] running `Command { std: "docker" "start" "a4719c54aa8f8166e930c49f4a1d10ea7a1ee1c5fa3dee1e577fde6dd97306a2", kill_on_drop: false }`
[INFO] running `Command { std: "docker" "inspect" "a4719c54aa8f8166e930c49f4a1d10ea7a1ee1c5fa3dee1e577fde6dd97306a2", kill_on_drop: false }`
[INFO] running `Command { std: "docker" "exec" "-e" "SOURCE_DIR=/opt/rustwide/workdir" "-e" "CARGO_HOME=/opt/rustwide/cargo-home" "-e" "RUSTUP_HOME=/opt/rustwide/rustup-home" "-e" "CARGO_TARGET_DIR=/opt/rustwide/target" "-w" "/opt/rustwide/workdir" "--user" "0:0" "a4719c54aa8f8166e930c49f4a1d10ea7a1ee1c5fa3dee1e577fde6dd97306a2" "/opt/rustwide/cargo-home/bin/cargo" "+3154cc1a3e6424e44f438a95007d043ed5ceaaf6" "metadata" "--no-deps" "--format-version=1", kill_on_drop: false }`
[INFO] running `Command { std: "docker" "inspect" "a4719c54aa8f8166e930c49f4a1d10ea7a1ee1c5fa3dee1e577fde6dd97306a2", kill_on_drop: false }`
[INFO] running `Command { std: "docker" "exec" "-e" "SOURCE_DIR=/opt/rustwide/workdir" "-e" "CARGO_HOME=/opt/rustwide/cargo-home" "-e" "RUSTUP_HOME=/opt/rustwide/rustup-home" "-e" "CARGO_TARGET_DIR=/opt/rustwide/target" "-e" "CARGO_INCREMENTAL=0" "-e" "RUST_BACKTRACE=full" "-e" "RUSTFLAGS=--cap-lints=forbid -Znext-solver=coherence" "-e" "RUSTDOCFLAGS=--cap-lints=forbid" "-w" "/opt/rustwide/workdir" "--user" "0:0" "a4719c54aa8f8166e930c49f4a1d10ea7a1ee1c5fa3dee1e577fde6dd97306a2" "/opt/rustwide/cargo-home/bin/cargo" "+3154cc1a3e6424e44f438a95007d043ed5ceaaf6" "check" "--frozen" "--all" "--all-targets" "--message-format=json", kill_on_drop: false }`
[INFO] [stderr]    Compiling quote v1.0.45
[INFO] [stderr]    Compiling serde_core v1.0.228
[INFO] [stderr]    Compiling cc v1.2.58
[INFO] [stderr]    Compiling cfg-expr v0.15.8
[INFO] [stderr]     Checking rustix v1.1.4
[INFO] [stderr]    Compiling winnow v1.0.0
[INFO] [stderr]    Compiling zerocopy v0.8.48
[INFO] [stderr]     Checking crypto-common v0.1.7
[INFO] [stderr]    Compiling wayland-sys v0.31.10
[INFO] [stderr]    Compiling syn v2.0.117
[INFO] [stderr]     Checking futures-channel v0.3.32
[INFO] [stderr]     Checking parking_lot_core v0.9.12
[INFO] [stderr]     Checking event-listener v5.4.1
[INFO] [stderr]     Checking parking_lot v0.12.5
[INFO] [stderr]    Compiling quick-xml v0.39.2
[INFO] [stderr]    Compiling wayland-client v0.31.13
[INFO] [stderr]     Checking event-listener-strategy v0.5.4
[INFO] [stderr]     Checking futures-lite v2.6.1
[INFO] [stderr]    Compiling toml_parser v1.1.0+spec-1.1.0
[INFO] [stderr]    Compiling wayland-backend v0.3.14
[INFO] [stderr]     Checking digest v0.10.7
[INFO] [stderr]    Compiling wayland-scanner v0.31.9
[INFO] [stderr]    Compiling proc-macro-error-attr v1.0.4
[INFO] [stderr]    Compiling syn v1.0.109
[INFO] [stderr]     Checking async-channel v2.5.0
[INFO] [stderr]     Checking piper v0.2.5
[INFO] [stderr]     Checking getrandom v0.3.4
[INFO] [stderr]    Compiling proc-macro-error v1.0.4
[INFO] [stderr]     Checking blocking v1.6.2
[INFO] [stderr]     Checking async-lock v3.4.2
[INFO] [stderr]     Checking async-executor v1.14.0
[INFO] [stderr]     Checking async-broadcast v0.7.2
[INFO] [stderr]     Checking ordered-stream v0.2.0
[INFO] [stderr]     Checking mio v1.2.0
[INFO] [stderr]    Compiling toml_datetime v1.1.0+spec-1.1.0
[INFO] [stderr]    Compiling openssl-sys v0.9.112
[INFO] [stderr]     Checking async-fs v2.2.0
[INFO] [stderr]     Checking http v1.4.0
[INFO] [stderr]    Compiling toml_edit v0.25.8+spec-1.1.0
[INFO] [stderr]     Checking nix v0.29.0
[INFO] [stderr]     Checking sha1 v0.10.6
[INFO] [stderr]     Checking xdg-home v1.3.0
[INFO] [stderr]    Compiling num-conv v0.2.1
[INFO] [stderr]    Compiling xml-rs v0.8.28
[INFO] [stderr]    Compiling proc-macro-crate v3.5.0
[INFO] [stderr]    Compiling winnow v0.7.15
[INFO] [stderr]     Checking polling v3.11.0
[INFO] [stderr]     Checking async-io v2.6.0
[INFO] [stderr]    Compiling time-macros v0.2.27
[INFO] [stderr]    Compiling gl_generator v0.14.0
[INFO] [stderr]     Checking http-body v1.0.1
[INFO] [stderr]     Checking rustix v0.38.44
[INFO] [stderr]     Checking x11-dl v2.21.0
[INFO] [stderr]     Checking memmap2 v0.9.10
[INFO] [stderr]     Checking wayland-csd-frame v0.3.0
[INFO] [stderr]    Compiling synstructure v0.13.2
[INFO] [stderr]    Compiling zvariant_utils v2.1.0
[INFO] [stderr]     Checking ppv-lite86 v0.2.21
[INFO] [stderr]     Checking ahash v0.8.12
[INFO] [stderr]    Compiling openssl v0.10.76
[INFO] [stderr]     Checking rand_chacha v0.3.1
[INFO] [stderr]     Checking simd-adler32 v0.3.9
[INFO] [stderr]     Checking time v0.3.47
[INFO] [stderr]     Checking rand v0.8.5
[INFO] [stderr]    Compiling ring v0.17.14
[INFO] [stderr]     Checking miniz_oxide v0.8.9
[INFO] [stderr]     Checking wayland-protocols v0.32.11
[INFO] [stderr]     Checking wayland-cursor v0.31.13
[INFO] [stderr]    Compiling native-tls v0.2.18
[INFO] [stderr]     Checking gethostname v1.1.0
[INFO] [stderr]     Checking cipher v0.4.4
[INFO] [stderr]     Checking x11rb v0.13.2
[INFO] [stderr]    Compiling serde_derive v1.0.228
[INFO] [stderr]    Compiling futures-macro v0.3.32
[INFO] [stderr]    Compiling zerofrom-derive v0.1.6
[INFO] [stderr]    Compiling yoke-derive v0.8.1
[INFO] [stderr]     Checking futures-util v0.3.32
[INFO] [stderr]    Compiling tracing-attributes v0.1.31
[INFO] [stderr]    Compiling zerovec-derive v0.11.2
[INFO] [stderr]    Compiling enumflags2_derive v0.7.12
[INFO] [stderr]     Checking zerofrom v0.1.6
[INFO] [stderr]     Checking yoke v0.8.1
[INFO] [stderr]    Compiling displaydoc v0.2.5
[INFO] [stderr]    Compiling thiserror-impl v1.0.69
[INFO] [stderr]     Checking tracing v0.1.44
[INFO] [stderr]     Checking zerotrie v0.2.3
[INFO] [stderr]    Compiling zvariant_derive v4.2.0
[INFO] [stderr]    Compiling bytemuck_derive v1.10.2
[INFO] [stderr]    Compiling tokio-macros v2.6.1
[INFO] [stderr]     Checking zerovec v0.11.5
[INFO] [stderr]    Compiling async-trait v0.1.89
[INFO] [stderr]    Compiling serde_repr v0.1.20
[INFO] [stderr]     Checking thiserror v1.0.69
[INFO] [stderr]     Checking tinystr v0.8.2
[INFO] [stderr]     Checking potential_utf v0.1.4
[INFO] [stderr]     Checking futures-executor v0.3.32
[INFO] [stderr]     Checking tokio v1.50.0
[INFO] [stderr]     Checking icu_collections v2.1.1
[INFO] [stderr]     Checking icu_locale_core v2.1.1
[INFO] [stderr]    Compiling serde v1.0.228
[INFO] [stderr]    Compiling zbus_macros v4.4.0
[INFO] [stderr]     Checking bytemuck v1.25.0
[INFO] [stderr]    Compiling thiserror-impl v2.0.18
[INFO] [stderr]     Checking calloop v0.13.0
[INFO] [stderr]     Checking enumflags2 v0.7.12
[INFO] [stderr]    Compiling toml_datetime v0.6.3
[INFO] [stderr]    Compiling serde_spanned v0.6.9
[INFO] [stderr]     Checking icu_provider v2.1.1
[INFO] [stderr]    Compiling toml_edit v0.20.2
[INFO] [stderr]     Checking icu_properties v2.1.2
[INFO] [stderr]     Checking icu_normalizer v2.1.1
[INFO] [stderr]    Compiling zvariant v4.2.0
[INFO] [stderr]    Compiling quick-xml v0.30.0
[INFO] [stderr]     Checking idna_adapter v1.2.1
[INFO] [stderr]     Checking idna v1.1.0
[INFO] [stderr]     Checking url v2.5.8
[INFO] [stderr]     Checking thiserror v2.0.18
[INFO] [stderr]     Checking wayland-protocols-wlr v0.3.11
[INFO] [stderr]    Compiling zvariant_utils v3.3.0
[INFO] [stderr]    Compiling openssl-macros v0.1.1
[INFO] [stderr]    Compiling toml v0.8.2
[INFO] [stderr]    Compiling proc-macro-crate v2.0.2
[INFO] [stderr]    Compiling system-deps v6.2.2
[INFO] [stderr]    Compiling zbus_names v3.0.0
[INFO] [stderr]    Compiling zvariant_derive v5.10.0
[INFO] [stderr]    Compiling zbus_xml v4.0.0
[INFO] [stderr]     Checking calloop-wayland-source v0.3.0
[INFO] [stderr]     Checking tiny-skia-path v0.11.4
[INFO] [stderr]    Compiling glib-sys v0.18.1
[INFO] [stderr]    Compiling gobject-sys v0.18.0
[INFO] [stderr]    Compiling gio-sys v0.18.1
[INFO] [stderr]    Compiling gdk-sys v0.18.2
[INFO] [stderr]    Compiling gdk-pixbuf-sys v0.18.0
[INFO] [stderr]    Compiling glib-macros v0.18.5
[INFO] [stderr]    Compiling cairo-sys-rs v0.18.2
[INFO] [stderr]    Compiling pango-sys v0.18.0
[INFO] [stderr]    Compiling atk-sys v0.18.2
[INFO] [stderr]    Compiling zbus-lockstep v0.4.4
[INFO] [stderr]    Compiling gtk-sys v0.18.2
[INFO] [stderr]     Checking zbus v4.4.0
[INFO] [stderr]     Checking tokio-util v0.7.18
[INFO] [stderr]    Compiling zbus-lockstep-macros v0.4.4
[INFO] [stderr]     Checking emath v0.30.0
[INFO] [stderr]     Checking tiny-skia v0.11.4
[INFO] [stderr]     Checking smithay-client-toolkit v0.19.2
[INFO] [stderr]     Checking h2 v0.4.13
[INFO] [stderr]     Checking ecolor v0.30.0
[INFO] [stderr]    Compiling javascriptcore-rs-sys v1.1.1
[INFO] [stderr]    Compiling soup3-sys v0.5.0
[INFO] [stderr]    Compiling toml_edit v0.19.15
[INFO] [stderr]     Checking cookie v0.18.1
[INFO] [stderr]     Checking uuid v1.23.0
[INFO] [stderr]     Checking flate2 v1.1.9
[INFO] [stderr]    Compiling field-offset v0.3.6
[INFO] [stderr]     Checking immutable-chunkmap v2.1.2
[INFO] [stderr]    Compiling winit v0.30.13
[INFO] [stderr]     Checking universal-hash v0.5.1
[INFO] [stderr]    Compiling x11 v2.21.0
[INFO] [stderr]     Checking epaint_default_fonts v0.30.0
[INFO] [stderr]     Checking epaint v0.30.0
[INFO] [stderr]     Checking tower v0.5.3
[INFO] [stderr]     Checking accesskit_consumer v0.26.0
[INFO] [stderr]    Compiling phf_shared v0.11.3
[INFO] [stderr]    Compiling proc-macro-crate v1.3.1
[INFO] [stderr]     Checking publicsuffix v2.3.0
[INFO] [stderr]     Checking polyval v0.6.2
[INFO] [stderr]     Checking glib v0.18.5
[INFO] [stderr]     Checking tokio-native-tls v0.3.1
[INFO] [stderr]     Checking serde_json v1.0.149
[INFO] [stderr]     Checking sctk-adwaita v0.10.1
[INFO] [stderr]    Compiling zvariant v5.10.0
[INFO] [stderr]    Compiling gdkx11-sys v0.18.2
[INFO] [stderr]    Compiling webkit2gtk-sys v2.0.2
[INFO] [stderr]     Checking wayland-protocols-plasma v0.3.11
[INFO] [stderr]     Checking calloop v0.14.4
[INFO] [stderr]    Compiling glutin_glx_sys v0.6.1
[INFO] [stderr]    Compiling glutin_egl_sys v0.7.1
[INFO] [stderr]     Checking hyper v1.8.1
[INFO] [stderr]     Checking http-body-util v0.1.3
[INFO] [stderr]     Checking xkbcommon-dl v0.4.2
[INFO] [stderr]    Compiling gtk v0.18.2
[INFO] [stderr]    Compiling rustls v0.23.37
[INFO] [stderr]     Checking iri-string v0.7.12
[INFO] [stderr]     Checking password-hash v0.5.0
[INFO] [stderr]     Checking serde_urlencoded v0.7.1
[INFO] [stderr]     Checking atspi-common v0.6.0
[INFO] [stderr]     Checking calloop-wayland-source v0.4.1
[INFO] [stderr]     Checking hyper-util v0.1.20
[INFO] [stderr]     Checking rustls-webpki v0.103.10
[INFO] [stderr]     Checking cookie_store v0.22.1
[INFO] [stderr]    Compiling gtk3-macros v0.18.2
[INFO] [stderr]     Checking tower-http v0.6.8
[INFO] [stderr]    Compiling zbus_names v4.3.1
[INFO] [stderr]     Checking hyper-tls v0.6.0
[INFO] [stderr]     Checking ghash v0.5.1
[INFO] [stderr]     Checking egui v0.30.0
[INFO] [stderr]    Compiling phf v0.11.3
[INFO] [stderr]     Checking wayland-protocols-misc v0.3.11
[INFO] [stderr]     Checking wayland-protocols-experimental v20250721.0.1
[INFO] [stderr]     Checking ctr v0.9.2
[INFO] [stderr]     Checking aes v0.8.4
[INFO] [stderr]     Checking fdeflate v0.3.7
[INFO] [stderr]     Checking async-signal v0.2.13
[INFO] [stderr]     Checking webpki-roots v1.0.6
[INFO] [stderr]    Compiling serde_spanned v1.1.1
[INFO] [stderr]     Checking rand_core v0.9.5
[INFO] [stderr]     Checking blake2 v0.10.6
[INFO] [stderr]    Compiling glutin v0.32.3
[INFO] [stderr]     Checking aead v0.5.2
[INFO] [stderr]    Compiling libdbus-sys v0.2.7
[INFO] [stderr]     Checking pxfm v0.1.28
[INFO] [stderr]     Checking zune-core v0.5.1
[INFO] [stderr]     Checking argon2 v0.5.3
[INFO] [stderr]     Checking chrono v0.4.44
[INFO] [stderr]     Checking zune-jpeg v0.5.13
[INFO] [stderr]     Checking aes-gcm v0.10.3
[INFO] [stderr]     Checking reqwest v0.12.28
[INFO] [stderr]     Checking gio v0.18.4
[INFO] [stderr]     Checking atspi-proxies v0.6.0
[INFO] [stderr]     Checking cairo-rs v0.18.5
[INFO] [stderr]     Checking accesskit_atspi_common v0.10.1
[INFO] [stderr]     Checking atk v0.18.2
[INFO] [stderr]     Checking png v0.18.1
[INFO] [stderr]     Checking rand_chacha v0.9.0
[INFO] [stderr]     Checking webpki-roots v0.26.11
[INFO] [stderr]    Compiling toml v1.1.0+spec-1.1.0
[INFO] [stderr]     Checking async-process v2.5.0
[INFO] [stderr]     Checking smithay-client-toolkit v0.20.0
[INFO] [stderr]    Compiling zbus_macros v5.14.0
[INFO] [stderr]     Checking moxcms v0.8.1
[INFO] [stderr]    Compiling mime_guess2 v2.3.1
[INFO] [stderr]     Checking atspi-connection v0.6.0
[INFO] [stderr]     Checking atspi v0.22.0
[INFO] [stderr]     Checking accesskit_unix v0.13.1
[INFO] [stderr]    Compiling async-recursion v1.1.1
[INFO] [stderr]     Checking sha2 v0.10.9
[INFO] [stderr]    Compiling glutin-winit v0.5.0
[INFO] [stderr]     Checking keyring v3.6.3
[INFO] [stderr]     Checking dirs-sys v0.5.0
[INFO] [stderr]     Checking smithay-clipboard v0.7.3
[INFO] [stderr]    Compiling winresource v0.1.31
[INFO] [stderr]     Checking rand v0.9.2
[INFO] [stderr]     Checking javascriptcore-rs v1.1.2
[INFO] [stderr]     Checking webbrowser v1.2.0
[INFO] [stderr]     Checking arboard v3.6.1
[INFO] [stderr]    Compiling enum-map-derive v0.17.0
[INFO] [stderr]    Compiling dlopen2_derive v0.4.3
[INFO] [stderr]     Checking async-net v2.0.0
[INFO] [stderr]     Checking tracing-log v0.2.0
[INFO] [stderr]    Compiling wry v0.55.0
[INFO] [stderr]     Checking tracing-subscriber v0.3.23
[INFO] [stderr]     Checking accesskit_winit v0.23.1
[INFO] [stderr]     Checking egui-winit v0.30.0
[INFO] [stderr]     Checking dlopen2 v0.8.2
[INFO] [stderr]     Checking egui_glow v0.30.0
[INFO] [stderr]     Checking enum-map v2.7.3
[INFO] [stderr]     Checking dbus v0.9.11
[INFO] [stderr]     Checking zbus v5.14.0
[INFO] [stderr]    Compiling ram_ui v1.9.0 (/opt/rustwide/workdir/ram_ui)
[INFO] [stderr]     Checking dirs v6.0.0
[INFO] [stderr]     Checking ram_core v1.9.0 (/opt/rustwide/workdir/ram_core)
[INFO] [stderr]     Checking gdkwayland-sys v0.18.2
[INFO] [stderr]     Checking symlink v0.1.0
[INFO] [stdout] error[E0432]: unresolved import `sysinfo`
[INFO] [stdout]    --> ram_core/src/process.rs:247:9
[INFO] [stdout]     |
[INFO] [stdout] 247 |     use sysinfo::System;
[INFO] [stdout]     |         ^^^^^^^ use of unresolved module or unlinked crate `sysinfo`
[INFO] [stdout]     |
[INFO] [stdout]     = help: if you wanted to use a crate named `sysinfo`, use `cargo add sysinfo` to add it to your `Cargo.toml`
[INFO] [stdout] 
[INFO] [stdout] 
[INFO] [stdout] error[E0432]: unresolved import `sysinfo`
[INFO] [stdout]    --> ram_core/src/process.rs:304:13
[INFO] [stdout]     |
[INFO] [stdout] 304 |         use sysinfo::System;
[INFO] [stdout]     |             ^^^^^^^ use of unresolved module or unlinked crate `sysinfo`
[INFO] [stdout]     |
[INFO] [stdout]     = help: if you wanted to use a crate named `sysinfo`, use `cargo add sysinfo` to add it to your `Cargo.toml`
[INFO] [stdout] 
[INFO] [stdout] 
[INFO] [stdout] error[E0432]: unresolved import `sysinfo`
[INFO] [stdout]    --> ram_core/src/process.rs:352:9
[INFO] [stdout]     |
[INFO] [stdout] 352 |     use sysinfo::System;
[INFO] [stdout]     |         ^^^^^^^ use of unresolved module or unlinked crate `sysinfo`
[INFO] [stdout]     |
[INFO] [stdout]     = help: if you wanted to use a crate named `sysinfo`, use `cargo add sysinfo` to add it to your `Cargo.toml`
[INFO] [stdout] 
[INFO] [stdout] 
[INFO] [stdout] error[E0432]: unresolved import `sysinfo`
[INFO] [stdout]    --> ram_core/src/process.rs:375:9
[INFO] [stdout]     |
[INFO] [stdout] 375 |     use sysinfo::System;
[INFO] [stdout]     |         ^^^^^^^ use of unresolved module or unlinked crate `sysinfo`
[INFO] [stdout]     |
[INFO] [stdout]     = help: if you wanted to use a crate named `sysinfo`, use `cargo add sysinfo` to add it to your `Cargo.toml`
[INFO] [stdout] 
[INFO] [stdout] 
[INFO] [stdout] error[E0433]: cannot find module or crate `sysinfo` in this scope
[INFO] [stdout]    --> ram_core/src/process.rs:249:27
[INFO] [stdout]     |
[INFO] [stdout] 249 |     sys.refresh_processes(sysinfo::ProcessesToUpdate::All, true);
[INFO] [stdout]     |                           ^^^^^^^ use of unresolved module or unlinked crate `sysinfo`
[INFO] [stdout]     |
[INFO] [stdout]     = help: if you wanted to use a crate named `sysinfo`, use `cargo add sysinfo` to add it to your `Cargo.toml`
[INFO] [stdout] 
[INFO] [stdout] 
[INFO] [stdout] error[E0433]: cannot find module or crate `sysinfo` in this scope
[INFO] [stdout]    --> ram_core/src/process.rs:306:31
[INFO] [stdout]     |
[INFO] [stdout] 306 |         sys.refresh_processes(sysinfo::ProcessesToUpdate::All, true);
[INFO] [stdout]     |                               ^^^^^^^ use of unresolved module or unlinked crate `sysinfo`
[INFO] [stdout]     |
[INFO] [stdout]     = help: if you wanted to use a crate named `sysinfo`, use `cargo add sysinfo` to add it to your `Cargo.toml`
[INFO] [stdout] 
[INFO] [stdout] 
[INFO] [stdout] error[E0433]: cannot find module or crate `sysinfo` in this scope
[INFO] [stdout]    --> ram_core/src/process.rs:354:27
[INFO] [stdout]     |
[INFO] [stdout] 354 |     sys.refresh_processes(sysinfo::ProcessesToUpdate::All, true);
[INFO] [stdout]     |                           ^^^^^^^ use of unresolved module or unlinked crate `sysinfo`
[INFO] [stdout]     |
[INFO] [stdout]     = help: if you wanted to use a crate named `sysinfo`, use `cargo add sysinfo` to add it to your `Cargo.toml`
[INFO] [stdout] 
[INFO] [stdout] 
[INFO] [stdout] error[E0433]: cannot find module or crate `sysinfo` in this scope
[INFO] [stdout]    --> ram_core/src/process.rs:377:27
[INFO] [stdout]     |
[INFO] [stdout] 377 |     sys.refresh_processes(sysinfo::ProcessesToUpdate::All, true);
[INFO] [stdout]     |                           ^^^^^^^ use of unresolved module or unlinked crate `sysinfo`
[INFO] [stdout]     |
[INFO] [stdout]     = help: if you wanted to use a crate named `sysinfo`, use `cargo add sysinfo` to add it to your `Cargo.toml`
[INFO] [stdout] 
[INFO] [stdout] 
[INFO] [stderr]     Checking ureq v2.12.1
[INFO] [stderr]     Checking tracing-appender v0.2.5
[INFO] [stderr]     Checking image v0.25.10
[INFO] [stdout] error[E0432]: unresolved import `sysinfo`
[INFO] [stdout]    --> ram_core/src/process.rs:247:9
[INFO] [stdout]     |
[INFO] [stdout] 247 |     use sysinfo::System;
[INFO] [stdout]     |         ^^^^^^^ use of unresolved module or unlinked crate `sysinfo`
[INFO] [stdout]     |
[INFO] [stdout]     = help: if you wanted to use a crate named `sysinfo`, use `cargo add sysinfo` to add it to your `Cargo.toml`
[INFO] [stdout] 
[INFO] [stdout] 
[INFO] [stdout] error[E0432]: unresolved import `sysinfo`
[INFO] [stdout]    --> ram_core/src/process.rs:304:13
[INFO] [stdout]     |
[INFO] [stdout] 304 |         use sysinfo::System;
[INFO] [stdout]     |             ^^^^^^^ use of unresolved module or unlinked crate `sysinfo`
[INFO] [stdout]     |
[INFO] [stdout]     = help: if you wanted to use a crate named `sysinfo`, use `cargo add sysinfo` to add it to your `Cargo.toml`
[INFO] [stdout] 
[INFO] [stdout] 
[INFO] [stdout] error[E0432]: unresolved import `sysinfo`
[INFO] [stdout]    --> ram_core/src/process.rs:352:9
[INFO] [stdout]     |
[INFO] [stdout] 352 |     use sysinfo::System;
[INFO] [stdout]     |         ^^^^^^^ use of unresolved module or unlinked crate `sysinfo`
[INFO] [stdout]     |
[INFO] [stdout]     = help: if you wanted to use a crate named `sysinfo`, use `cargo add sysinfo` to add it to your `Cargo.toml`
[INFO] [stdout] 
[INFO] [stdout] 
[INFO] [stdout] error[E0432]: unresolved import `sysinfo`
[INFO] [stdout]    --> ram_core/src/process.rs:375:9
[INFO] [stdout]     |
[INFO] [stdout] 375 |     use sysinfo::System;
[INFO] [stdout]     |         ^^^^^^^ use of unresolved module or unlinked crate `sysinfo`
[INFO] [stdout]     |
[INFO] [stdout]     = help: if you wanted to use a crate named `sysinfo`, use `cargo add sysinfo` to add it to your `Cargo.toml`
[INFO] [stdout] 
[INFO] [stdout] 
[INFO] [stdout] error[E0433]: cannot find module or crate `sysinfo` in this scope
[INFO] [stdout]    --> ram_core/src/process.rs:249:27
[INFO] [stdout]     |
[INFO] [stdout] 249 |     sys.refresh_processes(sysinfo::ProcessesToUpdate::All, true);
[INFO] [stdout]     |                           ^^^^^^^ use of unresolved module or unlinked crate `sysinfo`
[INFO] [stdout]     |
[INFO] [stdout]     = help: if you wanted to use a crate named `sysinfo`, use `cargo add sysinfo` to add it to your `Cargo.toml`
[INFO] [stdout] 
[INFO] [stdout] 
[INFO] [stdout] error[E0433]: cannot find module or crate `sysinfo` in this scope
[INFO] [stdout]    --> ram_core/src/process.rs:306:31
[INFO] [stdout]     |
[INFO] [stdout] 306 |         sys.refresh_processes(sysinfo::ProcessesToUpdate::All, true);
[INFO] [stdout]     |                               ^^^^^^^ use of unresolved module or unlinked crate `sysinfo`
[INFO] [stdout]     |
[INFO] [stdout]     = help: if you wanted to use a crate named `sysinfo`, use `cargo add sysinfo` to add it to your `Cargo.toml`
[INFO] [stdout] 
[INFO] [stdout] 
[INFO] [stdout] error[E0433]: cannot find module or crate `sysinfo` in this scope
[INFO] [stdout]    --> ram_core/src/process.rs:354:27
[INFO] [stdout]     |
[INFO] [stdout] 354 |     sys.refresh_processes(sysinfo::ProcessesToUpdate::All, true);
[INFO] [stdout]     |                           ^^^^^^^ use of unresolved module or unlinked crate `sysinfo`
[INFO] [stdout]     |
[INFO] [stdout]     = help: if you wanted to use a crate named `sysinfo`, use `cargo add sysinfo` to add it to your `Cargo.toml`
[INFO] [stdout] 
[INFO] [stdout] 
[INFO] [stdout] error[E0433]: cannot find module or crate `sysinfo` in this scope
[INFO] [stdout]    --> ram_core/src/process.rs:377:27
[INFO] [stdout]     |
[INFO] [stdout] 377 |     sys.refresh_processes(sysinfo::ProcessesToUpdate::All, true);
[INFO] [stdout]     |                           ^^^^^^^ use of unresolved module or unlinked crate `sysinfo`
[INFO] [stdout]     |
[INFO] [stdout]     = help: if you wanted to use a crate named `sysinfo`, use `cargo add sysinfo` to add it to your `Cargo.toml`
[INFO] [stdout] 
[INFO] [stdout] 
[INFO] [stderr]     Checking ehttp v0.5.0
[INFO] [stdout] warning: use of deprecated method `std::sync::atomic::Atomic::<i64>::fetch_update`: renamed to `try_update` for consistency
[INFO] [stdout]   --> ram_core/src/process.rs:84:10
[INFO] [stdout]    |
[INFO] [stdout] 84 |         .fetch_update(Ordering::SeqCst, Ordering::SeqCst, |last| {
[INFO] [stdout]    |          ^^^^^^^^^^^^
[INFO] [stdout]    |
[INFO] [stdout]    = note: `#[warn(deprecated)]` on by default
[INFO] [stdout] help: replace the use of the deprecated method
[INFO] [stdout]    |
[INFO] [stdout] 84 -         .fetch_update(Ordering::SeqCst, Ordering::SeqCst, |last| {
[INFO] [stdout] 84 +         .try_update(Ordering::SeqCst, Ordering::SeqCst, |last| {
[INFO] [stdout]    |
[INFO] [stdout] 
[INFO] [stdout] 
[INFO] [stdout] error[E0425]: cannot find function `native_get_cmdline` in this scope
[INFO] [stdout]    --> ram_core/src/process.rs:321:50
[INFO] [stdout]     |
[INFO] [stdout] 321 |                     let token = classify_cmdline(native_get_cmdline(pid).as_deref());
[INFO] [stdout]     |                                                  ^^^^^^^^^^^^^^^^^^ not found in this scope
[INFO] [stdout] 
[INFO] [stdout] 
[INFO] [stdout] error[E0425]: cannot find function `native_get_cmdline` in this scope
[INFO] [stdout]    --> ram_core/src/process.rs:413:19
[INFO] [stdout]     |
[INFO] [stdout] 413 |             match native_get_cmdline(p.pid().as_u32()) {
[INFO] [stdout]     |                   ^^^^^^^^^^^^^^^^^^ not found in this scope
[INFO] [stdout] 
[INFO] [stdout] 
[INFO] [stdout] Some errors have detailed explanations: E0425, E0432, E0433.
[INFO] [stdout] 
[INFO] [stdout] For more information about an error, try `rustc --explain E0425`.
[INFO] [stdout] 
[INFO] [stderr] error: could not compile `ram_core` (lib) due to 10 previous errors; 1 warning emitted
[INFO] [stderr] warning: build failed, waiting for other jobs to finish...
[INFO] [stdout] warning: use of deprecated method `std::sync::atomic::Atomic::<i64>::fetch_update`: renamed to `try_update` for consistency
[INFO] [stdout]   --> ram_core/src/process.rs:84:10
[INFO] [stdout]    |
[INFO] [stdout] 84 |         .fetch_update(Ordering::SeqCst, Ordering::SeqCst, |last| {
[INFO] [stdout]    |          ^^^^^^^^^^^^
[INFO] [stdout]    |
[INFO] [stdout]    = note: `#[warn(deprecated)]` on by default
[INFO] [stdout] help: replace the use of the deprecated method
[INFO] [stdout]    |
[INFO] [stdout] 84 -         .fetch_update(Ordering::SeqCst, Ordering::SeqCst, |last| {
[INFO] [stdout] 84 +         .try_update(Ordering::SeqCst, Ordering::SeqCst, |last| {
[INFO] [stdout]    |
[INFO] [stdout] 
[INFO] [stdout] 
[INFO] [stdout] error[E0425]: cannot find function `native_get_cmdline` in this scope
[INFO] [stdout]    --> ram_core/src/process.rs:321:50
[INFO] [stdout]     |
[INFO] [stdout] 321 |                     let token = classify_cmdline(native_get_cmdline(pid).as_deref());
[INFO] [stdout]     |                                                  ^^^^^^^^^^^^^^^^^^ not found in this scope
[INFO] [stdout] 
[INFO] [stdout] 
[INFO] [stdout] error[E0425]: cannot find function `native_get_cmdline` in this scope
[INFO] [stdout]    --> ram_core/src/process.rs:413:19
[INFO] [stdout]     |
[INFO] [stdout] 413 |             match native_get_cmdline(p.pid().as_u32()) {
[INFO] [stdout]     |                   ^^^^^^^^^^^^^^^^^^ not found in this scope
[INFO] [stdout] 
[INFO] [stdout] 
[INFO] [stdout] Some errors have detailed explanations: E0425, E0432, E0433.
[INFO] [stdout] 
[INFO] [stdout] For more information about an error, try `rustc --explain E0425`.
[INFO] [stdout] 
[INFO] [stderr] error: could not compile `ram_core` (lib test) due to 10 previous errors; 1 warning emitted
[INFO] running `Command { std: "docker" "inspect" "a4719c54aa8f8166e930c49f4a1d10ea7a1ee1c5fa3dee1e577fde6dd97306a2", kill_on_drop: false }`
[INFO] running `Command { std: "docker" "rm" "-f" "a4719c54aa8f8166e930c49f4a1d10ea7a1ee1c5fa3dee1e577fde6dd97306a2", kill_on_drop: false }`
[INFO] [stdout] a4719c54aa8f8166e930c49f4a1d10ea7a1ee1c5fa3dee1e577fde6dd97306a2
