[INFO] cloning repository https://github.com/KingTimer12/whisper-rs
[INFO] running `Command { std: "git" "-c" "credential.helper=" "-c" "credential.helper=/workspace/cargo-home/bin/git-credential-null" "clone" "--bare" "https://github.com/KingTimer12/whisper-rs" "/workspace/cache/git-repos/https%3A%2F%2Fgithub.com%2FKingTimer12%2Fwhisper-rs", kill_on_drop: false }`
[INFO] [stderr] Cloning into bare repository '/workspace/cache/git-repos/https%3A%2F%2Fgithub.com%2FKingTimer12%2Fwhisper-rs'...
[INFO] running `Command { std: "git" "rev-parse" "HEAD", kill_on_drop: false }`
[INFO] [stdout] a3211bc60bdd6a1a10671fb04650056762fbfd38
[INFO] checking KingTimer12/whisper-rs against 3154cc1a3e6424e44f438a95007d043ed5ceaaf6+rustflags=-Znext-solver=coherence for pr-133502-30
[INFO] running `Command { std: "git" "clone" "/workspace/cache/git-repos/https%3A%2F%2Fgithub.com%2FKingTimer12%2Fwhisper-rs" "/workspace/builds/worker-6-tc1/source", kill_on_drop: false }`
[INFO] [stderr] Cloning into '/workspace/builds/worker-6-tc1/source'...
[INFO] [stderr] done.
[INFO] started tweaking git repo https://github.com/KingTimer12/whisper-rs
[INFO] finished tweaking git repo https://github.com/KingTimer12/whisper-rs
[INFO] tweaked toml for git repo https://github.com/KingTimer12/whisper-rs written to /workspace/builds/worker-6-tc1/source/Cargo.toml
[INFO] validating manifest of git repo https://github.com/KingTimer12/whisper-rs on toolchain 3154cc1a3e6424e44f438a95007d043ed5ceaaf6
[INFO] running `Command { std: CARGO_HOME="/workspace/cargo-home" RUSTUP_HOME="/workspace/rustup-home" "/workspace/cargo-home/bin/cargo" "+3154cc1a3e6424e44f438a95007d043ed5ceaaf6" "metadata" "--manifest-path" "Cargo.toml" "--no-deps", kill_on_drop: false }`
[INFO] crate git repo https://github.com/KingTimer12/whisper-rs already has a lockfile, it will not be regenerated
[INFO] running `Command { std: CARGO_HOME="/workspace/cargo-home" RUSTUP_HOME="/workspace/rustup-home" "/workspace/cargo-home/bin/cargo" "+3154cc1a3e6424e44f438a95007d043ed5ceaaf6" "fetch" "--manifest-path" "Cargo.toml", kill_on_drop: false }`
[INFO] [stderr]     Updating crates.io index
[INFO] [stderr]  Downloading crates ...
[INFO] [stderr]   Downloaded rubato v0.16.2
[INFO] [stderr]   Downloaded symphonia v0.6.1
[INFO] [stderr]   Downloaded symphonia-metadata v0.6.1
[INFO] [stderr]   Downloaded git-version v0.3.9
[INFO] [stderr]   Downloaded countio v0.3.0
[INFO] [stderr]   Downloaded gearhash v0.1.3
[INFO] [stderr]   Downloaded tokio-retry v0.3.2
[INFO] [stderr]   Downloaded tokio_with_wasm_proc v0.8.8
[INFO] [stderr]   Downloaded heapify v0.2.0
[INFO] [stderr]   Downloaded git-version-macro v0.3.9
[INFO] [stderr]   Downloaded symphonia-codec-vorbis v0.6.1
[INFO] [stderr]   Downloaded symphonia-codec-pcm v0.6.1
[INFO] [stderr]   Downloaded konst_proc_macros v0.4.1
[INFO] [stderr]   Downloaded symphonia-codec-adpcm v0.6.1
[INFO] [stderr]   Downloaded pyo3-macros v0.28.3
[INFO] [stderr]   Downloaded symphonia-bundle-flac v0.6.1
[INFO] [stderr]   Downloaded wasi v0.14.7+wasi-0.2.4
[INFO] [stderr]   Downloaded audio-codec-algorithms v0.8.1
[INFO] [stderr]   Downloaded wavekat-vad v0.1.16
[INFO] [stderr]   Downloaded ndarray-npy v0.9.1
[INFO] [stderr]   Downloaded linktime-proc-macro v0.2.3
[INFO] [stderr]   Downloaded symphonia-codec-aac v0.6.1
[INFO] [stderr]   Downloaded const-str v1.1.0
[INFO] [stderr]   Downloaded symphonia-format-riff v0.6.1
[INFO] [stderr]   Downloaded safe-transmute v0.11.3
[INFO] [stderr]   Downloaded audioadapter v5.0.0
[INFO] [stderr]   Downloaded tokio_with_wasm v0.8.8
[INFO] [stderr]   Downloaded pyo3-build-config v0.28.3
[INFO] [stderr]   Downloaded mel_spec v0.3.4
[INFO] [stderr]   Downloaded symphonia-common v0.6.1
[INFO] [stderr]   Downloaded audioadapter-sample v5.2.0
[INFO] [stderr]   Downloaded py_literal v0.4.0
[INFO] [stderr]   Downloaded audioadapter-buffers v5.2.0
[INFO] [stderr]   Downloaded symphonia-format-ogg v0.6.1
[INFO] [stderr]   Downloaded symphonia-format-mkv v0.6.1
[INFO] [stderr]   Downloaded symphonia-format-isomp4 v0.6.1
[INFO] [stderr]   Downloaded objc2-system-configuration v0.3.2
[INFO] [stderr]   Downloaded pyo3-macros-backend v0.28.3
[INFO] [stderr]   Downloaded symphonia-bundle-mp3 v0.6.1
[INFO] [stderr]   Downloaded link-section v0.19.3
[INFO] [stderr]   Downloaded pyo3-ffi v0.28.3
[INFO] [stderr]   Downloaded symphonia-core v0.6.1
[INFO] [stderr]   Downloaded rubato v5.0.0
[INFO] [stderr]   Downloaded konst v0.4.3
[INFO] [stderr]   Downloaded xet-runtime v1.6.0
[INFO] [stderr]   Downloaded hf-xet v1.6.0
[INFO] [stderr]   Downloaded sentencepiece v0.13.2
[INFO] [stderr]   Downloaded xet-core-structures v1.6.0
[INFO] [stderr]   Downloaded redb v3.1.3
[INFO] [stderr]   Downloaded hf-hub v1.0.0
[INFO] [stderr]   Downloaded h2 v0.4.18
[INFO] [stderr]   Downloaded xet-client v1.6.0
[INFO] [stderr]   Downloaded xet-data v1.6.0
[INFO] [stderr]   Downloaded polyvoice v0.17.0
[INFO] [stderr]   Downloaded pyo3 v0.28.3
[INFO] [stderr]   Downloaded sentencepiece-sys v0.13.2
[INFO] [stderr]   Downloaded ct2rs v0.10.0
[INFO] running `Command { std: "docker" "create" "-v" "/var/lib/crater-agent-workspace/builds/worker-6-tc1/source:/opt/rustwide/workdir:ro,Z" "-v" "/var/lib/crater-agent-workspace/builds/worker-6-tc1/target:/opt/rustwide/target:rw,Z" "-v" "/var/lib/crater-agent-workspace/cargo-home:/opt/rustwide/cargo-home:ro,Z" "-v" "/var/lib/crater-agent-workspace/rustup-home:/opt/rustwide/rustup-home:ro,Z" "-m" "1610612736" "--network" "none" "ghcr.io/rust-lang/crates-build-env/linux@sha256:77db811e55d90add9212f6832c23229e3de5f1c1f9905e8cb07319ea15df73ac" "sleep" "infinity", kill_on_drop: false }`
[INFO] [stdout] 65c8fb116db1e7285d48ce09faf1de609c0104d4e7899016ae0713bb8cffe07c
[INFO] running `Command { std: "docker" "start" "65c8fb116db1e7285d48ce09faf1de609c0104d4e7899016ae0713bb8cffe07c", kill_on_drop: false }`
[INFO] running `Command { std: "docker" "inspect" "65c8fb116db1e7285d48ce09faf1de609c0104d4e7899016ae0713bb8cffe07c", kill_on_drop: false }`
[INFO] running `Command { std: "docker" "exec" "-e" "SOURCE_DIR=/opt/rustwide/workdir" "-e" "CARGO_HOME=/opt/rustwide/cargo-home" "-e" "RUSTUP_HOME=/opt/rustwide/rustup-home" "-e" "CARGO_TARGET_DIR=/opt/rustwide/target" "-w" "/opt/rustwide/workdir" "--user" "0:0" "65c8fb116db1e7285d48ce09faf1de609c0104d4e7899016ae0713bb8cffe07c" "/opt/rustwide/cargo-home/bin/cargo" "+3154cc1a3e6424e44f438a95007d043ed5ceaaf6" "metadata" "--no-deps" "--format-version=1", kill_on_drop: false }`
[INFO] running `Command { std: "docker" "inspect" "65c8fb116db1e7285d48ce09faf1de609c0104d4e7899016ae0713bb8cffe07c", kill_on_drop: false }`
[INFO] running `Command { std: "docker" "exec" "-e" "SOURCE_DIR=/opt/rustwide/workdir" "-e" "CARGO_HOME=/opt/rustwide/cargo-home" "-e" "RUSTUP_HOME=/opt/rustwide/rustup-home" "-e" "CARGO_TARGET_DIR=/opt/rustwide/target" "-e" "CARGO_INCREMENTAL=0" "-e" "RUST_BACKTRACE=full" "-e" "RUSTFLAGS=--cap-lints=forbid -Znext-solver=coherence" "-e" "RUSTDOCFLAGS=--cap-lints=forbid" "-w" "/opt/rustwide/workdir" "--user" "0:0" "65c8fb116db1e7285d48ce09faf1de609c0104d4e7899016ae0713bb8cffe07c" "/opt/rustwide/cargo-home/bin/cargo" "+3154cc1a3e6424e44f438a95007d043ed5ceaaf6" "check" "--frozen" "--all" "--all-targets" "--message-format=json", kill_on_drop: false }`
[INFO] [stderr]     Checking bytemuck v1.25.2
[INFO] [stderr]     Checking bitflags v2.13.1
[INFO] [stderr]    Compiling syn v2.0.119
[INFO] [stderr]    Compiling syn v3.0.4
[INFO] [stderr]    Compiling cc v1.4.4
[INFO] [stderr]     Checking num-integer v0.1.47
[INFO] [stderr]    Compiling serde_core v1.0.229
[INFO] [stderr]     Checking strength_reduce v0.2.4
[INFO] [stderr]    Compiling serde v1.0.229
[INFO] [stderr]     Checking mio v1.2.2
[INFO] [stderr]     Checking futures-io v0.3.34
[INFO] [stderr]     Checking num-complex v0.4.6
[INFO] [stderr]     Checking primal-check v0.3.4
[INFO] [stderr]     Checking transpose v0.2.3
[INFO] [stderr]    Compiling aws-lc-rs v1.18.0
[INFO] [stderr]    Compiling target-lexicon v0.13.5
[INFO] [stderr]    Compiling crc32fast v1.5.1
[INFO] [stderr]    Compiling rustls v0.23.43
[INFO] [stderr]    Compiling zerocopy v0.8.56
[INFO] [stderr]    Compiling mime_guess v2.0.5
[INFO] [stderr]     Checking rustfft v6.4.1
[INFO] [stderr]     Checking ipnet v2.12.1
[INFO] [stderr]     Checking chacha20 v0.10.1
[INFO] [stderr]     Checking bstr v1.13.1
[INFO] [stderr]    Compiling cmake v0.1.58
[INFO] [stderr]    Compiling pyo3-build-config v0.28.3
[INFO] [stderr]    Compiling ucd-trie v0.1.7
[INFO] [stderr]     Checking typewit v1.15.2
[INFO] [stderr]    Compiling pest v2.9.0
[INFO] [stderr]    Compiling aws-lc-sys v0.44.0
[INFO] [stderr]     Checking const_panic v0.2.17
[INFO] [stderr]    Compiling blake3 v1.8.7
[INFO] [stderr]     Checking serde_json v1.0.151
[INFO] [stderr]     Checking time v0.3.55
[INFO] [stderr]     Checking rand v0.10.2
[INFO] [stderr]     Checking rayon v1.12.0
[INFO] [stderr]     Checking flate2 v1.1.9
[INFO] [stderr]     Checking crossbeam-channel v0.5.16
[INFO] [stderr]     Checking os_str_bytes v6.6.1
[INFO] [stderr]    Compiling libm v0.2.16
[INFO] [stderr]    Compiling linktime-proc-macro v0.2.3
[INFO] [stderr]    Compiling konst_proc_macros v0.4.1
[INFO] [stderr]    Compiling synstructure v0.13.2
[INFO] [stderr]    Compiling darling_core v0.20.11
[INFO] [stderr]     Checking link-section v0.19.3
[INFO] [stderr]     Checking konst v0.4.3
[INFO] [stderr]     Checking ctor v1.0.13
[INFO] [stderr]     Checking shellexpand v3.1.2
[INFO] [stderr]     Checking chrono v0.4.45
[INFO] [stderr]    Compiling pest_meta v2.9.0
[INFO] [stderr]     Checking symphonia-core v0.6.1
[INFO] [stderr]    Compiling zerofrom-derive v0.1.7
[INFO] [stderr]    Compiling displaydoc v0.2.7
[INFO] [stderr]    Compiling yoke-derive v0.8.2
[INFO] [stderr]    Compiling zerovec-derive v0.11.6
[INFO] [stderr]    Compiling serde_derive v1.0.229
[INFO] [stderr]    Compiling tokio-macros v2.7.2
[INFO] [stderr]    Compiling thiserror-impl v2.0.20
[INFO] [stderr]     Checking zerofrom v0.1.8
[INFO] [stderr]    Compiling futures-macro v0.3.34
[INFO] [stderr]     Checking yoke v0.8.3
[INFO] [stderr]    Compiling tracing-attributes v0.1.31
[INFO] [stderr]    Compiling zerocopy-derive v0.8.56
[INFO] [stderr]     Checking zerovec v0.11.8
[INFO] [stderr]     Checking tokio v1.53.1
[INFO] [stderr]     Checking zerotrie v0.2.5
[INFO] [stderr]     Checking tinystr v0.8.4
[INFO] [stderr]     Checking icu_locale_core v2.3.0
[INFO] [stderr]     Checking potential_utf v0.1.6
[INFO] [stderr]     Checking icu_collections v2.3.0
[INFO] [stderr]     Checking thiserror v2.0.20
[INFO] [stderr]     Checking futures-util v0.3.34
[INFO] [stderr]     Checking tracing v0.1.44
[INFO] [stderr]     Checking symphonia-metadata v0.6.1
[INFO] [stderr]    Compiling async-trait v0.1.92
[INFO] [stderr]     Checking icu_provider v2.3.1
[INFO] [stderr]     Checking symphonia-common v0.6.1
[INFO] [stderr]     Checking icu_normalizer v2.3.0
[INFO] [stderr]     Checking icu_properties v2.3.0
[INFO] [stderr]    Compiling pin-project-internal v1.1.13
[INFO] [stderr]    Compiling git-version-macro v0.3.9
[INFO] [stderr]     Checking git-version v0.3.9
[INFO] [stderr]    Compiling darling_macro v0.20.11
[INFO] [stderr]    Compiling link-cplusplus v1.0.12
[INFO] [stderr]     Checking num-bigint v0.4.8
[INFO] [stderr]     Checking serde_urlencoded v0.7.1
[INFO] [stderr]     Checking tracing-serde v0.2.0
[INFO] [stderr]     Checking idna_adapter v1.2.2
[INFO] [stderr]     Checking tracing-subscriber v0.3.23
[INFO] [stderr]     Checking pin-project v1.1.13
[INFO] [stderr]     Checking idna v1.1.0
[INFO] [stderr]     Checking sysinfo v0.38.4
[INFO] [stderr]     Checking url v2.5.8
[INFO] [stderr]     Checking futures-executor v0.3.34
[INFO] [stderr]     Checking futures v0.3.34
[INFO] [stderr]     Checking whoami v2.1.3
[INFO] [stderr]    Compiling matrixmultiply v0.3.11
[INFO] [stderr]    Compiling scratch v1.0.9
[INFO] [stderr]     Checking colored v3.1.1
[INFO] [stderr]     Checking twox-hash v2.1.3
[INFO] [stderr]     Checking humantime v2.4.0
[INFO] [stderr]     Checking oneshot v0.1.13
[INFO] [stderr]    Compiling redb v3.1.3
[INFO] [stderr]     Checking more-asserts v0.3.1
[INFO] [stderr]     Checking const-str v1.1.0
[INFO] [stderr]     Checking lz4_flex v0.13.1
[INFO] [stderr]     Checking rustix v1.1.4
[INFO] [stderr]     Checking tracing-appender v0.2.5
[INFO] [stderr]     Checking tokio-util v0.7.19
[INFO] [stderr]     Checking tower v0.5.3
[INFO] [stderr]    Compiling darling v0.20.11
[INFO] [stderr]    Compiling pest_generator v2.9.0
[INFO] [stderr]    Compiling darling_core v0.23.0
[INFO] [stderr]     Checking tower-http v0.6.11
[INFO] [stderr]     Checking h2 v0.4.18
[INFO] [stderr]    Compiling onig_sys v69.9.3
[INFO] [stderr]     Checking uuid v1.25.0
[INFO] [stderr]     Checking countio v0.3.0
[INFO] [stderr]     Checking raw-cpuid v11.6.0
[INFO] [stderr]     Checking approx v0.5.1
[INFO] [stderr]    Compiling unicode-width v0.2.2
[INFO] [stderr]    Compiling zip v2.4.2
[INFO] [stderr]    Compiling cxxbridge-flags v1.0.199
[INFO] [stderr]     Checking rawpointer v0.2.1
[INFO] [stderr]    Compiling termcolor v1.4.1
[INFO] [stderr]     Checking safe-transmute v0.11.3
[INFO] [stderr]     Checking heapify v0.2.0
[INFO] [stderr]    Compiling prettyplease v0.2.37
[INFO] [stderr]     Checking bumpalo v3.20.3
[INFO] [stderr]    Compiling portable-atomic v1.15.0
[INFO] [stderr]     Checking ppv-lite86 v0.2.21
[INFO] [stderr]     Checking tempfile v3.27.0
[INFO] [stderr]     Checking zopfli v0.8.3
[INFO] [stderr]     Checking half v2.7.1
[INFO] [stderr]    Compiling codespan-reporting v0.13.1
[INFO] [stderr]    Compiling cxx v1.0.199
[INFO] [stderr]     Checking statrs v0.18.0
[INFO] [stderr]    Compiling pest_derive v2.9.0
[INFO] [stderr]    Compiling derive_builder_core v0.20.2
[INFO] [stderr]     Checking hyper v1.11.0
[INFO] [stderr]    Compiling darling_macro v0.23.0
[INFO] [stderr]     Checking tokio-retry v0.3.2
[INFO] [stderr]     Checking pulp v0.22.3
[INFO] [stderr]    Compiling serde_repr v0.1.21
[INFO] [stderr]     Checking jpeg-decoder v0.3.2
[INFO] [stderr]    Compiling pyo3-ffi v0.28.3
[INFO] [stderr]    Compiling pyo3-macros-backend v0.28.3
[INFO] [stderr]    Compiling esaxx-rs v0.1.10
[INFO] [stderr]    Compiling sentencepiece-sys v0.13.2
[INFO] [stderr]     Checking console v0.16.4
[INFO] [stderr]     Checking hyper-util v0.1.20
[INFO] [stderr]     Checking tiff v0.9.1
[INFO] [stderr]     Checking gearhash v0.1.3
[INFO] [stderr]     Checking png v0.17.16
[INFO] [stderr]     Checking gif v0.13.3
[INFO] [stderr]     Checking nom v7.1.3
[INFO] [stderr]    Compiling prost-derive v0.14.4
[INFO] [stderr]    Compiling ahash v0.8.12
[INFO] [stderr]     Checking py_literal v0.4.0
[INFO] [stderr]     Checking rand_chacha v0.9.0
[INFO] [stderr]    Compiling derive_builder_macro v0.20.2
[INFO] [stderr]    Compiling cxx-build v1.0.199
[INFO] [stderr]    Compiling darling v0.23.0
[INFO] [stderr]     Checking ndarray v0.16.1
[INFO] [stderr]     Checking exr v1.74.2
[INFO] [stderr]     Checking num-rational v0.4.2
[INFO] [stderr]    Compiling monostate-impl v0.1.18
[INFO] [stderr]     Checking realfft v3.5.0
[INFO] [stderr]     Checking castaway v0.2.4
[INFO] [stderr]    Compiling webrtc-vad v0.4.0
[INFO] [stderr]     Checking num-iter v0.1.46
[INFO] [stderr]     Checking qoi v0.4.1
[INFO] [stderr]     Checking audio-codec-algorithms v0.8.1
[INFO] [stderr]    Compiling pastey v0.2.3
[INFO] [stderr]    Compiling macro_rules_attribute-proc_macro v0.2.3
[INFO] [stderr]     Checking unit-prefix v0.5.2
[INFO] [stderr]     Checking indicatif v0.18.6
[INFO] [stderr]     Checking ndarray-npy v0.9.1
[INFO] [stderr]    Compiling ct2rs v0.10.0
[INFO] [stderr]     Checking macro_rules_attribute v0.2.3
[INFO] [stderr]     Checking spm_precompiled v0.1.4
[INFO] [stderr]     Checking audioadapter-sample v5.2.0
[INFO] [stderr]     Checking num v0.4.3
[INFO] [stderr]     Checking monostate v0.1.18
[INFO] [stderr]     Checking compact_str v0.9.1
[INFO] [stderr]    Compiling bon-macros v3.9.3
[INFO] [stderr]     Checking image v0.24.9
[INFO] [stderr]     Checking onig v6.5.3
[INFO] [stderr]     Checking prost v0.14.4
[INFO] [stderr]     Checking derive_builder v0.20.2
[INFO] [stderr]     Checking rand v0.9.5
[INFO] [stderr]     Checking dary_heap v0.3.9
[INFO] [stderr]    Compiling cxxbridge-macro v1.0.199
[INFO] [stderr]    Compiling num-derive v0.4.2
[INFO] [stderr]     Checking rayon-cond v0.4.0
[INFO] [stderr]    Compiling pyo3 v0.28.3
[INFO] [stderr]     Checking unicode-normalization-alignments v0.1.12
[INFO] [stderr]     Checking foldhash v0.2.0
[INFO] [stderr]    Compiling wavekat-vad v0.1.16
[INFO] [stderr]     Checking unicode_categories v0.1.1
[INFO] [stderr]     Checking audioadapter v5.0.0
[INFO] [stderr]     Checking extended v0.1.0
[INFO] [stderr]     Checking audioadapter-buffers v5.2.0
[INFO] [stderr]     Checking symphonia-format-riff v0.6.1
[INFO] [stderr]     Checking tokenizers v0.22.2
[INFO] [stderr]     Checking mel_spec v0.3.4
[INFO] [stderr]     Checking rubato v0.16.2
[INFO] [stderr]     Checking symphonia-codec-aac v0.6.1
[INFO] [stderr]     Checking symphonia-format-mkv v0.6.1
[INFO] [stderr]    Compiling pyo3-macros v0.28.3
[INFO] [stderr]     Checking symphonia-format-isomp4 v0.6.1
[INFO] [stderr]     Checking bon v3.9.3
[INFO] [stderr]     Checking symphonia-codec-vorbis v0.6.1
[INFO] [stderr]     Checking symphonia-bundle-flac v0.6.1
[INFO] [stderr]     Checking symphonia-format-ogg v0.6.1
[INFO] [stderr]     Checking symphonia-codec-adpcm v0.6.1
[INFO] [stderr]     Checking symphonia-codec-pcm v0.6.1
[INFO] [stderr]     Checking symphonia-bundle-mp3 v0.6.1
[INFO] [stderr]    Compiling visibility v0.1.1
[INFO] [stderr]     Checking globset v0.4.20
[INFO] [stderr]     Checking windowfunctions v0.1.1
[INFO] [stderr]     Checking rubato v5.0.0
[INFO] [stderr]     Checking hound v3.5.1
[INFO] [stderr]     Checking symphonia v0.6.1
[INFO] [stderr]     Checking rustls-webpki v0.103.15
[INFO] [stderr] error: failed to run custom build command for `ct2rs v0.10.0`
[INFO] [stderr] note: To improve backtraces for build dependencies, set the CARGO_PROFILE_DEV_BUILD_OVERRIDE_DEBUG=true environment variable to enable debug information generation.
[INFO] [stderr] 
[INFO] [stderr] Caused by:
[INFO] [stderr]   process didn't exit successfully: `/opt/rustwide/target/debug/build/ct2rs/ea3ddf9b9a857b47/out/build_script_build` (exit status: 101)
[INFO] [stderr]   --- stdout
[INFO] [stderr]   cargo:rerun-if-changed=build.rs
[INFO] [stderr]   cargo:rerun-if-changed=src/sys
[INFO] [stderr]   cargo:rerun-if-changed=include
[INFO] [stderr]   cargo:rerun-if-changed=CTranslate2
[INFO] [stderr]   cargo:rerun-if-env-changed=LIBRARY_PATH
[INFO] [stderr]   cargo:rerun-if-env-changed=CMAKE_INCLUDE_PATH
[INFO] [stderr]   cargo:rerun-if-env-changed=CMAKE_LIBRARY_PATH
[INFO] [stderr]   CMAKE_TOOLCHAIN_FILE_x86_64-unknown-linux-gnu = None
[INFO] [stderr]   CMAKE_TOOLCHAIN_FILE_x86_64_unknown_linux_gnu = None
[INFO] [stderr]   HOST_CMAKE_TOOLCHAIN_FILE = None
[INFO] [stderr]   CMAKE_TOOLCHAIN_FILE = None
[INFO] [stderr]   CMAKE_GENERATOR_x86_64-unknown-linux-gnu = None
[INFO] [stderr]   CMAKE_GENERATOR_x86_64_unknown_linux_gnu = None
[INFO] [stderr]   HOST_CMAKE_GENERATOR = None
[INFO] [stderr]   CMAKE_GENERATOR = None
[INFO] [stderr]   CMAKE_PREFIX_PATH_x86_64-unknown-linux-gnu = None
[INFO] [stderr]   CMAKE_PREFIX_PATH_x86_64_unknown_linux_gnu = None
[INFO] [stderr]   HOST_CMAKE_PREFIX_PATH = None
[INFO] [stderr]   CMAKE_PREFIX_PATH = None
[INFO] [stderr]   CMAKE_x86_64-unknown-linux-gnu = None
[INFO] [stderr]   CMAKE_x86_64_unknown_linux_gnu = None
[INFO] [stderr]   HOST_CMAKE = None
[INFO] [stderr]   CMAKE = None
[INFO] [stderr]   -- The C compiler identification is GNU 15.2.0
[INFO] [stderr]   -- The CXX compiler identification is GNU 15.2.0
[INFO] [stderr]   -- Detecting C compiler ABI info
[INFO] [stderr]   -- Detecting C compiler ABI info - done
[INFO] [stderr]   -- Check for working C compiler: /usr/bin/cc - skipped
[INFO] [stderr]   -- Detecting C compile features
[INFO] [stderr]   -- Detecting C compile features - done
[INFO] [stderr]   -- Detecting CXX compiler ABI info
[INFO] [stderr]   -- Detecting CXX compiler ABI info - done
[INFO] [stderr]   -- Check for working CXX compiler: /usr/bin/c++ - skipped
[INFO] [stderr]   -- Detecting CXX compile features
[INFO] [stderr]   -- Detecting CXX compile features - done
[INFO] [stderr]   -- Compiler Id: GNU
[INFO] [stderr]   -- Compiler Version: 15.2.0
[INFO] [stderr]   -- Performing Test CMAKE_HAVE_LIBC_PTHREAD
[INFO] [stderr]   -- Performing Test CMAKE_HAVE_LIBC_PTHREAD - Success
[INFO] [stderr]   -- Found Threads: TRUE
[INFO] [stderr]   -- Build spdlog: 1.10.0
[INFO] [stderr]   -- Build type: Debug
[INFO] [stderr]   -- Looking for dlfcn.h
[INFO] [stderr]   -- Looking for dlfcn.h - found
[INFO] [stderr]   -- Looking for getauxval
[INFO] [stderr]   -- Looking for getauxval - found
[INFO] [stderr]   -- Compiling for multiple CPU ISA and enabling runtime dispatch
[INFO] [stderr]   -- Performing Test COMPILER_HAS_HIDDEN_VISIBILITY
[INFO] [stderr]   -- Performing Test COMPILER_HAS_HIDDEN_VISIBILITY - Success
[INFO] [stderr]   -- Performing Test COMPILER_HAS_HIDDEN_INLINE_VISIBILITY
[INFO] [stderr]   -- Performing Test COMPILER_HAS_HIDDEN_INLINE_VISIBILITY - Success
[INFO] [stderr]   -- Performing Test COMPILER_HAS_DEPRECATED_ATTR
[INFO] [stderr]   -- Performing Test COMPILER_HAS_DEPRECATED_ATTR - Success
[INFO] [stderr]   -- Configuring done (11.7s)
[INFO] [stderr]   -- Generating done (1.7s)
[INFO] [stderr]   -- Build files have been written to: /opt/rustwide/target/debug/build/ct2rs/9c1c1d40d0fa6024/out/build
[INFO] [stderr]   [  0%] Building CXX object third_party/ruy/ruy/profiler/CMakeFiles/ruy_profiler_instrumentation.dir/instrumentation.cc.o
[INFO] [stderr]   [  1%] Linking CXX static library libruy_profiler_instrumentation.a
[INFO] [stderr]   [  1%] Built target ruy_profiler_instrumentation
[INFO] [stderr]   [  1%] Building CXX object third_party/ruy/ruy/CMakeFiles/ruy_denormal.dir/denormal.cc.o
[INFO] [stderr]   [  1%] Linking CXX static library libruy_denormal.a
[INFO] [stderr]   [  1%] Built target ruy_denormal
[INFO] [stderr]   [  2%] Building C object third_party/ruy/third_party/cpuinfo/deps/clog/CMakeFiles/clog.dir/src/clog.c.o
[INFO] [stderr]   [  2%] Linking C static library libclog.a
[INFO] [stderr]   [  2%] Built target clog
[INFO] [stderr]   [  2%] Building CXX object third_party/ruy/ruy/CMakeFiles/ruy_apply_multiplier.dir/apply_multiplier.cc.o
[INFO] [stderr]   [  3%] Linking CXX static library libruy_apply_multiplier.a
[INFO] [stderr]   [  3%] Built target ruy_apply_multiplier
[INFO] [stderr]   [  3%] Building CXX object third_party/ruy/ruy/CMakeFiles/ruy_have_built_path_for_avx512.dir/have_built_path_for_avx512.cc.o
[INFO] [stderr]   [  4%] Linking CXX static library libruy_have_built_path_for_avx512.a
[INFO] [stderr]   [  4%] Built target ruy_have_built_path_for_avx512
[INFO] [stderr]   [  4%] Building CXX object third_party/ruy/ruy/CMakeFiles/ruy_have_built_path_for_avx2_fma.dir/have_built_path_for_avx2_fma.cc.o
[INFO] [stderr]   [  5%] Linking CXX static library libruy_have_built_path_for_avx2_fma.a
[INFO] [stderr]   [  7%] Building CXX object third_party/ruy/ruy/CMakeFiles/ruy_have_built_path_for_avx.dir/have_built_path_for_avx.cc.o
[INFO] [stderr]   [  7%] Linking CXX static library libruy_have_built_path_for_avx.a
[INFO] [stderr]   [  7%] Built target ruy_have_built_path_for_avx2_fma
[INFO] [stderr]   [  7%] Built target ruy_have_built_path_for_avx
[INFO] [stderr]   [  7%] Building CXX object third_party/ruy/ruy/CMakeFiles/ruy_wait.dir/wait.cc.o
[INFO] [stderr]   [  8%] Linking CXX static library libruy_wait.a
[INFO] [stderr]   [  8%] Built target ruy_wait
[INFO] [stderr]   [  8%] Building CXX object third_party/ruy/ruy/CMakeFiles/ruy_system_aligned_alloc.dir/system_aligned_alloc.cc.o
[INFO] [stderr]   [  9%] Linking CXX static library libruy_system_aligned_alloc.a
[INFO] [stderr]   [  9%] Built target ruy_system_aligned_alloc
[INFO] [stderr]   [  9%] Building CXX object third_party/ruy/ruy/CMakeFiles/ruy_block_map.dir/block_map.cc.o
[INFO] [stderr]   [ 10%] Linking CXX static library libruy_block_map.a
[INFO] [stderr]   [ 10%] Built target ruy_block_map
[INFO] [stderr]   [ 11%] Building C object third_party/cpu_features/CMakeFiles/utils.dir/src/filesystem.c.o
[INFO] [stderr]   [ 12%] Building C object third_party/ruy/third_party/cpuinfo/CMakeFiles/cpuinfo.dir/src/init.c.o
[INFO] [stderr]   [ 12%] Building C object third_party/cpu_features/CMakeFiles/utils.dir/src/stack_line_reader.c.o
[INFO] [stderr]   [ 14%] Building C object third_party/cpu_features/CMakeFiles/utils.dir/src/string_view.c.o
[INFO] [stderr]   [ 14%] Building C object third_party/ruy/third_party/cpuinfo/CMakeFiles/cpuinfo.dir/src/api.c.o
[INFO] [stderr]   [ 14%] Built target utils
[INFO] [stderr]   [ 14%] Building C object third_party/ruy/third_party/cpuinfo/CMakeFiles/cpuinfo.dir/src/cache.c.o
[INFO] [stderr]   [ 15%] Building C object third_party/ruy/third_party/cpuinfo/CMakeFiles/cpuinfo.dir/src/x86/init.c.o
[INFO] [stderr]   [ 15%] Building C object third_party/ruy/third_party/cpuinfo/CMakeFiles/cpuinfo.dir/src/x86/info.c.o
[INFO] [stderr]   [ 16%] Building C object third_party/ruy/third_party/cpuinfo/CMakeFiles/cpuinfo.dir/src/x86/vendor.c.o
[INFO] [stderr]   [ 16%] Building C object third_party/ruy/third_party/cpuinfo/CMakeFiles/cpuinfo.dir/src/x86/uarch.c.o
[INFO] [stderr]   [ 16%] Building C object third_party/ruy/third_party/cpuinfo/CMakeFiles/cpuinfo.dir/src/x86/name.c.o
[INFO] [stderr]   [ 17%] Building C object third_party/ruy/third_party/cpuinfo/CMakeFiles/cpuinfo.dir/src/x86/topology.c.o
[INFO] [stderr]   [ 17%] Building C object third_party/ruy/third_party/cpuinfo/CMakeFiles/cpuinfo.dir/src/x86/isa.c.o
[INFO] [stderr]   [ 18%] Building C object third_party/ruy/third_party/cpuinfo/CMakeFiles/cpuinfo.dir/src/x86/cache/init.c.o
[INFO] [stderr]   [ 18%] Building C object third_party/ruy/third_party/cpuinfo/CMakeFiles/cpuinfo.dir/src/x86/cache/descriptor.c.o
[INFO] [stderr]   [ 18%] Building C object third_party/ruy/third_party/cpuinfo/CMakeFiles/cpuinfo.dir/src/x86/cache/deterministic.c.o
[INFO] [stderr]   [ 20%] Building C object third_party/ruy/third_party/cpuinfo/CMakeFiles/cpuinfo.dir/src/x86/linux/init.c.o
[INFO] [stderr]   [ 20%] Building C object third_party/ruy/third_party/cpuinfo/CMakeFiles/cpuinfo.dir/src/x86/linux/cpuinfo.c.o
[INFO] [stderr]   [ 21%] Building C object third_party/ruy/third_party/cpuinfo/CMakeFiles/cpuinfo.dir/src/linux/smallfile.c.o
[INFO] [stderr]   [ 21%] Building CXX object third_party/ruy/ruy/CMakeFiles/ruy_blocking_counter.dir/blocking_counter.cc.o
[INFO] [stderr]   [ 21%] Building C object third_party/ruy/third_party/cpuinfo/CMakeFiles/cpuinfo.dir/src/linux/multiline.c.o
[INFO] [stderr]   [ 21%] Building C object third_party/ruy/third_party/cpuinfo/CMakeFiles/cpuinfo.dir/src/linux/cpulist.c.o
[INFO] [stderr]   [ 22%] Building C object third_party/ruy/third_party/cpuinfo/CMakeFiles/cpuinfo.dir/src/linux/processors.c.o
[INFO] [stderr]   [ 22%] Linking C static library libcpuinfo.a
[INFO] [stderr]   [ 22%] Built target cpuinfo
[INFO] [stderr]   [ 22%] Linking CXX static library libruy_blocking_counter.a
[INFO] [stderr]   [ 22%] Built target ruy_blocking_counter
[INFO] [stderr]   [ 23%] Building CXX object third_party/ruy/ruy/CMakeFiles/ruy_prepacked_cache.dir/prepacked_cache.cc.o
[INFO] [stderr]   [ 23%] Linking CXX static library libruy_prepacked_cache.a
[INFO] [stderr]   [ 23%] Built target ruy_prepacked_cache
[INFO] [stderr]   [ 24%] Building CXX object third_party/ruy/ruy/CMakeFiles/ruy_allocator.dir/allocator.cc.o
[INFO] [stderr]   [ 24%] Linking CXX static library libruy_allocator.a
[INFO] [stderr]   [ 24%] Built target ruy_allocator
[INFO] [stderr]   [ 24%] Building C object third_party/cpu_features/CMakeFiles/cpu_features.dir/src/impl_aarch64_linux_or_android.c.o
[INFO] [stderr]   [ 25%] Building C object third_party/cpu_features/CMakeFiles/cpu_features.dir/src/impl_arm_linux_or_android.c.o
[INFO] [stderr]   [ 25%] Building C object third_party/cpu_features/CMakeFiles/cpu_features.dir/src/impl_mips_linux_or_android.c.o
[INFO] [stderr]   [ 25%] Building C object third_party/cpu_features/CMakeFiles/cpu_features.dir/src/impl_ppc_linux.c.o
[INFO] [stderr]   [ 27%] Building C object third_party/cpu_features/CMakeFiles/cpu_features.dir/src/impl_x86_freebsd.c.o
[INFO] [stderr]   [ 27%] Building C object third_party/cpu_features/CMakeFiles/cpu_features.dir/src/impl_x86_linux_or_android.c.o
[INFO] [stderr]   [ 28%] Building C object third_party/cpu_features/CMakeFiles/cpu_features.dir/src/impl_x86_macos.c.o
[INFO] [stderr]   [ 28%] Building C object third_party/cpu_features/CMakeFiles/cpu_features.dir/src/impl_x86_windows.c.o
[INFO] [stderr]   [ 28%] Linking C static library libcpu_features.a
[INFO] [stderr]   [ 28%] Built target cpu_features
[INFO] [stderr]   [ 28%] Building CXX object third_party/ruy/ruy/CMakeFiles/ruy_cpuinfo.dir/cpuinfo.cc.o
[INFO] [stderr]   [ 29%] Linking CXX static library libruy_cpuinfo.a
[INFO] [stderr]   [ 29%] Built target ruy_cpuinfo
[INFO] [stderr]   [ 29%] Building CXX object third_party/ruy/ruy/CMakeFiles/ruy_thread_pool.dir/thread_pool.cc.o
[INFO] [stderr]   [ 29%] Linking CXX static library libruy_thread_pool.a
[INFO] [stderr]   [ 29%] Built target ruy_thread_pool
[INFO] [stderr]   [ 30%] Building CXX object third_party/ruy/ruy/CMakeFiles/ruy_tune.dir/tune.cc.o
[INFO] [stderr]   [ 30%] Linking CXX static library libruy_tune.a
[INFO] [stderr]   [ 30%] Built target ruy_tune
[INFO] [stderr]   [ 30%] Building CXX object third_party/ruy/ruy/CMakeFiles/ruy_pack_arm.dir/pack_arm.cc.o
[INFO] [stderr]   [ 31%] Building CXX object third_party/ruy/ruy/CMakeFiles/ruy_kernel_avx512.dir/kernel_avx512.cc.o
[INFO] [stderr]   [ 32%] Linking CXX static library libruy_pack_arm.a
[INFO] [stderr]   [ 32%] Built target ruy_pack_arm
[INFO] [stderr]   [ 32%] Linking CXX static library libruy_kernel_avx512.a
[INFO] [stderr]   [ 32%] Built target ruy_kernel_avx512
[INFO] [stderr]   [ 34%] Building CXX object third_party/ruy/ruy/CMakeFiles/ruy_pack_avx512.dir/pack_avx512.cc.o
[INFO] [stderr]   [ 34%] Linking CXX static library libruy_pack_avx512.a
[INFO] [stderr]   [ 34%] Built target ruy_pack_avx512
[INFO] [stderr]   [ 34%] Building CXX object third_party/ruy/ruy/CMakeFiles/ruy_kernel_avx2_fma.dir/kernel_avx2_fma.cc.o
[INFO] [stderr]   [ 34%] Linking CXX static library libruy_kernel_avx2_fma.a
[INFO] [stderr]   [ 34%] Built target ruy_kernel_avx2_fma
[INFO] [stderr]   [ 34%] Building CXX object third_party/ruy/ruy/CMakeFiles/ruy_pack_avx2_fma.dir/pack_avx2_fma.cc.o
[INFO] [stderr]   [ 34%] Linking CXX static library libruy_pack_avx2_fma.a
[INFO] [stderr]   [ 34%] Built target ruy_pack_avx2_fma
[INFO] [stderr]   [ 34%] Building CXX object third_party/ruy/ruy/CMakeFiles/ruy_kernel_avx.dir/kernel_avx.cc.o
[INFO] [stderr]   [ 35%] Linking CXX static library libruy_kernel_avx.a
[INFO] [stderr]   [ 35%] Built target ruy_kernel_avx
[INFO] [stderr]   [ 35%] Building CXX object third_party/ruy/ruy/CMakeFiles/ruy_pack_avx.dir/pack_avx.cc.o
[INFO] [stderr]   [ 35%] Building CXX object third_party/ruy/ruy/CMakeFiles/ruy_ctx.dir/ctx.cc.o
[INFO] [stderr]   [ 36%] Linking CXX static library libruy_pack_avx.a
[INFO] [stderr]   [ 37%] Linking CXX static library libruy_ctx.a
[INFO] [stderr]   [ 37%] Built target ruy_pack_avx
[INFO] [stderr]   [ 37%] Built target ruy_ctx
[INFO] [stderr]   [ 37%] Building CXX object third_party/ruy/ruy/CMakeFiles/ruy_kernel_arm.dir/kernel_arm32.cc.o
[INFO] [stderr]   [ 37%] Building CXX object third_party/ruy/ruy/CMakeFiles/ruy_kernel_arm.dir/kernel_arm64.cc.o
[INFO] [stderr]   [ 38%] Linking CXX static library libruy_kernel_arm.a
[INFO] [stderr]   [ 38%] Built target ruy_kernel_arm
[INFO] [stderr]   [ 40%] Building CXX object third_party/ruy/ruy/CMakeFiles/ruy_context.dir/context.cc.o
[INFO] [stderr]   [ 41%] Building CXX object third_party/ruy/ruy/CMakeFiles/ruy_trmul.dir/trmul.cc.o
[INFO] [stderr]   [ 41%] Linking CXX static library libruy_trmul.a
[INFO] [stderr]   [ 41%] Linking CXX static library libruy_context.a
[INFO] [stderr]   [ 41%] Built target ruy_trmul
[INFO] [stderr]   [ 41%] Built target ruy_context
[INFO] [stderr]   [ 41%] Building CXX object third_party/ruy/ruy/CMakeFiles/ruy_prepare_packed_matrices.dir/prepare_packed_matrices.cc.o
[INFO] [stderr]   [ 42%] Linking CXX static library libruy_prepare_packed_matrices.a
[INFO] [stderr]   [ 43%] Building CXX object third_party/ruy/ruy/CMakeFiles/ruy_context_get_ctx.dir/context_get_ctx.cc.o
[INFO] [stderr]   [ 43%] Built target ruy_prepare_packed_matrices
[INFO] [stderr]   [ 44%] Building CXX object third_party/ruy/ruy/CMakeFiles/ruy_frontend.dir/frontend.cc.o
[INFO] [stderr]   [ 44%] Linking CXX static library libruy_frontend.a
[INFO] [stderr]   [ 44%] Linking CXX static library libruy_context_get_ctx.a
[INFO] [stderr]   [ 44%] Built target ruy_frontend
[INFO] [stderr]   [ 44%] Built target ruy_context_get_ctx
[INFO] [stderr]   [ 44%] Building CXX object CMakeFiles/ctranslate2.dir/src/allocator.cc.o
[INFO] [stderr]   [ 45%] Building CXX object CMakeFiles/ctranslate2.dir/src/batch_reader.cc.o
[INFO] [stderr]   [ 45%] Building CXX object CMakeFiles/ctranslate2.dir/src/buffered_translation_wrapper.cc.o
[INFO] [stderr]   [ 47%] Building CXX object CMakeFiles/ctranslate2.dir/src/cpu/allocator.cc.o
[INFO] [stderr]   [ 47%] Building CXX object CMakeFiles/ctranslate2.dir/src/cpu/backend.cc.o
[INFO] [stderr]   [ 47%] Building CXX object CMakeFiles/ctranslate2.dir/src/cpu/cpu_info.cc.o
[INFO] [stderr]   [ 48%] Building CXX object CMakeFiles/ctranslate2.dir/src/cpu/cpu_isa.cc.o
[INFO] [stderr]   [ 48%] Building CXX object CMakeFiles/ctranslate2.dir/src/cpu/kernels.cc.o
[INFO] [stderr]   [ 49%] Building CXX object CMakeFiles/ctranslate2.dir/src/cpu/parallel.cc.o
[INFO] [stderr]   [ 49%] Building CXX object CMakeFiles/ctranslate2.dir/src/cpu/primitives.cc.o
[INFO] [stderr]   [ 49%] Building CXX object CMakeFiles/ctranslate2.dir/src/decoding.cc.o
[INFO] [stderr]   [ 50%] Building CXX object CMakeFiles/ctranslate2.dir/src/decoding_utils.cc.o
[INFO] [stderr] 
[INFO] [stderr]   --- stderr
[INFO] [stderr]   running: cd "/opt/rustwide/target/debug/build/ct2rs/9c1c1d40d0fa6024/out/build" && CMAKE_PREFIX_PATH="" LC_ALL="C" "cmake" "/opt/rustwide/cargo-home/registry/src/index.crates.io-1949cf8c6b5b557f/ct2rs-0.10.0/CTranslate2" "-B" "/opt/rustwide/target/debug/build/ct2rs/9c1c1d40d0fa6024/out/build" "-DBUILD_CLI=OFF" "-DBUILD_SHARED_LIBS=OFF" "-DWITH_MKL=OFF" "-DOPENMP_RUNTIME=NONE" "-DCMAKE_POLICY_VERSION_MINIMUM=3.5" "-DWITH_RUY=ON" "-DCMAKE_INSTALL_PREFIX=/opt/rustwide/target/debug/build/ct2rs/9c1c1d40d0fa6024/out" "-DCMAKE_C_FLAGS= -ffunction-sections -fdata-sections -fPIC -m64 -w" "-DCMAKE_C_COMPILER=/usr/bin/cc" "-DCMAKE_CXX_FLAGS= -ffunction-sections -fdata-sections -fPIC -m64 -w" "-DCMAKE_CXX_COMPILER=/usr/bin/c++" "-DCMAKE_ASM_FLAGS= -ffunction-sections -fdata-sections -fPIC -m64 -w" "-DCMAKE_ASM_COMPILER=/usr/bin/cc" "-DCMAKE_BUILD_TYPE=Debug"
[INFO] [stderr]   CMake Deprecation Warning at CMakeLists.txt:1 (cmake_minimum_required):
[INFO] [stderr]     Compatibility with CMake < 3.10 will be removed from a future version of
[INFO] [stderr]     CMake.
[INFO] [stderr] 
[INFO] [stderr]     Update the VERSION argument <min> value.  Or, use the <min>...<max> syntax
[INFO] [stderr]     to tell CMake that the project requires at least <min> but has been updated
[INFO] [stderr]     to work with policies introduced by <max> or earlier.
[INFO] [stderr] 
[INFO] [stderr] 
[INFO] [stderr]   CMake Deprecation Warning at third_party/cpu_features/CMakeLists.txt:1 (cmake_minimum_required):
[INFO] [stderr]     Compatibility with CMake < 3.10 will be removed from a future version of
[INFO] [stderr]     CMake.
[INFO] [stderr] 
[INFO] [stderr]     Update the VERSION argument <min> value.  Or, use the <min>...<max> syntax
[INFO] [stderr]     to tell CMake that the project requires at least <min> but has been updated
[INFO] [stderr]     to work with policies introduced by <max> or earlier.
[INFO] [stderr] 
[INFO] [stderr] 
[INFO] [stderr]   CMake Deprecation Warning at third_party/ruy/third_party/cpuinfo/CMakeLists.txt:1 (CMAKE_MINIMUM_REQUIRED):
[INFO] [stderr]     Compatibility with CMake < 3.10 will be removed from a future version of
[INFO] [stderr]     CMake.
[INFO] [stderr] 
[INFO] [stderr]     Update the VERSION argument <min> value.  Or, use the <min>...<max> syntax
[INFO] [stderr]     to tell CMake that the project requires at least <min> but has been updated
[INFO] [stderr]     to work with policies introduced by <max> or earlier.
[INFO] [stderr] 
[INFO] [stderr] 
[INFO] [stderr]   CMake Deprecation Warning at third_party/ruy/third_party/cpuinfo/deps/clog/CMakeLists.txt:1 (CMAKE_MINIMUM_REQUIRED):
[INFO] [stderr]     Compatibility with CMake < 3.10 will be removed from a future version of
[INFO] [stderr]     CMake.
[INFO] [stderr] 
[INFO] [stderr]     Update the VERSION argument <min> value.  Or, use the <min>...<max> syntax
[INFO] [stderr]     to tell CMake that the project requires at least <min> but has been updated
[INFO] [stderr]     to work with policies introduced by <max> or earlier.
[INFO] [stderr] 
[INFO] [stderr] 
[INFO] [stderr]   CMake Warning:
[INFO] [stderr]     Manually-specified variables were not used by the project:
[INFO] [stderr] 
[INFO] [stderr]       CMAKE_ASM_COMPILER
[INFO] [stderr]       CMAKE_ASM_FLAGS
[INFO] [stderr] 
[INFO] [stderr] 
[INFO] [stderr]   running: cd "/opt/rustwide/target/debug/build/ct2rs/9c1c1d40d0fa6024/out/build" && LC_ALL="C" MAKEFLAGS="-j --jobserver-fds=4,5 --jobserver-auth=4,5" "cmake" "--build" "/opt/rustwide/target/debug/build/ct2rs/9c1c1d40d0fa6024/out/build" "--target" "install" "--config" "Debug"
[INFO] [stderr]   c++: fatal error: Killed signal terminated program cc1plus
[INFO] [stderr]   compilation terminated.
[INFO] [stderr]   gmake[2]: *** [CMakeFiles/ctranslate2.dir/build.make:205: CMakeFiles/ctranslate2.dir/src/cpu/primitives.cc.o] Error 1
[INFO] [stderr]   gmake[2]: *** Waiting for unfinished jobs....
[INFO] [stderr]   c++: fatal error: Killed signal terminated program cc1plus
[INFO] [stderr]   compilation terminated.
[INFO] [stderr]   gmake[2]: *** [CMakeFiles/ctranslate2.dir/build.make:219: CMakeFiles/ctranslate2.dir/src/decoding.cc.o] Error 1
[INFO] [stderr]   gmake[1]: *** [CMakeFiles/Makefile2:369: CMakeFiles/ctranslate2.dir/all] Error 2
[INFO] [stderr]   gmake: *** [Makefile:136: all] Error 2
[INFO] [stderr] 
[INFO] [stderr]   thread 'main' (3127) panicked at /opt/rustwide/cargo-home/registry/src/index.crates.io-1949cf8c6b5b557f/cmake-0.1.58/src/lib.rs:1132:5:
[INFO] [stderr] 
[INFO] [stderr]   command did not execute successfully, got: exit status: 2
[INFO] [stderr] 
[INFO] [stderr]   build script failed, must exit now
[INFO] [stderr]   stack backtrace:
[INFO] [stderr]      0:     0x5983e8f61191 - std[3164a59e47d3bde]::backtrace_rs::backtrace::libunwind::trace
[INFO] [stderr]                                  at /rustc/3154cc1a3e6424e44f438a95007d043ed5ceaaf6/library/std/src/../../backtrace/src/backtrace/libunwind.rs:117:9
[INFO] [stderr]      1:     0x5983e8f61191 - std[3164a59e47d3bde]::backtrace_rs::backtrace::trace_unsynchronized::<std[3164a59e47d3bde]::sys::backtrace::_print_fmt::{closure#1}>
[INFO] [stderr]                                  at /rustc/3154cc1a3e6424e44f438a95007d043ed5ceaaf6/library/std/src/../../backtrace/src/backtrace/mod.rs:66:14
[INFO] [stderr]      2:     0x5983e8f61191 - std[3164a59e47d3bde]::sys::backtrace::_print_fmt
[INFO] [stderr]                                  at /rustc/3154cc1a3e6424e44f438a95007d043ed5ceaaf6/library/std/src/sys/backtrace.rs:74:9
[INFO] [stderr]      3:     0x5983e8f61191 - <<std[3164a59e47d3bde]::sys::backtrace::BacktraceLock>::print::DisplayBacktrace as core[934024a1e6126fb4]::fmt::Display>::fmt
[INFO] [stderr]                                  at /rustc/3154cc1a3e6424e44f438a95007d043ed5ceaaf6/library/std/src/sys/backtrace.rs:44:26
[INFO] [stderr]      4:     0x5983e8f77a4a - <core[934024a1e6126fb4]::fmt::rt::Argument>::fmt
[INFO] [stderr]                                  at /rustc/3154cc1a3e6424e44f438a95007d043ed5ceaaf6/library/core/src/fmt/rt.rs:152:76
[INFO] [stderr]      5:     0x5983e8f77a4a - core[934024a1e6126fb4]::fmt::write
[INFO] [stderr]      6:     0x5983e8f67f4c - core[934024a1e6126fb4]::io::write::default_write_fmt::<std[3164a59e47d3bde]::sys::stdio::unix::Stderr>
[INFO] [stderr]                                  at /rustc/3154cc1a3e6424e44f438a95007d043ed5ceaaf6/library/core/src/io/write.rs:402:11
[INFO] [stderr]      7:     0x5983e8f67f4c - <std[3164a59e47d3bde]::sys::stdio::unix::Stderr as core[934024a1e6126fb4]::io::write::Write>::write_fmt
[INFO] [stderr]                                  at /rustc/3154cc1a3e6424e44f438a95007d043ed5ceaaf6/library/core/src/io/write.rs:335:13
[INFO] [stderr]      8:     0x5983e8f38b66 - <std[3164a59e47d3bde]::sys::backtrace::BacktraceLock>::print
[INFO] [stderr]                                  at /rustc/3154cc1a3e6424e44f438a95007d043ed5ceaaf6/library/std/src/sys/backtrace.rs:47:9
[INFO] [stderr]      9:     0x5983e8f38b66 - std[3164a59e47d3bde]::panicking::default_hook::{closure#0}
[INFO] [stderr]                                  at /rustc/3154cc1a3e6424e44f438a95007d043ed5ceaaf6/library/std/src/panicking.rs:289:27
[INFO] [stderr]     10:     0x5983e8f576a1 - std[3164a59e47d3bde]::panicking::default_hook
[INFO] [stderr]                                  at /rustc/3154cc1a3e6424e44f438a95007d043ed5ceaaf6/library/std/src/panicking.rs:316:9
[INFO] [stderr]     11:     0x5983e8f579cb - std[3164a59e47d3bde]::panicking::panic_with_hook
[INFO] [stderr]                                  at /rustc/3154cc1a3e6424e44f438a95007d043ed5ceaaf6/library/std/src/panicking.rs:811:13
[INFO] [stderr]     12:     0x5983e8f38c12 - std[3164a59e47d3bde]::panicking::panic_handler::{closure#0}
[INFO] [stderr]                                  at /rustc/3154cc1a3e6424e44f438a95007d043ed5ceaaf6/library/std/src/panicking.rs:685:13
[INFO] [stderr]     13:     0x5983e8f312f9 - std[3164a59e47d3bde]::sys::backtrace::__rust_end_short_backtrace::<std[3164a59e47d3bde]::panicking::panic_handler::{closure#0}, !>
[INFO] [stderr]                                  at /rustc/3154cc1a3e6424e44f438a95007d043ed5ceaaf6/library/std/src/sys/backtrace.rs:182:18
[INFO] [stderr]     14:     0x5983e8f39a6d - __rustc[2e7b49d4226056d3]::rust_begin_unwind
[INFO] [stderr]                                  at /rustc/3154cc1a3e6424e44f438a95007d043ed5ceaaf6/library/std/src/panicking.rs:676:5
[INFO] [stderr]     15:     0x5983e8f782ec - core[934024a1e6126fb4]::panicking::panic_fmt
[INFO] [stderr]                                  at /rustc/3154cc1a3e6424e44f438a95007d043ed5ceaaf6/library/core/src/panicking.rs:80:14
[INFO] [stderr]     16:     0x5983e8e8c8a7 - cmake[8e7acf7e8525d726]::fail
[INFO] [stderr]     17:     0x5983e8e8c533 - cmake[8e7acf7e8525d726]::run
[INFO] [stderr]     18:     0x5983e8e92515 - <cmake[8e7acf7e8525d726]::Config>::build
[INFO] [stderr]     19:     0x5983e8c1c062 - build_script_build[327677906a3255a4]::build_ctranslate2
[INFO] [stderr]     20:     0x5983e8c1c390 - build_script_build[327677906a3255a4]::main
[INFO] [stderr]     21:     0x5983e8c1e713 - <fn() as core[934024a1e6126fb4]::ops::function::FnOnce<()>>::call_once
[INFO] [stderr]     22:     0x5983e8c1a5fe - std[3164a59e47d3bde]::sys::backtrace::__rust_begin_short_backtrace::<fn(), ()>
[INFO] [stderr]     23:     0x5983e8c1b129 - std[3164a59e47d3bde]::rt::lang_start::<()>::{closure#0}
[INFO] [stderr]     24:     0x5983e8f56998 - <&dyn core[934024a1e6126fb4]::ops::function::Fn<(), Output = i32> + core[934024a1e6126fb4]::marker::Sync + core[934024a1e6126fb4]::panic::unwind_safe::RefUnwindSafe as core[934024a1e6126fb4]::ops::function::FnOnce<()>>::call_once
[INFO] [stderr]                                  at /rustc/3154cc1a3e6424e44f438a95007d043ed5ceaaf6/library/core/src/ops/function.rs:287:21
[INFO] [stderr]     25:     0x5983e8f56998 - std[3164a59e47d3bde]::panicking::catch_unwind::do_call::<&dyn core[934024a1e6126fb4]::ops::function::Fn<(), Output = i32> + core[934024a1e6126fb4]::marker::Sync + core[934024a1e6126fb4]::panic::unwind_safe::RefUnwindSafe, i32>
[INFO] [stderr]                                  at /rustc/3154cc1a3e6424e44f438a95007d043ed5ceaaf6/library/std/src/panicking.rs:573:43
[INFO] [stderr]     26:     0x5983e8f56998 - std[3164a59e47d3bde]::panicking::catch_unwind::<i32, &dyn core[934024a1e6126fb4]::ops::function::Fn<(), Output = i32> + core[934024a1e6126fb4]::marker::Sync + core[934024a1e6126fb4]::panic::unwind_safe::RefUnwindSafe>
[INFO] [stderr]                                  at /rustc/3154cc1a3e6424e44f438a95007d043ed5ceaaf6/library/std/src/panicking.rs:541:19
[INFO] [stderr]     27:     0x5983e8f56998 - std[3164a59e47d3bde]::panic::catch_unwind::<&dyn core[934024a1e6126fb4]::ops::function::Fn<(), Output = i32> + core[934024a1e6126fb4]::marker::Sync + core[934024a1e6126fb4]::panic::unwind_safe::RefUnwindSafe, i32>
[INFO] [stderr]                                  at /rustc/3154cc1a3e6424e44f438a95007d043ed5ceaaf6/library/std/src/panic.rs:359:14
[INFO] [stderr]     28:     0x5983e8f56998 - std[3164a59e47d3bde]::rt::lang_start_internal::{closure#0}
[INFO] [stderr]                                  at /rustc/3154cc1a3e6424e44f438a95007d043ed5ceaaf6/library/std/src/rt.rs:175:24
[INFO] [stderr]     29:     0x5983e8f56998 - std[3164a59e47d3bde]::panicking::catch_unwind::do_call::<std[3164a59e47d3bde]::rt::lang_start_internal::{closure#0}, isize>
[INFO] [stderr]                                  at /rustc/3154cc1a3e6424e44f438a95007d043ed5ceaaf6/library/std/src/panicking.rs:573:43
[INFO] [stderr]     30:     0x5983e8f56998 - std[3164a59e47d3bde]::panicking::catch_unwind::<isize, std[3164a59e47d3bde]::rt::lang_start_internal::{closure#0}>
[INFO] [stderr]                                  at /rustc/3154cc1a3e6424e44f438a95007d043ed5ceaaf6/library/std/src/panicking.rs:541:19
[INFO] [stderr]     31:     0x5983e8f56998 - std[3164a59e47d3bde]::panic::catch_unwind::<std[3164a59e47d3bde]::rt::lang_start_internal::{closure#0}, isize>
[INFO] [stderr]                                  at /rustc/3154cc1a3e6424e44f438a95007d043ed5ceaaf6/library/std/src/panic.rs:359:14
[INFO] [stderr]     32:     0x5983e8f56998 - std[3164a59e47d3bde]::rt::lang_start_internal
[INFO] [stderr]                                  at /rustc/3154cc1a3e6424e44f438a95007d043ed5ceaaf6/library/std/src/rt.rs:171:5
[INFO] [stderr]     33:     0x5983e8c1a4a1 - std[3164a59e47d3bde]::rt::lang_start::<()>
[INFO] [stderr]     34:     0x5983e8c1e8d5 - main
[INFO] [stderr]     35:     0x769d0ddc4601 - <unknown>
[INFO] [stderr]     36:     0x769d0ddc4718 - __libc_start_main
[INFO] [stderr]     37:     0x5983e8c177a5 - _start
[INFO] [stderr]     38:                0x0 - <unknown>
[INFO] [stderr] warning: build failed, waiting for other jobs to finish...
[INFO] [stderr] error: failed to run custom build command for `sentencepiece-sys v0.13.2`
[INFO] [stderr] note: To improve backtraces for build dependencies, set the CARGO_PROFILE_DEV_BUILD_OVERRIDE_DEBUG=true environment variable to enable debug information generation.
[INFO] [stderr] 
[INFO] [stderr] Caused by:
[INFO] [stderr]   process didn't exit successfully: `/opt/rustwide/target/debug/build/sentencepiece-sys/e58bcf51a481e9da/out/build_script_build` (exit status: 101)
[INFO] [stderr]   --- stdout
[INFO] [stderr]   cargo:rerun-if-env-changed=SENTENCEPIECE_NO_PKG_CONFIG
[INFO] [stderr]   cargo:rerun-if-env-changed=PKG_CONFIG_x86_64-unknown-linux-gnu
[INFO] [stderr]   cargo:rerun-if-env-changed=PKG_CONFIG_x86_64_unknown_linux_gnu
[INFO] [stderr]   cargo:rerun-if-env-changed=HOST_PKG_CONFIG
[INFO] [stderr]   cargo:rerun-if-env-changed=PKG_CONFIG
[INFO] [stderr]   cargo:rerun-if-env-changed=SENTENCEPIECE_STATIC
[INFO] [stderr]   cargo:rerun-if-env-changed=SENTENCEPIECE_DYNAMIC
[INFO] [stderr]   cargo:rerun-if-env-changed=PKG_CONFIG_ALL_STATIC
[INFO] [stderr]   cargo:rerun-if-env-changed=PKG_CONFIG_ALL_DYNAMIC
[INFO] [stderr]   cargo:rerun-if-env-changed=PKG_CONFIG_PATH_x86_64-unknown-linux-gnu
[INFO] [stderr]   cargo:rerun-if-env-changed=PKG_CONFIG_PATH_x86_64_unknown_linux_gnu
[INFO] [stderr]   cargo:rerun-if-env-changed=HOST_PKG_CONFIG_PATH
[INFO] [stderr]   cargo:rerun-if-env-changed=PKG_CONFIG_PATH
[INFO] [stderr]   cargo:rerun-if-env-changed=PKG_CONFIG_LIBDIR_x86_64-unknown-linux-gnu
[INFO] [stderr]   cargo:rerun-if-env-changed=PKG_CONFIG_LIBDIR_x86_64_unknown_linux_gnu
[INFO] [stderr]   cargo:rerun-if-env-changed=HOST_PKG_CONFIG_LIBDIR
[INFO] [stderr]   cargo:rerun-if-env-changed=PKG_CONFIG_LIBDIR
[INFO] [stderr]   cargo:rerun-if-env-changed=PKG_CONFIG_SYSROOT_DIR_x86_64-unknown-linux-gnu
[INFO] [stderr]   cargo:rerun-if-env-changed=PKG_CONFIG_SYSROOT_DIR_x86_64_unknown_linux_gnu
[INFO] [stderr]   cargo:rerun-if-env-changed=HOST_PKG_CONFIG_SYSROOT_DIR
[INFO] [stderr]   cargo:rerun-if-env-changed=PKG_CONFIG_SYSROOT_DIR
[INFO] [stderr]   cargo:rerun-if-env-changed=CC_x86_64-unknown-linux-gnu
[INFO] [stderr]   CC_x86_64-unknown-linux-gnu = None
[INFO] [stderr]   cargo:rerun-if-env-changed=CC_x86_64_unknown_linux_gnu
[INFO] [stderr]   CC_x86_64_unknown_linux_gnu = None
[INFO] [stderr]   cargo:rerun-if-env-changed=HOST_CC
[INFO] [stderr]   HOST_CC = None
[INFO] [stderr]   cargo:rerun-if-env-changed=CC
[INFO] [stderr]   CC = None
[INFO] [stderr]   cargo:rerun-if-env-changed=CC_ENABLE_DEBUG_OUTPUT
[INFO] [stderr]   cargo:rerun-if-env-changed=CRATE_CC_NO_DEFAULTS
[INFO] [stderr]   CRATE_CC_NO_DEFAULTS = None
[INFO] [stderr]   cargo:rerun-if-env-changed=CRATE_CC_NO_DEFAULTS
[INFO] [stderr]   CRATE_CC_NO_DEFAULTS = None
[INFO] [stderr]   cargo:rerun-if-env-changed=CFLAGS
[INFO] [stderr]   CFLAGS = None
[INFO] [stderr]   cargo:rerun-if-env-changed=HOST_CFLAGS
[INFO] [stderr]   HOST_CFLAGS = None
[INFO] [stderr]   cargo:rerun-if-env-changed=CFLAGS_x86_64_unknown_linux_gnu
[INFO] [stderr]   CFLAGS_x86_64_unknown_linux_gnu = None
[INFO] [stderr]   cargo:rerun-if-env-changed=CFLAGS_x86_64-unknown-linux-gnu
[INFO] [stderr]   CFLAGS_x86_64-unknown-linux-gnu = None
[INFO] [stderr]   cargo:rerun-if-env-changed=CFLAGS
[INFO] [stderr]   CFLAGS = None
[INFO] [stderr]   cargo:rerun-if-env-changed=HOST_CFLAGS
[INFO] [stderr]   HOST_CFLAGS = None
[INFO] [stderr]   cargo:rerun-if-env-changed=CFLAGS_x86_64_unknown_linux_gnu
[INFO] [stderr]   CFLAGS_x86_64_unknown_linux_gnu = None
[INFO] [stderr]   cargo:rerun-if-env-changed=CFLAGS_x86_64-unknown-linux-gnu
[INFO] [stderr]   CFLAGS_x86_64-unknown-linux-gnu = None
[INFO] [stderr]   CMAKE_TOOLCHAIN_FILE_x86_64-unknown-linux-gnu = None
[INFO] [stderr]   CMAKE_TOOLCHAIN_FILE_x86_64_unknown_linux_gnu = None
[INFO] [stderr]   HOST_CMAKE_TOOLCHAIN_FILE = None
[INFO] [stderr]   CMAKE_TOOLCHAIN_FILE = None
[INFO] [stderr]   CMAKE_GENERATOR_x86_64-unknown-linux-gnu = None
[INFO] [stderr]   CMAKE_GENERATOR_x86_64_unknown_linux_gnu = None
[INFO] [stderr]   HOST_CMAKE_GENERATOR = None
[INFO] [stderr]   CMAKE_GENERATOR = None
[INFO] [stderr]   CMAKE_PREFIX_PATH_x86_64-unknown-linux-gnu = None
[INFO] [stderr]   CMAKE_PREFIX_PATH_x86_64_unknown_linux_gnu = None
[INFO] [stderr]   HOST_CMAKE_PREFIX_PATH = None
[INFO] [stderr]   CMAKE_PREFIX_PATH = None
[INFO] [stderr]   CMAKE_x86_64-unknown-linux-gnu = None
[INFO] [stderr]   CMAKE_x86_64_unknown_linux_gnu = None
[INFO] [stderr]   HOST_CMAKE = None
[INFO] [stderr]   CMAKE = None
[INFO] [stderr]   -- VERSION: 0.2.1
[INFO] [stderr]   -- The C compiler identification is GNU 15.2.0
[INFO] [stderr]   -- The CXX compiler identification is GNU 15.2.0
[INFO] [stderr]   -- Detecting C compiler ABI info
[INFO] [stderr]   -- Detecting C compiler ABI info - done
[INFO] [stderr]   -- Check for working C compiler: /usr/bin/cc - skipped
[INFO] [stderr]   -- Detecting C compile features
[INFO] [stderr]   -- Detecting C compile features - done
[INFO] [stderr]   -- Detecting CXX compiler ABI info
[INFO] [stderr]   -- Detecting CXX compiler ABI info - done
[INFO] [stderr]   -- Check for working CXX compiler: /usr/bin/c++ - skipped
[INFO] [stderr]   -- Detecting CXX compile features
[INFO] [stderr]   -- Detecting CXX compile features - done
[INFO] [stderr]   -- Performing Test CMAKE_HAVE_LIBC_PTHREAD
[INFO] [stderr]   -- Performing Test CMAKE_HAVE_LIBC_PTHREAD - Success
[INFO] [stderr]   -- Found Threads: TRUE
[INFO] [stderr]   -- Not Found TCMalloc: TCMALLOC_LIB-NOTFOUND
[INFO] [stderr]   -- Configuring done (5.3s)
[INFO] [stderr]   -- Generating done (0.5s)
[INFO] [stderr]   -- Build files have been written to: /opt/rustwide/target/debug/build/sentencepiece-sys/26c2458e00c5879b/out/build
[INFO] [stderr]   [  0%] Building CXX object src/CMakeFiles/sentencepiece.dir/__/third_party/protobuf-lite/arena.cc.o
[INFO] [stderr]   [  1%] Building CXX object src/CMakeFiles/sentencepiece.dir/__/third_party/protobuf-lite/arenastring.cc.o
[INFO] [stderr]   [  2%] Building CXX object src/CMakeFiles/sentencepiece.dir/__/third_party/protobuf-lite/bytestream.cc.o
[INFO] [stderr]   [  3%] Building CXX object src/CMakeFiles/sentencepiece.dir/__/third_party/protobuf-lite/coded_stream.cc.o
[INFO] [stderr]   [  4%] Building CXX object src/CMakeFiles/sentencepiece.dir/__/third_party/protobuf-lite/common.cc.o
[INFO] [stderr]   [  5%] Building CXX object src/CMakeFiles/sentencepiece.dir/__/third_party/protobuf-lite/extension_set.cc.o
[INFO] [stderr]   [  6%] Building CXX object src/CMakeFiles/sentencepiece-static.dir/__/third_party/protobuf-lite/arena.cc.o
[INFO] [stderr]   [  7%] Building CXX object src/CMakeFiles/sentencepiece.dir/__/third_party/protobuf-lite/generated_enum_util.cc.o
[INFO] [stderr]   [  8%] Building CXX object src/CMakeFiles/sentencepiece_train-static.dir/builder.cc.o
[INFO] [stderr]   [  9%] Building CXX object src/CMakeFiles/sentencepiece.dir/__/third_party/protobuf-lite/generated_message_table_driven_lite.cc.o
[INFO] [stderr]   [ 10%] Building CXX object src/CMakeFiles/sentencepiece-static.dir/__/third_party/protobuf-lite/arenastring.cc.o
[INFO] [stderr]   [ 11%] Building CXX object src/CMakeFiles/sentencepiece_train-static.dir/unicode_script.cc.o
[INFO] [stderr]   [ 11%] Building CXX object src/CMakeFiles/sentencepiece.dir/__/third_party/protobuf-lite/generated_message_util.cc.o
[INFO] [stderr]   [ 12%] Building CXX object src/CMakeFiles/sentencepiece-static.dir/__/third_party/protobuf-lite/bytestream.cc.o
[INFO] [stderr]   [ 13%] Building CXX object src/CMakeFiles/sentencepiece-static.dir/__/third_party/protobuf-lite/coded_stream.cc.o
[INFO] [stderr]   [ 14%] Building CXX object src/CMakeFiles/sentencepiece.dir/__/third_party/protobuf-lite/implicit_weak_message.cc.o
[INFO] [stderr]   [ 15%] Building CXX object src/CMakeFiles/sentencepiece-static.dir/__/third_party/protobuf-lite/common.cc.o
[INFO] [stderr]   [ 16%] Building CXX object src/CMakeFiles/sentencepiece_train-static.dir/trainer_factory.cc.o
[INFO] [stderr]   [ 17%] Building CXX object src/CMakeFiles/sentencepiece-static.dir/__/third_party/protobuf-lite/extension_set.cc.o
[INFO] [stderr]   [ 18%] Building CXX object src/CMakeFiles/sentencepiece-static.dir/__/third_party/protobuf-lite/generated_enum_util.cc.o
[INFO] [stderr]   [ 19%] Building CXX object src/CMakeFiles/sentencepiece.dir/__/third_party/protobuf-lite/int128.cc.o
[INFO] [stderr]   [ 19%] Building CXX object src/CMakeFiles/sentencepiece-static.dir/__/third_party/protobuf-lite/generated_message_table_driven_lite.cc.o
[INFO] [stderr]   [ 20%] Building CXX object src/CMakeFiles/sentencepiece.dir/__/third_party/protobuf-lite/io_win32.cc.o
[INFO] [stderr]   [ 21%] Building CXX object src/CMakeFiles/sentencepiece.dir/__/third_party/protobuf-lite/message_lite.cc.o
[INFO] [stderr]   [ 22%] Building CXX object src/CMakeFiles/sentencepiece-static.dir/__/third_party/protobuf-lite/generated_message_util.cc.o
[INFO] [stderr]   [ 23%] Building CXX object src/CMakeFiles/sentencepiece-static.dir/__/third_party/protobuf-lite/implicit_weak_message.cc.o
[INFO] [stderr]   [ 24%] Building CXX object src/CMakeFiles/sentencepiece_train-static.dir/trainer_interface.cc.o
[INFO] [stderr]   [ 25%] Building CXX object src/CMakeFiles/sentencepiece.dir/__/third_party/protobuf-lite/parse_context.cc.o
[INFO] [stderr]   [ 25%] Building CXX object src/CMakeFiles/sentencepiece_train-static.dir/unigram_model_trainer.cc.o
[INFO] [stderr]   [ 26%] Building CXX object src/CMakeFiles/sentencepiece_train-static.dir/word_model_trainer.cc.o
[INFO] [stderr]   [ 27%] Building CXX object src/CMakeFiles/sentencepiece.dir/__/third_party/protobuf-lite/repeated_field.cc.o
[INFO] [stderr]   [ 28%] Building CXX object src/CMakeFiles/sentencepiece.dir/__/third_party/protobuf-lite/status.cc.o
[INFO] [stderr]   [ 29%] Building CXX object src/CMakeFiles/sentencepiece-static.dir/__/third_party/protobuf-lite/int128.cc.o
[INFO] [stderr]   [ 29%] Building CXX object src/CMakeFiles/sentencepiece.dir/__/third_party/protobuf-lite/statusor.cc.o
[INFO] [stderr]   [ 30%] Building CXX object src/CMakeFiles/sentencepiece.dir/__/third_party/protobuf-lite/stringpiece.cc.o
[INFO] [stderr]   [ 31%] Building CXX object src/CMakeFiles/sentencepiece.dir/__/third_party/protobuf-lite/stringprintf.cc.o
[INFO] [stderr]   [ 32%] Building CXX object src/CMakeFiles/sentencepiece.dir/__/third_party/protobuf-lite/structurally_valid.cc.o
[INFO] [stderr]   [ 33%] Building CXX object src/CMakeFiles/sentencepiece.dir/__/third_party/protobuf-lite/strutil.cc.o
[INFO] [stderr]   [ 34%] Building CXX object src/CMakeFiles/sentencepiece-static.dir/__/third_party/protobuf-lite/io_win32.cc.o
[INFO] [stderr]   [ 35%] Building CXX object src/CMakeFiles/sentencepiece-static.dir/__/third_party/protobuf-lite/message_lite.cc.o
[INFO] [stderr]   [ 36%] Building CXX object src/CMakeFiles/sentencepiece-static.dir/__/third_party/protobuf-lite/parse_context.cc.o
[INFO] [stderr]   [ 37%] Building CXX object src/CMakeFiles/sentencepiece-static.dir/__/third_party/protobuf-lite/repeated_field.cc.o
[INFO] [stderr]   [ 38%] Building CXX object src/CMakeFiles/sentencepiece-static.dir/__/third_party/protobuf-lite/status.cc.o
[INFO] [stderr]   [ 39%] Building CXX object src/CMakeFiles/sentencepiece.dir/__/third_party/protobuf-lite/time.cc.o
[INFO] [stderr]   [ 40%] Building CXX object src/CMakeFiles/sentencepiece.dir/__/third_party/protobuf-lite/wire_format_lite.cc.o
[INFO] [stderr]   [ 40%] Building CXX object src/CMakeFiles/sentencepiece-static.dir/__/third_party/protobuf-lite/statusor.cc.o
[INFO] [stderr]   [ 41%] Building CXX object src/CMakeFiles/sentencepiece-static.dir/__/third_party/protobuf-lite/stringpiece.cc.o
[INFO] [stderr]   [ 42%] Building CXX object src/CMakeFiles/sentencepiece-static.dir/__/third_party/protobuf-lite/stringprintf.cc.o
[INFO] [stderr]   [ 43%] Building CXX object src/CMakeFiles/sentencepiece-static.dir/__/third_party/protobuf-lite/structurally_valid.cc.o
[INFO] [stderr]   [ 44%] Building CXX object src/CMakeFiles/sentencepiece.dir/__/third_party/protobuf-lite/zero_copy_stream.cc.o
[INFO] [stderr]   [ 45%] Building CXX object src/CMakeFiles/sentencepiece-static.dir/__/third_party/protobuf-lite/strutil.cc.o
[INFO] [stderr]   [ 45%] Building CXX object src/CMakeFiles/sentencepiece.dir/__/third_party/protobuf-lite/zero_copy_stream_impl.cc.o
[INFO] [stderr]   [ 46%] Building CXX object src/CMakeFiles/sentencepiece-static.dir/__/third_party/protobuf-lite/time.cc.o
[INFO] [stderr]   [ 47%] Building CXX object src/CMakeFiles/sentencepiece-static.dir/__/third_party/protobuf-lite/wire_format_lite.cc.o
[INFO] [stderr]   [ 48%] Building CXX object src/CMakeFiles/sentencepiece.dir/__/third_party/protobuf-lite/zero_copy_stream_impl_lite.cc.o
[INFO] [stderr]   [ 49%] Building CXX object src/CMakeFiles/sentencepiece-static.dir/__/third_party/protobuf-lite/zero_copy_stream.cc.o
[INFO] [stderr]   [ 49%] Building CXX object src/CMakeFiles/sentencepiece-static.dir/__/third_party/protobuf-lite/zero_copy_stream_impl.cc.o
[INFO] [stderr]   [ 50%] Building CXX object src/CMakeFiles/sentencepiece.dir/builtin_pb/sentencepiece.pb.cc.o
[INFO] [stderr]   [ 51%] Building CXX object src/CMakeFiles/sentencepiece-static.dir/__/third_party/protobuf-lite/zero_copy_stream_impl_lite.cc.o
[INFO] [stderr]   [ 52%] Building CXX object src/CMakeFiles/sentencepiece-static.dir/builtin_pb/sentencepiece_model.pb.cc.o
[INFO] [stderr]   [ 53%] Building CXX object src/CMakeFiles/sentencepiece-static.dir/builtin_pb/sentencepiece.pb.cc.o
[INFO] [stderr]   [ 54%] Building CXX object src/CMakeFiles/sentencepiece-static.dir/bpe_model.cc.o
[INFO] [stderr]   [ 55%] Building CXX object src/CMakeFiles/sentencepiece-static.dir/char_model.cc.o
[INFO] [stderr]   [ 56%] Building CXX object src/CMakeFiles/sentencepiece-static.dir/error.cc.o
[INFO] [stderr]   [ 57%] Building CXX object src/CMakeFiles/sentencepiece.dir/bpe_model.cc.o
[INFO] [stderr]   [ 58%] Building CXX object src/CMakeFiles/sentencepiece.dir/builtin_pb/sentencepiece_model.pb.cc.o
[INFO] [stderr]   [ 59%] Building CXX object src/CMakeFiles/sentencepiece-static.dir/filesystem.cc.o
[INFO] [stderr]   [ 60%] Building CXX object src/CMakeFiles/sentencepiece.dir/char_model.cc.o
[INFO] [stderr]   [ 60%] Building CXX object src/CMakeFiles/sentencepiece-static.dir/model_factory.cc.o
[INFO] [stderr]   [ 61%] Building CXX object src/CMakeFiles/sentencepiece.dir/error.cc.o
[INFO] [stderr]   [ 62%] Building CXX object src/CMakeFiles/sentencepiece.dir/filesystem.cc.o
[INFO] [stderr]   [ 62%] Building CXX object src/CMakeFiles/sentencepiece.dir/model_factory.cc.o
[INFO] [stderr]   [ 63%] Building CXX object src/CMakeFiles/sentencepiece.dir/model_interface.cc.o
[INFO] [stderr]   [ 64%] Building CXX object src/CMakeFiles/sentencepiece-static.dir/model_interface.cc.o
[INFO] [stderr]   [ 66%] Building CXX object src/CMakeFiles/sentencepiece-static.dir/sentencepiece_processor.cc.o
[INFO] [stderr]   [ 66%] Building CXX object src/CMakeFiles/sentencepiece-static.dir/normalizer.cc.o
[INFO] [stderr]   [ 67%] Building CXX object src/CMakeFiles/sentencepiece-static.dir/unigram_model.cc.o
[INFO] [stderr]   [ 68%] Building CXX object src/CMakeFiles/sentencepiece-static.dir/util.cc.o
[INFO] [stderr] 
[INFO] [stderr]   --- stderr
[INFO] [stderr]   running: cd "/opt/rustwide/target/debug/build/sentencepiece-sys/26c2458e00c5879b/out/build" && CMAKE_PREFIX_PATH="" LC_ALL="C" "cmake" "/opt/rustwide/cargo-home/registry/src/index.crates.io-1949cf8c6b5b557f/sentencepiece-sys-0.13.2/source" "-B" "/opt/rustwide/target/debug/build/sentencepiece-sys/26c2458e00c5879b/out/build" "-DCMAKE_POLICY_VERSION_MINIMUM=3.10" "-DCMAKE_INSTALL_PREFIX=/opt/rustwide/target/debug/build/sentencepiece-sys/26c2458e00c5879b/out" "-DCMAKE_C_FLAGS= -ffunction-sections -fdata-sections -fPIC -m64 -w" "-DCMAKE_C_COMPILER=/usr/bin/cc" "-DCMAKE_CXX_FLAGS= -ffunction-sections -fdata-sections -fPIC -m64 -w" "-DCMAKE_CXX_COMPILER=/usr/bin/c++" "-DCMAKE_ASM_FLAGS= -ffunction-sections -fdata-sections -fPIC -m64 -w" "-DCMAKE_ASM_COMPILER=/usr/bin/cc" "-DCMAKE_BUILD_TYPE=Debug"
[INFO] [stderr]   CMake Warning:
[INFO] [stderr]     Manually-specified variables were not used by the project:
[INFO] [stderr] 
[INFO] [stderr]       CMAKE_ASM_COMPILER
[INFO] [stderr]       CMAKE_ASM_FLAGS
[INFO] [stderr] 
[INFO] [stderr] 
[INFO] [stderr]   running: cd "/opt/rustwide/target/debug/build/sentencepiece-sys/26c2458e00c5879b/out/build" && LC_ALL="C" MAKEFLAGS="-j --jobserver-fds=4,5 --jobserver-auth=4,5" "cmake" "--build" "/opt/rustwide/target/debug/build/sentencepiece-sys/26c2458e00c5879b/out/build" "--target" "install" "--config" "Debug"
[INFO] [stderr]   c++: fatal error: Killed signal terminated program cc1plus
[INFO] [stderr]   compilation terminated.
[INFO] [stderr]   gmake[2]: *** [src/CMakeFiles/sentencepiece_train-static.dir/build.make:121: src/CMakeFiles/sentencepiece_train-static.dir/trainer_interface.cc.o] Error 1
[INFO] [stderr]   gmake[2]: *** Waiting for unfinished jobs....
[INFO] [stderr]   c++: fatal error: Killed signal terminated program cc1plus
[INFO] [stderr]   compilation terminated.
[INFO] [stderr]   gmake[2]: *** [src/CMakeFiles/sentencepiece_train-static.dir/build.make:135: src/CMakeFiles/sentencepiece_train-static.dir/unigram_model_trainer.cc.o] Error 1
[INFO] [stderr]   gmake[1]: *** [CMakeFiles/Makefile2:249: src/CMakeFiles/sentencepiece_train-static.dir/all] Error 2
[INFO] [stderr]   gmake[1]: *** Waiting for unfinished jobs....
[INFO] [stderr]   c++: fatal error: Killed signal terminated program cc1plus
[INFO] [stderr]   compilation terminated.
[INFO] [stderr]   gmake[2]: *** [src/CMakeFiles/sentencepiece.dir/build.make:457: src/CMakeFiles/sentencepiece.dir/builtin_pb/sentencepiece_model.pb.cc.o] Error 1
[INFO] [stderr]   gmake[2]: *** Waiting for unfinished jobs....
[INFO] [stderr]   c++: fatal error: Killed signal terminated program cc1plus
[INFO] [stderr]   compilation terminated.
[INFO] [stderr]   gmake[2]: *** [src/CMakeFiles/sentencepiece-static.dir/build.make:555: src/CMakeFiles/sentencepiece-static.dir/normalizer.cc.o] Error 1
[INFO] [stderr]   gmake[2]: *** Waiting for unfinished jobs....
[INFO] [stderr]   c++: fatal error: Killed signal terminated program cc1plus
[INFO] [stderr]   compilation terminated.
[INFO] [stderr]   gmake[2]: *** [src/CMakeFiles/sentencepiece.dir/build.make:541: src/CMakeFiles/sentencepiece.dir/model_interface.cc.o] Error 1
[INFO] [stderr]   gmake[1]: *** [CMakeFiles/Makefile2:153: src/CMakeFiles/sentencepiece.dir/all] Error 2
[INFO] [stderr]   c++: fatal error: Killed signal terminated program cc1plus
[INFO] [stderr]   compilation terminated.
[INFO] [stderr]   gmake[2]: *** [src/CMakeFiles/sentencepiece-static.dir/build.make:541: src/CMakeFiles/sentencepiece-static.dir/model_interface.cc.o] Error 1
[INFO] [stderr]   gmake[1]: *** [CMakeFiles/Makefile2:217: src/CMakeFiles/sentencepiece-static.dir/all] Error 2
[INFO] [stderr]   gmake: *** [Makefile:156: all] Error 2
[INFO] [stderr] 
[INFO] [stderr]   thread 'main' (2180) panicked at /opt/rustwide/cargo-home/registry/src/index.crates.io-1949cf8c6b5b557f/cmake-0.1.58/src/lib.rs:1132:5:
[INFO] [stderr] 
[INFO] [stderr]   command did not execute successfully, got: exit status: 2
[INFO] [stderr] 
[INFO] [stderr]   build script failed, must exit now
[INFO] [stderr]   stack backtrace:
[INFO] [stderr]      0:     0x6382b6d57e41 - std[3164a59e47d3bde]::backtrace_rs::backtrace::libunwind::trace
[INFO] [stderr]                                  at /rustc/3154cc1a3e6424e44f438a95007d043ed5ceaaf6/library/std/src/../../backtrace/src/backtrace/libunwind.rs:117:9
[INFO] [stderr]      1:     0x6382b6d57e41 - std[3164a59e47d3bde]::backtrace_rs::backtrace::trace_unsynchronized::<std[3164a59e47d3bde]::sys::backtrace::_print_fmt::{closure#1}>
[INFO] [stderr]                                  at /rustc/3154cc1a3e6424e44f438a95007d043ed5ceaaf6/library/std/src/../../backtrace/src/backtrace/mod.rs:66:14
[INFO] [stderr]      2:     0x6382b6d57e41 - std[3164a59e47d3bde]::sys::backtrace::_print_fmt
[INFO] [stderr]                                  at /rustc/3154cc1a3e6424e44f438a95007d043ed5ceaaf6/library/std/src/sys/backtrace.rs:74:9
[INFO] [stderr]      3:     0x6382b6d57e41 - <<std[3164a59e47d3bde]::sys::backtrace::BacktraceLock>::print::DisplayBacktrace as core[934024a1e6126fb4]::fmt::Display>::fmt
[INFO] [stderr]                                  at /rustc/3154cc1a3e6424e44f438a95007d043ed5ceaaf6/library/std/src/sys/backtrace.rs:44:26
[INFO] [stderr]      4:     0x6382b6d6da3a - <core[934024a1e6126fb4]::fmt::rt::Argument>::fmt
[INFO] [stderr]                                  at /rustc/3154cc1a3e6424e44f438a95007d043ed5ceaaf6/library/core/src/fmt/rt.rs:152:76
[INFO] [stderr]      5:     0x6382b6d6da3a - core[934024a1e6126fb4]::fmt::write
[INFO] [stderr]      6:     0x6382b6d5e4bc - core[934024a1e6126fb4]::io::write::default_write_fmt::<std[3164a59e47d3bde]::sys::stdio::unix::Stderr>
[INFO] [stderr]                                  at /rustc/3154cc1a3e6424e44f438a95007d043ed5ceaaf6/library/core/src/io/write.rs:402:11
[INFO] [stderr]      7:     0x6382b6d5e4bc - <std[3164a59e47d3bde]::sys::stdio::unix::Stderr as core[934024a1e6126fb4]::io::write::Write>::write_fmt
[INFO] [stderr]                                  at /rustc/3154cc1a3e6424e44f438a95007d043ed5ceaaf6/library/core/src/io/write.rs:335:13
[INFO] [stderr]      8:     0x6382b6d30886 - <std[3164a59e47d3bde]::sys::backtrace::BacktraceLock>::print
[INFO] [stderr]                                  at /rustc/3154cc1a3e6424e44f438a95007d043ed5ceaaf6/library/std/src/sys/backtrace.rs:47:9
[INFO] [stderr]      9:     0x6382b6d30886 - std[3164a59e47d3bde]::panicking::default_hook::{closure#0}
[INFO] [stderr]                                  at /rustc/3154cc1a3e6424e44f438a95007d043ed5ceaaf6/library/std/src/panicking.rs:289:27
[INFO] [stderr]     10:     0x6382b6d4ef21 - std[3164a59e47d3bde]::panicking::default_hook
[INFO] [stderr]                                  at /rustc/3154cc1a3e6424e44f438a95007d043ed5ceaaf6/library/std/src/panicking.rs:316:9
[INFO] [stderr]     11:     0x6382b6d4f0db - std[3164a59e47d3bde]::panicking::panic_with_hook
[INFO] [stderr]                                  at /rustc/3154cc1a3e6424e44f438a95007d043ed5ceaaf6/library/std/src/panicking.rs:811:13
[INFO] [stderr]     12:     0x6382b6d30932 - std[3164a59e47d3bde]::panicking::panic_handler::{closure#0}
[INFO] [stderr]                                  at /rustc/3154cc1a3e6424e44f438a95007d043ed5ceaaf6/library/std/src/panicking.rs:685:13
[INFO] [stderr]     13:     0x6382b6d294e9 - std[3164a59e47d3bde]::sys::backtrace::__rust_end_short_backtrace::<std[3164a59e47d3bde]::panicking::panic_handler::{closure#0}, !>
[INFO] [stderr]                                  at /rustc/3154cc1a3e6424e44f438a95007d043ed5ceaaf6/library/std/src/sys/backtrace.rs:182:18
[INFO] [stderr]     14:     0x6382b6d3161d - __rustc[2e7b49d4226056d3]::rust_begin_unwind
[INFO] [stderr]                                  at /rustc/3154cc1a3e6424e44f438a95007d043ed5ceaaf6/library/std/src/panicking.rs:676:5
[INFO] [stderr]     15:     0x6382b6d6e22c - core[934024a1e6126fb4]::panicking::panic_fmt
[INFO] [stderr]                                  at /rustc/3154cc1a3e6424e44f438a95007d043ed5ceaaf6/library/core/src/panicking.rs:80:14
[INFO] [stderr]     16:     0x6382b6c85437 - cmake[8e7acf7e8525d726]::fail
[INFO] [stderr]     17:     0x6382b6c850c3 - cmake[8e7acf7e8525d726]::run
[INFO] [stderr]     18:     0x6382b6c8b0a5 - <cmake[8e7acf7e8525d726]::Config>::build
[INFO] [stderr]     19:     0x6382b6c582ae - build_script_build[65dbcd3c096c029f]::build_sentencepiece
[INFO] [stderr]     20:     0x6382b6c5898e - build_script_build[65dbcd3c096c029f]::main
[INFO] [stderr]     21:     0x6382b6c591f3 - <fn() as core[934024a1e6126fb4]::ops::function::FnOnce<()>>::call_once
[INFO] [stderr]     22:     0x6382b6c57eee - std[3164a59e47d3bde]::sys::backtrace::__rust_begin_short_backtrace::<fn(), ()>
[INFO] [stderr]     23:     0x6382b6c57ef9 - std[3164a59e47d3bde]::rt::lang_start::<()>::{closure#0}
[INFO] [stderr]     24:     0x6382b6d4e228 - <&dyn core[934024a1e6126fb4]::ops::function::Fn<(), Output = i32> + core[934024a1e6126fb4]::marker::Sync + core[934024a1e6126fb4]::panic::unwind_safe::RefUnwindSafe as core[934024a1e6126fb4]::ops::function::FnOnce<()>>::call_once
[INFO] [stderr]                                  at /rustc/3154cc1a3e6424e44f438a95007d043ed5ceaaf6/library/core/src/ops/function.rs:287:21
[INFO] [stderr]     25:     0x6382b6d4e228 - std[3164a59e47d3bde]::panicking::catch_unwind::do_call::<&dyn core[934024a1e6126fb4]::ops::function::Fn<(), Output = i32> + core[934024a1e6126fb4]::marker::Sync + core[934024a1e6126fb4]::panic::unwind_safe::RefUnwindSafe, i32>
[INFO] [stderr]                                  at /rustc/3154cc1a3e6424e44f438a95007d043ed5ceaaf6/library/std/src/panicking.rs:573:43
[INFO] [stderr]     26:     0x6382b6d4e228 - std[3164a59e47d3bde]::panicking::catch_unwind::<i32, &dyn core[934024a1e6126fb4]::ops::function::Fn<(), Output = i32> + core[934024a1e6126fb4]::marker::Sync + core[934024a1e6126fb4]::panic::unwind_safe::RefUnwindSafe>
[INFO] [stderr]                                  at /rustc/3154cc1a3e6424e44f438a95007d043ed5ceaaf6/library/std/src/panicking.rs:541:19
[INFO] [stderr]     27:     0x6382b6d4e228 - std[3164a59e47d3bde]::panic::catch_unwind::<&dyn core[934024a1e6126fb4]::ops::function::Fn<(), Output = i32> + core[934024a1e6126fb4]::marker::Sync + core[934024a1e6126fb4]::panic::unwind_safe::RefUnwindSafe, i32>
[INFO] [stderr]                                  at /rustc/3154cc1a3e6424e44f438a95007d043ed5ceaaf6/library/std/src/panic.rs:359:14
[INFO] [stderr]     28:     0x6382b6d4e228 - std[3164a59e47d3bde]::rt::lang_start_internal::{closure#0}
[INFO] [stderr]                                  at /rustc/3154cc1a3e6424e44f438a95007d043ed5ceaaf6/library/std/src/rt.rs:175:24
[INFO] [stderr]     29:     0x6382b6d4e228 - std[3164a59e47d3bde]::panicking::catch_unwind::do_call::<std[3164a59e47d3bde]::rt::lang_start_internal::{closure#0}, isize>
[INFO] [stderr]                                  at /rustc/3154cc1a3e6424e44f438a95007d043ed5ceaaf6/library/std/src/panicking.rs:573:43
[INFO] [stderr]     30:     0x6382b6d4e228 - std[3164a59e47d3bde]::panicking::catch_unwind::<isize, std[3164a59e47d3bde]::rt::lang_start_internal::{closure#0}>
[INFO] [stderr]                                  at /rustc/3154cc1a3e6424e44f438a95007d043ed5ceaaf6/library/std/src/panicking.rs:541:19
[INFO] [stderr]     31:     0x6382b6d4e228 - std[3164a59e47d3bde]::panic::catch_unwind::<std[3164a59e47d3bde]::rt::lang_start_internal::{closure#0}, isize>
[INFO] [stderr]                                  at /rustc/3154cc1a3e6424e44f438a95007d043ed5ceaaf6/library/std/src/panic.rs:359:14
[INFO] [stderr]     32:     0x6382b6d4e228 - std[3164a59e47d3bde]::rt::lang_start_internal
[INFO] [stderr]                                  at /rustc/3154cc1a3e6424e44f438a95007d043ed5ceaaf6/library/std/src/rt.rs:171:5
[INFO] [stderr]     33:     0x6382b6c57ee1 - std[3164a59e47d3bde]::rt::lang_start::<()>
[INFO] [stderr]     34:     0x6382b6c59265 - main
[INFO] [stderr]     35:     0x7846b2b89601 - <unknown>
[INFO] [stderr]     36:     0x7846b2b89718 - __libc_start_main
[INFO] [stderr]     37:     0x6382b6c56c55 - _start
[INFO] [stderr]     38:                0x0 - <unknown>
[INFO] running `Command { std: "docker" "inspect" "65c8fb116db1e7285d48ce09faf1de609c0104d4e7899016ae0713bb8cffe07c", kill_on_drop: false }`
[INFO] running `Command { std: "docker" "rm" "-f" "65c8fb116db1e7285d48ce09faf1de609c0104d4e7899016ae0713bb8cffe07c", kill_on_drop: false }`
[INFO] [stdout] 65c8fb116db1e7285d48ce09faf1de609c0104d4e7899016ae0713bb8cffe07c
