[INFO] cloning repository https://github.com/King-witcher/gleed-ash
[INFO] running `Command { std: "git" "-c" "credential.helper=" "-c" "credential.helper=/workspace/cargo-home/bin/git-credential-null" "clone" "--bare" "https://github.com/King-witcher/gleed-ash" "/workspace/cache/git-repos/https%3A%2F%2Fgithub.com%2FKing-witcher%2Fgleed-ash", kill_on_drop: false }`
[INFO] [stderr] Cloning into bare repository '/workspace/cache/git-repos/https%3A%2F%2Fgithub.com%2FKing-witcher%2Fgleed-ash'...
[INFO] running `Command { std: "git" "rev-parse" "HEAD", kill_on_drop: false }`
[INFO] [stdout] 535dba1aa10ec715336482bbfa10711a99c05146
[INFO] checking King-witcher/gleed-ash against 3154cc1a3e6424e44f438a95007d043ed5ceaaf6+rustflags=-Znext-solver=coherence for pr-133502-30
[INFO] running `Command { std: "git" "clone" "/workspace/cache/git-repos/https%3A%2F%2Fgithub.com%2FKing-witcher%2Fgleed-ash" "/workspace/builds/worker-6-tc1/source", kill_on_drop: false }`
[INFO] [stderr] Cloning into '/workspace/builds/worker-6-tc1/source'...
[INFO] [stderr] done.
[INFO] started tweaking git repo https://github.com/King-witcher/gleed-ash
[INFO] finished tweaking git repo https://github.com/King-witcher/gleed-ash
[INFO] tweaked toml for git repo https://github.com/King-witcher/gleed-ash written to /workspace/builds/worker-6-tc1/source/Cargo.toml
[INFO] validating manifest of git repo https://github.com/King-witcher/gleed-ash on toolchain 3154cc1a3e6424e44f438a95007d043ed5ceaaf6
[INFO] running `Command { std: CARGO_HOME="/workspace/cargo-home" RUSTUP_HOME="/workspace/rustup-home" "/workspace/cargo-home/bin/cargo" "+3154cc1a3e6424e44f438a95007d043ed5ceaaf6" "metadata" "--manifest-path" "Cargo.toml" "--no-deps", kill_on_drop: false }`
[INFO] crate git repo https://github.com/King-witcher/gleed-ash already has a lockfile, it will not be regenerated
[INFO] running `Command { std: CARGO_HOME="/workspace/cargo-home" RUSTUP_HOME="/workspace/rustup-home" "/workspace/cargo-home/bin/cargo" "+3154cc1a3e6424e44f438a95007d043ed5ceaaf6" "fetch" "--manifest-path" "Cargo.toml", kill_on_drop: false }`
[INFO] [stderr] warning: unused build dependency `zip`
[INFO] [stderr]   --> resource-manager/Cargo.toml:12:1
[INFO] [stderr]    |
[INFO] [stderr] 12 | zip = "8.6.0"
[INFO] [stderr]    | ^^^^^^^^^^^^^
[INFO] [stderr]    |
[INFO] [stderr]    = note: `cargo::unused_dependencies` is set to `warn` by default
[INFO] [stderr] help: consider removing the dependency on `zip`
[INFO] [stderr] warning: `resource-manager` (manifest) generated 1 warning
[INFO] [stderr]     Blocking waiting for file lock on package cache
[INFO] [stderr]     Updating crates.io index
[INFO] [stderr]     Blocking waiting for file lock on package cache
[INFO] [stderr]  Downloading crates ...
[INFO] [stderr]   Downloaded aes v0.9.2
[INFO] [stderr]   Downloaded sdl3-sys v0.6.8+SDL-3.4.14
[INFO] [stderr]   Downloaded sdl3 v0.18.4
[INFO] [stderr]   Downloaded glam v0.33.3
[INFO] running `Command { std: "docker" "create" "-v" "/var/lib/crater-agent-workspace/builds/worker-6-tc1/source:/opt/rustwide/workdir:ro,Z" "-v" "/var/lib/crater-agent-workspace/builds/worker-6-tc1/target:/opt/rustwide/target:rw,Z" "-v" "/var/lib/crater-agent-workspace/cargo-home:/opt/rustwide/cargo-home:ro,Z" "-v" "/var/lib/crater-agent-workspace/rustup-home:/opt/rustwide/rustup-home:ro,Z" "-m" "1610612736" "--network" "none" "ghcr.io/rust-lang/crates-build-env/linux@sha256:77db811e55d90add9212f6832c23229e3de5f1c1f9905e8cb07319ea15df73ac" "sleep" "infinity", kill_on_drop: false }`
[INFO] [stdout] b41028bc19b19814a0531cb67fa6dc546fbb723744de892f4706a22f49b15e59
[INFO] running `Command { std: "docker" "start" "b41028bc19b19814a0531cb67fa6dc546fbb723744de892f4706a22f49b15e59", kill_on_drop: false }`
[INFO] running `Command { std: "docker" "inspect" "b41028bc19b19814a0531cb67fa6dc546fbb723744de892f4706a22f49b15e59", kill_on_drop: false }`
[INFO] running `Command { std: "docker" "exec" "-e" "SOURCE_DIR=/opt/rustwide/workdir" "-e" "CARGO_HOME=/opt/rustwide/cargo-home" "-e" "RUSTUP_HOME=/opt/rustwide/rustup-home" "-e" "CARGO_TARGET_DIR=/opt/rustwide/target" "-w" "/opt/rustwide/workdir" "--user" "0:0" "b41028bc19b19814a0531cb67fa6dc546fbb723744de892f4706a22f49b15e59" "/opt/rustwide/cargo-home/bin/cargo" "+3154cc1a3e6424e44f438a95007d043ed5ceaaf6" "metadata" "--no-deps" "--format-version=1", kill_on_drop: false }`
[INFO] running `Command { std: "docker" "inspect" "b41028bc19b19814a0531cb67fa6dc546fbb723744de892f4706a22f49b15e59", kill_on_drop: false }`
[INFO] running `Command { std: "docker" "exec" "-e" "SOURCE_DIR=/opt/rustwide/workdir" "-e" "CARGO_HOME=/opt/rustwide/cargo-home" "-e" "RUSTUP_HOME=/opt/rustwide/rustup-home" "-e" "CARGO_TARGET_DIR=/opt/rustwide/target" "-e" "CARGO_INCREMENTAL=0" "-e" "RUST_BACKTRACE=full" "-e" "RUSTFLAGS=--cap-lints=forbid -Znext-solver=coherence" "-e" "RUSTDOCFLAGS=--cap-lints=forbid" "-w" "/opt/rustwide/workdir" "--user" "0:0" "b41028bc19b19814a0531cb67fa6dc546fbb723744de892f4706a22f49b15e59" "/opt/rustwide/cargo-home/bin/cargo" "+3154cc1a3e6424e44f438a95007d043ed5ceaaf6" "check" "--frozen" "--all" "--all-targets" "--message-format=json", kill_on_drop: false }`
[INFO] [stderr] warning: unused build dependency `zip`
[INFO] [stderr]   --> resource-manager/Cargo.toml:12:1
[INFO] [stderr]    |
[INFO] [stderr] 12 | zip = "8.6.0"
[INFO] [stderr]    | ^^^^^^^^^^^^^
[INFO] [stderr]    |
[INFO] [stderr]    = note: `cargo::unused_dependencies` is set to `warn` by default
[INFO] [stderr] help: consider removing the dependency on `zip`
[INFO] [stderr] warning: `resource-manager` (manifest) generated 1 warning
[INFO] [stderr]     Checking hybrid-array v0.4.14
[INFO] [stderr]    Compiling crossbeam-epoch v0.9.20
[INFO] [stderr]    Compiling crossbeam-deque v0.8.7
[INFO] [stderr]    Compiling syn v2.0.119
[INFO] [stderr]    Compiling syn v3.0.3
[INFO] [stderr]    Compiling cc v1.4.3
[INFO] [stderr]     Checking num-integer v0.1.47
[INFO] [stderr]     Checking arrayvec v0.7.8
[INFO] [stderr]    Compiling libm v0.2.16
[INFO] [stderr]     Checking zlib-rs v0.6.7
[INFO] [stderr]     Checking num-bigint v0.4.8
[INFO] [stderr]    Compiling pulp v0.22.3
[INFO] [stderr]     Checking no_std_io2 v0.9.4
[INFO] [stderr]     Checking rayon-core v1.13.0
[INFO] [stderr]    Compiling zstd-safe v7.2.4
[INFO] [stderr]     Checking crypto-common v0.2.2
[INFO] [stderr]     Checking block-buffer v0.12.1
[INFO] [stderr]    Compiling ash v0.38.0+1.3.281
[INFO] [stderr]     Checking inout v0.2.2
[INFO] [stderr]     Checking bitstream-io v4.10.0
[INFO] [stderr]     Checking rayon v1.12.0
[INFO] [stderr]     Checking num-rational v0.4.2
[INFO] [stderr]     Checking digest v0.11.3
[INFO] [stderr]     Checking flate2 v1.1.9
[INFO] [stderr]     Checking raw-cpuid v11.6.0
[INFO] [stderr]    Compiling sdl3-sys v0.6.8+SDL-3.4.14
[INFO] [stderr]     Checking itertools v0.14.0
[INFO] [stderr]    Compiling simd_helpers v0.1.0
[INFO] [stderr]    Compiling zstd-sys v2.0.16+zstd.1.5.7
[INFO] [stderr]     Checking pulp-wasm-simd-flag v0.1.1
[INFO] [stderr]    Compiling getrandom v0.4.3
[INFO] [stderr]     Checking reborrow v0.5.5
[INFO] [stderr]    Compiling noop_proc_macro v0.3.0
[INFO] [stderr]     Checking imgref v1.12.2
[INFO] [stderr]     Checking sha2 v0.11.0
[INFO] [stderr]     Checking loop9 v0.1.5
[INFO] [stderr]    Compiling bytemuck_derive v1.12.0
[INFO] [stderr]    Compiling thiserror-impl v2.0.20
[INFO] [stderr]     Checking maybe-rayon v0.1.1
[INFO] [stderr]     Checking hmac v0.13.0
[INFO] [stderr]     Checking cipher v0.5.2
[INFO] [stderr]     Checking avif-serialize v0.8.9
[INFO] [stderr]     Checking zune-inflate v0.2.54
[INFO] [stderr]     Checking lebe v0.5.3
[INFO] [stderr]     Checking libbz2-rs-sys v0.2.5
[INFO] [stderr]     Checking bumpalo v3.20.3
[INFO] [stderr]     Checking bit_field v0.10.3
[INFO] [stderr]     Checking rgb v0.8.53
[INFO] [stderr]     Checking time v0.3.55
[INFO] [stderr]     Checking bytemuck v1.25.2
[INFO] [stderr]     Checking aes v0.9.2
[INFO] [stderr]     Checking num-complex v0.4.6
[INFO] [stderr]     Checking bzip2 v0.6.1
[INFO] [stderr]     Checking thiserror v2.0.20
[INFO] [stderr]     Checking qoi v0.4.1
[INFO] [stderr]     Checking zopfli v0.8.3
[INFO] [stderr]     Checking moxcms v0.8.1
[INFO] [stderr]     Checking png v0.18.1
[INFO] [stderr]     Checking lzma-rust2 v0.16.5
[INFO] [stderr]     Checking pbkdf2 v0.13.0
[INFO] [stderr]     Checking sha1 v0.11.0
[INFO] [stderr]     Checking constant_time_eq v0.4.2
[INFO] [stderr]     Checking ppmd-rust v1.4.0
[INFO] [stderr]     Checking deflate64 v0.1.12
[INFO] [stderr]    Compiling equator-macro v0.4.2
[INFO] [stderr]    Compiling zerocopy-derive v0.8.56
[INFO] [stderr]    Compiling profiling-procmacros v1.0.18
[INFO] [stderr]    Compiling arg_enum_proc_macro v0.3.4
[INFO] [stderr]     Checking profiling v1.0.18
[INFO] [stderr]    Compiling num-derive v0.4.2
[INFO] [stderr]     Checking equator v0.4.2
[INFO] [stderr]     Checking aligned-vec v0.6.4
[INFO] [stderr]     Checking v_frame v0.3.9
[INFO] [stderr]    Compiling engine v0.1.0 (/opt/rustwide/workdir/engine)
[INFO] [stderr]     Checking av-scenechange v0.14.1
[INFO] [stderr]     Checking av1-grain v0.2.5
[INFO] [stderr]     Checking presser v0.3.1
[INFO] [stderr]     Checking gpu-allocator v0.28.0
[INFO] [stderr]     Checking rav1e v0.8.1
[INFO] [stderr] warning: engine@0.1.0: [FAILED] src/shaders/mesh.slang: unable to run slangc: No such file or directory (os error 2)
[INFO] [stderr] error: failed to run custom build command for `engine v0.1.0 (/opt/rustwide/workdir/engine)`
[INFO] [stderr] note: To improve backtraces for build dependencies, set the CARGO_PROFILE_DEV_BUILD_OVERRIDE_DEBUG=true environment variable to enable debug information generation.
[INFO] [stderr] 
[INFO] [stderr] Caused by:
[INFO] [stderr]   process didn't exit successfully: `/opt/rustwide/target/debug/build/engine/7870fa8a1fdb69c7/out/build_script_build` (exit status: 101)
[INFO] [stderr]   --- stdout
[INFO] [stderr]   cargo::rerun-if-changed=/opt/rustwide/workdir/engine/src/shaders
[INFO] [stderr]   cargo::rerun-if-changed=/opt/rustwide/workdir/engine/src/shaders/mesh.slang
[INFO] [stderr]   cargo::warning=[FAILED] src/shaders/mesh.slang: unable to run slangc: No such file or directory (os error 2)
[INFO] [stderr] 
[INFO] [stderr]   --- stderr
[INFO] [stderr] 
[INFO] [stderr]   thread 'main' (860) panicked at engine/build.rs:55:9:
[INFO] [stderr]   slangc: 1 out of 1 shader(s) failed
[INFO] [stderr]   stack backtrace:
[INFO] [stderr]      0:     0x6397c6cc9811 - std[3164a59e47d3bde]::backtrace_rs::backtrace::libunwind::trace
[INFO] [stderr]                                  at /rustc/3154cc1a3e6424e44f438a95007d043ed5ceaaf6/library/std/src/../../backtrace/src/backtrace/libunwind.rs:117:9
[INFO] [stderr]      1:     0x6397c6cc9811 - std[3164a59e47d3bde]::backtrace_rs::backtrace::trace_unsynchronized::<std[3164a59e47d3bde]::sys::backtrace::_print_fmt::{closure#1}>
[INFO] [stderr]                                  at /rustc/3154cc1a3e6424e44f438a95007d043ed5ceaaf6/library/std/src/../../backtrace/src/backtrace/mod.rs:66:14
[INFO] [stderr]      2:     0x6397c6cc9811 - std[3164a59e47d3bde]::sys::backtrace::_print_fmt
[INFO] [stderr]                                  at /rustc/3154cc1a3e6424e44f438a95007d043ed5ceaaf6/library/std/src/sys/backtrace.rs:74:9
[INFO] [stderr]      3:     0x6397c6cc9811 - <<std[3164a59e47d3bde]::sys::backtrace::BacktraceLock>::print::DisplayBacktrace as core[934024a1e6126fb4]::fmt::Display>::fmt
[INFO] [stderr]                                  at /rustc/3154cc1a3e6424e44f438a95007d043ed5ceaaf6/library/std/src/sys/backtrace.rs:44:26
[INFO] [stderr]      4:     0x6397c6cdb96a - <core[934024a1e6126fb4]::fmt::rt::Argument>::fmt
[INFO] [stderr]                                  at /rustc/3154cc1a3e6424e44f438a95007d043ed5ceaaf6/library/core/src/fmt/rt.rs:152:76
[INFO] [stderr]      5:     0x6397c6cdb96a - core[934024a1e6126fb4]::fmt::write
[INFO] [stderr]      6:     0x6397c6ccdfac - core[934024a1e6126fb4]::io::write::default_write_fmt::<std[3164a59e47d3bde]::sys::stdio::unix::Stderr>
[INFO] [stderr]                                  at /rustc/3154cc1a3e6424e44f438a95007d043ed5ceaaf6/library/core/src/io/write.rs:402:11
[INFO] [stderr]      7:     0x6397c6ccdfac - <std[3164a59e47d3bde]::sys::stdio::unix::Stderr as core[934024a1e6126fb4]::io::write::Write>::write_fmt
[INFO] [stderr]                                  at /rustc/3154cc1a3e6424e44f438a95007d043ed5ceaaf6/library/core/src/io/write.rs:335:13
[INFO] [stderr]      8:     0x6397c6caab06 - <std[3164a59e47d3bde]::sys::backtrace::BacktraceLock>::print
[INFO] [stderr]                                  at /rustc/3154cc1a3e6424e44f438a95007d043ed5ceaaf6/library/std/src/sys/backtrace.rs:47:9
[INFO] [stderr]      9:     0x6397c6caab06 - std[3164a59e47d3bde]::panicking::default_hook::{closure#0}
[INFO] [stderr]                                  at /rustc/3154cc1a3e6424e44f438a95007d043ed5ceaaf6/library/std/src/panicking.rs:289:27
[INFO] [stderr]     10:     0x6397c6cc4c51 - std[3164a59e47d3bde]::panicking::default_hook
[INFO] [stderr]                                  at /rustc/3154cc1a3e6424e44f438a95007d043ed5ceaaf6/library/std/src/panicking.rs:316:9
[INFO] [stderr]     11:     0x6397c6cc4e0b - std[3164a59e47d3bde]::panicking::panic_with_hook
[INFO] [stderr]                                  at /rustc/3154cc1a3e6424e44f438a95007d043ed5ceaaf6/library/std/src/panicking.rs:811:13
[INFO] [stderr]     12:     0x6397c6caabb2 - std[3164a59e47d3bde]::panicking::panic_handler::{closure#0}
[INFO] [stderr]                                  at /rustc/3154cc1a3e6424e44f438a95007d043ed5ceaaf6/library/std/src/panicking.rs:685:13
[INFO] [stderr]     13:     0x6397c6ca3979 - std[3164a59e47d3bde]::sys::backtrace::__rust_end_short_backtrace::<std[3164a59e47d3bde]::panicking::panic_handler::{closure#0}, !>
[INFO] [stderr]                                  at /rustc/3154cc1a3e6424e44f438a95007d043ed5ceaaf6/library/std/src/sys/backtrace.rs:182:18
[INFO] [stderr]     14:     0x6397c6cab3cd - __rustc[2e7b49d4226056d3]::rust_begin_unwind
[INFO] [stderr]                                  at /rustc/3154cc1a3e6424e44f438a95007d043ed5ceaaf6/library/std/src/panicking.rs:676:5
[INFO] [stderr]     15:     0x6397c6cdc0dc - core[934024a1e6126fb4]::panicking::panic_fmt
[INFO] [stderr]                                  at /rustc/3154cc1a3e6424e44f438a95007d043ed5ceaaf6/library/core/src/panicking.rs:80:14
[INFO] [stderr]     16:     0x6397c6c8c488 - build_script_build[7e75667b5ea24711]::main
[INFO] [stderr]     17:     0x6397c6c973f3 - <fn() as core[934024a1e6126fb4]::ops::function::FnOnce<()>>::call_once
[INFO] [stderr]     18:     0x6397c6c8725e - std[3164a59e47d3bde]::sys::backtrace::__rust_begin_short_backtrace::<fn(), ()>
[INFO] [stderr]     19:     0x6397c6c8b7b9 - std[3164a59e47d3bde]::rt::lang_start::<()>::{closure#0}
[INFO] [stderr]     20:     0x6397c6cc3d48 - <&dyn core[934024a1e6126fb4]::ops::function::Fn<(), Output = i32> + core[934024a1e6126fb4]::marker::Sync + core[934024a1e6126fb4]::panic::unwind_safe::RefUnwindSafe as core[934024a1e6126fb4]::ops::function::FnOnce<()>>::call_once
[INFO] [stderr]                                  at /rustc/3154cc1a3e6424e44f438a95007d043ed5ceaaf6/library/core/src/ops/function.rs:287:21
[INFO] [stderr]     21:     0x6397c6cc3d48 - std[3164a59e47d3bde]::panicking::catch_unwind::do_call::<&dyn core[934024a1e6126fb4]::ops::function::Fn<(), Output = i32> + core[934024a1e6126fb4]::marker::Sync + core[934024a1e6126fb4]::panic::unwind_safe::RefUnwindSafe, i32>
[INFO] [stderr]                                  at /rustc/3154cc1a3e6424e44f438a95007d043ed5ceaaf6/library/std/src/panicking.rs:573:43
[INFO] [stderr]     22:     0x6397c6cc3d48 - std[3164a59e47d3bde]::panicking::catch_unwind::<i32, &dyn core[934024a1e6126fb4]::ops::function::Fn<(), Output = i32> + core[934024a1e6126fb4]::marker::Sync + core[934024a1e6126fb4]::panic::unwind_safe::RefUnwindSafe>
[INFO] [stderr]                                  at /rustc/3154cc1a3e6424e44f438a95007d043ed5ceaaf6/library/std/src/panicking.rs:541:19
[INFO] [stderr]     23:     0x6397c6cc3d48 - std[3164a59e47d3bde]::panic::catch_unwind::<&dyn core[934024a1e6126fb4]::ops::function::Fn<(), Output = i32> + core[934024a1e6126fb4]::marker::Sync + core[934024a1e6126fb4]::panic::unwind_safe::RefUnwindSafe, i32>
[INFO] [stderr]                                  at /rustc/3154cc1a3e6424e44f438a95007d043ed5ceaaf6/library/std/src/panic.rs:359:14
[INFO] [stderr]     24:     0x6397c6cc3d48 - std[3164a59e47d3bde]::rt::lang_start_internal::{closure#0}
[INFO] [stderr]                                  at /rustc/3154cc1a3e6424e44f438a95007d043ed5ceaaf6/library/std/src/rt.rs:175:24
[INFO] [stderr]     25:     0x6397c6cc3d48 - std[3164a59e47d3bde]::panicking::catch_unwind::do_call::<std[3164a59e47d3bde]::rt::lang_start_internal::{closure#0}, isize>
[INFO] [stderr]                                  at /rustc/3154cc1a3e6424e44f438a95007d043ed5ceaaf6/library/std/src/panicking.rs:573:43
[INFO] [stderr]     26:     0x6397c6cc3d48 - std[3164a59e47d3bde]::panicking::catch_unwind::<isize, std[3164a59e47d3bde]::rt::lang_start_internal::{closure#0}>
[INFO] [stderr]                                  at /rustc/3154cc1a3e6424e44f438a95007d043ed5ceaaf6/library/std/src/panicking.rs:541:19
[INFO] [stderr]     27:     0x6397c6cc3d48 - std[3164a59e47d3bde]::panic::catch_unwind::<std[3164a59e47d3bde]::rt::lang_start_internal::{closure#0}, isize>
[INFO] [stderr]                                  at /rustc/3154cc1a3e6424e44f438a95007d043ed5ceaaf6/library/std/src/panic.rs:359:14
[INFO] [stderr]     28:     0x6397c6cc3d48 - std[3164a59e47d3bde]::rt::lang_start_internal
[INFO] [stderr]                                  at /rustc/3154cc1a3e6424e44f438a95007d043ed5ceaaf6/library/std/src/rt.rs:171:5
[INFO] [stderr]     29:     0x6397c6c8b371 - std[3164a59e47d3bde]::rt::lang_start::<()>
[INFO] [stderr]     30:     0x6397c6c8f3d5 - main
[INFO] [stderr]     31:     0x799a1740e601 - <unknown>
[INFO] [stderr]     32:     0x799a1740e718 - __libc_start_main
[INFO] [stderr]     33:     0x6397c6c86ef5 - _start
[INFO] [stderr]     34:                0x0 - <unknown>
[INFO] [stderr] warning: build failed, waiting for other jobs to finish...
[INFO] running `Command { std: "docker" "inspect" "b41028bc19b19814a0531cb67fa6dc546fbb723744de892f4706a22f49b15e59", kill_on_drop: false }`
[INFO] running `Command { std: "docker" "rm" "-f" "b41028bc19b19814a0531cb67fa6dc546fbb723744de892f4706a22f49b15e59", kill_on_drop: false }`
[INFO] [stdout] b41028bc19b19814a0531cb67fa6dc546fbb723744de892f4706a22f49b15e59
