[INFO] cloning repository https://github.com/Keegan-Wilgermein/atap
[INFO] running `Command { std: "git" "-c" "credential.helper=" "-c" "credential.helper=/workspace/cargo-home/bin/git-credential-null" "clone" "--bare" "https://github.com/Keegan-Wilgermein/atap" "/workspace/cache/git-repos/https%3A%2F%2Fgithub.com%2FKeegan-Wilgermein%2Fatap", kill_on_drop: false }`
[INFO] [stderr] Cloning into bare repository '/workspace/cache/git-repos/https%3A%2F%2Fgithub.com%2FKeegan-Wilgermein%2Fatap'...
[INFO] running `Command { std: "git" "rev-parse" "HEAD", kill_on_drop: false }`
[INFO] [stdout] ed705878cf3050df060d8e919fc979891cb59430
[INFO] checking Keegan-Wilgermein/atap against 3154cc1a3e6424e44f438a95007d043ed5ceaaf6 for pr-133502-30
[INFO] running `Command { std: "git" "clone" "/workspace/cache/git-repos/https%3A%2F%2Fgithub.com%2FKeegan-Wilgermein%2Fatap" "/workspace/builds/worker-2-tc2/source", kill_on_drop: false }`
[INFO] [stderr] Cloning into '/workspace/builds/worker-2-tc2/source'...
[INFO] [stderr] done.
[INFO] started tweaking git repo https://github.com/Keegan-Wilgermein/atap
[INFO] finished tweaking git repo https://github.com/Keegan-Wilgermein/atap
[INFO] tweaked toml for git repo https://github.com/Keegan-Wilgermein/atap written to /workspace/builds/worker-2-tc2/source/Cargo.toml
[INFO] validating manifest of git repo https://github.com/Keegan-Wilgermein/atap on toolchain 3154cc1a3e6424e44f438a95007d043ed5ceaaf6
[INFO] running `Command { std: CARGO_HOME="/workspace/cargo-home" RUSTUP_HOME="/workspace/rustup-home" "/workspace/cargo-home/bin/cargo" "+3154cc1a3e6424e44f438a95007d043ed5ceaaf6" "metadata" "--manifest-path" "Cargo.toml" "--no-deps", kill_on_drop: false }`
[INFO] crate git repo https://github.com/Keegan-Wilgermein/atap already has a lockfile, it will not be regenerated
[INFO] running `Command { std: CARGO_HOME="/workspace/cargo-home" RUSTUP_HOME="/workspace/rustup-home" "/workspace/cargo-home/bin/cargo" "+3154cc1a3e6424e44f438a95007d043ed5ceaaf6" "fetch" "--manifest-path" "Cargo.toml", kill_on_drop: false }`
[INFO] running `Command { std: "docker" "create" "-v" "/var/lib/crater-agent-workspace/builds/worker-2-tc2/source:/opt/rustwide/workdir:ro,Z" "-v" "/var/lib/crater-agent-workspace/builds/worker-2-tc2/target:/opt/rustwide/target:rw,Z" "-v" "/var/lib/crater-agent-workspace/cargo-home:/opt/rustwide/cargo-home:ro,Z" "-v" "/var/lib/crater-agent-workspace/rustup-home:/opt/rustwide/rustup-home:ro,Z" "-m" "1610612736" "--network" "none" "ghcr.io/rust-lang/crates-build-env/linux@sha256:77db811e55d90add9212f6832c23229e3de5f1c1f9905e8cb07319ea15df73ac" "sleep" "infinity", kill_on_drop: false }`
[INFO] [stdout] a9a96338901505c0a2bd5112ccbe5c9544c6d39ffb40eefeaee3c15255f647e2
[INFO] running `Command { std: "docker" "start" "a9a96338901505c0a2bd5112ccbe5c9544c6d39ffb40eefeaee3c15255f647e2", kill_on_drop: false }`
[INFO] running `Command { std: "docker" "inspect" "a9a96338901505c0a2bd5112ccbe5c9544c6d39ffb40eefeaee3c15255f647e2", kill_on_drop: false }`
[INFO] running `Command { std: "docker" "exec" "-e" "SOURCE_DIR=/opt/rustwide/workdir" "-e" "CARGO_HOME=/opt/rustwide/cargo-home" "-e" "RUSTUP_HOME=/opt/rustwide/rustup-home" "-e" "CARGO_TARGET_DIR=/opt/rustwide/target" "-w" "/opt/rustwide/workdir" "--user" "0:0" "a9a96338901505c0a2bd5112ccbe5c9544c6d39ffb40eefeaee3c15255f647e2" "/opt/rustwide/cargo-home/bin/cargo" "+3154cc1a3e6424e44f438a95007d043ed5ceaaf6" "metadata" "--no-deps" "--format-version=1", kill_on_drop: false }`
[INFO] running `Command { std: "docker" "inspect" "a9a96338901505c0a2bd5112ccbe5c9544c6d39ffb40eefeaee3c15255f647e2", kill_on_drop: false }`
[INFO] running `Command { std: "docker" "exec" "-e" "SOURCE_DIR=/opt/rustwide/workdir" "-e" "CARGO_HOME=/opt/rustwide/cargo-home" "-e" "RUSTUP_HOME=/opt/rustwide/rustup-home" "-e" "CARGO_TARGET_DIR=/opt/rustwide/target" "-e" "CARGO_INCREMENTAL=0" "-e" "RUST_BACKTRACE=full" "-e" "RUSTFLAGS=--cap-lints=forbid" "-e" "RUSTDOCFLAGS=--cap-lints=forbid" "-w" "/opt/rustwide/workdir" "--user" "0:0" "a9a96338901505c0a2bd5112ccbe5c9544c6d39ffb40eefeaee3c15255f647e2" "/opt/rustwide/cargo-home/bin/cargo" "+3154cc1a3e6424e44f438a95007d043ed5ceaaf6" "check" "--frozen" "--all" "--all-targets" "--message-format=json", kill_on_drop: false }`
[INFO] [stderr]    Compiling aws-lc-rs v1.18.1
[INFO] [stderr]    Compiling jobserver v0.1.35
[INFO] [stderr]     Checking time v0.3.55
[INFO] [stderr]     Checking rustls-pki-types v1.15.1
[INFO] [stderr]     Checking pem v4.0.0
[INFO] [stderr]     Checking atap v0.1.0 (/opt/rustwide/workdir)
[INFO] [stdout] error: atap only supports macOS
[INFO] [stdout]    --> src/lib.rs:119:1
[INFO] [stdout]     |
[INFO] [stdout] 119 | compile_error!("atap only supports macOS");
[INFO] [stdout]     | ^^^^^^^^^^^^^^^^^^^^^^^^^^^^^^^^^^^^^^^^^^
[INFO] [stdout] 
[INFO] [stdout] 
[INFO] [stderr]    Compiling cc v1.4.5
[INFO] [stderr]     Checking yasna v0.6.0
[INFO] [stderr]    Compiling cmake v0.1.58
[INFO] [stderr]    Compiling aws-lc-sys v0.45.0
[INFO] [stdout] error[E0425]: cannot find function `kqueue` in crate `libc`
[INFO] [stdout]    --> src/executor.rs:287:39
[INFO] [stdout]     |
[INFO] [stdout] 287 |         let id = match unsafe { libc::kqueue() }.check() {
[INFO] [stdout]     |                                       ^^^^^^ not found in `libc`
[INFO] [stdout] 
[INFO] [stdout] 
[INFO] [stdout] error[E0425]: cannot find value `EV_ERROR` in crate `libc`
[INFO] [stdout]     --> src/executor.rs:2546:36
[INFO] [stdout]      |
[INFO] [stdout] 2546 |             if event.flags & libc::EV_ERROR != 0 {
[INFO] [stdout]      |                                    ^^^^^^^^ not found in `libc`
[INFO] [stdout]      |
[INFO] [stdout] note: similarly named constant `SO_ERROR` defined here
[INFO] [stdout]     --> /opt/rustwide/cargo-home/registry/src/index.crates.io-1949cf8c6b5b557f/libc-0.2.186/src/unix/linux_like/linux/arch/generic/mod.rs:27:1
[INFO] [stdout]      |
[INFO] [stdout]   27 | pub const SO_ERROR: c_int = 4;
[INFO] [stdout]      | ^^^^^^^^^^^^^^^^^^^^^^^^^
[INFO] [stdout] help: a constant with a similar name exists
[INFO] [stdout]      |
[INFO] [stdout] 2546 -             if event.flags & libc::EV_ERROR != 0 {
[INFO] [stdout] 2546 +             if event.flags & libc::SO_ERROR != 0 {
[INFO] [stdout]      |
[INFO] [stdout] 
[INFO] [stdout] 
[INFO] [stdout] error[E0531]: cannot find unit struct, unit variant or constant `EVFILT_READ` in crate `libc`
[INFO] [stdout]     --> src/executor.rs:2553:23
[INFO] [stdout]      |
[INFO] [stdout] 2553 |                 libc::EVFILT_READ
[INFO] [stdout]      |                       ^^^^^^^^^^^ not found in `libc`
[INFO] [stdout] 
[INFO] [stdout] 
[INFO] [stdout] error[E0531]: cannot find unit struct, unit variant or constant `EVFILT_WRITE` in crate `libc`
[INFO] [stdout]     --> src/executor.rs:2554:25
[INFO] [stdout]      |
[INFO] [stdout] 2554 |                 | libc::EVFILT_WRITE
[INFO] [stdout]      |                         ^^^^^^^^^^^^ not found in `libc`
[INFO] [stdout] 
[INFO] [stdout] 
[INFO] [stdout] error[E0531]: cannot find unit struct, unit variant or constant `EVFILT_SIGNAL` in crate `libc`
[INFO] [stdout]     --> src/executor.rs:2555:25
[INFO] [stdout]      |
[INFO] [stdout] 2555 |                 | libc::EVFILT_SIGNAL
[INFO] [stdout]      |                         ^^^^^^^^^^^^^ not found in `libc`
[INFO] [stdout] 
[INFO] [stdout] 
[INFO] [stdout] error[E0531]: cannot find unit struct, unit variant or constant `EVFILT_VNODE` in crate `libc`
[INFO] [stdout]     --> src/executor.rs:2556:25
[INFO] [stdout]      |
[INFO] [stdout] 2556 |                 | libc::EVFILT_VNODE => {
[INFO] [stdout]      |                         ^^^^^^^^^^^^ not found in `libc`
[INFO] [stdout] 
[INFO] [stdout] 
[INFO] [stdout] error[E0531]: cannot find unit struct, unit variant or constant `EVFILT_TIMER` in crate `libc`
[INFO] [stdout]     --> src/executor.rs:2561:23
[INFO] [stdout]      |
[INFO] [stdout] 2561 |                 libc::EVFILT_TIMER if event.ident == MANAGER_TICK_IDENT => {}
[INFO] [stdout]      |                       ^^^^^^^^^^^^ not found in `libc`
[INFO] [stdout] 
[INFO] [stdout] 
[INFO] [stdout] error[E0531]: cannot find unit struct, unit variant or constant `EVFILT_TIMER` in crate `libc`
[INFO] [stdout]     --> src/executor.rs:2564:23
[INFO] [stdout]      |
[INFO] [stdout] 2564 |                 libc::EVFILT_TIMER if event.ident >= TIMEOUT_IDENT_BASE => {
[INFO] [stdout]      |                       ^^^^^^^^^^^^ not found in `libc`
[INFO] [stdout] 
[INFO] [stdout] 
[INFO] [stdout] error[E0531]: cannot find unit struct, unit variant or constant `EVFILT_TIMER` in crate `libc`
[INFO] [stdout]     --> src/executor.rs:2569:23
[INFO] [stdout]      |
[INFO] [stdout] 2569 |                 libc::EVFILT_TIMER if event.udata as usize == PARK_TIMER => {
[INFO] [stdout]      |                       ^^^^^^^^^^^^ not found in `libc`
[INFO] [stdout] 
[INFO] [stdout] 
[INFO] [stdout] error[E0531]: cannot find unit struct, unit variant or constant `EVFILT_TIMER` in crate `libc`
[INFO] [stdout]     --> src/executor.rs:2576:23
[INFO] [stdout]      |
[INFO] [stdout] 2576 |                 libc::EVFILT_TIMER => fire(event.ident),
[INFO] [stdout]      |                       ^^^^^^^^^^^^ not found in `libc`
[INFO] [stdout] 
[INFO] [stdout] 
[INFO] [stdout] error[E0425]: cannot find value `EV_ERROR` in crate `libc`
[INFO] [stdout]   --> src/reactor.rs:41:40
[INFO] [stdout]    |
[INFO] [stdout] 41 |                 if event.flags & libc::EV_ERROR != 0 {
[INFO] [stdout]    |                                        ^^^^^^^^ not found in `libc`
[INFO] [stdout]    |
[INFO] [stdout] note: similarly named constant `SO_ERROR` defined here
[INFO] [stdout]   --> /opt/rustwide/cargo-home/registry/src/index.crates.io-1949cf8c6b5b557f/libc-0.2.186/src/unix/linux_like/linux/arch/generic/mod.rs:27:1
[INFO] [stdout]    |
[INFO] [stdout] 27 | pub const SO_ERROR: c_int = 4;
[INFO] [stdout]    | ^^^^^^^^^^^^^^^^^^^^^^^^^
[INFO] [stdout] help: a constant with a similar name exists
[INFO] [stdout]    |
[INFO] [stdout] 41 -                 if event.flags & libc::EV_ERROR != 0 {
[INFO] [stdout] 41 +                 if event.flags & libc::SO_ERROR != 0 {
[INFO] [stdout]    |
[INFO] [stdout] 
[INFO] [stdout] 
[INFO] [stdout] error[E0425]: cannot find function `kqueue` in crate `libc`
[INFO] [stdout]    --> src/runtime.rs:435:37
[INFO] [stdout]     |
[INFO] [stdout] 435 |     let reactor_id = unsafe { libc::kqueue() }.check()?;
[INFO] [stdout]     |                                     ^^^^^^ not found in `libc`
[INFO] [stdout] 
[INFO] [stdout] 
[INFO] [stdout] error[E0425]: cannot find function `kqueue` in crate `libc`
[INFO] [stdout]    --> src/runtime.rs:461:47
[INFO] [stdout]     |
[INFO] [stdout] 461 |             let new_id = match unsafe { libc::kqueue() }.check() {
[INFO] [stdout]     |                                               ^^^^^^ not found in `libc`
[INFO] [stdout] 
[INFO] [stdout] 
[INFO] [stdout] error[E0425]: cannot find function `os_sync_wait_on_address` in crate `libc`
[INFO] [stdout]   --> src/modules/address_lock.rs:22:15
[INFO] [stdout]    |
[INFO] [stdout] 22 |         libc::os_sync_wait_on_address(
[INFO] [stdout]    |               ^^^^^^^^^^^^^^^^^^^^^^^ not found in `libc`
[INFO] [stdout] 
[INFO] [stdout] 
[INFO] [stdout] error[E0425]: cannot find value `OS_SYNC_WAIT_ON_ADDRESS_NONE` in crate `libc`
[INFO] [stdout]   --> src/modules/address_lock.rs:26:19
[INFO] [stdout]    |
[INFO] [stdout] 26 |             libc::OS_SYNC_WAIT_ON_ADDRESS_NONE, // Single process waiting
[INFO] [stdout]    |                   ^^^^^^^^^^^^^^^^^^^^^^^^^^^^ not found in `libc`
[INFO] [stdout] 
[INFO] [stdout] 
[INFO] [stdout] error[E0425]: cannot find function `os_sync_wait_on_address_with_timeout` in crate `libc`
[INFO] [stdout]   --> src/modules/address_lock.rs:69:15
[INFO] [stdout]    |
[INFO] [stdout] 69 |         libc::os_sync_wait_on_address_with_timeout(
[INFO] [stdout]    |               ^^^^^^^^^^^^^^^^^^^^^^^^^^^^^^^^^^^^ not found in `libc`
[INFO] [stdout] 
[INFO] [stdout] 
[INFO] [stdout] error[E0425]: cannot find value `OS_SYNC_WAIT_ON_ADDRESS_NONE` in crate `libc`
[INFO] [stdout]   --> src/modules/address_lock.rs:73:19
[INFO] [stdout]    |
[INFO] [stdout] 73 |             libc::OS_SYNC_WAIT_ON_ADDRESS_NONE, // Single process waiting
[INFO] [stdout]    |                   ^^^^^^^^^^^^^^^^^^^^^^^^^^^^ not found in `libc`
[INFO] [stdout] 
[INFO] [stdout] 
[INFO] [stdout] error[E0425]: cannot find value `OS_CLOCK_MACH_ABSOLUTE_TIME` in crate `libc`
[INFO] [stdout]   --> src/modules/address_lock.rs:74:19
[INFO] [stdout]    |
[INFO] [stdout] 74 |             libc::OS_CLOCK_MACH_ABSOLUTE_TIME,  // Monotonic, so setting the clock can't move it
[INFO] [stdout]    |                   ^^^^^^^^^^^^^^^^^^^^^^^^^^^ not found in `libc`
[INFO] [stdout] 
[INFO] [stdout] 
[INFO] [stdout] error[E0425]: cannot find function `os_sync_wake_by_address_all` in crate `libc`
[INFO] [stdout]    --> src/modules/address_lock.rs:106:15
[INFO] [stdout]     |
[INFO] [stdout] 106 |         libc::os_sync_wake_by_address_all(
[INFO] [stdout]     |               ^^^^^^^^^^^^^^^^^^^^^^^^^^^ not found in `libc`
[INFO] [stdout] 
[INFO] [stdout] 
[INFO] [stdout] error[E0425]: cannot find value `OS_SYNC_WAKE_BY_ADDRESS_NONE` in crate `libc`
[INFO] [stdout]    --> src/modules/address_lock.rs:109:19
[INFO] [stdout]     |
[INFO] [stdout] 109 |             libc::OS_SYNC_WAKE_BY_ADDRESS_NONE, // Single process waiting
[INFO] [stdout]     |                   ^^^^^^^^^^^^^^^^^^^^^^^^^^^^ not found in `libc`
[INFO] [stdout] 
[INFO] [stdout] 
[INFO] [stdout] error[E0425]: cannot find value `EVFILT_TIMER` in crate `libc`
[INFO] [stdout]   --> src/modules/event_desc.rs:19:27
[INFO] [stdout]    |
[INFO] [stdout] 19 |             filter: libc::EVFILT_TIMER,
[INFO] [stdout]    |                           ^^^^^^^^^^^^ not found in `libc`
[INFO] [stdout] 
[INFO] [stdout] 
[INFO] [stdout] error[E0425]: cannot find value `EV_ADD` in crate `libc`
[INFO] [stdout]   --> src/modules/event_desc.rs:20:26
[INFO] [stdout]    |
[INFO] [stdout] 20 |             flags: libc::EV_ADD | libc::EV_ONESHOT,
[INFO] [stdout]    |                          ^^^^^^ not found in `libc`
[INFO] [stdout] 
[INFO] [stdout] 
[INFO] [stdout] error[E0425]: cannot find value `EV_ONESHOT` in crate `libc`
[INFO] [stdout]     --> src/modules/event_desc.rs:20:41
[INFO] [stdout]      |
[INFO] [stdout]   20 |             flags: libc::EV_ADD | libc::EV_ONESHOT,
[INFO] [stdout]      |                                         ^^^^^^^^^^ not found in `libc`
[INFO] [stdout]      |
[INFO] [stdout] note: similarly named constant `IN_ONESHOT` defined here
[INFO] [stdout]     --> /opt/rustwide/cargo-home/registry/src/index.crates.io-1949cf8c6b5b557f/libc-0.2.186/src/unix/linux_like/linux/mod.rs:3126:1
[INFO] [stdout]      |
[INFO] [stdout] 3126 | pub const IN_ONESHOT: u32 = 0x8000_0000;
[INFO] [stdout]      | ^^^^^^^^^^^^^^^^^^^^^^^^^
[INFO] [stdout] help: a constant with a similar name exists
[INFO] [stdout]      |
[INFO] [stdout]   20 -             flags: libc::EV_ADD | libc::EV_ONESHOT,
[INFO] [stdout]   20 +             flags: libc::EV_ADD | libc::IN_ONESHOT,
[INFO] [stdout]      |
[INFO] [stdout] 
[INFO] [stdout] 
[INFO] [stdout] error[E0425]: cannot find value `NOTE_NSECONDS` in crate `libc`
[INFO] [stdout]     --> src/modules/event_desc.rs:21:27
[INFO] [stdout]      |
[INFO] [stdout]   21 |             fflags: libc::NOTE_NSECONDS | libc::NOTE_CRITICAL,
[INFO] [stdout]      |                           ^^^^^^^^^^^^^ not found in `libc`
[INFO] [stdout]      |
[INFO] [stdout] note: similarly named constant `WHOLE_SECONDS` defined here
[INFO] [stdout]     --> /opt/rustwide/cargo-home/registry/src/index.crates.io-1949cf8c6b5b557f/libc-0.2.186/src/unix/linux_like/mod.rs:1141:9
[INFO] [stdout]      |
[INFO] [stdout] 1141 |         pub const WHOLE_SECONDS: c_int = 0x2000000;
[INFO] [stdout]      |         ^^^^^^^^^^^^^^^^^^^^^^^^^^^^^^
[INFO] [stdout] help: a constant with a similar name exists
[INFO] [stdout]      |
[INFO] [stdout]   21 -             fflags: libc::NOTE_NSECONDS | libc::NOTE_CRITICAL,
[INFO] [stdout]   21 +             fflags: libc::WHOLE_SECONDS | libc::NOTE_CRITICAL,
[INFO] [stdout]      |
[INFO] [stdout] 
[INFO] [stdout] 
[INFO] [stdout] error[E0425]: cannot find value `NOTE_CRITICAL` in crate `libc`
[INFO] [stdout]   --> src/modules/event_desc.rs:21:49
[INFO] [stdout]    |
[INFO] [stdout] 21 |             fflags: libc::NOTE_NSECONDS | libc::NOTE_CRITICAL,
[INFO] [stdout]    |                                                 ^^^^^^^^^^^^^ not found in `libc`
[INFO] [stdout] 
[INFO] [stdout] 
[INFO] [stdout] error[E0425]: cannot find value `EVFILT_TIMER` in crate `libc`
[INFO] [stdout]   --> src/modules/event_desc.rs:29:27
[INFO] [stdout]    |
[INFO] [stdout] 29 |             filter: libc::EVFILT_TIMER,
[INFO] [stdout]    |                           ^^^^^^^^^^^^ not found in `libc`
[INFO] [stdout] 
[INFO] [stdout] 
[INFO] [stdout] error[E0425]: cannot find value `EV_DELETE` in crate `libc`
[INFO] [stdout]     --> src/modules/event_desc.rs:30:26
[INFO] [stdout]      |
[INFO] [stdout]   30 |             flags: libc::EV_DELETE,
[INFO] [stdout]      |                          ^^^^^^^^^ not found in `libc`
[INFO] [stdout]      |
[INFO] [stdout] note: similarly named constant `IN_DELETE` defined here
[INFO] [stdout]     --> /opt/rustwide/cargo-home/registry/src/index.crates.io-1949cf8c6b5b557f/libc-0.2.186/src/unix/linux_like/linux/mod.rs:3058:1
[INFO] [stdout]      |
[INFO] [stdout] 3058 | pub const IN_DELETE: u32 = 0x0000_0200;
[INFO] [stdout]      | ^^^^^^^^^^^^^^^^^^^^^^^^
[INFO] [stdout] help: a constant with a similar name exists
[INFO] [stdout]      |
[INFO] [stdout]   30 -             flags: libc::EV_DELETE,
[INFO] [stdout]   30 +             flags: libc::IN_DELETE,
[INFO] [stdout]      |
[INFO] [stdout] 
[INFO] [stdout] 
[INFO] [stdout] error[E0425]: cannot find value `EVFILT_TIMER` in crate `libc`
[INFO] [stdout]   --> src/modules/event_desc.rs:39:27
[INFO] [stdout]    |
[INFO] [stdout] 39 |             filter: libc::EVFILT_TIMER,
[INFO] [stdout]    |                           ^^^^^^^^^^^^ not found in `libc`
[INFO] [stdout] 
[INFO] [stdout] 
[INFO] [stdout] error[E0425]: cannot find value `EV_ADD` in crate `libc`
[INFO] [stdout]   --> src/modules/event_desc.rs:40:26
[INFO] [stdout]    |
[INFO] [stdout] 40 |             flags: libc::EV_ADD | libc::EV_ENABLE,
[INFO] [stdout]    |                          ^^^^^^ not found in `libc`
[INFO] [stdout] 
[INFO] [stdout] 
[INFO] [stdout] error[E0425]: cannot find value `EV_ENABLE` in crate `libc`
[INFO] [stdout]   --> src/modules/event_desc.rs:40:41
[INFO] [stdout]    |
[INFO] [stdout] 40 |             flags: libc::EV_ADD | libc::EV_ENABLE,
[INFO] [stdout]    |                                         ^^^^^^^^^ not found in `libc`
[INFO] [stdout] 
[INFO] [stdout] 
[INFO] [stdout] error[E0425]: cannot find value `NOTE_NSECONDS` in crate `libc`
[INFO] [stdout]     --> src/modules/event_desc.rs:41:27
[INFO] [stdout]      |
[INFO] [stdout]   41 |             fflags: libc::NOTE_NSECONDS,
[INFO] [stdout]      |                           ^^^^^^^^^^^^^ not found in `libc`
[INFO] [stdout]      |
[INFO] [stdout] note: similarly named constant `WHOLE_SECONDS` defined here
[INFO] [stdout]     --> /opt/rustwide/cargo-home/registry/src/index.crates.io-1949cf8c6b5b557f/libc-0.2.186/src/unix/linux_like/mod.rs:1141:9
[INFO] [stdout]      |
[INFO] [stdout] 1141 |         pub const WHOLE_SECONDS: c_int = 0x2000000;
[INFO] [stdout]      |         ^^^^^^^^^^^^^^^^^^^^^^^^^^^^^^
[INFO] [stdout] help: a constant with a similar name exists
[INFO] [stdout]      |
[INFO] [stdout]   41 -             fflags: libc::NOTE_NSECONDS,
[INFO] [stdout]   41 +             fflags: libc::WHOLE_SECONDS,
[INFO] [stdout]      |
[INFO] [stdout] 
[INFO] [stdout] 
[INFO] [stdout] error[E0425]: cannot find value `EVFILT_USER` in crate `libc`
[INFO] [stdout]   --> src/modules/event_desc.rs:51:27
[INFO] [stdout]    |
[INFO] [stdout] 51 |             filter: libc::EVFILT_USER,
[INFO] [stdout]    |                           ^^^^^^^^^^^ not found in `libc`
[INFO] [stdout] 
[INFO] [stdout] 
[INFO] [stdout] error[E0425]: cannot find value `EV_ADD` in crate `libc`
[INFO] [stdout]   --> src/modules/event_desc.rs:52:26
[INFO] [stdout]    |
[INFO] [stdout] 52 |             flags: libc::EV_ADD | libc::EV_ONESHOT,
[INFO] [stdout]    |                          ^^^^^^ not found in `libc`
[INFO] [stdout] 
[INFO] [stdout] 
[INFO] [stdout] error[E0425]: cannot find value `EV_ONESHOT` in crate `libc`
[INFO] [stdout]     --> src/modules/event_desc.rs:52:41
[INFO] [stdout]      |
[INFO] [stdout]   52 |             flags: libc::EV_ADD | libc::EV_ONESHOT,
[INFO] [stdout]      |                                         ^^^^^^^^^^ not found in `libc`
[INFO] [stdout]      |
[INFO] [stdout] note: similarly named constant `IN_ONESHOT` defined here
[INFO] [stdout]     --> /opt/rustwide/cargo-home/registry/src/index.crates.io-1949cf8c6b5b557f/libc-0.2.186/src/unix/linux_like/linux/mod.rs:3126:1
[INFO] [stdout]      |
[INFO] [stdout] 3126 | pub const IN_ONESHOT: u32 = 0x8000_0000;
[INFO] [stdout]      | ^^^^^^^^^^^^^^^^^^^^^^^^^
[INFO] [stdout] help: a constant with a similar name exists
[INFO] [stdout]      |
[INFO] [stdout]   52 -             flags: libc::EV_ADD | libc::EV_ONESHOT,
[INFO] [stdout]   52 +             flags: libc::EV_ADD | libc::IN_ONESHOT,
[INFO] [stdout]      |
[INFO] [stdout] 
[INFO] [stdout] 
[INFO] [stdout] error[E0425]: cannot find value `NOTE_TRIGGER` in crate `libc`
[INFO] [stdout]   --> src/modules/event_desc.rs:53:27
[INFO] [stdout]    |
[INFO] [stdout] 53 |             fflags: libc::NOTE_TRIGGER,
[INFO] [stdout]    |                           ^^^^^^^^^^^^ not found in `libc`
[INFO] [stdout] 
[INFO] [stdout] 
[INFO] [stdout] error[E0425]: cannot find value `EVFILT_PROC` in crate `libc`
[INFO] [stdout]   --> src/modules/event_desc.rs:61:27
[INFO] [stdout]    |
[INFO] [stdout] 61 |             filter: libc::EVFILT_PROC,
[INFO] [stdout]    |                           ^^^^^^^^^^^ not found in `libc`
[INFO] [stdout] 
[INFO] [stdout] 
[INFO] [stdout] error[E0425]: cannot find value `EV_ADD` in crate `libc`
[INFO] [stdout]   --> src/modules/event_desc.rs:62:26
[INFO] [stdout]    |
[INFO] [stdout] 62 |             flags: libc::EV_ADD | libc::EV_ONESHOT,
[INFO] [stdout]    |                          ^^^^^^ not found in `libc`
[INFO] [stdout] 
[INFO] [stdout] 
[INFO] [stdout] error[E0425]: cannot find value `EV_ONESHOT` in crate `libc`
[INFO] [stdout]     --> src/modules/event_desc.rs:62:41
[INFO] [stdout]      |
[INFO] [stdout]   62 |             flags: libc::EV_ADD | libc::EV_ONESHOT,
[INFO] [stdout]      |                                         ^^^^^^^^^^ not found in `libc`
[INFO] [stdout]      |
[INFO] [stdout] note: similarly named constant `IN_ONESHOT` defined here
[INFO] [stdout]     --> /opt/rustwide/cargo-home/registry/src/index.crates.io-1949cf8c6b5b557f/libc-0.2.186/src/unix/linux_like/linux/mod.rs:3126:1
[INFO] [stdout]      |
[INFO] [stdout] 3126 | pub const IN_ONESHOT: u32 = 0x8000_0000;
[INFO] [stdout]      | ^^^^^^^^^^^^^^^^^^^^^^^^^
[INFO] [stdout] help: a constant with a similar name exists
[INFO] [stdout]      |
[INFO] [stdout]   62 -             flags: libc::EV_ADD | libc::EV_ONESHOT,
[INFO] [stdout]   62 +             flags: libc::EV_ADD | libc::IN_ONESHOT,
[INFO] [stdout]      |
[INFO] [stdout] 
[INFO] [stdout] 
[INFO] [stdout] error[E0425]: cannot find value `NOTE_EXIT` in crate `libc`
[INFO] [stdout]   --> src/modules/event_desc.rs:63:27
[INFO] [stdout]    |
[INFO] [stdout] 63 |             fflags: libc::NOTE_EXIT,
[INFO] [stdout]    |                           ^^^^^^^^^ not found in `libc`
[INFO] [stdout] 
[INFO] [stdout] 
[INFO] [stdout] error[E0425]: cannot find value `EVFILT_PROC` in crate `libc`
[INFO] [stdout]   --> src/modules/event_desc.rs:74:27
[INFO] [stdout]    |
[INFO] [stdout] 74 |             filter: libc::EVFILT_PROC,
[INFO] [stdout]    |                           ^^^^^^^^^^^ not found in `libc`
[INFO] [stdout] 
[INFO] [stdout] 
[INFO] [stdout] error[E0425]: cannot find value `EV_DELETE` in crate `libc`
[INFO] [stdout]     --> src/modules/event_desc.rs:75:26
[INFO] [stdout]      |
[INFO] [stdout]   75 |             flags: libc::EV_DELETE,
[INFO] [stdout]      |                          ^^^^^^^^^ not found in `libc`
[INFO] [stdout]      |
[INFO] [stdout] note: similarly named constant `IN_DELETE` defined here
[INFO] [stdout]     --> /opt/rustwide/cargo-home/registry/src/index.crates.io-1949cf8c6b5b557f/libc-0.2.186/src/unix/linux_like/linux/mod.rs:3058:1
[INFO] [stdout]      |
[INFO] [stdout] 3058 | pub const IN_DELETE: u32 = 0x0000_0200;
[INFO] [stdout]      | ^^^^^^^^^^^^^^^^^^^^^^^^
[INFO] [stdout] help: a constant with a similar name exists
[INFO] [stdout]      |
[INFO] [stdout]   75 -             flags: libc::EV_DELETE,
[INFO] [stdout]   75 +             flags: libc::IN_DELETE,
[INFO] [stdout]      |
[INFO] [stdout] 
[INFO] [stdout] 
[INFO] [stdout] error[E0425]: cannot find value `EVFILT_READ` in crate `libc`
[INFO] [stdout]   --> src/modules/event_desc.rs:87:27
[INFO] [stdout]    |
[INFO] [stdout] 87 |             filter: libc::EVFILT_READ,
[INFO] [stdout]    |                           ^^^^^^^^^^^ not found in `libc`
[INFO] [stdout] 
[INFO] [stdout] 
[INFO] [stdout] error[E0425]: cannot find value `EV_ADD` in crate `libc`
[INFO] [stdout]   --> src/modules/event_desc.rs:88:26
[INFO] [stdout]    |
[INFO] [stdout] 88 |             flags: libc::EV_ADD,
[INFO] [stdout]    |                          ^^^^^^ not found in `libc`
[INFO] [stdout] 
[INFO] [stdout] 
[INFO] [stdout] error[E0425]: cannot find value `EVFILT_READ` in crate `libc`
[INFO] [stdout]    --> src/modules/event_desc.rs:100:27
[INFO] [stdout]     |
[INFO] [stdout] 100 |             filter: libc::EVFILT_READ,
[INFO] [stdout]     |                           ^^^^^^^^^^^ not found in `libc`
[INFO] [stdout] 
[INFO] [stdout] 
[INFO] [stdout] error[E0425]: cannot find value `EV_DELETE` in crate `libc`
[INFO] [stdout]     --> src/modules/event_desc.rs:101:26
[INFO] [stdout]      |
[INFO] [stdout]  101 |             flags: libc::EV_DELETE,
[INFO] [stdout]      |                          ^^^^^^^^^ not found in `libc`
[INFO] [stdout]      |
[INFO] [stdout] note: similarly named constant `IN_DELETE` defined here
[INFO] [stdout]     --> /opt/rustwide/cargo-home/registry/src/index.crates.io-1949cf8c6b5b557f/libc-0.2.186/src/unix/linux_like/linux/mod.rs:3058:1
[INFO] [stdout]      |
[INFO] [stdout] 3058 | pub const IN_DELETE: u32 = 0x0000_0200;
[INFO] [stdout]      | ^^^^^^^^^^^^^^^^^^^^^^^^
[INFO] [stdout] help: a constant with a similar name exists
[INFO] [stdout]      |
[INFO] [stdout]  101 -             flags: libc::EV_DELETE,
[INFO] [stdout]  101 +             flags: libc::IN_DELETE,
[INFO] [stdout]      |
[INFO] [stdout] 
[INFO] [stdout] 
[INFO] [stdout] error[E0425]: cannot find value `EVFILT_WRITE` in crate `libc`
[INFO] [stdout]    --> src/modules/event_desc.rs:113:27
[INFO] [stdout]     |
[INFO] [stdout] 113 |             filter: libc::EVFILT_WRITE,
[INFO] [stdout]     |                           ^^^^^^^^^^^^ not found in `libc`
[INFO] [stdout] 
[INFO] [stdout] 
[INFO] [stdout] error[E0425]: cannot find value `EV_ADD` in crate `libc`
[INFO] [stdout]    --> src/modules/event_desc.rs:114:26
[INFO] [stdout]     |
[INFO] [stdout] 114 |             flags: libc::EV_ADD,
[INFO] [stdout]     |                          ^^^^^^ not found in `libc`
[INFO] [stdout] 
[INFO] [stdout] 
[INFO] [stdout] error[E0425]: cannot find value `EVFILT_WRITE` in crate `libc`
[INFO] [stdout]    --> src/modules/event_desc.rs:127:27
[INFO] [stdout]     |
[INFO] [stdout] 127 |             filter: libc::EVFILT_WRITE,
[INFO] [stdout]     |                           ^^^^^^^^^^^^ not found in `libc`
[INFO] [stdout] 
[INFO] [stdout] 
[INFO] [stdout] error[E0425]: cannot find value `EV_DELETE` in crate `libc`
[INFO] [stdout]     --> src/modules/event_desc.rs:128:26
[INFO] [stdout]      |
[INFO] [stdout]  128 |             flags: libc::EV_DELETE,
[INFO] [stdout]      |                          ^^^^^^^^^ not found in `libc`
[INFO] [stdout]      |
[INFO] [stdout] note: similarly named constant `IN_DELETE` defined here
[INFO] [stdout]     --> /opt/rustwide/cargo-home/registry/src/index.crates.io-1949cf8c6b5b557f/libc-0.2.186/src/unix/linux_like/linux/mod.rs:3058:1
[INFO] [stdout]      |
[INFO] [stdout] 3058 | pub const IN_DELETE: u32 = 0x0000_0200;
[INFO] [stdout]      | ^^^^^^^^^^^^^^^^^^^^^^^^
[INFO] [stdout] help: a constant with a similar name exists
[INFO] [stdout]      |
[INFO] [stdout]  128 -             flags: libc::EV_DELETE,
[INFO] [stdout]  128 +             flags: libc::IN_DELETE,
[INFO] [stdout]      |
[INFO] [stdout] 
[INFO] [stdout] 
[INFO] [stdout] error[E0425]: cannot find value `EV_ADD` in crate `libc`
[INFO] [stdout]    --> src/modules/event_desc.rs:143:26
[INFO] [stdout]     |
[INFO] [stdout] 143 |             flags: libc::EV_ADD | libc::EV_ONESHOT | EV_UDATA_SPECIFIC,
[INFO] [stdout]     |                          ^^^^^^ not found in `libc`
[INFO] [stdout] 
[INFO] [stdout] 
[INFO] [stdout] error[E0425]: cannot find value `EV_ONESHOT` in crate `libc`
[INFO] [stdout]     --> src/modules/event_desc.rs:143:41
[INFO] [stdout]      |
[INFO] [stdout]  143 |             flags: libc::EV_ADD | libc::EV_ONESHOT | EV_UDATA_SPECIFIC,
[INFO] [stdout]      |                                         ^^^^^^^^^^ not found in `libc`
[INFO] [stdout]      |
[INFO] [stdout] note: similarly named constant `IN_ONESHOT` defined here
[INFO] [stdout]     --> /opt/rustwide/cargo-home/registry/src/index.crates.io-1949cf8c6b5b557f/libc-0.2.186/src/unix/linux_like/linux/mod.rs:3126:1
[INFO] [stdout]      |
[INFO] [stdout] 3126 | pub const IN_ONESHOT: u32 = 0x8000_0000;
[INFO] [stdout]      | ^^^^^^^^^^^^^^^^^^^^^^^^^
[INFO] [stdout] help: a constant with a similar name exists
[INFO] [stdout]      |
[INFO] [stdout]  143 -             flags: libc::EV_ADD | libc::EV_ONESHOT | EV_UDATA_SPECIFIC,
[INFO] [stdout]  143 +             flags: libc::EV_ADD | libc::IN_ONESHOT | EV_UDATA_SPECIFIC,
[INFO] [stdout]      |
[INFO] [stdout] 
[INFO] [stdout] 
[INFO] [stdout] error[E0425]: cannot find value `EV_DELETE` in crate `libc`
[INFO] [stdout]     --> src/modules/event_desc.rs:153:26
[INFO] [stdout]      |
[INFO] [stdout]  153 |             flags: libc::EV_DELETE | EV_UDATA_SPECIFIC,
[INFO] [stdout]      |                          ^^^^^^^^^ not found in `libc`
[INFO] [stdout]      |
[INFO] [stdout] note: similarly named constant `IN_DELETE` defined here
[INFO] [stdout]     --> /opt/rustwide/cargo-home/registry/src/index.crates.io-1949cf8c6b5b557f/libc-0.2.186/src/unix/linux_like/linux/mod.rs:3058:1
[INFO] [stdout]      |
[INFO] [stdout] 3058 | pub const IN_DELETE: u32 = 0x0000_0200;
[INFO] [stdout]      | ^^^^^^^^^^^^^^^^^^^^^^^^
[INFO] [stdout] help: a constant with a similar name exists
[INFO] [stdout]      |
[INFO] [stdout]  153 -             flags: libc::EV_DELETE | EV_UDATA_SPECIFIC,
[INFO] [stdout]  153 +             flags: libc::IN_DELETE | EV_UDATA_SPECIFIC,
[INFO] [stdout]      |
[INFO] [stdout] 
[INFO] [stdout] 
[INFO] [stdout] error[E0425]: cannot find value `EV_ADD` in crate `libc`
[INFO] [stdout]    --> src/modules/event_desc.rs:166:26
[INFO] [stdout]     |
[INFO] [stdout] 166 |             flags: libc::EV_ADD | libc::EV_ONESHOT,
[INFO] [stdout]     |                          ^^^^^^ not found in `libc`
[INFO] [stdout] 
[INFO] [stdout] 
[INFO] [stdout] error[E0425]: cannot find value `EV_ONESHOT` in crate `libc`
[INFO] [stdout]     --> src/modules/event_desc.rs:166:41
[INFO] [stdout]      |
[INFO] [stdout]  166 |             flags: libc::EV_ADD | libc::EV_ONESHOT,
[INFO] [stdout]      |                                         ^^^^^^^^^^ not found in `libc`
[INFO] [stdout]      |
[INFO] [stdout] note: similarly named constant `IN_ONESHOT` defined here
[INFO] [stdout]     --> /opt/rustwide/cargo-home/registry/src/index.crates.io-1949cf8c6b5b557f/libc-0.2.186/src/unix/linux_like/linux/mod.rs:3126:1
[INFO] [stdout]      |
[INFO] [stdout] 3126 | pub const IN_ONESHOT: u32 = 0x8000_0000;
[INFO] [stdout]      | ^^^^^^^^^^^^^^^^^^^^^^^^^
[INFO] [stdout] help: a constant with a similar name exists
[INFO] [stdout]      |
[INFO] [stdout]  166 -             flags: libc::EV_ADD | libc::EV_ONESHOT,
[INFO] [stdout]  166 +             flags: libc::EV_ADD | libc::IN_ONESHOT,
[INFO] [stdout]      |
[INFO] [stdout] 
[INFO] [stdout] 
[INFO] [stdout] error[E0425]: cannot find value `EV_DELETE` in crate `libc`
[INFO] [stdout]     --> src/modules/event_desc.rs:176:26
[INFO] [stdout]      |
[INFO] [stdout]  176 |             flags: libc::EV_DELETE,
[INFO] [stdout]      |                          ^^^^^^^^^ not found in `libc`
[INFO] [stdout]      |
[INFO] [stdout] note: similarly named constant `IN_DELETE` defined here
[INFO] [stdout]     --> /opt/rustwide/cargo-home/registry/src/index.crates.io-1949cf8c6b5b557f/libc-0.2.186/src/unix/linux_like/linux/mod.rs:3058:1
[INFO] [stdout]      |
[INFO] [stdout] 3058 | pub const IN_DELETE: u32 = 0x0000_0200;
[INFO] [stdout]      | ^^^^^^^^^^^^^^^^^^^^^^^^
[INFO] [stdout] help: a constant with a similar name exists
[INFO] [stdout]      |
[INFO] [stdout]  176 -             flags: libc::EV_DELETE,
[INFO] [stdout]  176 +             flags: libc::IN_DELETE,
[INFO] [stdout]      |
[INFO] [stdout] 
[INFO] [stdout] 
[INFO] [stdout] error[E0425]: cannot find function `kevent` in crate `libc`
[INFO] [stdout]   --> src/modules/kevent.rs:25:19
[INFO] [stdout]    |
[INFO] [stdout] 25 |             libc::kevent(
[INFO] [stdout]    |                   ^^^^^^ not found in `libc`
[INFO] [stdout] 
[INFO] [stdout] 
[INFO] [stdout] error[E0425]: cannot find type `kevent` in crate `libc`
[INFO] [stdout]    --> src/modules/kevent.rs:43:33
[INFO] [stdout]     |
[INFO] [stdout]  43 |         event_list: &mut [libc::kevent; KEVENT_COUNT],
[INFO] [stdout]     |                                 ^^^^^^ not found in `libc`
[INFO] [stdout]     |
[INFO] [stdout] note: similarly named struct `servent` defined here
[INFO] [stdout]    --> /opt/rustwide/cargo-home/registry/src/index.crates.io-1949cf8c6b5b557f/libc-0.2.186/src/macros.rs:170:9
[INFO] [stdout]     |
[INFO] [stdout] 170 |           $pub struct $i { $($field)* }
[INFO] [stdout]     |           ^^^^^^^^^^^^^^
[INFO] [stdout]     |
[INFO] [stdout]    ::: /opt/rustwide/cargo-home/registry/src/index.crates.io-1949cf8c6b5b557f/libc-0.2.186/src/unix/mod.rs:47:1
[INFO] [stdout]     |
[INFO] [stdout]  47 | / s! {
[INFO] [stdout]  48 | |     pub struct group {
[INFO] [stdout]  49 | |         pub gr_name: *mut c_char,
[INFO] [stdout]  50 | |         pub gr_passwd: *mut c_char,
[INFO] [stdout] ...   |
[INFO] [stdout] 227 | | }
[INFO] [stdout]     | |_- in this macro invocation
[INFO] [stdout]     = note: this error originates in the macro `s` (in Nightly builds, run with -Z macro-backtrace for more info)
[INFO] [stdout] help: a struct with a similar name exists
[INFO] [stdout]     |
[INFO] [stdout]  43 -         event_list: &mut [libc::kevent; KEVENT_COUNT],
[INFO] [stdout]  43 +         event_list: &mut [libc::servent; KEVENT_COUNT],
[INFO] [stdout]     |
[INFO] [stdout] 
[INFO] [stdout] 
[INFO] [stdout] error[E0425]: cannot find function `kevent` in crate `libc`
[INFO] [stdout]   --> src/modules/kevent.rs:52:19
[INFO] [stdout]    |
[INFO] [stdout] 52 |             libc::kevent(
[INFO] [stdout]    |                   ^^^^^^ not found in `libc`
[INFO] [stdout] 
[INFO] [stdout] 
[INFO] [stdout] error[E0425]: cannot find type `kevent` in crate `libc`
[INFO] [stdout]    --> src/modules/kevent.rs:64:66
[INFO] [stdout]     |
[INFO] [stdout]  64 |     pub(crate) unsafe fn listen(id: i32, event_list: &mut [libc::kevent; KEVENT_COUNT]) -> i32 {
[INFO] [stdout]     |                                                                  ^^^^^^ not found in `libc`
[INFO] [stdout]     |
[INFO] [stdout] note: similarly named struct `servent` defined here
[INFO] [stdout]    --> /opt/rustwide/cargo-home/registry/src/index.crates.io-1949cf8c6b5b557f/libc-0.2.186/src/macros.rs:170:9
[INFO] [stdout]     |
[INFO] [stdout] 170 |           $pub struct $i { $($field)* }
[INFO] [stdout]     |           ^^^^^^^^^^^^^^
[INFO] [stdout]     |
[INFO] [stdout]    ::: /opt/rustwide/cargo-home/registry/src/index.crates.io-1949cf8c6b5b557f/libc-0.2.186/src/unix/mod.rs:47:1
[INFO] [stdout]     |
[INFO] [stdout]  47 | / s! {
[INFO] [stdout]  48 | |     pub struct group {
[INFO] [stdout]  49 | |         pub gr_name: *mut c_char,
[INFO] [stdout]  50 | |         pub gr_passwd: *mut c_char,
[INFO] [stdout] ...   |
[INFO] [stdout] 227 | | }
[INFO] [stdout]     | |_- in this macro invocation
[INFO] [stdout]     = note: this error originates in the macro `s` (in Nightly builds, run with -Z macro-backtrace for more info)
[INFO] [stdout] help: a struct with a similar name exists
[INFO] [stdout]     |
[INFO] [stdout]  64 -     pub(crate) unsafe fn listen(id: i32, event_list: &mut [libc::kevent; KEVENT_COUNT]) -> i32 {
[INFO] [stdout]  64 +     pub(crate) unsafe fn listen(id: i32, event_list: &mut [libc::servent; KEVENT_COUNT]) -> i32 {
[INFO] [stdout]     |
[INFO] [stdout] 
[INFO] [stdout] 
[INFO] [stdout] error[E0425]: cannot find function `kevent` in crate `libc`
[INFO] [stdout]   --> src/modules/kevent.rs:66:19
[INFO] [stdout]    |
[INFO] [stdout] 66 |             libc::kevent(
[INFO] [stdout]    |                   ^^^^^^ not found in `libc`
[INFO] [stdout] 
[INFO] [stdout] 
[INFO] [stdout] error[E0425]: cannot find type `kevent` in crate `libc`
[INFO] [stdout]    --> src/modules/kevent.rs:80:43
[INFO] [stdout]     |
[INFO] [stdout]  80 | pub(crate) const fn eventlist() -> [libc::kevent; KEVENT_COUNT] {
[INFO] [stdout]     |                                           ^^^^^^ not found in `libc`
[INFO] [stdout]     |
[INFO] [stdout] note: similarly named struct `servent` defined here
[INFO] [stdout]    --> /opt/rustwide/cargo-home/registry/src/index.crates.io-1949cf8c6b5b557f/libc-0.2.186/src/macros.rs:170:9
[INFO] [stdout]     |
[INFO] [stdout] 170 |           $pub struct $i { $($field)* }
[INFO] [stdout]     |           ^^^^^^^^^^^^^^
[INFO] [stdout]     |
[INFO] [stdout]    ::: /opt/rustwide/cargo-home/registry/src/index.crates.io-1949cf8c6b5b557f/libc-0.2.186/src/unix/mod.rs:47:1
[INFO] [stdout]     |
[INFO] [stdout]  47 | / s! {
[INFO] [stdout]  48 | |     pub struct group {
[INFO] [stdout]  49 | |         pub gr_name: *mut c_char,
[INFO] [stdout]  50 | |         pub gr_passwd: *mut c_char,
[INFO] [stdout] ...   |
[INFO] [stdout] 227 | | }
[INFO] [stdout]     | |_- in this macro invocation
[INFO] [stdout]     = note: this error originates in the macro `s` (in Nightly builds, run with -Z macro-backtrace for more info)
[INFO] [stdout] help: a struct with a similar name exists
[INFO] [stdout]     |
[INFO] [stdout]  80 - pub(crate) const fn eventlist() -> [libc::kevent; KEVENT_COUNT] {
[INFO] [stdout]  80 + pub(crate) const fn eventlist() -> [libc::servent; KEVENT_COUNT] {
[INFO] [stdout]     |
[INFO] [stdout] 
[INFO] [stdout] 
[INFO] [stdout] error[E0425]: cannot find type `kevent` in crate `libc`
[INFO] [stdout]    --> src/modules/kevent.rs:89:90
[INFO] [stdout]     |
[INFO] [stdout]  89 | fn create(id: usize, data: libc::intptr_t, udata: *mut c_void, desc: EventDesc) -> libc::kevent {
[INFO] [stdout]     |                                                                                          ^^^^^^ not found in `libc`
[INFO] [stdout]     |
[INFO] [stdout] note: similarly named struct `servent` defined here
[INFO] [stdout]    --> /opt/rustwide/cargo-home/registry/src/index.crates.io-1949cf8c6b5b557f/libc-0.2.186/src/macros.rs:170:9
[INFO] [stdout]     |
[INFO] [stdout] 170 |           $pub struct $i { $($field)* }
[INFO] [stdout]     |           ^^^^^^^^^^^^^^
[INFO] [stdout]     |
[INFO] [stdout]    ::: /opt/rustwide/cargo-home/registry/src/index.crates.io-1949cf8c6b5b557f/libc-0.2.186/src/unix/mod.rs:47:1
[INFO] [stdout]     |
[INFO] [stdout]  47 | / s! {
[INFO] [stdout]  48 | |     pub struct group {
[INFO] [stdout]  49 | |         pub gr_name: *mut c_char,
[INFO] [stdout]  50 | |         pub gr_passwd: *mut c_char,
[INFO] [stdout] ...   |
[INFO] [stdout] 227 | | }
[INFO] [stdout]     | |_- in this macro invocation
[INFO] [stdout]     = note: this error originates in the macro `s` (in Nightly builds, run with -Z macro-backtrace for more info)
[INFO] [stdout] help: a struct with a similar name exists
[INFO] [stdout]     |
[INFO] [stdout]  89 - fn create(id: usize, data: libc::intptr_t, udata: *mut c_void, desc: EventDesc) -> libc::kevent {
[INFO] [stdout]  89 + fn create(id: usize, data: libc::intptr_t, udata: *mut c_void, desc: EventDesc) -> libc::servent {
[INFO] [stdout]     |
[INFO] [stdout] 
[INFO] [stdout] 
[INFO] [stdout] error[E0422]: cannot find struct, variant or union type `kevent` in crate `libc`
[INFO] [stdout]    --> src/modules/kevent.rs:90:11
[INFO] [stdout]     |
[INFO] [stdout]  90 |     libc::kevent {
[INFO] [stdout]     |           ^^^^^^ not found in `libc`
[INFO] [stdout]     |
[INFO] [stdout] note: similarly named struct `servent` defined here
[INFO] [stdout]    --> /opt/rustwide/cargo-home/registry/src/index.crates.io-1949cf8c6b5b557f/libc-0.2.186/src/macros.rs:170:9
[INFO] [stdout]     |
[INFO] [stdout] 170 |           $pub struct $i { $($field)* }
[INFO] [stdout]     |           ^^^^^^^^^^^^^^
[INFO] [stdout]     |
[INFO] [stdout]    ::: /opt/rustwide/cargo-home/registry/src/index.crates.io-1949cf8c6b5b557f/libc-0.2.186/src/unix/mod.rs:47:1
[INFO] [stdout]     |
[INFO] [stdout]  47 | / s! {
[INFO] [stdout]  48 | |     pub struct group {
[INFO] [stdout]  49 | |         pub gr_name: *mut c_char,
[INFO] [stdout]  50 | |         pub gr_passwd: *mut c_char,
[INFO] [stdout] ...   |
[INFO] [stdout] 227 | | }
[INFO] [stdout]     | |_- in this macro invocation
[INFO] [stdout]     = note: this error originates in the macro `s` (in Nightly builds, run with -Z macro-backtrace for more info)
[INFO] [stdout] help: a struct with a similar name exists
[INFO] [stdout]     |
[INFO] [stdout]  90 -     libc::kevent {
[INFO] [stdout]  90 +     libc::servent {
[INFO] [stdout]     |
[INFO] [stdout] 
[INFO] [stdout] 
[INFO] [stdout] error[E0425]: cannot find function `kqueue` in crate `libc`
[INFO] [stdout]   --> src/modules/kqueue.rs:56:38
[INFO] [stdout]    |
[INFO] [stdout] 56 |         let created = unsafe { libc::kqueue() }.check()?;
[INFO] [stdout]    |                                      ^^^^^^ not found in `libc`
[INFO] [stdout] 
[INFO] [stdout] 
[INFO] [stdout] error[E0425]: cannot find value `EV_ERROR` in crate `libc`
[INFO] [stdout]    --> src/modules/kqueue.rs:118:36
[INFO] [stdout]     |
[INFO] [stdout] 118 |             if event.flags & libc::EV_ERROR != 0 {
[INFO] [stdout]     |                                    ^^^^^^^^ not found in `libc`
[INFO] [stdout]     |
[INFO] [stdout] note: similarly named constant `SO_ERROR` defined here
[INFO] [stdout]    --> /opt/rustwide/cargo-home/registry/src/index.crates.io-1949cf8c6b5b557f/libc-0.2.186/src/unix/linux_like/linux/arch/generic/mod.rs:27:1
[INFO] [stdout]     |
[INFO] [stdout]  27 | pub const SO_ERROR: c_int = 4;
[INFO] [stdout]     | ^^^^^^^^^^^^^^^^^^^^^^^^^
[INFO] [stdout] help: a constant with a similar name exists
[INFO] [stdout]     |
[INFO] [stdout] 118 -             if event.flags & libc::EV_ERROR != 0 {
[INFO] [stdout] 118 +             if event.flags & libc::SO_ERROR != 0 {
[INFO] [stdout]     |
[INFO] [stdout] 
[INFO] [stdout] 
[INFO] [stdout] error[E0425]: cannot find value `EVFILT_USER` in crate `libc`
[INFO] [stdout]    --> src/modules/kqueue.rs:128:67
[INFO] [stdout]     |
[INFO] [stdout] 128 |             if event.ident == WAKE_IDENT && event.filter == libc::EVFILT_USER {
[INFO] [stdout]     |                                                                   ^^^^^^^^^^^ not found in `libc`
[INFO] [stdout] 
[INFO] [stdout] 
[INFO] [stdout] error[E0425]: cannot find type `thread_basic_info` in crate `libc`
[INFO] [stdout]    --> src/modules/worker.rs:196:29
[INFO] [stdout]     |
[INFO] [stdout] 196 |         let mut info: libc::thread_basic_info = unsafe { mem::zeroed() };
[INFO] [stdout]     |                             ^^^^^^^^^^^^^^^^^ not found in `libc`
[INFO] [stdout] 
[INFO] [stdout] 
[INFO] [stdout] error[E0425]: cannot find value `THREAD_BASIC_INFO_COUNT` in crate `libc`
[INFO] [stdout]    --> src/modules/worker.rs:197:31
[INFO] [stdout]     |
[INFO] [stdout] 197 |         let mut count = libc::THREAD_BASIC_INFO_COUNT;
[INFO] [stdout]     |                               ^^^^^^^^^^^^^^^^^^^^^^^ not found in `libc`
[INFO] [stdout] 
[INFO] [stdout] 
[INFO] [stdout] error[E0425]: cannot find function `thread_info` in crate `libc`
[INFO] [stdout]    --> src/modules/worker.rs:200:19
[INFO] [stdout]     |
[INFO] [stdout] 200 |             libc::thread_info(
[INFO] [stdout]     |                   ^^^^^^^^^^^ not found in `libc`
[INFO] [stdout] 
[INFO] [stdout] 
[INFO] [stdout] error[E0425]: cannot find value `THREAD_BASIC_INFO` in crate `libc`
[INFO] [stdout]    --> src/modules/worker.rs:202:23
[INFO] [stdout]     |
[INFO] [stdout] 202 |                 libc::THREAD_BASIC_INFO as _,
[INFO] [stdout]     |                       ^^^^^^^^^^^^^^^^^ not found in `libc`
[INFO] [stdout] 
[INFO] [stdout] 
[INFO] [stdout] error[E0425]: cannot find type `thread_basic_info` in crate `libc`
[INFO] [stdout]    --> src/modules/worker.rs:203:42
[INFO] [stdout]     |
[INFO] [stdout] 203 |                 (&mut info as *mut libc::thread_basic_info).cast(),
[INFO] [stdout]     |                                          ^^^^^^^^^^^^^^^^^ not found in `libc`
[INFO] [stdout] 
[INFO] [stdout] 
[INFO] [stdout] error[E0425]: cannot find value `KERN_SUCCESS` in crate `libc`
[INFO] [stdout]    --> src/modules/worker.rs:208:23
[INFO] [stdout]     |
[INFO] [stdout] 208 |         read == libc::KERN_SUCCESS && info.run_state == libc::TH_STATE_WAITING
[INFO] [stdout]     |                       ^^^^^^^^^^^^ not found in `libc`
[INFO] [stdout]     |
[INFO] [stdout] note: similarly named constant `EXIT_SUCCESS` defined here
[INFO] [stdout]    --> /opt/rustwide/cargo-home/registry/src/index.crates.io-1949cf8c6b5b557f/libc-0.2.186/src/unix/linux_like/mod.rs:373:1
[INFO] [stdout]     |
[INFO] [stdout] 373 | pub const EXIT_SUCCESS: c_int = 0;
[INFO] [stdout]     | ^^^^^^^^^^^^^^^^^^^^^^^^^^^^^
[INFO] [stdout] help: a constant with a similar name exists
[INFO] [stdout]     |
[INFO] [stdout] 208 -         read == libc::KERN_SUCCESS && info.run_state == libc::TH_STATE_WAITING
[INFO] [stdout] 208 +         read == libc::EXIT_SUCCESS && info.run_state == libc::TH_STATE_WAITING
[INFO] [stdout]     |
[INFO] [stdout] 
[INFO] [stdout] 
[INFO] [stdout] error[E0425]: cannot find value `TH_STATE_WAITING` in crate `libc`
[INFO] [stdout]    --> src/modules/worker.rs:208:63
[INFO] [stdout]     |
[INFO] [stdout] 208 |         read == libc::KERN_SUCCESS && info.run_state == libc::TH_STATE_WAITING
[INFO] [stdout]     |                                                               ^^^^^^^^^^^^^^^^ not found in `libc`
[INFO] [stdout] 
[INFO] [stdout] 
[INFO] [stdout] error[E0425]: cannot find function `pthread_mach_thread_np` in crate `libc`
[INFO] [stdout]    --> src/modules/worker.rs:448:28
[INFO] [stdout]     |
[INFO] [stdout] 448 |             unsafe { libc::pthread_mach_thread_np(libc::pthread_self()) },
[INFO] [stdout]     |                            ^^^^^^^^^^^^^^^^^^^^^^ not found in `libc`
[INFO] [stdout] 
[INFO] [stdout] 
[INFO] [stdout] error[E0425]: cannot find function `sysctlbyname` in crate `libc`
[INFO] [stdout]     --> src/modules/worker_pool.rs:1522:15
[INFO] [stdout]      |
[INFO] [stdout] 1522 |         libc::sysctlbyname(
[INFO] [stdout]      |               ^^^^^^^^^^^^ not found in `libc`
[INFO] [stdout] 
[INFO] [stdout] 
[INFO] [stdout] error[E0425]: cannot find value `EVFILT_READ` in crate `libc`
[INFO] [stdout]   --> src/futures/channel/channel_task.rs:48:68
[INFO] [stdout]    |
[INFO] [stdout] 48 |                 match wait_on(self.from.core().items_bell(), libc::EVFILT_READ) {
[INFO] [stdout]    |                                                                    ^^^^^^^^^^^ not found in `libc`
[INFO] [stdout] 
[INFO] [stdout] 
[INFO] [stdout] error[E0425]: cannot find value `EVFILT_READ` in crate `libc`
[INFO] [stdout]    --> src/futures/channel/channel_task.rs:101:65
[INFO] [stdout]     |
[INFO] [stdout] 101 |                 match wait_on(self.to.core().room_bell(), libc::EVFILT_READ) {
[INFO] [stdout]     |                                                                 ^^^^^^^^^^^ not found in `libc`
[INFO] [stdout] 
[INFO] [stdout] 
[INFO] [stdout] error[E0425]: cannot find value `NOTE_WRITE` in crate `libc`
[INFO] [stdout]    --> src/futures/file/change.rs:18:42
[INFO] [stdout]     |
[INFO] [stdout]  18 | pub(super) const EVERY_NOTE: u32 = libc::NOTE_WRITE
[INFO] [stdout]     |                                          ^^^^^^^^^^ not found in `libc`
[INFO] [stdout]     |
[INFO] [stdout] note: similarly named constant `PROT_WRITE` defined here
[INFO] [stdout]    --> /opt/rustwide/cargo-home/registry/src/index.crates.io-1949cf8c6b5b557f/libc-0.2.186/src/unix/linux_like/mod.rs:471:1
[INFO] [stdout]     |
[INFO] [stdout] 471 | pub const PROT_WRITE: c_int = 2;
[INFO] [stdout]     | ^^^^^^^^^^^^^^^^^^^^^^^^^^^
[INFO] [stdout] help: a constant with a similar name exists
[INFO] [stdout]     |
[INFO] [stdout]  18 - pub(super) const EVERY_NOTE: u32 = libc::NOTE_WRITE
[INFO] [stdout]  18 + pub(super) const EVERY_NOTE: u32 = libc::PROT_WRITE
[INFO] [stdout]     |
[INFO] [stdout] 
[INFO] [stdout] 
[INFO] [stdout] error[E0425]: cannot find value `NOTE_EXTEND` in crate `libc`
[INFO] [stdout]   --> src/futures/file/change.rs:19:13
[INFO] [stdout]    |
[INFO] [stdout] 19 |     | libc::NOTE_EXTEND
[INFO] [stdout]    |             ^^^^^^^^^^^ not found in `libc`
[INFO] [stdout] 
[INFO] [stdout] 
[INFO] [stdout] error[E0425]: cannot find value `NOTE_ATTRIB` in crate `libc`
[INFO] [stdout]   --> src/futures/file/change.rs:20:13
[INFO] [stdout]    |
[INFO] [stdout] 20 |     | libc::NOTE_ATTRIB
[INFO] [stdout]    |             ^^^^^^^^^^^ not found in `libc`
[INFO] [stdout] 
[INFO] [stdout] 
[INFO] [stdout] error[E0425]: cannot find value `NOTE_LINK` in crate `libc`
[INFO] [stdout]   --> src/futures/file/change.rs:21:13
[INFO] [stdout]    |
[INFO] [stdout] 21 |     | libc::NOTE_LINK
[INFO] [stdout]    |             ^^^^^^^^^ not found in `libc`
[INFO] [stdout] 
[INFO] [stdout] 
[INFO] [stdout] error[E0425]: cannot find value `NOTE_RENAME` in crate `libc`
[INFO] [stdout]   --> src/futures/file/change.rs:22:13
[INFO] [stdout]    |
[INFO] [stdout] 22 |     | libc::NOTE_RENAME
[INFO] [stdout]    |             ^^^^^^^^^^^ not found in `libc`
[INFO] [stdout] 
[INFO] [stdout] 
[INFO] [stdout] error[E0425]: cannot find value `NOTE_DELETE` in crate `libc`
[INFO] [stdout]    --> src/futures/file/change.rs:23:13
[INFO] [stdout]     |
[INFO] [stdout]  23 |     | libc::NOTE_DELETE;
[INFO] [stdout]     |             ^^^^^^^^^^^ not found in `libc`
[INFO] [stdout]     |
[INFO] [stdout] note: similarly named constant `TX_DELETE` defined here
[INFO] [stdout]    --> /opt/rustwide/cargo-home/registry/src/index.crates.io-1949cf8c6b5b557f/libc-0.2.186/src/macros.rs:352:9
[INFO] [stdout]     |
[INFO] [stdout] 352 |           $vis const $variant: $ty_name = {
[INFO] [stdout]     |           ^^^^^^^^^^^^^^^^^^^^^^^^^^^^^^^
[INFO] [stdout]     |
[INFO] [stdout]    ::: /opt/rustwide/cargo-home/registry/src/index.crates.io-1949cf8c6b5b557f/libc-0.2.186/src/new/linux_uapi/linux/can/bcm.rs:23:1
[INFO] [stdout]     |
[INFO] [stdout]  23 | / c_enum! {
[INFO] [stdout]  24 | |     #[repr(u32)]
[INFO] [stdout]  25 | |     pub enum #anon {
[INFO] [stdout]  26 | |         pub TX_SETUP = 1,
[INFO] [stdout] ...   |
[INFO] [stdout]  39 | | }
[INFO] [stdout]     | |_- in this macro invocation
[INFO] [stdout]     = note: this error originates in the macro `c_enum` (in Nightly builds, run with -Z macro-backtrace for more info)
[INFO] [stdout] help: a constant with a similar name exists
[INFO] [stdout]     |
[INFO] [stdout]  23 -     | libc::NOTE_DELETE;
[INFO] [stdout]  23 +     | libc::TX_DELETE;
[INFO] [stdout]     |
[INFO] [stdout] 
[INFO] [stdout] 
[INFO] [stdout] error[E0425]: cannot find value `NOTE_WRITE` in crate `libc`
[INFO] [stdout]    --> src/futures/file/change.rs:51:42
[INFO] [stdout]     |
[INFO] [stdout]  51 |     pub const WRITTEN: Self = Self(libc::NOTE_WRITE);
[INFO] [stdout]     |                                          ^^^^^^^^^^ not found in `libc`
[INFO] [stdout]     |
[INFO] [stdout] note: similarly named constant `PROT_WRITE` defined here
[INFO] [stdout]    --> /opt/rustwide/cargo-home/registry/src/index.crates.io-1949cf8c6b5b557f/libc-0.2.186/src/unix/linux_like/mod.rs:471:1
[INFO] [stdout]     |
[INFO] [stdout] 471 | pub const PROT_WRITE: c_int = 2;
[INFO] [stdout]     | ^^^^^^^^^^^^^^^^^^^^^^^^^^^
[INFO] [stdout] help: a constant with a similar name exists
[INFO] [stdout]     |
[INFO] [stdout]  51 -     pub const WRITTEN: Self = Self(libc::NOTE_WRITE);
[INFO] [stdout]  51 +     pub const WRITTEN: Self = Self(libc::PROT_WRITE);
[INFO] [stdout]     |
[INFO] [stdout] 
[INFO] [stdout] 
[INFO] [stdout] error[E0425]: cannot find value `NOTE_EXTEND` in crate `libc`
[INFO] [stdout]   --> src/futures/file/change.rs:54:43
[INFO] [stdout]    |
[INFO] [stdout] 54 |     pub const EXTENDED: Self = Self(libc::NOTE_EXTEND);
[INFO] [stdout]    |                                           ^^^^^^^^^^^ not found in `libc`
[INFO] [stdout] 
[INFO] [stdout] 
[INFO] [stdout] error[E0425]: cannot find value `NOTE_ATTRIB` in crate `libc`
[INFO] [stdout]   --> src/futures/file/change.rs:57:45
[INFO] [stdout]    |
[INFO] [stdout] 57 |     pub const ATTRIBUTES: Self = Self(libc::NOTE_ATTRIB);
[INFO] [stdout]    |                                             ^^^^^^^^^^^ not found in `libc`
[INFO] [stdout] 
[INFO] [stdout] 
[INFO] [stdout] error[E0425]: cannot find value `NOTE_LINK` in crate `libc`
[INFO] [stdout]   --> src/futures/file/change.rs:60:41
[INFO] [stdout]    |
[INFO] [stdout] 60 |     pub const LINKED: Self = Self(libc::NOTE_LINK);
[INFO] [stdout]    |                                         ^^^^^^^^^ not found in `libc`
[INFO] [stdout] 
[INFO] [stdout] 
[INFO] [stdout] error[E0425]: cannot find value `NOTE_RENAME` in crate `libc`
[INFO] [stdout]   --> src/futures/file/change.rs:63:42
[INFO] [stdout]    |
[INFO] [stdout] 63 |     pub const RENAMED: Self = Self(libc::NOTE_RENAME);
[INFO] [stdout]    |                                          ^^^^^^^^^^^ not found in `libc`
[INFO] [stdout] 
[INFO] [stdout] 
[INFO] [stdout] error[E0425]: cannot find value `NOTE_DELETE` in crate `libc`
[INFO] [stdout]    --> src/futures/file/change.rs:66:42
[INFO] [stdout]     |
[INFO] [stdout]  66 |     pub const REMOVED: Self = Self(libc::NOTE_DELETE);
[INFO] [stdout]     |                                          ^^^^^^^^^^^ not found in `libc`
[INFO] [stdout]     |
[INFO] [stdout] note: similarly named constant `TX_DELETE` defined here
[INFO] [stdout]    --> /opt/rustwide/cargo-home/registry/src/index.crates.io-1949cf8c6b5b557f/libc-0.2.186/src/macros.rs:352:9
[INFO] [stdout]     |
[INFO] [stdout] 352 |           $vis const $variant: $ty_name = {
[INFO] [stdout]     |           ^^^^^^^^^^^^^^^^^^^^^^^^^^^^^^^
[INFO] [stdout]     |
[INFO] [stdout]    ::: /opt/rustwide/cargo-home/registry/src/index.crates.io-1949cf8c6b5b557f/libc-0.2.186/src/new/linux_uapi/linux/can/bcm.rs:23:1
[INFO] [stdout]     |
[INFO] [stdout]  23 | / c_enum! {
[INFO] [stdout]  24 | |     #[repr(u32)]
[INFO] [stdout]  25 | |     pub enum #anon {
[INFO] [stdout]  26 | |         pub TX_SETUP = 1,
[INFO] [stdout] ...   |
[INFO] [stdout]  39 | | }
[INFO] [stdout]     | |_- in this macro invocation
[INFO] [stdout]     = note: this error originates in the macro `c_enum` (in Nightly builds, run with -Z macro-backtrace for more info)
[INFO] [stdout] help: a constant with a similar name exists
[INFO] [stdout]     |
[INFO] [stdout]  66 -     pub const REMOVED: Self = Self(libc::NOTE_DELETE);
[INFO] [stdout]  66 +     pub const REMOVED: Self = Self(libc::TX_DELETE);
[INFO] [stdout]     |
[INFO] [stdout] 
[INFO] [stdout] 
[INFO] [stdout] error[E0425]: cannot find function `__error` in crate `libc`
[INFO] [stdout]     --> src/futures/file/file_task.rs:511:29
[INFO] [stdout]      |
[INFO] [stdout]  511 |             unsafe { *libc::__error() = 0 };
[INFO] [stdout]      |                             ^^^^^^^ not found in `libc`
[INFO] [stdout]      |
[INFO] [stdout] note: similarly named function `dlerror` defined here
[INFO] [stdout]     --> /opt/rustwide/cargo-home/registry/src/index.crates.io-1949cf8c6b5b557f/libc-0.2.186/src/unix/mod.rs:1408:5
[INFO] [stdout]      |
[INFO] [stdout] 1408 |     pub fn dlerror() -> *mut c_char;
[INFO] [stdout]      |     ^^^^^^^^^^^^^^^^^^^^^^^^^^^^^^^^
[INFO] [stdout] help: a function with a similar name exists
[INFO] [stdout]      |
[INFO] [stdout]  511 -             unsafe { *libc::__error() = 0 };
[INFO] [stdout]  511 +             unsafe { *libc::dlerror() = 0 };
[INFO] [stdout]      |
[INFO] [stdout] 
[INFO] [stdout] 
[INFO] [stdout] error[E0425]: cannot find function `__error` in crate `libc`
[INFO] [stdout]     --> src/futures/file/file_task.rs:867:25
[INFO] [stdout]      |
[INFO] [stdout]  867 |         unsafe { *libc::__error() = 0 };
[INFO] [stdout]      |                         ^^^^^^^ not found in `libc`
[INFO] [stdout]      |
[INFO] [stdout] note: similarly named function `dlerror` defined here
[INFO] [stdout]     --> /opt/rustwide/cargo-home/registry/src/index.crates.io-1949cf8c6b5b557f/libc-0.2.186/src/unix/mod.rs:1408:5
[INFO] [stdout]      |
[INFO] [stdout] 1408 |     pub fn dlerror() -> *mut c_char;
[INFO] [stdout]      |     ^^^^^^^^^^^^^^^^^^^^^^^^^^^^^^^^
[INFO] [stdout] help: a function with a similar name exists
[INFO] [stdout]      |
[INFO] [stdout]  867 -         unsafe { *libc::__error() = 0 };
[INFO] [stdout]  867 +         unsafe { *libc::dlerror() = 0 };
[INFO] [stdout]      |
[INFO] [stdout] 
[INFO] [stdout] 
[INFO] [stdout] error[E0425]: cannot find function `fclonefileat` in crate `libc`
[INFO] [stdout]    --> src/futures/file/file_task.rs:911:34
[INFO] [stdout]     |
[INFO] [stdout] 911 |     if retried(|| unsafe { libc::fclonefileat(source.raw(), libc::AT_FDCWD, to.as_ptr(), 0) })
[INFO] [stdout]     |                                  ^^^^^^^^^^^^ not found in `libc`
[INFO] [stdout] 
[INFO] [stdout] 
[INFO] [stdout] error[E0425]: cannot find function `copyfile_state_alloc` in crate `libc`
[INFO] [stdout]    --> src/futures/file/file_task.rs:919:32
[INFO] [stdout]     |
[INFO] [stdout] 919 |     let state = unsafe { libc::copyfile_state_alloc() };
[INFO] [stdout]     |                                ^^^^^^^^^^^^^^^^^^^^ not found in `libc`
[INFO] [stdout] 
[INFO] [stdout] 
[INFO] [stdout] error[E0425]: cannot find type `copyfile_state_t` in crate `libc`
[INFO] [stdout]    --> src/futures/file/file_task.rs:928:15
[INFO] [stdout]     |
[INFO] [stdout] 928 |         libc::copyfile_state_t,
[INFO] [stdout]     |               ^^^^^^^^^^^^^^^^ not found in `libc`
[INFO] [stdout] 
[INFO] [stdout] 
[INFO] [stdout] error[E0425]: cannot find function `copyfile_state_set` in crate `libc`
[INFO] [stdout]    --> src/futures/file/file_task.rs:935:15
[INFO] [stdout]     |
[INFO] [stdout] 935 |         libc::copyfile_state_set(
[INFO] [stdout]     |               ^^^^^^^^^^^^^^^^^^ not found in `libc`
[INFO] [stdout] 
[INFO] [stdout] 
[INFO] [stdout] error[E0425]: cannot find value `COPYFILE_STATE_STATUS_CB` in crate `libc`
[INFO] [stdout]    --> src/futures/file/file_task.rs:937:19
[INFO] [stdout]     |
[INFO] [stdout] 937 |             libc::COPYFILE_STATE_STATUS_CB as u32,
[INFO] [stdout]     |                   ^^^^^^^^^^^^^^^^^^^^^^^^ not found in `libc`
[INFO] [stdout] 
[INFO] [stdout] 
[INFO] [stdout] error[E0425]: cannot find function `fcopyfile` in crate `libc`
[INFO] [stdout]    --> src/futures/file/file_task.rs:943:15
[INFO] [stdout]     |
[INFO] [stdout] 943 |         libc::fcopyfile(
[INFO] [stdout]     |               ^^^^^^^^^ not found in `libc`
[INFO] [stdout] 
[INFO] [stdout] 
[INFO] [stdout] error[E0425]: cannot find value `COPYFILE_METADATA` in crate `libc`
[INFO] [stdout]    --> src/futures/file/file_task.rs:947:19
[INFO] [stdout]     |
[INFO] [stdout] 947 |             libc::COPYFILE_METADATA | libc::COPYFILE_DATA,
[INFO] [stdout]     |                   ^^^^^^^^^^^^^^^^^ not found in `libc`
[INFO] [stdout] 
[INFO] [stdout] 
[INFO] [stdout] error[E0425]: cannot find value `COPYFILE_DATA` in crate `libc`
[INFO] [stdout]    --> src/futures/file/file_task.rs:947:45
[INFO] [stdout]     |
[INFO] [stdout] 947 |             libc::COPYFILE_METADATA | libc::COPYFILE_DATA,
[INFO] [stdout]     |                                             ^^^^^^^^^^^^^ not found in `libc`
[INFO] [stdout] 
[INFO] [stdout] 
[INFO] [stdout] error[E0425]: cannot find function `copyfile_state_free` in crate `libc`
[INFO] [stdout]    --> src/futures/file/file_task.rs:951:20
[INFO] [stdout]     |
[INFO] [stdout] 951 |     unsafe { libc::copyfile_state_free(state) };
[INFO] [stdout]     |                    ^^^^^^^^^^^^^^^^^^^ not found in `libc`
[INFO] [stdout] 
[INFO] [stdout] 
[INFO] [stdout] error[E0425]: cannot find type `copyfile_state_t` in crate `libc`
[INFO] [stdout]    --> src/futures/file/file_task.rs:964:19
[INFO] [stdout]     |
[INFO] [stdout] 964 |     _state: libc::copyfile_state_t,
[INFO] [stdout]     |                   ^^^^^^^^^^^^^^^^ not found in `libc`
[INFO] [stdout] 
[INFO] [stdout] 
[INFO] [stdout] error[E0425]: cannot find value `COPYFILE_QUIT` in crate `libc`
[INFO] [stdout]    --> src/futures/file/file_task.rs:970:23
[INFO] [stdout]     |
[INFO] [stdout] 970 |         true => libc::COPYFILE_QUIT,
[INFO] [stdout]     |                       ^^^^^^^^^^^^^ not found in `libc`
[INFO] [stdout] 
[INFO] [stdout] 
[INFO] [stdout] error[E0425]: cannot find value `COPYFILE_CONTINUE` in crate `libc`
[INFO] [stdout]    --> src/futures/file/file_task.rs:971:24
[INFO] [stdout]     |
[INFO] [stdout] 971 |         false => libc::COPYFILE_CONTINUE,
[INFO] [stdout]     |                        ^^^^^^^^^^^^^^^^^ not found in `libc`
[INFO] [stdout] 
[INFO] [stdout] 
[INFO] [stdout] error[E0425]: cannot find value `EVFILT_VNODE` in crate `libc`
[INFO] [stdout]    --> src/futures/file/watch_task.rs:195:27
[INFO] [stdout]     |
[INFO] [stdout] 195 |             filter: libc::EVFILT_VNODE,
[INFO] [stdout]     |                           ^^^^^^^^^^^^ not found in `libc`
[INFO] [stdout] 
[INFO] [stdout] 
[INFO] [stdout] error[E0425]: cannot find value `NOTE_WRITE` in crate `libc`
[INFO] [stdout]    --> src/futures/file/watch_task.rs:196:26
[INFO] [stdout]     |
[INFO] [stdout] 196 |             notes: libc::NOTE_WRITE,
[INFO] [stdout]     |                          ^^^^^^^^^^ not found in `libc`
[INFO] [stdout]     |
[INFO] [stdout] note: similarly named constant `PROT_WRITE` defined here
[INFO] [stdout]    --> /opt/rustwide/cargo-home/registry/src/index.crates.io-1949cf8c6b5b557f/libc-0.2.186/src/unix/linux_like/mod.rs:471:1
[INFO] [stdout]     |
[INFO] [stdout] 471 | pub const PROT_WRITE: c_int = 2;
[INFO] [stdout]     | ^^^^^^^^^^^^^^^^^^^^^^^^^^^
[INFO] [stdout] help: a constant with a similar name exists
[INFO] [stdout]     |
[INFO] [stdout] 196 -             notes: libc::NOTE_WRITE,
[INFO] [stdout] 196 +             notes: libc::PROT_WRITE,
[INFO] [stdout]     |
[INFO] [stdout] 
[INFO] [stdout] 
[INFO] [stdout] error[E0425]: cannot find value `EVFILT_VNODE` in crate `libc`
[INFO] [stdout]    --> src/futures/file/watch_task.rs:233:27
[INFO] [stdout]     |
[INFO] [stdout] 233 |             filter: libc::EVFILT_VNODE,
[INFO] [stdout]     |                           ^^^^^^^^^^^^ not found in `libc`
[INFO] [stdout] 
[INFO] [stdout] 
[INFO] [stdout] error[E0425]: cannot find value `O_EVTONLY` in crate `libc`
[INFO] [stdout]    --> src/futures/file/watch_task.rs:283:23
[INFO] [stdout]     |
[INFO] [stdout] 283 |     let flags = libc::O_EVTONLY | libc::O_NONBLOCK | libc::O_CLOEXEC;
[INFO] [stdout]     |                       ^^^^^^^^^ not found in `libc`
[INFO] [stdout]     |
[INFO] [stdout] note: similarly named constant `O_RDONLY` defined here
[INFO] [stdout]    --> /opt/rustwide/cargo-home/registry/src/index.crates.io-1949cf8c6b5b557f/libc-0.2.186/src/unix/linux_like/mod.rs:427:1
[INFO] [stdout]     |
[INFO] [stdout] 427 | pub const O_RDONLY: c_int = 0;
[INFO] [stdout]     | ^^^^^^^^^^^^^^^^^^^^^^^^^
[INFO] [stdout] help: a constant with a similar name exists
[INFO] [stdout]     |
[INFO] [stdout] 283 -     let flags = libc::O_EVTONLY | libc::O_NONBLOCK | libc::O_CLOEXEC;
[INFO] [stdout] 283 +     let flags = libc::O_RDONLY | libc::O_NONBLOCK | libc::O_CLOEXEC;
[INFO] [stdout]     |
[INFO] [stdout] 
[INFO] [stdout] 
[INFO] [stdout] error[E0425]: cannot find value `SO_NOSIGPIPE` in crate `libc`
[INFO] [stdout]   --> src/futures/net/socket.rs:31:24
[INFO] [stdout]    |
[INFO] [stdout] 31 |     set_flag(fd, libc::SO_NOSIGPIPE)
[INFO] [stdout]    |                        ^^^^^^^^^^^^ not found in `libc`
[INFO] [stdout] 
[INFO] [stdout] 
[INFO] [stdout] error[E0425]: cannot find value `TCP_KEEPALIVE` in crate `libc`
[INFO] [stdout]    --> src/futures/net/socket.rs:103:45
[INFO] [stdout]     |
[INFO] [stdout] 103 |     set_option(fd, libc::IPPROTO_TCP, libc::TCP_KEEPALIVE, seconds)
[INFO] [stdout]     |                                             ^^^^^^^^^^^^^ not found in `libc`
[INFO] [stdout]     |
[INFO] [stdout] note: similarly named constant `SO_KEEPALIVE` defined here
[INFO] [stdout]    --> /opt/rustwide/cargo-home/registry/src/index.crates.io-1949cf8c6b5b557f/libc-0.2.186/src/unix/linux_like/linux/arch/generic/mod.rs:32:1
[INFO] [stdout]     |
[INFO] [stdout]  32 | pub const SO_KEEPALIVE: c_int = 9;
[INFO] [stdout]     | ^^^^^^^^^^^^^^^^^^^^^^^^^^^^^
[INFO] [stdout] help: a constant with a similar name exists
[INFO] [stdout]     |
[INFO] [stdout] 103 -     set_option(fd, libc::IPPROTO_TCP, libc::TCP_KEEPALIVE, seconds)
[INFO] [stdout] 103 +     set_option(fd, libc::IPPROTO_TCP, libc::SO_KEEPALIVE, seconds)
[INFO] [stdout]     |
[INFO] [stdout] 
[INFO] [stdout] 
[INFO] [stdout] error[E0425]: cannot find value `EVFILT_READ` in crate `libc`
[INFO] [stdout]    --> src/futures/net/stream.rs:201:42
[INFO] [stdout]     |
[INFO] [stdout] 201 |                 return Ok(Io::Wait(libc::EVFILT_READ));
[INFO] [stdout]     |                                          ^^^^^^^^^^^ not found in `libc`
[INFO] [stdout] 
[INFO] [stdout] 
[INFO] [stdout] error[E0425]: cannot find value `EVFILT_WRITE` in crate `libc`
[INFO] [stdout]    --> src/futures/net/stream.rs:219:42
[INFO] [stdout]     |
[INFO] [stdout] 219 |                 return Ok(Io::Wait(libc::EVFILT_WRITE));
[INFO] [stdout]     |                                          ^^^^^^^^^^^^ not found in `libc`
[INFO] [stdout] 
[INFO] [stdout] 
[INFO] [stdout] error[E0425]: cannot find value `EVFILT_READ` in crate `libc`
[INFO] [stdout]    --> src/futures/net/stream.rs:308:42
[INFO] [stdout]     |
[INFO] [stdout] 308 |                 return Ok(Io::Wait(libc::EVFILT_READ));
[INFO] [stdout]     |                                          ^^^^^^^^^^^ not found in `libc`
[INFO] [stdout] 
[INFO] [stdout] 
[INFO] [stdout] error[E0425]: cannot find value `EVFILT_WRITE` in crate `libc`
[INFO] [stdout]    --> src/futures/net/stream.rs:326:42
[INFO] [stdout]     |
[INFO] [stdout] 326 |                 return Ok(Io::Wait(libc::EVFILT_WRITE));
[INFO] [stdout]     |                                          ^^^^^^^^^^^^ not found in `libc`
[INFO] [stdout] 
[INFO] [stdout] 
[INFO] [stdout] error[E0425]: cannot find value `EVFILT_WRITE` in crate `libc`
[INFO] [stdout]    --> src/futures/net/stream.rs:386:42
[INFO] [stdout]     |
[INFO] [stdout] 386 |                 return wait_on(fd, libc::EVFILT_WRITE);
[INFO] [stdout]     |                                          ^^^^^^^^^^^^ not found in `libc`
[INFO] [stdout] 
[INFO] [stdout] 
[INFO] [stdout] error[E0425]: cannot find value `EVFILT_READ` in crate `libc`
[INFO] [stdout]    --> src/futures/net/stream.rs:518:42
[INFO] [stdout]     |
[INFO] [stdout] 518 |                 return wait_on(fd, libc::EVFILT_READ);
[INFO] [stdout]     |                                          ^^^^^^^^^^^ not found in `libc`
[INFO] [stdout] 
[INFO] [stdout] 
[INFO] [stdout] error[E0425]: cannot find value `POSIX_SPAWN_CLOEXEC_DEFAULT` in crate `libc`
[INFO] [stdout]   --> src/futures/process/process_task.rs:65:43
[INFO] [stdout]    |
[INFO] [stdout] 65 | const SPAWN_FLAGS: libc::c_short = (libc::POSIX_SPAWN_CLOEXEC_DEFAULT
[INFO] [stdout]    |                                           ^^^^^^^^^^^^^^^^^^^^^^^^^^^ not found in `libc`
[INFO] [stdout] 
[INFO] [stdout] 
[INFO] [stdout] error[E0425]: cannot find function `_NSGetEnviron` in crate `libc`
[INFO] [stdout]    --> src/futures/process/process_task.rs:828:34
[INFO] [stdout]     |
[INFO] [stdout] 828 |     let mut at = unsafe { *libc::_NSGetEnviron() };
[INFO] [stdout]     |                                  ^^^^^^^^^^^^^ not found in `libc`
[INFO] [stdout] 
[INFO] [stdout] 
[INFO] [stdout] error[E0425]: cannot find function `_NSGetEnviron` in crate `libc`
[INFO] [stdout]    --> src/futures/process/process_task.rs:979:34
[INFO] [stdout]     |
[INFO] [stdout] 979 |         None => (unsafe { *libc::_NSGetEnviron() }) as *const *mut libc::c_char,
[INFO] [stdout]     |                                  ^^^^^^^^^^^^^ not found in `libc`
[INFO] [stdout] 
[INFO] [stdout] 
[INFO] [stdout] error[E0425]: cannot find value `EVFILT_WRITE` in crate `libc`
[INFO] [stdout]     --> src/futures/process/process_task.rs:1024:42
[INFO] [stdout]      |
[INFO] [stdout] 1024 |             Some(end) => filter == libc::EVFILT_WRITE && ident == end.raw() as usize,
[INFO] [stdout]      |                                          ^^^^^^^^^^^^ not found in `libc`
[INFO] [stdout] 
[INFO] [stdout] 
[INFO] [stdout] error[E0425]: cannot find value `EV_ERROR` in crate `libc`
[INFO] [stdout]     --> src/futures/process/process_task.rs:1226:36
[INFO] [stdout]      |
[INFO] [stdout] 1226 |             if event.flags & libc::EV_ERROR != 0 {
[INFO] [stdout]      |                                    ^^^^^^^^ not found in `libc`
[INFO] [stdout]      |
[INFO] [stdout] note: similarly named constant `SO_ERROR` defined here
[INFO] [stdout]     --> /opt/rustwide/cargo-home/registry/src/index.crates.io-1949cf8c6b5b557f/libc-0.2.186/src/unix/linux_like/linux/arch/generic/mod.rs:27:1
[INFO] [stdout]      |
[INFO] [stdout]   27 | pub const SO_ERROR: c_int = 4;
[INFO] [stdout]      | ^^^^^^^^^^^^^^^^^^^^^^^^^
[INFO] [stdout] help: a constant with a similar name exists
[INFO] [stdout]      |
[INFO] [stdout] 1226 -             if event.flags & libc::EV_ERROR != 0 {
[INFO] [stdout] 1226 +             if event.flags & libc::SO_ERROR != 0 {
[INFO] [stdout]      |
[INFO] [stdout] 
[INFO] [stdout] 
[INFO] [stdout] error[E0425]: cannot find value `EVFILT_READ` in crate `libc`
[INFO] [stdout]     --> src/futures/process/process_task.rs:1235:38
[INFO] [stdout]      |
[INFO] [stdout] 1235 |             if event.filter != libc::EVFILT_READ {
[INFO] [stdout]      |                                      ^^^^^^^^^^^ not found in `libc`
[INFO] [stdout] 
[INFO] [stdout] 
[INFO] [stdout] error[E0425]: cannot find value `EVFILT_PROC` in crate `libc`
[INFO] [stdout]     --> src/futures/process/process_task.rs:1475:71
[INFO] [stdout]      |
[INFO] [stdout] 1475 |         let waited = kqueue::wait_for_upto(queue, pid as usize, libc::EVFILT_PROC, PROCESS_POLL);
[INFO] [stdout]      |                                                                       ^^^^^^^^^^^ not found in `libc`
[INFO] [stdout] 
[INFO] [stdout] 
[INFO] [stdout] error[E0425]: cannot find value `EVFILT_SIGNAL` in crate `libc`
[INFO] [stdout]    --> src/futures/signal/signal_task.rs:123:27
[INFO] [stdout]     |
[INFO] [stdout] 123 |             filter: libc::EVFILT_SIGNAL,
[INFO] [stdout]     |                           ^^^^^^^^^^^^^ not found in `libc`
[INFO] [stdout] 
[INFO] [stdout] 
[INFO] [stdout] error[E0425]: cannot find value `EVFILT_TIMER` in crate `libc`
[INFO] [stdout]    --> src/futures/sleep_task.rs:168:61
[INFO] [stdout]     |
[INFO] [stdout] 168 |         let waited = kqueue::wait_for(queue, task_id, libc::EVFILT_TIMER);
[INFO] [stdout]     |                                                             ^^^^^^^^^^^^ not found in `libc`
[INFO] [stdout] 
[INFO] [stdout] 
[INFO] [stdout] error[E0425]: cannot find value `EVFILT_WRITE` in crate `libc`
[INFO] [stdout]    --> src/futures/tcp/tcp_task.rs:120:60
[INFO] [stdout]     |
[INFO] [stdout] 120 |                         let step = wait_on(fd.raw(), libc::EVFILT_WRITE)?;
[INFO] [stdout]     |                                                            ^^^^^^^^^^^^ not found in `libc`
[INFO] [stdout] 
[INFO] [stdout] 
[INFO] [stdout] error[E0425]: cannot find value `EVFILT_READ` in crate `libc`
[INFO] [stdout]    --> src/futures/tcp/tcp_task.rs:338:46
[INFO] [stdout]     |
[INFO] [stdout] 338 |                     return wait_on(fd, libc::EVFILT_READ);
[INFO] [stdout]     |                                              ^^^^^^^^^^^ not found in `libc`
[INFO] [stdout] 
[INFO] [stdout] 
[INFO] [stdout] error[E0425]: cannot find value `IPV6_JOIN_GROUP` in crate `libc`
[INFO] [stdout]    --> src/futures/udp/udp_socket.rs:251:19
[INFO] [stdout]     |
[INFO] [stdout] 251 |             libc::IPV6_JOIN_GROUP,
[INFO] [stdout]     |                   ^^^^^^^^^^^^^^^ not found in `libc`
[INFO] [stdout]     |
[INFO] [stdout] note: similarly named constant `MCAST_JOIN_GROUP` defined here
[INFO] [stdout]    --> /opt/rustwide/cargo-home/registry/src/index.crates.io-1949cf8c6b5b557f/libc-0.2.186/src/unix/linux_like/mod.rs:856:1
[INFO] [stdout]     |
[INFO] [stdout] 856 | pub const MCAST_JOIN_GROUP: c_int = 42;
[INFO] [stdout]     | ^^^^^^^^^^^^^^^^^^^^^^^^^^^^^^^^^
[INFO] [stdout] help: a constant with a similar name exists
[INFO] [stdout]     |
[INFO] [stdout] 251 -             libc::IPV6_JOIN_GROUP,
[INFO] [stdout] 251 +             libc::MCAST_JOIN_GROUP,
[INFO] [stdout]     |
[INFO] [stdout] 
[INFO] [stdout] 
[INFO] [stdout] error[E0425]: cannot find value `IPV6_LEAVE_GROUP` in crate `libc`
[INFO] [stdout]    --> src/futures/udp/udp_socket.rs:261:19
[INFO] [stdout]     |
[INFO] [stdout] 261 |             libc::IPV6_LEAVE_GROUP,
[INFO] [stdout]     |                   ^^^^^^^^^^^^^^^^ not found in `libc`
[INFO] [stdout]     |
[INFO] [stdout] note: similarly named constant `MCAST_LEAVE_GROUP` defined here
[INFO] [stdout]    --> /opt/rustwide/cargo-home/registry/src/index.crates.io-1949cf8c6b5b557f/libc-0.2.186/src/unix/linux_like/mod.rs:859:1
[INFO] [stdout]     |
[INFO] [stdout] 859 | pub const MCAST_LEAVE_GROUP: c_int = 45;
[INFO] [stdout]     | ^^^^^^^^^^^^^^^^^^^^^^^^^^^^^^^^^^
[INFO] [stdout] help: a constant with a similar name exists
[INFO] [stdout]     |
[INFO] [stdout] 261 -             libc::IPV6_LEAVE_GROUP,
[INFO] [stdout] 261 +             libc::MCAST_LEAVE_GROUP,
[INFO] [stdout]     |
[INFO] [stdout] 
[INFO] [stdout] 
[INFO] [stdout] error[E0425]: cannot find value `EVFILT_WRITE` in crate `libc`
[INFO] [stdout]    --> src/futures/udp/udp_task.rs:177:39
[INFO] [stdout]     |
[INFO] [stdout] 177 |             None => wait_on(fd, libc::EVFILT_WRITE),
[INFO] [stdout]     |                                       ^^^^^^^^^^^^ not found in `libc`
[INFO] [stdout] 
[INFO] [stdout] 
[INFO] [stdout] error[E0425]: cannot find value `EVFILT_READ` in crate `libc`
[INFO] [stdout]    --> src/futures/udp/udp_task.rs:241:39
[INFO] [stdout]     |
[INFO] [stdout] 241 |             None => wait_on(fd, libc::EVFILT_READ),
[INFO] [stdout]     |                                       ^^^^^^^^^^^ not found in `libc`
[INFO] [stdout] 
[INFO] [stdout] 
[INFO] [stdout] error[E0425]: cannot find value `EVFILT_WRITE` in crate `libc`
[INFO] [stdout]    --> src/futures/udp/udp_task.rs:309:39
[INFO] [stdout]     |
[INFO] [stdout] 309 |             None => wait_on(fd, libc::EVFILT_WRITE),
[INFO] [stdout]     |                                       ^^^^^^^^^^^^ not found in `libc`
[INFO] [stdout] 
[INFO] [stdout] 
[INFO] [stdout] error[E0425]: cannot find value `EVFILT_READ` in crate `libc`
[INFO] [stdout]    --> src/futures/udp/udp_task.rs:350:39
[INFO] [stdout]     |
[INFO] [stdout] 350 |             None => wait_on(fd, libc::EVFILT_READ),
[INFO] [stdout]     |                                       ^^^^^^^^^^^ not found in `libc`
[INFO] [stdout] 
[INFO] [stdout] 
[INFO] [stdout] error[E0425]: cannot find function `getpeereid` in crate `libc`
[INFO] [stdout]    --> src/futures/unix/unix_socket.rs:178:24
[INFO] [stdout]     |
[INFO] [stdout] 178 |         unsafe { libc::getpeereid(self.pipe().fd(), &mut uid, &mut gid) }.check()?;
[INFO] [stdout]     |                        ^^^^^^^^^^ not found in `libc`
[INFO] [stdout] 
[INFO] [stdout] 
[INFO] [stdout] error[E0425]: cannot find value `EVFILT_WRITE` in crate `libc`
[INFO] [stdout]    --> src/futures/unix/unix_task.rs:112:44
[INFO] [stdout]     |
[INFO] [stdout] 112 |         let step = wait_on(fd.raw(), libc::EVFILT_WRITE)?;
[INFO] [stdout]     |                                            ^^^^^^^^^^^^ not found in `libc`
[INFO] [stdout] 
[INFO] [stdout] 
[INFO] [stdout] error[E0425]: cannot find value `EVFILT_READ` in crate `libc`
[INFO] [stdout]    --> src/futures/unix/unix_task.rs:202:46
[INFO] [stdout]     |
[INFO] [stdout] 202 |                     return wait_on(fd, libc::EVFILT_READ);
[INFO] [stdout]     |                                              ^^^^^^^^^^^ not found in `libc`
[INFO] [stdout] 
[INFO] [stdout] 
[INFO] [stdout] error[E0425]: cannot find value `EVFILT_READ` in crate `libc`
[INFO] [stdout]    --> src/futures/unix/unix_task.rs:336:39
[INFO] [stdout]     |
[INFO] [stdout] 336 |             None => wait_on(fd, libc::EVFILT_READ),
[INFO] [stdout]     |                                       ^^^^^^^^^^^ not found in `libc`
[INFO] [stdout] 
[INFO] [stdout] 
[INFO] [stdout] warning: use of deprecated method `std::sync::atomic::Atomic::<u32>::fetch_update`: renamed to `try_update` for consistency
[INFO] [stdout]    --> src/executor.rs:257:10
[INFO] [stdout]     |
[INFO] [stdout] 257 |         .fetch_update(Ordering::SeqCst, Ordering::SeqCst, |left| match left {
[INFO] [stdout]     |          ^^^^^^^^^^^^
[INFO] [stdout]     |
[INFO] [stdout]     = note: `#[warn(deprecated)]` on by default
[INFO] [stdout] help: replace the use of the deprecated method
[INFO] [stdout]     |
[INFO] [stdout] 257 -         .fetch_update(Ordering::SeqCst, Ordering::SeqCst, |left| match left {
[INFO] [stdout] 257 +         .try_update(Ordering::SeqCst, Ordering::SeqCst, |left| match left {
[INFO] [stdout]     |
[INFO] [stdout] 
[INFO] [stdout] 
[INFO] [stdout] warning: use of deprecated method `std::sync::atomic::Atomic::<u32>::fetch_update`: renamed to `try_update` for consistency
[INFO] [stdout]   --> src/modules/faults.rs:52:10
[INFO] [stdout]    |
[INFO] [stdout] 52 |     owed.fetch_update(Ordering::SeqCst, Ordering::SeqCst, |left| match left {
[INFO] [stdout]    |          ^^^^^^^^^^^^
[INFO] [stdout]    |
[INFO] [stdout] help: replace the use of the deprecated method
[INFO] [stdout]    |
[INFO] [stdout] 52 -     owed.fetch_update(Ordering::SeqCst, Ordering::SeqCst, |left| match left {
[INFO] [stdout] 52 +     owed.try_update(Ordering::SeqCst, Ordering::SeqCst, |left| match left {
[INFO] [stdout]    |
[INFO] [stdout] 
[INFO] [stdout] 
[INFO] [stdout] warning: use of deprecated method `std::sync::atomic::Atomic::<u32>::fetch_update`: renamed to `try_update` for consistency
[INFO] [stdout]    --> src/modules/gate.rs:215:18
[INFO] [stdout]     |
[INFO] [stdout] 215 |                 .fetch_update(Ordering::AcqRel, Ordering::Acquire, |left| match left {
[INFO] [stdout]     |                  ^^^^^^^^^^^^
[INFO] [stdout]     |
[INFO] [stdout] help: replace the use of the deprecated method
[INFO] [stdout]     |
[INFO] [stdout] 215 -                 .fetch_update(Ordering::AcqRel, Ordering::Acquire, |left| match left {
[INFO] [stdout] 215 +                 .try_update(Ordering::AcqRel, Ordering::Acquire, |left| match left {
[INFO] [stdout]     |
[INFO] [stdout] 
[INFO] [stdout] 
[INFO] [stdout] warning: use of deprecated method `std::sync::atomic::Atomic::<u32>::fetch_update`: renamed to `try_update` for consistency
[INFO] [stdout]    --> src/modules/injector.rs:160:14
[INFO] [stdout]     |
[INFO] [stdout] 160 |             .fetch_update(Ordering::Relaxed, Ordering::Relaxed, |left| match left {
[INFO] [stdout]     |              ^^^^^^^^^^^^
[INFO] [stdout]     |
[INFO] [stdout] help: replace the use of the deprecated method
[INFO] [stdout]     |
[INFO] [stdout] 160 -             .fetch_update(Ordering::Relaxed, Ordering::Relaxed, |left| match left {
[INFO] [stdout] 160 +             .try_update(Ordering::Relaxed, Ordering::Relaxed, |left| match left {
[INFO] [stdout]     |
[INFO] [stdout] 
[INFO] [stdout] 
[INFO] [stdout] warning: use of deprecated method `std::sync::atomic::Atomic::<u32>::fetch_update`: renamed to `try_update` for consistency
[INFO] [stdout]    --> src/modules/thread_slot.rs:147:18
[INFO] [stdout]     |
[INFO] [stdout] 147 |                 .fetch_update(Ordering::AcqRel, Ordering::Acquire, |state| {
[INFO] [stdout]     |                  ^^^^^^^^^^^^
[INFO] [stdout]     |
[INFO] [stdout] help: replace the use of the deprecated method
[INFO] [stdout]     |
[INFO] [stdout] 147 -                 .fetch_update(Ordering::AcqRel, Ordering::Acquire, |state| {
[INFO] [stdout] 147 +                 .try_update(Ordering::AcqRel, Ordering::Acquire, |state| {
[INFO] [stdout]     |
[INFO] [stdout] 
[INFO] [stdout] 
[INFO] [stdout] warning: use of deprecated method `std::sync::atomic::Atomic::<usize>::fetch_update`: renamed to `try_update` for consistency
[INFO] [stdout]    --> src/modules/worker_pool.rs:251:14
[INFO] [stdout]     |
[INFO] [stdout] 251 |             .fetch_update(Ordering::AcqRel, Ordering::Acquire, |live| {
[INFO] [stdout]     |              ^^^^^^^^^^^^
[INFO] [stdout]     |
[INFO] [stdout] help: replace the use of the deprecated method
[INFO] [stdout]     |
[INFO] [stdout] 251 -             .fetch_update(Ordering::AcqRel, Ordering::Acquire, |live| {
[INFO] [stdout] 251 +             .try_update(Ordering::AcqRel, Ordering::Acquire, |live| {
[INFO] [stdout]     |
[INFO] [stdout] 
[INFO] [stdout] 
[INFO] [stdout] warning: use of deprecated method `std::sync::atomic::Atomic::<usize>::fetch_update`: renamed to `try_update` for consistency
[INFO] [stdout]    --> src/modules/worker_pool.rs:291:18
[INFO] [stdout]     |
[INFO] [stdout] 291 |                 .fetch_update(Ordering::AcqRel, Ordering::Acquire, |live| {
[INFO] [stdout]     |                  ^^^^^^^^^^^^
[INFO] [stdout]     |
[INFO] [stdout] help: replace the use of the deprecated method
[INFO] [stdout]     |
[INFO] [stdout] 291 -                 .fetch_update(Ordering::AcqRel, Ordering::Acquire, |live| {
[INFO] [stdout] 291 +                 .try_update(Ordering::AcqRel, Ordering::Acquire, |live| {
[INFO] [stdout]     |
[INFO] [stdout] 
[INFO] [stdout] 
[INFO] [stdout] warning: use of deprecated method `std::sync::atomic::Atomic::<usize>::fetch_update`: renamed to `try_update` for consistency
[INFO] [stdout]    --> src/modules/worker_pool.rs:697:18
[INFO] [stdout]     |
[INFO] [stdout] 697 |                 .fetch_update(Ordering::AcqRel, Ordering::Acquire, |live| {
[INFO] [stdout]     |                  ^^^^^^^^^^^^
[INFO] [stdout]     |
[INFO] [stdout] help: replace the use of the deprecated method
[INFO] [stdout]     |
[INFO] [stdout] 697 -                 .fetch_update(Ordering::AcqRel, Ordering::Acquire, |live| {
[INFO] [stdout] 697 +                 .try_update(Ordering::AcqRel, Ordering::Acquire, |live| {
[INFO] [stdout]     |
[INFO] [stdout] 
[INFO] [stdout] 
[INFO] [stdout] warning: use of deprecated method `std::sync::atomic::Atomic::<usize>::fetch_update`: renamed to `try_update` for consistency
[INFO] [stdout]     --> src/modules/worker_pool.rs:1189:14
[INFO] [stdout]      |
[INFO] [stdout] 1189 |             .fetch_update(Ordering::AcqRel, Ordering::Acquire, |live| {
[INFO] [stdout]      |              ^^^^^^^^^^^^
[INFO] [stdout]      |
[INFO] [stdout] help: replace the use of the deprecated method
[INFO] [stdout]      |
[INFO] [stdout] 1189 -             .fetch_update(Ordering::AcqRel, Ordering::Acquire, |live| {
[INFO] [stdout] 1189 +             .try_update(Ordering::AcqRel, Ordering::Acquire, |live| {
[INFO] [stdout]      |
[INFO] [stdout] 
[INFO] [stdout] 
[INFO] [stdout] warning: use of deprecated method `std::sync::atomic::Atomic::<usize>::fetch_update`: renamed to `try_update` for consistency
[INFO] [stdout]     --> src/modules/worker_pool.rs:1266:14
[INFO] [stdout]      |
[INFO] [stdout] 1266 |             .fetch_update(Ordering::SeqCst, Ordering::SeqCst, |dead| {
[INFO] [stdout]      |              ^^^^^^^^^^^^
[INFO] [stdout]      |
[INFO] [stdout] help: replace the use of the deprecated method
[INFO] [stdout]      |
[INFO] [stdout] 1266 -             .fetch_update(Ordering::SeqCst, Ordering::SeqCst, |dead| {
[INFO] [stdout] 1266 +             .try_update(Ordering::SeqCst, Ordering::SeqCst, |dead| {
[INFO] [stdout]      |
[INFO] [stdout] 
[INFO] [stdout] 
[INFO] [stdout] error[E0609]: no field `d_namlen` on type `dirent`
[INFO] [stdout]    --> src/futures/file/file_task.rs:530:30
[INFO] [stdout]     |
[INFO] [stdout] 530 |                     (*entry).d_namlen as usize,
[INFO] [stdout]     |                              ^^^^^^^^ unknown field
[INFO] [stdout]     |
[INFO] [stdout] help: a field with a similar name exists
[INFO] [stdout]     |
[INFO] [stdout] 530 -                     (*entry).d_namlen as usize,
[INFO] [stdout] 530 +                     (*entry).d_name as usize,
[INFO] [stdout]     |
[INFO] [stdout] 
[INFO] [stdout] 
[INFO] [stdout] error[E0609]: no field `d_namlen` on type `dirent`
[INFO] [stdout]    --> src/futures/file/file_task.rs:884:26
[INFO] [stdout]     |
[INFO] [stdout] 884 |                 (*entry).d_namlen as usize,
[INFO] [stdout]     |                          ^^^^^^^^ unknown field
[INFO] [stdout]     |
[INFO] [stdout] help: a field with a similar name exists
[INFO] [stdout]     |
[INFO] [stdout] 884 -                 (*entry).d_namlen as usize,
[INFO] [stdout] 884 +                 (*entry).d_name as usize,
[INFO] [stdout]     |
[INFO] [stdout] 
[INFO] [stdout] 
[INFO] [stdout] error[E0609]: no field `st_birthtime` on type `&libc::stat`
[INFO] [stdout]   --> src/futures/file/metadata.rs:59:32
[INFO] [stdout]    |
[INFO] [stdout] 59 |             created: stamp(raw.st_birthtime, raw.st_birthtime_nsec),
[INFO] [stdout]    |                                ^^^^^^^^^^^^ unknown field
[INFO] [stdout]    |
[INFO] [stdout]    = note: available fields are: `st_dev`, `st_ino`, `st_nlink`, `st_mode`, `st_uid` ... and 11 others
[INFO] [stdout] 
[INFO] [stdout] 
[INFO] [stdout] error[E0609]: no field `st_birthtime_nsec` on type `&libc::stat`
[INFO] [stdout]   --> src/futures/file/metadata.rs:59:50
[INFO] [stdout]    |
[INFO] [stdout] 59 |             created: stamp(raw.st_birthtime, raw.st_birthtime_nsec),
[INFO] [stdout]    |                                                  ^^^^^^^^^^^^^^^^^ unknown field
[INFO] [stdout]    |
[INFO] [stdout] help: a field with a similar name exists
[INFO] [stdout]    |
[INFO] [stdout] 59 -             created: stamp(raw.st_birthtime, raw.st_birthtime_nsec),
[INFO] [stdout] 59 +             created: stamp(raw.st_birthtime, raw.st_atime_nsec),
[INFO] [stdout]    |
[INFO] [stdout] 
[INFO] [stdout] 
[INFO] [stdout] error[E0560]: struct `sockaddr_in` has no field named `sin_len`
[INFO] [stdout]    --> src/futures/net/address.rs:137:17
[INFO] [stdout]     |
[INFO] [stdout] 137 |                 sin_len: mem::size_of::<libc::sockaddr_in>() as u8,
[INFO] [stdout]     |                 ^^^^^^^ `sockaddr_in` does not have this field
[INFO] [stdout]     |
[INFO] [stdout]     = note: all struct fields are already assigned
[INFO] [stdout] 
[INFO] [stdout] 
[INFO] [stdout] error[E0560]: struct `sockaddr_in6` has no field named `sin6_len`
[INFO] [stdout]    --> src/futures/net/address.rs:154:17
[INFO] [stdout]     |
[INFO] [stdout] 154 |                 sin6_len: mem::size_of::<libc::sockaddr_in6>() as u8,
[INFO] [stdout]     |                 ^^^^^^^^ `sockaddr_in6` does not have this field
[INFO] [stdout]     |
[INFO] [stdout]     = note: all struct fields are already assigned
[INFO] [stdout] 
[INFO] [stdout] 
[INFO] [stdout] error[E0308]: mismatched types
[INFO] [stdout]    --> src/futures/process/process_task.rs:587:48
[INFO] [stdout]     |
[INFO] [stdout] 587 |         let mut raw: libc::posix_spawnattr_t = ptr::null_mut();
[INFO] [stdout]     |                      -----------------------   ^^^^^^^^^^^^^^^ expected `posix_spawnattr_t`, found `*mut _`
[INFO] [stdout]     |                      |
[INFO] [stdout]     |                      expected due to this
[INFO] [stdout]     |
[INFO] [stdout]     = note:   expected struct `posix_spawnattr_t`
[INFO] [stdout]             found raw pointer `*mut _`
[INFO] [stdout] 
[INFO] [stdout] 
[INFO] [stdout] error[E0308]: mismatched types
[INFO] [stdout]    --> src/futures/process/process_task.rs:607:57
[INFO] [stdout]     |
[INFO] [stdout] 607 |         let mut raw: libc::posix_spawn_file_actions_t = ptr::null_mut();
[INFO] [stdout]     |                      --------------------------------   ^^^^^^^^^^^^^^^ expected `posix_spawn_file_actions_t`, found `*mut _`
[INFO] [stdout]     |                      |
[INFO] [stdout]     |                      expected due to this
[INFO] [stdout]     |
[INFO] [stdout]     = note:   expected struct `posix_spawn_file_actions_t`
[INFO] [stdout]             found raw pointer `*mut _`
[INFO] [stdout] 
[INFO] [stdout] 
[INFO] [stdout] error[E0609]: no field `sun_len` on type `sockaddr_un`
[INFO] [stdout]   --> src/futures/unix/path.rs:38:9
[INFO] [stdout]    |
[INFO] [stdout] 38 |     raw.sun_len = len as u8;
[INFO] [stdout]    |         ^^^^^^^ unknown field
[INFO] [stdout]    |
[INFO] [stdout]    = note: available fields are: `sun_family`, `sun_path`
[INFO] [stdout] 
[INFO] [stdout] 
[INFO] [stdout] Some errors have detailed explanations: E0308, E0422, E0425, E0531, E0560, E0609.
[INFO] [stdout] 
[INFO] [stdout] For more information about an error, try `rustc --explain E0308`.
[INFO] [stdout] 
[INFO] [stderr] error: could not compile `atap` (lib) due to 146 previous errors; 10 warnings emitted
[INFO] [stderr] warning: build failed, waiting for other jobs to finish...
[INFO] running `Command { std: "docker" "inspect" "a9a96338901505c0a2bd5112ccbe5c9544c6d39ffb40eefeaee3c15255f647e2", kill_on_drop: false }`
[INFO] running `Command { std: "docker" "rm" "-f" "a9a96338901505c0a2bd5112ccbe5c9544c6d39ffb40eefeaee3c15255f647e2", kill_on_drop: false }`
[INFO] [stdout] a9a96338901505c0a2bd5112ccbe5c9544c6d39ffb40eefeaee3c15255f647e2
