[INFO] cloning repository https://github.com/Kanexxxxx/carteira-investimentos-rust
[INFO] running `Command { std: "git" "-c" "credential.helper=" "-c" "credential.helper=/workspace/cargo-home/bin/git-credential-null" "clone" "--bare" "https://github.com/Kanexxxxx/carteira-investimentos-rust" "/workspace/cache/git-repos/https%3A%2F%2Fgithub.com%2FKanexxxxx%2Fcarteira-investimentos-rust", kill_on_drop: false }`
[INFO] [stderr] Cloning into bare repository '/workspace/cache/git-repos/https%3A%2F%2Fgithub.com%2FKanexxxxx%2Fcarteira-investimentos-rust'...
[INFO] running `Command { std: "git" "rev-parse" "HEAD", kill_on_drop: false }`
[INFO] [stdout] f32a90d15012d61b376e51cff02bcff69d2cc562
[INFO] checking Kanexxxxx/carteira-investimentos-rust against 3154cc1a3e6424e44f438a95007d043ed5ceaaf6+rustflags=-Znext-solver=coherence for pr-133502-30
[INFO] running `Command { std: "git" "clone" "/workspace/cache/git-repos/https%3A%2F%2Fgithub.com%2FKanexxxxx%2Fcarteira-investimentos-rust" "/workspace/builds/worker-5-tc1/source", kill_on_drop: false }`
[INFO] [stderr] Cloning into '/workspace/builds/worker-5-tc1/source'...
[INFO] [stderr] done.
[INFO] started tweaking git repo https://github.com/Kanexxxxx/carteira-investimentos-rust
[INFO] finished tweaking git repo https://github.com/Kanexxxxx/carteira-investimentos-rust
[INFO] tweaked toml for git repo https://github.com/Kanexxxxx/carteira-investimentos-rust written to /workspace/builds/worker-5-tc1/source/Cargo.toml
[INFO] validating manifest of git repo https://github.com/Kanexxxxx/carteira-investimentos-rust on toolchain 3154cc1a3e6424e44f438a95007d043ed5ceaaf6
[INFO] running `Command { std: CARGO_HOME="/workspace/cargo-home" RUSTUP_HOME="/workspace/rustup-home" "/workspace/cargo-home/bin/cargo" "+3154cc1a3e6424e44f438a95007d043ed5ceaaf6" "metadata" "--manifest-path" "Cargo.toml" "--no-deps", kill_on_drop: false }`
[INFO] crate git repo https://github.com/Kanexxxxx/carteira-investimentos-rust already has a lockfile, it will not be regenerated
[INFO] running `Command { std: CARGO_HOME="/workspace/cargo-home" RUSTUP_HOME="/workspace/rustup-home" "/workspace/cargo-home/bin/cargo" "+3154cc1a3e6424e44f438a95007d043ed5ceaaf6" "fetch" "--manifest-path" "Cargo.toml", kill_on_drop: false }`
[INFO] [stderr]     Updating crates.io index
[INFO] [stderr]  Downloading crates ...
[INFO] [stderr]   Downloaded superboring v0.1.14
[INFO] [stderr]   Downloaded hmac-sha512 v1.1.12
[INFO] [stderr]   Downloaded ml-dsa v0.1.1
[INFO] [stderr]   Downloaded binstring v0.1.7
[INFO] [stderr]   Downloaded hmac-sha1-compact v1.1.7
[INFO] [stderr]   Downloaded ct-codecs v1.1.7
[INFO] [stderr]   Downloaded askama_macros v0.15.6
[INFO] [stderr]   Downloaded aes-keywrap v0.9.0
[INFO] [stderr]   Downloaded askama v0.15.6
[INFO] [stderr]   Downloaded blake2b_simd v1.0.5
[INFO] [stderr]   Downloaded ed25519-compact v2.4.2
[INFO] [stderr]   Downloaded askama_parser v0.15.6
[INFO] [stderr]   Downloaded askama_derive v0.15.6
[INFO] [stderr]   Downloaded insta v1.48.0
[INFO] [stderr]   Downloaded wasix v0.13.2
[INFO] [stderr]   Downloaded shake v0.1.0
[INFO] [stderr]   Downloaded jwt-simple v0.12.17
[INFO] running `Command { std: "docker" "create" "-v" "/var/lib/crater-agent-workspace/builds/worker-5-tc1/source:/opt/rustwide/workdir:ro,Z" "-v" "/var/lib/crater-agent-workspace/builds/worker-5-tc1/target:/opt/rustwide/target:rw,Z" "-v" "/var/lib/crater-agent-workspace/cargo-home:/opt/rustwide/cargo-home:ro,Z" "-v" "/var/lib/crater-agent-workspace/rustup-home:/opt/rustwide/rustup-home:ro,Z" "-m" "1610612736" "--network" "none" "ghcr.io/rust-lang/crates-build-env/linux@sha256:77db811e55d90add9212f6832c23229e3de5f1c1f9905e8cb07319ea15df73ac" "sleep" "infinity", kill_on_drop: false }`
[INFO] [stdout] b906cbe88113aacb915543d60b36261ff3bfff2372d3214492958844fb50e4d2
[INFO] running `Command { std: "docker" "start" "b906cbe88113aacb915543d60b36261ff3bfff2372d3214492958844fb50e4d2", kill_on_drop: false }`
[INFO] running `Command { std: "docker" "inspect" "b906cbe88113aacb915543d60b36261ff3bfff2372d3214492958844fb50e4d2", kill_on_drop: false }`
[INFO] running `Command { std: "docker" "exec" "-e" "SOURCE_DIR=/opt/rustwide/workdir" "-e" "CARGO_HOME=/opt/rustwide/cargo-home" "-e" "RUSTUP_HOME=/opt/rustwide/rustup-home" "-e" "CARGO_TARGET_DIR=/opt/rustwide/target" "-w" "/opt/rustwide/workdir" "--user" "0:0" "b906cbe88113aacb915543d60b36261ff3bfff2372d3214492958844fb50e4d2" "/opt/rustwide/cargo-home/bin/cargo" "+3154cc1a3e6424e44f438a95007d043ed5ceaaf6" "metadata" "--no-deps" "--format-version=1", kill_on_drop: false }`
[INFO] running `Command { std: "docker" "inspect" "b906cbe88113aacb915543d60b36261ff3bfff2372d3214492958844fb50e4d2", kill_on_drop: false }`
[INFO] running `Command { std: "docker" "exec" "-e" "SOURCE_DIR=/opt/rustwide/workdir" "-e" "CARGO_HOME=/opt/rustwide/cargo-home" "-e" "RUSTUP_HOME=/opt/rustwide/rustup-home" "-e" "CARGO_TARGET_DIR=/opt/rustwide/target" "-e" "CARGO_INCREMENTAL=0" "-e" "RUST_BACKTRACE=full" "-e" "RUSTFLAGS=--cap-lints=forbid -Znext-solver=coherence" "-e" "RUSTDOCFLAGS=--cap-lints=forbid" "-w" "/opt/rustwide/workdir" "--user" "0:0" "b906cbe88113aacb915543d60b36261ff3bfff2372d3214492958844fb50e4d2" "/opt/rustwide/cargo-home/bin/cargo" "+3154cc1a3e6424e44f438a95007d043ed5ceaaf6" "check" "--frozen" "--all" "--all-targets" "--message-format=json", kill_on_drop: false }`
[INFO] [stderr]    Compiling getrandom v0.4.3
[INFO] [stderr]     Checking cmov v0.5.4
[INFO] [stderr]    Compiling generic-array v0.14.9
[INFO] [stderr]    Compiling zerovec-derive v0.11.6
[INFO] [stderr]    Compiling serde_core v1.0.229
[INFO] [stderr]     Checking getrandom v0.2.17
[INFO] [stderr]    Compiling num-traits v0.2.19
[INFO] [stderr]     Checking smallvec v1.15.2
[INFO] [stderr]    Compiling ring v0.17.14
[INFO] [stderr]     Checking der v0.7.10
[INFO] [stderr]    Compiling serde_json v1.0.151
[INFO] [stderr]     Checking tracing v0.1.44
[INFO] [stderr]     Checking spin v0.9.9
[INFO] [stderr]     Checking futures-sink v0.3.34
[INFO] [stderr]     Checking ctutils v0.4.2
[INFO] [stderr]     Checking lazy_static v1.5.0
[INFO] [stderr]    Compiling rustls-pki-types v1.15.1
[INFO] [stderr]     Checking tokio v1.53.1
[INFO] [stderr]     Checking rand_core v0.6.4
[INFO] [stderr]    Compiling futures-core v0.3.34
[INFO] [stderr]    Compiling mio v1.2.2
[INFO] [stderr]    Compiling socket2 v0.6.5
[INFO] [stderr]    Compiling zerocopy v0.8.56
[INFO] [stderr]     Checking hybrid-array v0.4.14
[INFO] [stderr]     Checking rand_chacha v0.3.1
[INFO] [stderr]     Checking ff v0.13.1
[INFO] [stderr]     Checking group v0.13.0
[INFO] [stderr]     Checking rand v0.8.7
[INFO] [stderr]     Checking cpubits v0.1.1
[INFO] [stderr]     Checking futures-util v0.3.34
[INFO] [stderr]    Compiling webpki-roots v1.0.9
[INFO] [stderr]     Checking crypto-common v0.1.6
[INFO] [stderr]     Checking block-buffer v0.10.4
[INFO] [stderr]     Checking crypto-bigint v0.5.5
[INFO] [stderr]     Checking digest v0.10.7
[INFO] [stderr]    Compiling zerovec v0.11.8
[INFO] [stderr]     Checking hmac v0.12.1
[INFO] [stderr]     Checking sha2 v0.10.9
[INFO] [stderr]     Checking spki v0.7.3
[INFO] [stderr]     Checking hkdf v0.12.4
[INFO] [stderr]     Checking signature v2.2.0
[INFO] [stderr]     Checking futures-channel v0.3.34
[INFO] [stderr]     Checking pkcs8 v0.10.2
[INFO] [stderr]    Compiling crossbeam-utils v0.8.22
[INFO] [stderr]    Compiling futures-task v0.3.34
[INFO] [stderr]     Checking sec1 v0.7.3
[INFO] [stderr]     Checking const-oid v0.10.2
[INFO] [stderr]    Compiling futures-io v0.3.34
[INFO] [stderr]    Compiling event-listener v5.4.2
[INFO] [stderr]     Checking crypto-common v0.2.2
[INFO] [stderr]     Checking inout v0.2.2
[INFO] [stderr]     Checking block-buffer v0.12.1
[INFO] [stderr]    Compiling chrono v0.4.45
[INFO] [stderr]    Compiling tinystr v0.8.4
[INFO] [stderr]    Compiling potential_utf v0.1.6
[INFO] [stderr]    Compiling icu_collections v2.3.0
[INFO] [stderr]    Compiling icu_locale_core v2.3.0
[INFO] [stderr]    Compiling crossbeam-queue v0.3.13
[INFO] [stderr]     Checking cipher v0.5.2
[INFO] [stderr]     Checking universal-hash v0.6.1
[INFO] [stderr]     Checking elliptic-curve v0.13.8
[INFO] [stderr]     Checking digest v0.11.3
[INFO] [stderr]     Checking rfc6979 v0.4.0
[INFO] [stderr]     Checking num-integer v0.1.47
[INFO] [stderr]    Compiling webpki-roots v0.26.11
[INFO] [stderr]    Compiling unicode-normalization v0.1.25
[INFO] [stderr]     Checking parking_lot_core v0.9.12
[INFO] [stderr]    Compiling thiserror v2.0.20
[INFO] [stderr]    Compiling num-bigint-dig v0.8.6
[INFO] [stderr]     Checking aes v0.9.2
[INFO] [stderr]     Checking parking_lot v0.12.5
[INFO] [stderr]     Checking ecdsa v0.16.9
[INFO] [stderr]     Checking num-iter v0.1.46
[INFO] [stderr]     Checking polyval v0.7.3
[INFO] [stderr]    Compiling icu_provider v2.3.1
[INFO] [stderr]    Compiling stringprep v0.1.5
[INFO] [stderr]    Compiling serde v1.0.229
[INFO] [stderr]    Compiling rustls v0.23.43
[INFO] [stderr]    Compiling md-5 v0.10.6
[INFO] [stderr]    Compiling icu_properties v2.3.0
[INFO] [stderr]    Compiling atoi v2.0.0
[INFO] [stderr]     Checking icu_normalizer v2.3.0
[INFO] [stderr]     Checking sharded-slab v0.1.7
[INFO] [stderr]    Compiling winnow v1.0.4
[INFO] [stderr]     Checking tracing-log v0.2.0
[INFO] [stderr]     Checking keccak v0.2.2
[INFO] [stderr]    Compiling owo-colors v4.3.0
[INFO] [stderr]    Compiling either v1.18.0
[INFO] [stderr]     Checking sponge-cursor v0.1.0
[INFO] [stderr]    Compiling object v0.37.3
[INFO] [stderr]     Checking tracing-subscriber v0.3.23
[INFO] [stderr]     Checking shake v0.1.0
[INFO] [stderr]    Compiling basic-toml v0.1.10
[INFO] [stderr]     Checking rustls-webpki v0.103.15
[INFO] [stderr]    Compiling futures-intrusive v0.5.0
[INFO] [stderr]    Compiling askama_parser v0.15.6
[INFO] [stderr]    Compiling idna_adapter v1.2.2
[INFO] [stderr]    Compiling idna v1.1.0
[INFO] [stderr]     Checking ghash v0.6.0
[INFO] [stderr]     Checking primeorder v0.13.6
[INFO] [stderr]     Checking hyper v1.11.0
[INFO] [stderr]     Checking tokio-stream v0.1.19
[INFO] [stderr]     Checking signature v3.0.0
[INFO] [stderr]     Checking ctr v0.10.1
[INFO] [stderr]     Checking der v0.8.1
[INFO] [stderr]    Compiling url v2.5.8
[INFO] [stderr]     Checking aead v0.6.1
[INFO] [stderr]     Checking module-lattice v0.2.3
[INFO] [stderr]     Checking pkcs1 v0.7.5
[INFO] [stderr]    Compiling eyre v0.6.14
[INFO] [stderr]    Compiling cookie v0.18.2
[INFO] [stderr]     Checking gimli v0.32.3
[INFO] [stderr]     Checking time v0.3.55
[INFO] [stderr]     Checking axum-core v0.5.6
[INFO] [stderr]     Checking miniz_oxide v0.8.9
[INFO] [stderr]     Checking aes-gcm v0.11.1
[INFO] [stderr]     Checking tracing-error v0.2.1
[INFO] [stderr]    Compiling ppv-lite86 v0.2.21
[INFO] [stderr]     Checking tower v0.5.3
[INFO] [stderr]     Checking aes-keywrap v0.9.0
[INFO] [stderr]     Checking hyper-util v0.1.20
[INFO] [stderr]     Checking rsa v0.9.10
[INFO] [stderr]     Checking hmac-sha256 v1.1.14
[INFO] [stderr]     Checking blake2 v0.10.6
[INFO] [stderr]     Checking hmac-sha512 v1.1.12
[INFO] [stderr]     Checking password-hash v0.5.0
[INFO] [stderr]    Compiling axum-macros v0.5.1
[INFO] [stderr]     Checking rustc-demangle v0.1.28
[INFO] [stderr]     Checking indenter v0.3.4
[INFO] [stderr]     Checking spki v0.8.0
[INFO] [stderr]     Checking ct-codecs v1.1.7
[INFO] [stderr]     Checking blake2b_simd v1.0.5
[INFO] [stderr]     Checking color-spantrace v0.3.0
[INFO] [stderr]     Checking pkcs8 v0.11.0
[INFO] [stderr]     Checking ed25519-compact v2.4.2
[INFO] [stderr]     Checking ml-dsa v0.1.1
[INFO] [stderr]     Checking rustix v1.1.4
[INFO] [stderr]     Checking argon2 v0.5.3
[INFO] [stderr]     Checking p384 v0.13.1
[INFO] [stderr]     Checking p256 v0.13.2
[INFO] [stderr]     Checking k256 v0.13.4
[INFO] [stderr]     Checking coarsetime v0.1.37
[INFO] [stderr]     Checking hmac-sha1-compact v1.1.7
[INFO] [stderr]     Checking binstring v0.1.7
[INFO] [stderr]     Checking password-auth v1.0.0
[INFO] [stderr]     Checking console v0.16.4
[INFO] [stderr]     Checking similar v2.7.0
[INFO] [stderr]     Checking axum v0.8.9
[INFO] [stderr]     Checking addr2line v0.25.1
[INFO] [stderr]     Checking sqlx-core v0.8.6
[INFO] [stderr]    Compiling askama_derive v0.15.6
[INFO] [stderr]     Checking tempfile v3.27.0
[INFO] [stderr]     Checking superboring v0.1.14
[INFO] [stderr]     Checking insta v1.48.0
[INFO] [stderr]     Checking jwt-simple v0.12.17
[INFO] [stderr]     Checking backtrace v0.3.76
[INFO] [stderr]     Checking color-eyre v0.6.5
[INFO] [stderr]     Checking sqlx-postgres v0.8.6
[INFO] [stderr]    Compiling askama_macros v0.15.6
[INFO] [stderr]     Checking askama v0.15.6
[INFO] [stderr]     Checking axum-extra v0.12.6
[INFO] [stderr]    Compiling sqlx-macros-core v0.8.6
[INFO] [stderr]    Compiling sqlx-macros v0.8.6
[INFO] [stderr]     Checking sqlx v0.8.6
[INFO] [stderr]     Checking carteira-investimentos v0.1.0 (/opt/rustwide/workdir)
[INFO] [stdout] error: error communicating with database: Connection refused (os error 111)
[INFO] [stdout]   --> src/repository.rs:32:9
[INFO] [stdout]    |
[INFO] [stdout] 32 | /         sqlx::query_as!(
[INFO] [stdout] 33 | |             Asset,
[INFO] [stdout] 34 | |             r#"SELECT id AS "id!",
[INFO] [stdout] 35 | |                       name AS "name!",
[INFO] [stdout] ...  |
[INFO] [stdout] 40 | |                ORDER BY name;"#
[INFO] [stdout] 41 | |         )
[INFO] [stdout]    | |_________^
[INFO] [stdout]    |
[INFO] [stdout]    = note: this error originates in the macro `$crate::sqlx_macros::expand_query` which comes from the expansion of the macro `sqlx::query_as` (in Nightly builds, run with -Z macro-backtrace for more info)
[INFO] [stdout] 
[INFO] [stdout] 
[INFO] [stdout] error: error communicating with database: Connection refused (os error 111)
[INFO] [stdout]   --> src/repository.rs:47:9
[INFO] [stdout]    |
[INFO] [stdout] 47 | /         sqlx::query_as!(
[INFO] [stdout] 48 | |             Asset,
[INFO] [stdout] 49 | |             r#"SELECT id AS "id!",
[INFO] [stdout] 50 | |                       name AS "name!",
[INFO] [stdout] ...  |
[INFO] [stdout] 56 | |             asset_id
[INFO] [stdout] 57 | |         )
[INFO] [stdout]    | |_________^
[INFO] [stdout]    |
[INFO] [stdout]    = note: this error originates in the macro `$crate::sqlx_macros::expand_query` which comes from the expansion of the macro `sqlx::query_as` (in Nightly builds, run with -Z macro-backtrace for more info)
[INFO] [stdout] 
[INFO] [stdout] 
[INFO] [stdout] error: error communicating with database: Connection refused (os error 111)
[INFO] [stdout]   --> src/repository.rs:69:9
[INFO] [stdout]    |
[INFO] [stdout] 69 | /         sqlx::query_as!(
[INFO] [stdout] 70 | |             Asset,
[INFO] [stdout] 71 | |             r#"INSERT INTO assets (name, ticker, category, unit_value)
[INFO] [stdout] 72 | |                VALUES ($1, $2, $3, $4)
[INFO] [stdout] ...  |
[INFO] [stdout] 81 | |             unit_value
[INFO] [stdout] 82 | |         )
[INFO] [stdout]    | |_________^
[INFO] [stdout]    |
[INFO] [stdout]    = note: this error originates in the macro `$crate::sqlx_macros::expand_query` which comes from the expansion of the macro `sqlx::query_as` (in Nightly builds, run with -Z macro-backtrace for more info)
[INFO] [stdout] 
[INFO] [stdout] 
[INFO] [stdout] error: error communicating with database: Connection refused (os error 111)
[INFO] [stdout]    --> src/repository.rs:97:9
[INFO] [stdout]     |
[INFO] [stdout]  97 | /         sqlx::query_as!(
[INFO] [stdout]  98 | |             Asset,
[INFO] [stdout]  99 | |             r#"UPDATE assets
[INFO] [stdout] 100 | |                SET name       = COALESCE($2, name),
[INFO] [stdout] ...   |
[INFO] [stdout] 114 | |             unit_value
[INFO] [stdout] 115 | |         )
[INFO] [stdout]     | |_________^
[INFO] [stdout]     |
[INFO] [stdout]     = note: this error originates in the macro `$crate::sqlx_macros::expand_query` which comes from the expansion of the macro `sqlx::query_as` (in Nightly builds, run with -Z macro-backtrace for more info)
[INFO] [stdout] 
[INFO] [stdout] 
[INFO] [stdout] error: error communicating with database: Connection refused (os error 111)
[INFO] [stdout]    --> src/repository.rs:127:9
[INFO] [stdout]     |
[INFO] [stdout] 127 | /         sqlx::query_as!(
[INFO] [stdout] 128 | |             UserRecord,
[INFO] [stdout] 129 | |             "INSERT INTO users (username, password_hash)
[INFO] [stdout] 130 | |              VALUES ($1, $2)
[INFO] [stdout] ...   |
[INFO] [stdout] 133 | |             password_hash,
[INFO] [stdout] 134 | |         )
[INFO] [stdout]     | |_________^
[INFO] [stdout]     |
[INFO] [stdout]     = note: this error originates in the macro `$crate::sqlx_macros::expand_query` which comes from the expansion of the macro `sqlx::query_as` (in Nightly builds, run with -Z macro-backtrace for more info)
[INFO] [stdout] 
[INFO] [stdout] 
[INFO] [stdout] error: error communicating with database: Connection refused (os error 111)
[INFO] [stdout]    --> src/repository.rs:140:9
[INFO] [stdout]     |
[INFO] [stdout] 140 | /         sqlx::query_as!(
[INFO] [stdout] 141 | |             UserRecord,
[INFO] [stdout] 142 | |             "SELECT id, username, password_hash
[INFO] [stdout] 143 | |              FROM users
[INFO] [stdout] 144 | |              WHERE username = $1;",
[INFO] [stdout] 145 | |             username
[INFO] [stdout] 146 | |         )
[INFO] [stdout]     | |_________^
[INFO] [stdout]     |
[INFO] [stdout]     = note: this error originates in the macro `$crate::sqlx_macros::expand_query` which comes from the expansion of the macro `sqlx::query_as` (in Nightly builds, run with -Z macro-backtrace for more info)
[INFO] [stdout] 
[INFO] [stdout] 
[INFO] [stdout] error: error communicating with database: Connection refused (os error 111)
[INFO] [stdout]    --> src/repository.rs:165:9
[INFO] [stdout]     |
[INFO] [stdout] 165 | /         sqlx::query_as!(
[INFO] [stdout] 166 | |             Position,
[INFO] [stdout] 167 | |             r#"SELECT
[INFO] [stdout] 168 | |                  a.id         AS "asset_id!",
[INFO] [stdout] ...   |
[INFO] [stdout] 184 | |             user_id
[INFO] [stdout] 185 | |         )
[INFO] [stdout]     | |_________^
[INFO] [stdout]     |
[INFO] [stdout]     = note: this error originates in the macro `$crate::sqlx_macros::expand_query` which comes from the expansion of the macro `sqlx::query_as` (in Nightly builds, run with -Z macro-backtrace for more info)
[INFO] [stdout] 
[INFO] [stdout] 
[INFO] [stdout] error: error communicating with database: Connection refused (os error 111)
[INFO] [stdout]    --> src/repository.rs:193:19
[INFO] [stdout]     |
[INFO] [stdout] 193 |           let row = sqlx::query!(
[INFO] [stdout]     |  ___________________^
[INFO] [stdout] 194 | |             r#"SELECT COALESCE(
[INFO] [stdout] 195 | |                    SUM(CASE WHEN kind = 'BUY' THEN  quantity
[INFO] [stdout] 196 | |                                               ELSE -quantity END),
[INFO] [stdout] ...   |
[INFO] [stdout] 202 | |             asset_id
[INFO] [stdout] 203 | |         )
[INFO] [stdout]     | |_________^
[INFO] [stdout]     |
[INFO] [stdout]     = note: this error originates in the macro `$crate::sqlx_macros::expand_query` which comes from the expansion of the macro `sqlx::query` (in Nightly builds, run with -Z macro-backtrace for more info)
[INFO] [stdout] 
[INFO] [stdout] 
[INFO] [stdout] error: error communicating with database: Connection refused (os error 111)
[INFO] [stdout]    --> src/repository.rs:217:9
[INFO] [stdout]     |
[INFO] [stdout] 217 | /         sqlx::query_as!(
[INFO] [stdout] 218 | |             Transaction,
[INFO] [stdout] 219 | |             r#"SELECT
[INFO] [stdout] 220 | |                  t.id         AS "id!",
[INFO] [stdout] ...   |
[INFO] [stdout] 234 | |             limit
[INFO] [stdout] 235 | |         )
[INFO] [stdout]     | |_________^
[INFO] [stdout]     |
[INFO] [stdout]     = note: this error originates in the macro `$crate::sqlx_macros::expand_query` which comes from the expansion of the macro `sqlx::query_as` (in Nightly builds, run with -Z macro-backtrace for more info)
[INFO] [stdout] 
[INFO] [stdout] 
[INFO] [stdout] error: error communicating with database: Connection refused (os error 111)
[INFO] [stdout]    --> src/repository.rs:253:19
[INFO] [stdout]     |
[INFO] [stdout] 253 |           let row = sqlx::query!(
[INFO] [stdout]     |  ___________________^
[INFO] [stdout] 254 | |             r#"INSERT INTO transactions (user_id, asset_id, kind, quantity, unit_price)
[INFO] [stdout] 255 | |                VALUES ($1, $2, $3, $4, $5)
[INFO] [stdout] 256 | |                RETURNING id, created_at;"#,
[INFO] [stdout] ...   |
[INFO] [stdout] 261 | |             unit_price
[INFO] [stdout] 262 | |         )
[INFO] [stdout]     | |_________^
[INFO] [stdout]     |
[INFO] [stdout]     = note: this error originates in the macro `$crate::sqlx_macros::expand_query` which comes from the expansion of the macro `sqlx::query` (in Nightly builds, run with -Z macro-backtrace for more info)
[INFO] [stdout] 
[INFO] [stdout] 
[INFO] [stdout] error: error communicating with database: Connection refused (os error 111)
[INFO] [stdout]    --> src/repository.rs:285:9
[INFO] [stdout]     |
[INFO] [stdout] 285 | /         sqlx::query_as!(
[INFO] [stdout] 286 | |             DailyFlow,
[INFO] [stdout] 287 | |             r#"SELECT
[INFO] [stdout] 288 | |                  DATE(created_at AT TIME ZONE 'America/Sao_Paulo') AS "day!",
[INFO] [stdout] ...   |
[INFO] [stdout] 295 | |             user_id
[INFO] [stdout] 296 | |         )
[INFO] [stdout]     | |_________^
[INFO] [stdout]     |
[INFO] [stdout]     = note: this error originates in the macro `$crate::sqlx_macros::expand_query` which comes from the expansion of the macro `sqlx::query_as` (in Nightly builds, run with -Z macro-backtrace for more info)
[INFO] [stdout] 
[INFO] [stdout] 
[INFO] [stdout] error: error communicating with database: Connection refused (os error 111)
[INFO] [stdout]    --> src/repository.rs:316:9
[INFO] [stdout]     |
[INFO] [stdout] 316 | /         sqlx::query_as!(
[INFO] [stdout] 317 | |             Transaction,
[INFO] [stdout] 318 | |             r#"SELECT
[INFO] [stdout] 319 | |                  t.id         AS "id!",
[INFO] [stdout] ...   |
[INFO] [stdout] 331 | |             user_id
[INFO] [stdout] 332 | |         )
[INFO] [stdout]     | |_________^
[INFO] [stdout]     |
[INFO] [stdout]     = note: this error originates in the macro `$crate::sqlx_macros::expand_query` which comes from the expansion of the macro `sqlx::query_as` (in Nightly builds, run with -Z macro-backtrace for more info)
[INFO] [stdout] 
[INFO] [stdout] 
[INFO] [stdout] error: error communicating with database: Connection refused (os error 111)
[INFO] [stdout]    --> src/repository.rs:346:25
[INFO] [stdout]     |
[INFO] [stdout] 346 |           let resultado = sqlx::query!(
[INFO] [stdout]     |  _________________________^
[INFO] [stdout] 347 | |             r#"UPDATE transactions
[INFO] [stdout] 348 | |                SET kind = $3, quantity = $4, unit_price = $5
[INFO] [stdout] 349 | |                WHERE id = $1 AND user_id = $2;"#,
[INFO] [stdout] ...   |
[INFO] [stdout] 354 | |             unit_price
[INFO] [stdout] 355 | |         )
[INFO] [stdout]     | |_________^
[INFO] [stdout]     |
[INFO] [stdout]     = note: this error originates in the macro `$crate::sqlx_macros::expand_query` which comes from the expansion of the macro `sqlx::query` (in Nightly builds, run with -Z macro-backtrace for more info)
[INFO] [stdout] 
[INFO] [stdout] 
[INFO] [stdout] error: error communicating with database: Connection refused (os error 111)
[INFO] [stdout]    --> src/repository.rs:367:25
[INFO] [stdout]     |
[INFO] [stdout] 367 |           let resultado = sqlx::query!(
[INFO] [stdout]     |  _________________________^
[INFO] [stdout] 368 | |             "DELETE FROM transactions WHERE id = $1 AND user_id = $2;",
[INFO] [stdout] 369 | |             transaction_id,
[INFO] [stdout] 370 | |             user_id
[INFO] [stdout] 371 | |         )
[INFO] [stdout]     | |_________^
[INFO] [stdout]     |
[INFO] [stdout]     = note: this error originates in the macro `$crate::sqlx_macros::expand_query` which comes from the expansion of the macro `sqlx::query` (in Nightly builds, run with -Z macro-backtrace for more info)
[INFO] [stdout] 
[INFO] [stdout] 
[INFO] [stdout] error: error communicating with database: Connection refused (os error 111)
[INFO] [stdout]    --> src/repository.rs:389:9
[INFO] [stdout]     |
[INFO] [stdout] 389 | /         sqlx::query_as!(
[INFO] [stdout] 390 | |             Transaction,
[INFO] [stdout] 391 | |             r#"SELECT
[INFO] [stdout] 392 | |                  t.id         AS "id!",
[INFO] [stdout] ...   |
[INFO] [stdout] 410 | |             limit
[INFO] [stdout] 411 | |         )
[INFO] [stdout]     | |_________^
[INFO] [stdout]     |
[INFO] [stdout]     = note: this error originates in the macro `$crate::sqlx_macros::expand_query` which comes from the expansion of the macro `sqlx::query_as` (in Nightly builds, run with -Z macro-backtrace for more info)
[INFO] [stdout] 
[INFO] [stdout] 
[INFO] [stdout] error: error communicating with database: Connection refused (os error 111)
[INFO] [stdout]    --> src/repository.rs:425:21
[INFO] [stdout]     |
[INFO] [stdout] 425 |           let linha = sqlx::query!(
[INFO] [stdout]     |  _____________________^
[INFO] [stdout] 426 | |             r#"SELECT (
[INFO] [stdout] 427 | |                  (SELECT COUNT(*) FROM transactions WHERE asset_id = $1) +
[INFO] [stdout] 428 | |                  (SELECT COUNT(*) FROM dividends    WHERE asset_id = $1)
[INFO] [stdout] 429 | |                ) AS "total!";"#,
[INFO] [stdout] 430 | |             asset_id
[INFO] [stdout] 431 | |         )
[INFO] [stdout]     | |_________^
[INFO] [stdout]     |
[INFO] [stdout]     = note: this error originates in the macro `$crate::sqlx_macros::expand_query` which comes from the expansion of the macro `sqlx::query` (in Nightly builds, run with -Z macro-backtrace for more info)
[INFO] [stdout] 
[INFO] [stdout] 
[INFO] [stdout] error: error communicating with database: Connection refused (os error 111)
[INFO] [stdout]    --> src/repository.rs:439:25
[INFO] [stdout]     |
[INFO] [stdout] 439 |         let resultado = sqlx::query!("DELETE FROM assets WHERE id = $1;", asset_id)
[INFO] [stdout]     |                         ^^^^^^^^^^^^^^^^^^^^^^^^^^^^^^^^^^^^^^^^^^^^^^^^^^^^^^^^^^^
[INFO] [stdout]     |
[INFO] [stdout]     = note: this error originates in the macro `$crate::sqlx_macros::expand_query` which comes from the expansion of the macro `sqlx::query` (in Nightly builds, run with -Z macro-backtrace for more info)
[INFO] [stdout] 
[INFO] [stdout] 
[INFO] [stdout] error: error communicating with database: Connection refused (os error 111)
[INFO] [stdout]    --> src/repository.rs:453:9
[INFO] [stdout]     |
[INFO] [stdout] 453 | /         sqlx::query_as!(
[INFO] [stdout] 454 | |             Dividend,
[INFO] [stdout] 455 | |             r#"SELECT
[INFO] [stdout] 456 | |                  d.id       AS "id!",
[INFO] [stdout] ...   |
[INFO] [stdout] 469 | |             limit
[INFO] [stdout] 470 | |         )
[INFO] [stdout]     | |_________^
[INFO] [stdout]     |
[INFO] [stdout]     = note: this error originates in the macro `$crate::sqlx_macros::expand_query` which comes from the expansion of the macro `sqlx::query_as` (in Nightly builds, run with -Z macro-backtrace for more info)
[INFO] [stdout] 
[INFO] [stdout] 
[INFO] [stdout] error: error communicating with database: Connection refused (os error 111)
[INFO] [stdout]    --> src/repository.rs:481:9
[INFO] [stdout]     |
[INFO] [stdout] 481 | /         sqlx::query_as!(
[INFO] [stdout] 482 | |             Dividend,
[INFO] [stdout] 483 | |             r#"SELECT
[INFO] [stdout] 484 | |                  d.id       AS "id!",
[INFO] [stdout] ...   |
[INFO] [stdout] 496 | |             asset_id
[INFO] [stdout] 497 | |         )
[INFO] [stdout]     | |_________^
[INFO] [stdout]     |
[INFO] [stdout]     = note: this error originates in the macro `$crate::sqlx_macros::expand_query` which comes from the expansion of the macro `sqlx::query_as` (in Nightly builds, run with -Z macro-backtrace for more info)
[INFO] [stdout] 
[INFO] [stdout] 
[INFO] [stdout] error: error communicating with database: Connection refused (os error 111)
[INFO] [stdout]    --> src/repository.rs:510:21
[INFO] [stdout]     |
[INFO] [stdout] 510 |           let linha = sqlx::query!(
[INFO] [stdout]     |  _____________________^
[INFO] [stdout] 511 | |             r#"INSERT INTO dividends (user_id, asset_id, kind, amount, paid_at)
[INFO] [stdout] 512 | |                VALUES ($1, $2, $3, $4, $5)
[INFO] [stdout] 513 | |                RETURNING id;"#,
[INFO] [stdout] ...   |
[INFO] [stdout] 518 | |             paid_at
[INFO] [stdout] 519 | |         )
[INFO] [stdout]     | |_________^
[INFO] [stdout]     |
[INFO] [stdout]     = note: this error originates in the macro `$crate::sqlx_macros::expand_query` which comes from the expansion of the macro `sqlx::query` (in Nightly builds, run with -Z macro-backtrace for more info)
[INFO] [stdout] 
[INFO] [stdout] 
[INFO] [stdout] error: error communicating with database: Connection refused (os error 111)
[INFO] [stdout]    --> src/repository.rs:535:25
[INFO] [stdout]     |
[INFO] [stdout] 535 |           let resultado = sqlx::query!(
[INFO] [stdout]     |  _________________________^
[INFO] [stdout] 536 | |             "DELETE FROM dividends WHERE id = $1 AND user_id = $2;",
[INFO] [stdout] 537 | |             dividend_id,
[INFO] [stdout] 538 | |             user_id
[INFO] [stdout] 539 | |         )
[INFO] [stdout]     | |_________^
[INFO] [stdout]     |
[INFO] [stdout]     = note: this error originates in the macro `$crate::sqlx_macros::expand_query` which comes from the expansion of the macro `sqlx::query` (in Nightly builds, run with -Z macro-backtrace for more info)
[INFO] [stdout] 
[INFO] [stdout] 
[INFO] [stdout] error: error communicating with database: Connection refused (os error 111)
[INFO] [stdout]    --> src/repository.rs:548:21
[INFO] [stdout]     |
[INFO] [stdout] 548 |           let linha = sqlx::query!(
[INFO] [stdout]     |  _____________________^
[INFO] [stdout] 549 | |             r#"SELECT COALESCE(SUM(amount), 0) AS "total!"
[INFO] [stdout] 550 | |                FROM dividends WHERE user_id = $1;"#,
[INFO] [stdout] 551 | |             user_id
[INFO] [stdout] 552 | |         )
[INFO] [stdout]     | |_________^
[INFO] [stdout]     |
[INFO] [stdout]     = note: this error originates in the macro `$crate::sqlx_macros::expand_query` which comes from the expansion of the macro `sqlx::query` (in Nightly builds, run with -Z macro-backtrace for more info)
[INFO] [stdout] 
[INFO] [stdout] 
[INFO] [stdout] error: error communicating with database: Connection refused (os error 111)
[INFO] [stdout]    --> src/repository.rs:565:21
[INFO] [stdout]     |
[INFO] [stdout] 565 |           let linha = sqlx::query!(
[INFO] [stdout]     |  _____________________^
[INFO] [stdout] 566 | |             r#"SELECT COALESCE(SUM(amount), 0) AS "total!"
[INFO] [stdout] 567 | |                FROM dividends WHERE user_id = $1 AND asset_id = $2;"#,
[INFO] [stdout] 568 | |             user_id,
[INFO] [stdout] 569 | |             asset_id
[INFO] [stdout] 570 | |         )
[INFO] [stdout]     | |_________^
[INFO] [stdout]     |
[INFO] [stdout]     = note: this error originates in the macro `$crate::sqlx_macros::expand_query` which comes from the expansion of the macro `sqlx::query` (in Nightly builds, run with -Z macro-backtrace for more info)
[INFO] [stdout] 
[INFO] [stdout] 
[INFO] [stdout] error: error communicating with database: Connection refused (os error 111)
[INFO] [stdout]    --> src/repository.rs:579:9
[INFO] [stdout]     |
[INFO] [stdout] 579 | /         sqlx::query_as!(
[INFO] [stdout] 580 | |             MonthlyDividend,
[INFO] [stdout] 581 | |             r#"SELECT
[INFO] [stdout] 582 | |                  DATE_TRUNC('month', paid_at)::date AS "month!",
[INFO] [stdout] ...   |
[INFO] [stdout] 588 | |             user_id
[INFO] [stdout] 589 | |         )
[INFO] [stdout]     | |_________^
[INFO] [stdout]     |
[INFO] [stdout]     = note: this error originates in the macro `$crate::sqlx_macros::expand_query` which comes from the expansion of the macro `sqlx::query_as` (in Nightly builds, run with -Z macro-backtrace for more info)
[INFO] [stdout] 
[INFO] [stdout] 
[INFO] [stdout] error: error communicating with database: Connection refused (os error 111)
[INFO] [stdout]    --> src/repository.rs:601:9
[INFO] [stdout]     |
[INFO] [stdout] 601 | /         sqlx::query_as!(
[INFO] [stdout] 602 | |             AllocationTarget,
[INFO] [stdout] 603 | |             r#"SELECT category AS "category!", target_percent AS "target_percent!"
[INFO] [stdout] 604 | |                FROM allocation_targets
[INFO] [stdout] ...   |
[INFO] [stdout] 607 | |             user_id
[INFO] [stdout] 608 | |         )
[INFO] [stdout]     | |_________^
[INFO] [stdout]     |
[INFO] [stdout]     = note: this error originates in the macro `$crate::sqlx_macros::expand_query` which comes from the expansion of the macro `sqlx::query_as` (in Nightly builds, run with -Z macro-backtrace for more info)
[INFO] [stdout] 
[INFO] [stdout] 
[INFO] [stdout] error: error communicating with database: Connection refused (os error 111)
[INFO] [stdout]    --> src/repository.rs:623:9
[INFO] [stdout]     |
[INFO] [stdout] 623 | /         sqlx::query!(
[INFO] [stdout] 624 | |             r#"INSERT INTO allocation_targets (user_id, category, target_percent)
[INFO] [stdout] 625 | |                VALUES ($1, $2, $3)
[INFO] [stdout] 626 | |                ON CONFLICT (user_id, category)
[INFO] [stdout] ...   |
[INFO] [stdout] 630 | |             target_percent
[INFO] [stdout] 631 | |         )
[INFO] [stdout]     | |_________^
[INFO] [stdout]     |
[INFO] [stdout]     = note: this error originates in the macro `$crate::sqlx_macros::expand_query` which comes from the expansion of the macro `sqlx::query` (in Nightly builds, run with -Z macro-backtrace for more info)
[INFO] [stdout] 
[INFO] [stdout] 
[INFO] [stdout] error: error communicating with database: Connection refused (os error 111)
[INFO] [stdout]    --> src/repository.rs:639:25
[INFO] [stdout]     |
[INFO] [stdout] 639 |           let resultado = sqlx::query!(
[INFO] [stdout]     |  _________________________^
[INFO] [stdout] 640 | |             "DELETE FROM allocation_targets WHERE user_id = $1 AND category = $2;",
[INFO] [stdout] 641 | |             user_id,
[INFO] [stdout] 642 | |             category
[INFO] [stdout] 643 | |         )
[INFO] [stdout]     | |_________^
[INFO] [stdout]     |
[INFO] [stdout]     = note: this error originates in the macro `$crate::sqlx_macros::expand_query` which comes from the expansion of the macro `sqlx::query` (in Nightly builds, run with -Z macro-backtrace for more info)
[INFO] [stdout] 
[INFO] [stdout] 
[INFO] [stdout] error: error communicating with database: Connection refused (os error 111)
[INFO] [stdout]   --> src/repository.rs:32:9
[INFO] [stdout]    |
[INFO] [stdout] 32 | /         sqlx::query_as!(
[INFO] [stdout] 33 | |             Asset,
[INFO] [stdout] 34 | |             r#"SELECT id AS "id!",
[INFO] [stdout] 35 | |                       name AS "name!",
[INFO] [stdout] ...  |
[INFO] [stdout] 40 | |                ORDER BY name;"#
[INFO] [stdout] 41 | |         )
[INFO] [stdout]    | |_________^
[INFO] [stdout]    |
[INFO] [stdout]    = note: this error originates in the macro `$crate::sqlx_macros::expand_query` which comes from the expansion of the macro `sqlx::query_as` (in Nightly builds, run with -Z macro-backtrace for more info)
[INFO] [stdout] 
[INFO] [stdout] 
[INFO] [stdout] error: error communicating with database: Connection refused (os error 111)
[INFO] [stdout]   --> src/repository.rs:47:9
[INFO] [stdout]    |
[INFO] [stdout] 47 | /         sqlx::query_as!(
[INFO] [stdout] 48 | |             Asset,
[INFO] [stdout] 49 | |             r#"SELECT id AS "id!",
[INFO] [stdout] 50 | |                       name AS "name!",
[INFO] [stdout] ...  |
[INFO] [stdout] 56 | |             asset_id
[INFO] [stdout] 57 | |         )
[INFO] [stdout]    | |_________^
[INFO] [stdout]    |
[INFO] [stdout]    = note: this error originates in the macro `$crate::sqlx_macros::expand_query` which comes from the expansion of the macro `sqlx::query_as` (in Nightly builds, run with -Z macro-backtrace for more info)
[INFO] [stdout] 
[INFO] [stdout] 
[INFO] [stdout] error: error communicating with database: Connection refused (os error 111)
[INFO] [stdout]   --> src/repository.rs:69:9
[INFO] [stdout]    |
[INFO] [stdout] 69 | /         sqlx::query_as!(
[INFO] [stdout] 70 | |             Asset,
[INFO] [stdout] 71 | |             r#"INSERT INTO assets (name, ticker, category, unit_value)
[INFO] [stdout] 72 | |                VALUES ($1, $2, $3, $4)
[INFO] [stdout] ...  |
[INFO] [stdout] 81 | |             unit_value
[INFO] [stdout] 82 | |         )
[INFO] [stdout]    | |_________^
[INFO] [stdout]    |
[INFO] [stdout]    = note: this error originates in the macro `$crate::sqlx_macros::expand_query` which comes from the expansion of the macro `sqlx::query_as` (in Nightly builds, run with -Z macro-backtrace for more info)
[INFO] [stdout] 
[INFO] [stdout] 
[INFO] [stdout] error: error communicating with database: Connection refused (os error 111)
[INFO] [stdout]    --> src/repository.rs:97:9
[INFO] [stdout]     |
[INFO] [stdout]  97 | /         sqlx::query_as!(
[INFO] [stdout]  98 | |             Asset,
[INFO] [stdout]  99 | |             r#"UPDATE assets
[INFO] [stdout] 100 | |                SET name       = COALESCE($2, name),
[INFO] [stdout] ...   |
[INFO] [stdout] 114 | |             unit_value
[INFO] [stdout] 115 | |         )
[INFO] [stdout]     | |_________^
[INFO] [stdout]     |
[INFO] [stdout]     = note: this error originates in the macro `$crate::sqlx_macros::expand_query` which comes from the expansion of the macro `sqlx::query_as` (in Nightly builds, run with -Z macro-backtrace for more info)
[INFO] [stdout] 
[INFO] [stdout] 
[INFO] [stdout] error: error communicating with database: Connection refused (os error 111)
[INFO] [stdout]    --> src/repository.rs:127:9
[INFO] [stdout]     |
[INFO] [stdout] 127 | /         sqlx::query_as!(
[INFO] [stdout] 128 | |             UserRecord,
[INFO] [stdout] 129 | |             "INSERT INTO users (username, password_hash)
[INFO] [stdout] 130 | |              VALUES ($1, $2)
[INFO] [stdout] ...   |
[INFO] [stdout] 133 | |             password_hash,
[INFO] [stdout] 134 | |         )
[INFO] [stdout]     | |_________^
[INFO] [stdout]     |
[INFO] [stdout]     = note: this error originates in the macro `$crate::sqlx_macros::expand_query` which comes from the expansion of the macro `sqlx::query_as` (in Nightly builds, run with -Z macro-backtrace for more info)
[INFO] [stdout] 
[INFO] [stdout] 
[INFO] [stdout] error: error communicating with database: Connection refused (os error 111)
[INFO] [stdout]    --> src/repository.rs:140:9
[INFO] [stdout]     |
[INFO] [stdout] 140 | /         sqlx::query_as!(
[INFO] [stdout] 141 | |             UserRecord,
[INFO] [stdout] 142 | |             "SELECT id, username, password_hash
[INFO] [stdout] 143 | |              FROM users
[INFO] [stdout] 144 | |              WHERE username = $1;",
[INFO] [stdout] 145 | |             username
[INFO] [stdout] 146 | |         )
[INFO] [stdout]     | |_________^
[INFO] [stdout]     |
[INFO] [stdout]     = note: this error originates in the macro `$crate::sqlx_macros::expand_query` which comes from the expansion of the macro `sqlx::query_as` (in Nightly builds, run with -Z macro-backtrace for more info)
[INFO] [stdout] 
[INFO] [stdout] 
[INFO] [stdout] error: error communicating with database: Connection refused (os error 111)
[INFO] [stdout]    --> src/repository.rs:165:9
[INFO] [stdout]     |
[INFO] [stdout] 165 | /         sqlx::query_as!(
[INFO] [stdout] 166 | |             Position,
[INFO] [stdout] 167 | |             r#"SELECT
[INFO] [stdout] 168 | |                  a.id         AS "asset_id!",
[INFO] [stdout] ...   |
[INFO] [stdout] 184 | |             user_id
[INFO] [stdout] 185 | |         )
[INFO] [stdout]     | |_________^
[INFO] [stdout]     |
[INFO] [stdout]     = note: this error originates in the macro `$crate::sqlx_macros::expand_query` which comes from the expansion of the macro `sqlx::query_as` (in Nightly builds, run with -Z macro-backtrace for more info)
[INFO] [stdout] 
[INFO] [stdout] 
[INFO] [stdout] error: error communicating with database: Connection refused (os error 111)
[INFO] [stdout]    --> src/repository.rs:193:19
[INFO] [stdout]     |
[INFO] [stdout] 193 |           let row = sqlx::query!(
[INFO] [stdout]     |  ___________________^
[INFO] [stdout] 194 | |             r#"SELECT COALESCE(
[INFO] [stdout] 195 | |                    SUM(CASE WHEN kind = 'BUY' THEN  quantity
[INFO] [stdout] 196 | |                                               ELSE -quantity END),
[INFO] [stdout] ...   |
[INFO] [stdout] 202 | |             asset_id
[INFO] [stdout] 203 | |         )
[INFO] [stdout]     | |_________^
[INFO] [stdout]     |
[INFO] [stdout]     = note: this error originates in the macro `$crate::sqlx_macros::expand_query` which comes from the expansion of the macro `sqlx::query` (in Nightly builds, run with -Z macro-backtrace for more info)
[INFO] [stdout] 
[INFO] [stdout] 
[INFO] [stdout] error: error communicating with database: Connection refused (os error 111)
[INFO] [stdout]    --> src/repository.rs:217:9
[INFO] [stdout]     |
[INFO] [stdout] 217 | /         sqlx::query_as!(
[INFO] [stdout] 218 | |             Transaction,
[INFO] [stdout] 219 | |             r#"SELECT
[INFO] [stdout] 220 | |                  t.id         AS "id!",
[INFO] [stdout] ...   |
[INFO] [stdout] 234 | |             limit
[INFO] [stdout] 235 | |         )
[INFO] [stdout]     | |_________^
[INFO] [stdout]     |
[INFO] [stdout]     = note: this error originates in the macro `$crate::sqlx_macros::expand_query` which comes from the expansion of the macro `sqlx::query_as` (in Nightly builds, run with -Z macro-backtrace for more info)
[INFO] [stdout] 
[INFO] [stdout] 
[INFO] [stdout] error: error communicating with database: Connection refused (os error 111)
[INFO] [stdout]    --> src/repository.rs:253:19
[INFO] [stdout]     |
[INFO] [stdout] 253 |           let row = sqlx::query!(
[INFO] [stdout]     |  ___________________^
[INFO] [stdout] 254 | |             r#"INSERT INTO transactions (user_id, asset_id, kind, quantity, unit_price)
[INFO] [stdout] 255 | |                VALUES ($1, $2, $3, $4, $5)
[INFO] [stdout] 256 | |                RETURNING id, created_at;"#,
[INFO] [stdout] ...   |
[INFO] [stdout] 261 | |             unit_price
[INFO] [stdout] 262 | |         )
[INFO] [stdout]     | |_________^
[INFO] [stdout]     |
[INFO] [stdout]     = note: this error originates in the macro `$crate::sqlx_macros::expand_query` which comes from the expansion of the macro `sqlx::query` (in Nightly builds, run with -Z macro-backtrace for more info)
[INFO] [stdout] 
[INFO] [stdout] 
[INFO] [stdout] error: error communicating with database: Connection refused (os error 111)
[INFO] [stdout]    --> src/repository.rs:285:9
[INFO] [stdout]     |
[INFO] [stdout] 285 | /         sqlx::query_as!(
[INFO] [stdout] 286 | |             DailyFlow,
[INFO] [stdout] 287 | |             r#"SELECT
[INFO] [stdout] 288 | |                  DATE(created_at AT TIME ZONE 'America/Sao_Paulo') AS "day!",
[INFO] [stdout] ...   |
[INFO] [stdout] 295 | |             user_id
[INFO] [stdout] 296 | |         )
[INFO] [stdout]     | |_________^
[INFO] [stdout]     |
[INFO] [stdout]     = note: this error originates in the macro `$crate::sqlx_macros::expand_query` which comes from the expansion of the macro `sqlx::query_as` (in Nightly builds, run with -Z macro-backtrace for more info)
[INFO] [stdout] 
[INFO] [stdout] 
[INFO] [stdout] error: error communicating with database: Connection refused (os error 111)
[INFO] [stdout]    --> src/repository.rs:316:9
[INFO] [stdout]     |
[INFO] [stdout] 316 | /         sqlx::query_as!(
[INFO] [stdout] 317 | |             Transaction,
[INFO] [stdout] 318 | |             r#"SELECT
[INFO] [stdout] 319 | |                  t.id         AS "id!",
[INFO] [stdout] ...   |
[INFO] [stdout] 331 | |             user_id
[INFO] [stdout] 332 | |         )
[INFO] [stdout]     | |_________^
[INFO] [stdout]     |
[INFO] [stdout]     = note: this error originates in the macro `$crate::sqlx_macros::expand_query` which comes from the expansion of the macro `sqlx::query_as` (in Nightly builds, run with -Z macro-backtrace for more info)
[INFO] [stdout] 
[INFO] [stdout] 
[INFO] [stdout] error: error communicating with database: Connection refused (os error 111)
[INFO] [stdout]    --> src/repository.rs:346:25
[INFO] [stdout]     |
[INFO] [stdout] 346 |           let resultado = sqlx::query!(
[INFO] [stdout]     |  _________________________^
[INFO] [stdout] 347 | |             r#"UPDATE transactions
[INFO] [stdout] 348 | |                SET kind = $3, quantity = $4, unit_price = $5
[INFO] [stdout] 349 | |                WHERE id = $1 AND user_id = $2;"#,
[INFO] [stdout] ...   |
[INFO] [stdout] 354 | |             unit_price
[INFO] [stdout] 355 | |         )
[INFO] [stdout]     | |_________^
[INFO] [stdout]     |
[INFO] [stdout]     = note: this error originates in the macro `$crate::sqlx_macros::expand_query` which comes from the expansion of the macro `sqlx::query` (in Nightly builds, run with -Z macro-backtrace for more info)
[INFO] [stdout] 
[INFO] [stdout] 
[INFO] [stdout] error: error communicating with database: Connection refused (os error 111)
[INFO] [stdout]    --> src/repository.rs:367:25
[INFO] [stdout]     |
[INFO] [stdout] 367 |           let resultado = sqlx::query!(
[INFO] [stdout]     |  _________________________^
[INFO] [stdout] 368 | |             "DELETE FROM transactions WHERE id = $1 AND user_id = $2;",
[INFO] [stdout] 369 | |             transaction_id,
[INFO] [stdout] 370 | |             user_id
[INFO] [stdout] 371 | |         )
[INFO] [stdout]     | |_________^
[INFO] [stdout]     |
[INFO] [stdout]     = note: this error originates in the macro `$crate::sqlx_macros::expand_query` which comes from the expansion of the macro `sqlx::query` (in Nightly builds, run with -Z macro-backtrace for more info)
[INFO] [stdout] 
[INFO] [stdout] 
[INFO] [stdout] error: error communicating with database: Connection refused (os error 111)
[INFO] [stdout]    --> src/repository.rs:389:9
[INFO] [stdout]     |
[INFO] [stdout] 389 | /         sqlx::query_as!(
[INFO] [stdout] 390 | |             Transaction,
[INFO] [stdout] 391 | |             r#"SELECT
[INFO] [stdout] 392 | |                  t.id         AS "id!",
[INFO] [stdout] ...   |
[INFO] [stdout] 410 | |             limit
[INFO] [stdout] 411 | |         )
[INFO] [stdout]     | |_________^
[INFO] [stdout]     |
[INFO] [stdout]     = note: this error originates in the macro `$crate::sqlx_macros::expand_query` which comes from the expansion of the macro `sqlx::query_as` (in Nightly builds, run with -Z macro-backtrace for more info)
[INFO] [stdout] 
[INFO] [stdout] 
[INFO] [stdout] error: error communicating with database: Connection refused (os error 111)
[INFO] [stdout]    --> src/repository.rs:425:21
[INFO] [stdout]     |
[INFO] [stdout] 425 |           let linha = sqlx::query!(
[INFO] [stdout]     |  _____________________^
[INFO] [stdout] 426 | |             r#"SELECT (
[INFO] [stdout] 427 | |                  (SELECT COUNT(*) FROM transactions WHERE asset_id = $1) +
[INFO] [stdout] 428 | |                  (SELECT COUNT(*) FROM dividends    WHERE asset_id = $1)
[INFO] [stdout] 429 | |                ) AS "total!";"#,
[INFO] [stdout] 430 | |             asset_id
[INFO] [stdout] 431 | |         )
[INFO] [stdout]     | |_________^
[INFO] [stdout]     |
[INFO] [stdout]     = note: this error originates in the macro `$crate::sqlx_macros::expand_query` which comes from the expansion of the macro `sqlx::query` (in Nightly builds, run with -Z macro-backtrace for more info)
[INFO] [stdout] 
[INFO] [stdout] 
[INFO] [stdout] error: error communicating with database: Connection refused (os error 111)
[INFO] [stdout]    --> src/repository.rs:439:25
[INFO] [stdout]     |
[INFO] [stdout] 439 |         let resultado = sqlx::query!("DELETE FROM assets WHERE id = $1;", asset_id)
[INFO] [stdout]     |                         ^^^^^^^^^^^^^^^^^^^^^^^^^^^^^^^^^^^^^^^^^^^^^^^^^^^^^^^^^^^
[INFO] [stdout]     |
[INFO] [stdout]     = note: this error originates in the macro `$crate::sqlx_macros::expand_query` which comes from the expansion of the macro `sqlx::query` (in Nightly builds, run with -Z macro-backtrace for more info)
[INFO] [stdout] 
[INFO] [stdout] 
[INFO] [stdout] error: error communicating with database: Connection refused (os error 111)
[INFO] [stdout]    --> src/repository.rs:453:9
[INFO] [stdout]     |
[INFO] [stdout] 453 | /         sqlx::query_as!(
[INFO] [stdout] 454 | |             Dividend,
[INFO] [stdout] 455 | |             r#"SELECT
[INFO] [stdout] 456 | |                  d.id       AS "id!",
[INFO] [stdout] ...   |
[INFO] [stdout] 469 | |             limit
[INFO] [stdout] 470 | |         )
[INFO] [stdout]     | |_________^
[INFO] [stdout]     |
[INFO] [stdout]     = note: this error originates in the macro `$crate::sqlx_macros::expand_query` which comes from the expansion of the macro `sqlx::query_as` (in Nightly builds, run with -Z macro-backtrace for more info)
[INFO] [stdout] 
[INFO] [stdout] 
[INFO] [stdout] error: error communicating with database: Connection refused (os error 111)
[INFO] [stdout]    --> src/repository.rs:481:9
[INFO] [stdout]     |
[INFO] [stdout] 481 | /         sqlx::query_as!(
[INFO] [stdout] 482 | |             Dividend,
[INFO] [stdout] 483 | |             r#"SELECT
[INFO] [stdout] 484 | |                  d.id       AS "id!",
[INFO] [stdout] ...   |
[INFO] [stdout] 496 | |             asset_id
[INFO] [stdout] 497 | |         )
[INFO] [stdout]     | |_________^
[INFO] [stdout]     |
[INFO] [stdout]     = note: this error originates in the macro `$crate::sqlx_macros::expand_query` which comes from the expansion of the macro `sqlx::query_as` (in Nightly builds, run with -Z macro-backtrace for more info)
[INFO] [stdout] 
[INFO] [stdout] 
[INFO] [stdout] error: error communicating with database: Connection refused (os error 111)
[INFO] [stdout]    --> src/repository.rs:510:21
[INFO] [stdout]     |
[INFO] [stdout] 510 |           let linha = sqlx::query!(
[INFO] [stdout]     |  _____________________^
[INFO] [stdout] 511 | |             r#"INSERT INTO dividends (user_id, asset_id, kind, amount, paid_at)
[INFO] [stdout] 512 | |                VALUES ($1, $2, $3, $4, $5)
[INFO] [stdout] 513 | |                RETURNING id;"#,
[INFO] [stdout] ...   |
[INFO] [stdout] 518 | |             paid_at
[INFO] [stdout] 519 | |         )
[INFO] [stdout]     | |_________^
[INFO] [stdout]     |
[INFO] [stdout]     = note: this error originates in the macro `$crate::sqlx_macros::expand_query` which comes from the expansion of the macro `sqlx::query` (in Nightly builds, run with -Z macro-backtrace for more info)
[INFO] [stdout] 
[INFO] [stdout] 
[INFO] [stdout] error: error communicating with database: Connection refused (os error 111)
[INFO] [stdout]    --> src/repository.rs:535:25
[INFO] [stdout]     |
[INFO] [stdout] 535 |           let resultado = sqlx::query!(
[INFO] [stdout]     |  _________________________^
[INFO] [stdout] 536 | |             "DELETE FROM dividends WHERE id = $1 AND user_id = $2;",
[INFO] [stdout] 537 | |             dividend_id,
[INFO] [stdout] 538 | |             user_id
[INFO] [stdout] 539 | |         )
[INFO] [stdout]     | |_________^
[INFO] [stdout]     |
[INFO] [stdout]     = note: this error originates in the macro `$crate::sqlx_macros::expand_query` which comes from the expansion of the macro `sqlx::query` (in Nightly builds, run with -Z macro-backtrace for more info)
[INFO] [stdout] 
[INFO] [stdout] 
[INFO] [stdout] error: error communicating with database: Connection refused (os error 111)
[INFO] [stdout]    --> src/repository.rs:548:21
[INFO] [stdout]     |
[INFO] [stdout] 548 |           let linha = sqlx::query!(
[INFO] [stdout]     |  _____________________^
[INFO] [stdout] 549 | |             r#"SELECT COALESCE(SUM(amount), 0) AS "total!"
[INFO] [stdout] 550 | |                FROM dividends WHERE user_id = $1;"#,
[INFO] [stdout] 551 | |             user_id
[INFO] [stdout] 552 | |         )
[INFO] [stdout]     | |_________^
[INFO] [stdout]     |
[INFO] [stdout]     = note: this error originates in the macro `$crate::sqlx_macros::expand_query` which comes from the expansion of the macro `sqlx::query` (in Nightly builds, run with -Z macro-backtrace for more info)
[INFO] [stdout] 
[INFO] [stdout] 
[INFO] [stdout] error: error communicating with database: Connection refused (os error 111)
[INFO] [stdout]    --> src/repository.rs:565:21
[INFO] [stdout]     |
[INFO] [stdout] 565 |           let linha = sqlx::query!(
[INFO] [stdout]     |  _____________________^
[INFO] [stdout] 566 | |             r#"SELECT COALESCE(SUM(amount), 0) AS "total!"
[INFO] [stdout] 567 | |                FROM dividends WHERE user_id = $1 AND asset_id = $2;"#,
[INFO] [stdout] 568 | |             user_id,
[INFO] [stdout] 569 | |             asset_id
[INFO] [stdout] 570 | |         )
[INFO] [stdout]     | |_________^
[INFO] [stdout]     |
[INFO] [stdout]     = note: this error originates in the macro `$crate::sqlx_macros::expand_query` which comes from the expansion of the macro `sqlx::query` (in Nightly builds, run with -Z macro-backtrace for more info)
[INFO] [stdout] 
[INFO] [stdout] 
[INFO] [stdout] error: error communicating with database: Connection refused (os error 111)
[INFO] [stdout]    --> src/repository.rs:579:9
[INFO] [stdout]     |
[INFO] [stdout] 579 | /         sqlx::query_as!(
[INFO] [stdout] 580 | |             MonthlyDividend,
[INFO] [stdout] 581 | |             r#"SELECT
[INFO] [stdout] 582 | |                  DATE_TRUNC('month', paid_at)::date AS "month!",
[INFO] [stdout] ...   |
[INFO] [stdout] 588 | |             user_id
[INFO] [stdout] 589 | |         )
[INFO] [stdout]     | |_________^
[INFO] [stdout]     |
[INFO] [stdout]     = note: this error originates in the macro `$crate::sqlx_macros::expand_query` which comes from the expansion of the macro `sqlx::query_as` (in Nightly builds, run with -Z macro-backtrace for more info)
[INFO] [stdout] 
[INFO] [stdout] 
[INFO] [stdout] error: error communicating with database: Connection refused (os error 111)
[INFO] [stdout]    --> src/repository.rs:601:9
[INFO] [stdout]     |
[INFO] [stdout] 601 | /         sqlx::query_as!(
[INFO] [stdout] 602 | |             AllocationTarget,
[INFO] [stdout] 603 | |             r#"SELECT category AS "category!", target_percent AS "target_percent!"
[INFO] [stdout] 604 | |                FROM allocation_targets
[INFO] [stdout] ...   |
[INFO] [stdout] 607 | |             user_id
[INFO] [stdout] 608 | |         )
[INFO] [stdout]     | |_________^
[INFO] [stdout]     |
[INFO] [stdout]     = note: this error originates in the macro `$crate::sqlx_macros::expand_query` which comes from the expansion of the macro `sqlx::query_as` (in Nightly builds, run with -Z macro-backtrace for more info)
[INFO] [stdout] 
[INFO] [stdout] 
[INFO] [stdout] error: error communicating with database: Connection refused (os error 111)
[INFO] [stdout]    --> src/repository.rs:623:9
[INFO] [stdout]     |
[INFO] [stdout] 623 | /         sqlx::query!(
[INFO] [stdout] 624 | |             r#"INSERT INTO allocation_targets (user_id, category, target_percent)
[INFO] [stdout] 625 | |                VALUES ($1, $2, $3)
[INFO] [stdout] 626 | |                ON CONFLICT (user_id, category)
[INFO] [stdout] ...   |
[INFO] [stdout] 630 | |             target_percent
[INFO] [stdout] 631 | |         )
[INFO] [stdout]     | |_________^
[INFO] [stdout]     |
[INFO] [stdout]     = note: this error originates in the macro `$crate::sqlx_macros::expand_query` which comes from the expansion of the macro `sqlx::query` (in Nightly builds, run with -Z macro-backtrace for more info)
[INFO] [stdout] 
[INFO] [stdout] 
[INFO] [stdout] error: error communicating with database: Connection refused (os error 111)
[INFO] [stdout]    --> src/repository.rs:639:25
[INFO] [stdout]     |
[INFO] [stdout] 639 |           let resultado = sqlx::query!(
[INFO] [stdout]     |  _________________________^
[INFO] [stdout] 640 | |             "DELETE FROM allocation_targets WHERE user_id = $1 AND category = $2;",
[INFO] [stdout] 641 | |             user_id,
[INFO] [stdout] 642 | |             category
[INFO] [stdout] 643 | |         )
[INFO] [stdout]     | |_________^
[INFO] [stdout]     |
[INFO] [stdout]     = note: this error originates in the macro `$crate::sqlx_macros::expand_query` which comes from the expansion of the macro `sqlx::query` (in Nightly builds, run with -Z macro-backtrace for more info)
[INFO] [stdout] 
[INFO] [stdout] 
[INFO] [stdout] warning: method call on a diverging inference variable
[INFO] [stdout]    --> src/repository.rs:359:22
[INFO] [stdout]     |
[INFO] [stdout] 359 |         Ok(resultado.rows_affected() > 0)
[INFO] [stdout]     |                      ^^^^^^^^^^^^^
[INFO] [stdout]     |
[INFO] [stdout]     = help: consider providing a type annotation
[INFO] [stdout]     = warning: this was previously accepted by the compiler but is being phased out; it will become a hard error in a future release!
[INFO] [stdout]     = note: for more information, see issue #156047 <https://github.com/rust-lang/rust/issues/156047>
[INFO] [stdout]     = note: `#[warn(method_call_on_diverging_infer_var)]` (part of `#[warn(future_incompatible)]`) on by default
[INFO] [stdout] 
[INFO] [stdout] 
[INFO] [stdout] warning: method call on a diverging inference variable
[INFO] [stdout]    --> src/repository.rs:359:22
[INFO] [stdout]     |
[INFO] [stdout] 359 |         Ok(resultado.rows_affected() > 0)
[INFO] [stdout]     |                      ^^^^^^^^^^^^^
[INFO] [stdout]     |
[INFO] [stdout]     = help: consider providing a type annotation
[INFO] [stdout]     = warning: this was previously accepted by the compiler but is being phased out; it will become a hard error in a future release!
[INFO] [stdout]     = note: for more information, see issue #156047 <https://github.com/rust-lang/rust/issues/156047>
[INFO] [stdout]     = note: `#[warn(method_call_on_diverging_infer_var)]` (part of `#[warn(future_incompatible)]`) on by default
[INFO] [stdout] 
[INFO] [stdout] 
[INFO] [stdout] error[E0599]: no method named `rows_affected` found for type `!` in the current scope
[INFO] [stdout]    --> src/repository.rs:359:22
[INFO] [stdout]     |
[INFO] [stdout] 359 |         Ok(resultado.rows_affected() > 0)
[INFO] [stdout]     |                      ^^^^^^^^^^^^^ method not found in `!`
[INFO] [stdout] 
[INFO] [stdout] 
[INFO] [stdout] warning: method call on a diverging inference variable
[INFO] [stdout]    --> src/repository.rs:375:22
[INFO] [stdout]     |
[INFO] [stdout] 375 |         Ok(resultado.rows_affected() > 0)
[INFO] [stdout]     |                      ^^^^^^^^^^^^^
[INFO] [stdout]     |
[INFO] [stdout]     = help: consider providing a type annotation
[INFO] [stdout]     = warning: this was previously accepted by the compiler but is being phased out; it will become a hard error in a future release!
[INFO] [stdout]     = note: for more information, see issue #156047 <https://github.com/rust-lang/rust/issues/156047>
[INFO] [stdout] 
[INFO] [stdout] 
[INFO] [stdout] error[E0599]: no method named `rows_affected` found for type `!` in the current scope
[INFO] [stdout]    --> src/repository.rs:359:22
[INFO] [stdout]     |
[INFO] [stdout] 359 |         Ok(resultado.rows_affected() > 0)
[INFO] [stdout]     |                      ^^^^^^^^^^^^^ method not found in `!`
[INFO] [stdout] 
[INFO] [stdout] 
[INFO] [stdout] warning: method call on a diverging inference variable
[INFO] [stdout]    --> src/repository.rs:375:22
[INFO] [stdout]     |
[INFO] [stdout] 375 |         Ok(resultado.rows_affected() > 0)
[INFO] [stdout]     |                      ^^^^^^^^^^^^^
[INFO] [stdout]     |
[INFO] [stdout]     = help: consider providing a type annotation
[INFO] [stdout]     = warning: this was previously accepted by the compiler but is being phased out; it will become a hard error in a future release!
[INFO] [stdout]     = note: for more information, see issue #156047 <https://github.com/rust-lang/rust/issues/156047>
[INFO] [stdout] 
[INFO] [stdout] 
[INFO] [stdout] error[E0599]: no method named `rows_affected` found for type `!` in the current scope
[INFO] [stdout]    --> src/repository.rs:375:22
[INFO] [stdout]     |
[INFO] [stdout] 375 |         Ok(resultado.rows_affected() > 0)
[INFO] [stdout]     |                      ^^^^^^^^^^^^^ method not found in `!`
[INFO] [stdout] 
[INFO] [stdout] 
[INFO] [stdout] warning: method call on a diverging inference variable
[INFO] [stdout]    --> src/repository.rs:443:22
[INFO] [stdout]     |
[INFO] [stdout] 443 |         Ok(resultado.rows_affected() > 0)
[INFO] [stdout]     |                      ^^^^^^^^^^^^^
[INFO] [stdout]     |
[INFO] [stdout]     = help: consider providing a type annotation
[INFO] [stdout]     = warning: this was previously accepted by the compiler but is being phased out; it will become a hard error in a future release!
[INFO] [stdout]     = note: for more information, see issue #156047 <https://github.com/rust-lang/rust/issues/156047>
[INFO] [stdout] 
[INFO] [stdout] 
[INFO] [stdout] error[E0599]: no method named `rows_affected` found for type `!` in the current scope
[INFO] [stdout]    --> src/repository.rs:375:22
[INFO] [stdout]     |
[INFO] [stdout] 375 |         Ok(resultado.rows_affected() > 0)
[INFO] [stdout]     |                      ^^^^^^^^^^^^^ method not found in `!`
[INFO] [stdout] 
[INFO] [stdout] 
[INFO] [stdout] warning: method call on a diverging inference variable
[INFO] [stdout]    --> src/repository.rs:443:22
[INFO] [stdout]     |
[INFO] [stdout] 443 |         Ok(resultado.rows_affected() > 0)
[INFO] [stdout]     |                      ^^^^^^^^^^^^^
[INFO] [stdout]     |
[INFO] [stdout]     = help: consider providing a type annotation
[INFO] [stdout]     = warning: this was previously accepted by the compiler but is being phased out; it will become a hard error in a future release!
[INFO] [stdout]     = note: for more information, see issue #156047 <https://github.com/rust-lang/rust/issues/156047>
[INFO] [stdout] 
[INFO] [stdout] 
[INFO] [stdout] error[E0599]: no method named `rows_affected` found for type `!` in the current scope
[INFO] [stdout]    --> src/repository.rs:443:22
[INFO] [stdout]     |
[INFO] [stdout] 443 |         Ok(resultado.rows_affected() > 0)
[INFO] [stdout]     |                      ^^^^^^^^^^^^^ method not found in `!`
[INFO] [stdout] 
[INFO] [stdout] 
[INFO] [stdout] warning: method call on a diverging inference variable
[INFO] [stdout]    --> src/repository.rs:543:22
[INFO] [stdout]     |
[INFO] [stdout] 543 |         Ok(resultado.rows_affected() > 0)
[INFO] [stdout]     |                      ^^^^^^^^^^^^^
[INFO] [stdout]     |
[INFO] [stdout]     = help: consider providing a type annotation
[INFO] [stdout]     = warning: this was previously accepted by the compiler but is being phased out; it will become a hard error in a future release!
[INFO] [stdout]     = note: for more information, see issue #156047 <https://github.com/rust-lang/rust/issues/156047>
[INFO] [stdout] 
[INFO] [stdout] 
[INFO] [stdout] error[E0599]: no method named `rows_affected` found for type `!` in the current scope
[INFO] [stdout]    --> src/repository.rs:443:22
[INFO] [stdout]     |
[INFO] [stdout] 443 |         Ok(resultado.rows_affected() > 0)
[INFO] [stdout]     |                      ^^^^^^^^^^^^^ method not found in `!`
[INFO] [stdout] 
[INFO] [stdout] 
[INFO] [stdout] warning: method call on a diverging inference variable
[INFO] [stdout]    --> src/repository.rs:543:22
[INFO] [stdout]     |
[INFO] [stdout] 543 |         Ok(resultado.rows_affected() > 0)
[INFO] [stdout]     |                      ^^^^^^^^^^^^^
[INFO] [stdout]     |
[INFO] [stdout]     = help: consider providing a type annotation
[INFO] [stdout]     = warning: this was previously accepted by the compiler but is being phased out; it will become a hard error in a future release!
[INFO] [stdout]     = note: for more information, see issue #156047 <https://github.com/rust-lang/rust/issues/156047>
[INFO] [stdout] 
[INFO] [stdout] 
[INFO] [stdout] error[E0599]: no method named `rows_affected` found for type `!` in the current scope
[INFO] [stdout]    --> src/repository.rs:543:22
[INFO] [stdout]     |
[INFO] [stdout] 543 |         Ok(resultado.rows_affected() > 0)
[INFO] [stdout]     |                      ^^^^^^^^^^^^^ method not found in `!`
[INFO] [stdout] 
[INFO] [stdout] 
[INFO] [stdout] warning: method call on a diverging inference variable
[INFO] [stdout]    --> src/repository.rs:647:22
[INFO] [stdout]     |
[INFO] [stdout] 647 |         Ok(resultado.rows_affected() > 0)
[INFO] [stdout]     |                      ^^^^^^^^^^^^^
[INFO] [stdout]     |
[INFO] [stdout]     = help: consider providing a type annotation
[INFO] [stdout]     = warning: this was previously accepted by the compiler but is being phased out; it will become a hard error in a future release!
[INFO] [stdout]     = note: for more information, see issue #156047 <https://github.com/rust-lang/rust/issues/156047>
[INFO] [stdout] 
[INFO] [stdout] 
[INFO] [stdout] error[E0599]: no method named `rows_affected` found for type `!` in the current scope
[INFO] [stdout]    --> src/repository.rs:543:22
[INFO] [stdout]     |
[INFO] [stdout] 543 |         Ok(resultado.rows_affected() > 0)
[INFO] [stdout]     |                      ^^^^^^^^^^^^^ method not found in `!`
[INFO] [stdout] 
[INFO] [stdout] 
[INFO] [stdout] warning: method call on a diverging inference variable
[INFO] [stdout]    --> src/repository.rs:647:22
[INFO] [stdout]     |
[INFO] [stdout] 647 |         Ok(resultado.rows_affected() > 0)
[INFO] [stdout]     |                      ^^^^^^^^^^^^^
[INFO] [stdout]     |
[INFO] [stdout]     = help: consider providing a type annotation
[INFO] [stdout]     = warning: this was previously accepted by the compiler but is being phased out; it will become a hard error in a future release!
[INFO] [stdout]     = note: for more information, see issue #156047 <https://github.com/rust-lang/rust/issues/156047>
[INFO] [stdout] 
[INFO] [stdout] 
[INFO] [stdout] error[E0599]: no method named `rows_affected` found for type `!` in the current scope
[INFO] [stdout]    --> src/repository.rs:647:22
[INFO] [stdout]     |
[INFO] [stdout] 647 |         Ok(resultado.rows_affected() > 0)
[INFO] [stdout]     |                      ^^^^^^^^^^^^^ method not found in `!`
[INFO] [stdout] 
[INFO] [stdout] 
[INFO] [stdout] error[E0599]: no method named `rows_affected` found for type `!` in the current scope
[INFO] [stdout]    --> src/repository.rs:647:22
[INFO] [stdout]     |
[INFO] [stdout] 647 |         Ok(resultado.rows_affected() > 0)
[INFO] [stdout]     |                      ^^^^^^^^^^^^^ method not found in `!`
[INFO] [stdout] 
[INFO] [stdout] 
[INFO] [stdout] For more information about this error, try `rustc --explain E0599`.
[INFO] [stdout] 
[INFO] [stderr] error: could not compile `carteira-investimentos` (bin "carteira-investimentos") due to 32 previous errors; 10 warnings emitted
[INFO] [stderr] warning: build failed, waiting for other jobs to finish...
[INFO] [stdout] For more information about this error, try `rustc --explain E0599`.
[INFO] [stdout] 
[INFO] [stderr] error: could not compile `carteira-investimentos` (bin "carteira-investimentos" test) due to 32 previous errors; 10 warnings emitted
[INFO] running `Command { std: "docker" "inspect" "b906cbe88113aacb915543d60b36261ff3bfff2372d3214492958844fb50e4d2", kill_on_drop: false }`
[INFO] running `Command { std: "docker" "rm" "-f" "b906cbe88113aacb915543d60b36261ff3bfff2372d3214492958844fb50e4d2", kill_on_drop: false }`
[INFO] [stdout] b906cbe88113aacb915543d60b36261ff3bfff2372d3214492958844fb50e4d2
