[INFO] cloning repository https://github.com/Kaijove/SmoothCursor
[INFO] running `Command { std: "git" "-c" "credential.helper=" "-c" "credential.helper=/workspace/cargo-home/bin/git-credential-null" "clone" "--bare" "https://github.com/Kaijove/SmoothCursor" "/workspace/cache/git-repos/https%3A%2F%2Fgithub.com%2FKaijove%2FSmoothCursor", kill_on_drop: false }`
[INFO] [stderr] Cloning into bare repository '/workspace/cache/git-repos/https%3A%2F%2Fgithub.com%2FKaijove%2FSmoothCursor'...
[INFO] running `Command { std: "git" "rev-parse" "HEAD", kill_on_drop: false }`
[INFO] [stdout] ab51fbf4e2343e9169a476272a15252052719ada
[INFO] checking Kaijove/SmoothCursor against 3154cc1a3e6424e44f438a95007d043ed5ceaaf6+rustflags=-Znext-solver=coherence for pr-133502-30
[INFO] running `Command { std: "git" "clone" "/workspace/cache/git-repos/https%3A%2F%2Fgithub.com%2FKaijove%2FSmoothCursor" "/workspace/builds/worker-7-tc1/source", kill_on_drop: false }`
[INFO] [stderr] Cloning into '/workspace/builds/worker-7-tc1/source'...
[INFO] [stderr] done.
[INFO] started tweaking git repo https://github.com/Kaijove/SmoothCursor
[INFO] finished tweaking git repo https://github.com/Kaijove/SmoothCursor
[INFO] tweaked toml for git repo https://github.com/Kaijove/SmoothCursor written to /workspace/builds/worker-7-tc1/source/Cargo.toml
[INFO] validating manifest of git repo https://github.com/Kaijove/SmoothCursor on toolchain 3154cc1a3e6424e44f438a95007d043ed5ceaaf6
[INFO] running `Command { std: CARGO_HOME="/workspace/cargo-home" RUSTUP_HOME="/workspace/rustup-home" "/workspace/cargo-home/bin/cargo" "+3154cc1a3e6424e44f438a95007d043ed5ceaaf6" "metadata" "--manifest-path" "Cargo.toml" "--no-deps", kill_on_drop: false }`
[INFO] crate git repo https://github.com/Kaijove/SmoothCursor already has a lockfile, it will not be regenerated
[INFO] running `Command { std: CARGO_HOME="/workspace/cargo-home" RUSTUP_HOME="/workspace/rustup-home" "/workspace/cargo-home/bin/cargo" "+3154cc1a3e6424e44f438a95007d043ed5ceaaf6" "fetch" "--manifest-path" "Cargo.toml", kill_on_drop: false }`
[INFO] running `Command { std: "docker" "create" "-v" "/var/lib/crater-agent-workspace/builds/worker-7-tc1/source:/opt/rustwide/workdir:ro,Z" "-v" "/var/lib/crater-agent-workspace/builds/worker-7-tc1/target:/opt/rustwide/target:rw,Z" "-v" "/var/lib/crater-agent-workspace/cargo-home:/opt/rustwide/cargo-home:ro,Z" "-v" "/var/lib/crater-agent-workspace/rustup-home:/opt/rustwide/rustup-home:ro,Z" "-m" "1610612736" "--network" "none" "ghcr.io/rust-lang/crates-build-env/linux@sha256:77db811e55d90add9212f6832c23229e3de5f1c1f9905e8cb07319ea15df73ac" "sleep" "infinity", kill_on_drop: false }`
[INFO] [stdout] f56082dbbab5d2dac32d8d471e9b3e349722c49e843332e9b2b86ca395003042
[INFO] running `Command { std: "docker" "start" "f56082dbbab5d2dac32d8d471e9b3e349722c49e843332e9b2b86ca395003042", kill_on_drop: false }`
[INFO] running `Command { std: "docker" "inspect" "f56082dbbab5d2dac32d8d471e9b3e349722c49e843332e9b2b86ca395003042", kill_on_drop: false }`
[INFO] running `Command { std: "docker" "exec" "-e" "SOURCE_DIR=/opt/rustwide/workdir" "-e" "CARGO_HOME=/opt/rustwide/cargo-home" "-e" "RUSTUP_HOME=/opt/rustwide/rustup-home" "-e" "CARGO_TARGET_DIR=/opt/rustwide/target" "-w" "/opt/rustwide/workdir" "--user" "0:0" "f56082dbbab5d2dac32d8d471e9b3e349722c49e843332e9b2b86ca395003042" "/opt/rustwide/cargo-home/bin/cargo" "+3154cc1a3e6424e44f438a95007d043ed5ceaaf6" "metadata" "--no-deps" "--format-version=1", kill_on_drop: false }`
[INFO] running `Command { std: "docker" "inspect" "f56082dbbab5d2dac32d8d471e9b3e349722c49e843332e9b2b86ca395003042", kill_on_drop: false }`
[INFO] running `Command { std: "docker" "exec" "-e" "SOURCE_DIR=/opt/rustwide/workdir" "-e" "CARGO_HOME=/opt/rustwide/cargo-home" "-e" "RUSTUP_HOME=/opt/rustwide/rustup-home" "-e" "CARGO_TARGET_DIR=/opt/rustwide/target" "-e" "CARGO_INCREMENTAL=0" "-e" "RUST_BACKTRACE=full" "-e" "RUSTFLAGS=--cap-lints=forbid -Znext-solver=coherence" "-e" "RUSTDOCFLAGS=--cap-lints=forbid" "-w" "/opt/rustwide/workdir" "--user" "0:0" "f56082dbbab5d2dac32d8d471e9b3e349722c49e843332e9b2b86ca395003042" "/opt/rustwide/cargo-home/bin/cargo" "+3154cc1a3e6424e44f438a95007d043ed5ceaaf6" "check" "--frozen" "--all" "--all-targets" "--message-format=json", kill_on_drop: false }`
[INFO] [stderr]    Compiling serde_core v1.0.229
[INFO] [stderr]    Compiling serde v1.0.229
[INFO] [stderr]    Compiling syn v3.0.3
[INFO] [stderr]    Compiling serde_json v1.0.151
[INFO] [stderr]    Compiling fastrand v2.5.0
[INFO] [stderr]    Compiling getrandom v0.4.3
[INFO] [stderr]    Compiling tracing-attributes v0.1.31
[INFO] [stderr]    Compiling log v0.4.33
[INFO] [stderr]    Compiling phf_generator v0.13.1
[INFO] [stderr]    Compiling bitflags v2.13.1
[INFO] [stderr]    Compiling http v1.5.0
[INFO] [stderr]    Compiling phf_codegen v0.13.1
[INFO] [stderr]    Compiling string_cache_codegen v0.6.1
[INFO] [stderr]    Compiling phf_macros v0.13.1
[INFO] [stderr]    Compiling selectors v0.36.1
[INFO] [stderr]    Compiling web_atoms v0.2.6
[INFO] [stderr]    Compiling cc v1.4.3
[INFO] [stderr]    Compiling phf v0.13.1
[INFO] [stderr]    Compiling cssparser v0.36.0
[INFO] [stderr]     Checking tracing v0.1.44
[INFO] [stderr]     Checking regex-automata v0.4.18
[INFO] [stderr]    Compiling crc32fast v1.5.0
[INFO] [stderr]    Compiling generic-array v0.14.7
[INFO] [stderr]    Compiling markup5ever v0.38.0
[INFO] [stderr]     Checking indexmap v2.14.0
[INFO] [stderr]    Compiling html5ever v0.38.0
[INFO] [stderr]    Compiling flate2 v1.1.9
[INFO] [stderr]    Compiling semver v1.0.28
[INFO] [stderr]    Compiling serde_spanned v1.1.1
[INFO] [stderr]    Compiling rustc_version v0.4.1
[INFO] [stderr]    Compiling uuid v1.24.1
[INFO] [stderr]    Compiling toml_datetime v1.1.1+spec-1.1.0
[INFO] [stderr]    Compiling field-offset v0.3.6
[INFO] [stderr]    Compiling camino v1.2.5
[INFO] [stderr]    Compiling erased-serde v0.4.10
[INFO] [stderr]    Compiling toml v1.1.4+spec-1.1.0
[INFO] [stderr]    Compiling cfb v0.7.3
[INFO] [stderr]    Compiling dom_query v0.27.0
[INFO] [stderr]    Compiling serde_with v3.22.0
[INFO] [stderr]    Compiling serde-untagged v0.1.9
[INFO] [stderr]    Compiling infer v0.19.0
[INFO] [stderr]    Compiling toml_datetime v0.7.5+spec-1.1.0
[INFO] [stderr]     Checking regex v1.13.1
[INFO] [stderr]    Compiling toml v0.9.12+spec-1.1.0
[INFO] [stderr]    Compiling embed-resource v3.0.11
[INFO] [stderr]    Compiling serde_derive v1.0.229
[INFO] [stderr]    Compiling thiserror-impl v2.0.20
[INFO] [stderr]    Compiling zerovec-derive v0.11.4
[INFO] [stderr]    Compiling displaydoc v0.2.7
[INFO] [stderr]    Compiling futures-macro v0.3.34
[INFO] [stderr]    Compiling tauri-winres v0.3.6
[INFO] [stderr]    Compiling zerotrie v0.2.5
[INFO] [stderr]     Checking futures-util v0.3.34
[INFO] [stderr]    Compiling zerovec v0.11.7
[INFO] [stderr]     Checking thiserror v2.0.20
[INFO] [stderr]    Compiling crypto-common v0.1.7
[INFO] [stderr]    Compiling block-buffer v0.10.4
[INFO] [stderr]     Checking quick-xml v0.41.0
[INFO] [stderr]    Compiling digest v0.10.7
[INFO] [stderr]    Compiling png v0.17.16
[INFO] [stderr]    Compiling tinystr v0.8.4
[INFO] [stderr]    Compiling potential_utf v0.1.6
[INFO] [stderr]    Compiling icu_collections v2.3.0
[INFO] [stderr]    Compiling icu_locale_core v2.3.0
[INFO] [stderr]    Compiling sha2 v0.10.9
[INFO] [stderr]    Compiling ico v0.5.0
[INFO] [stderr]    Compiling getrandom v0.3.4
[INFO] [stderr]    Compiling serde_repr v0.1.21
[INFO] [stderr]     Checking icu_provider v2.3.0
[INFO] [stderr]     Checking matchers v0.2.0
[INFO] [stderr]     Checking futures-executor v0.3.34
[INFO] [stderr]     Checking tracing-log v0.2.0
[INFO] [stderr]     Checking tokio v1.53.1
[INFO] [stderr]     Checking crossbeam-queue v0.3.13
[INFO] [stderr]     Checking tracing-subscriber v0.3.23
[INFO] [stderr]     Checking icu_properties v2.3.0
[INFO] [stderr]     Checking icu_normalizer v2.3.0
[INFO] [stderr]    Compiling toml_datetime v0.6.3
[INFO] [stderr]    Compiling serde_spanned v0.6.9
[INFO] [stderr]     Checking steadypoint-core v0.1.0 (/opt/rustwide/workdir/crates/core)
[INFO] [stderr]    Compiling toml_edit v0.20.2
[INFO] [stderr]    Compiling toml_edit v0.19.15
[INFO] [stderr]    Compiling jsonptr v0.6.3
[INFO] [stderr]    Compiling cargo-platform v0.1.9
[INFO] [stderr]    Compiling indexmap v1.9.3
[INFO] [stderr]    Compiling cargo_metadata v0.19.2
[INFO] [stderr]    Compiling json-patch v3.0.1
[INFO] [stderr]    Compiling idna_adapter v1.2.2
[INFO] [stderr]    Compiling plist v1.10.0
[INFO] [stderr]    Compiling idna v1.1.0
[INFO] [stderr]    Compiling url v2.5.8
[INFO] [stderr]    Compiling proc-macro-crate v1.3.1
[INFO] [stderr]    Compiling urlpattern v0.3.0
[INFO] [stderr]    Compiling schemars v0.8.22
[INFO] [stderr]     Checking dpi v0.1.2
[INFO] [stderr]    Compiling cargo_toml v0.22.3
[INFO] [stderr]    Compiling toml v0.8.2
[INFO] [stderr]    Compiling proc-macro-crate v2.0.2
[INFO] [stderr]    Compiling system-deps v6.2.2
[INFO] [stderr]    Compiling gtk3-macros v0.18.2
[INFO] [stderr]    Compiling tauri-utils v2.9.3
[INFO] [stderr]    Compiling glib-macros v0.18.5
[INFO] [stderr]    Compiling glib-sys v0.18.1
[INFO] [stderr]    Compiling gobject-sys v0.18.0
[INFO] [stderr]    Compiling gio-sys v0.18.1
[INFO] [stderr]    Compiling gdk-sys v0.18.2
[INFO] [stderr]    Compiling cairo-sys-rs v0.18.2
[INFO] [stderr]    Compiling pango-sys v0.18.0
[INFO] [stderr]    Compiling gdk-pixbuf-sys v0.18.0
[INFO] [stderr]    Compiling atk-sys v0.18.2
[INFO] [stderr]    Compiling gtk-sys v0.18.2
[INFO] [stderr]    Compiling javascriptcore-rs-sys v1.1.1
[INFO] [stderr]    Compiling soup3-sys v0.5.0
[INFO] [stderr]    Compiling gtk v0.18.2
[INFO] [stderr]    Compiling webkit2gtk-sys v2.0.2
[INFO] [stderr]    Compiling gdkx11-sys v0.18.2
[INFO] [stderr]    Compiling wry v0.55.1
[INFO] [stderr]     Checking keyboard-types v0.7.0
[INFO] [stderr]     Checking serialize-to-javascript v0.1.2
[INFO] [stderr]     Checking gdkwayland-sys v0.18.2
[INFO] [stderr]     Checking glib v0.18.5
[INFO] [stderr]     Checking steadypoint-lab v0.1.0 (/opt/rustwide/workdir/crates/lab)
[INFO] [stderr]     Checking steadypoint-platform-win v0.1.0 (/opt/rustwide/workdir/crates/platform-win)
[INFO] [stdout] error[E0432]: unresolved import `steadypoint_platform_win::cursor_position`
[INFO] [stdout]   --> crates/platform-win/examples/raw-input-probe.rs:19:32
[INFO] [stdout]    |
[INFO] [stdout] 19 | use steadypoint_platform_win::{cursor_position, start_capture, CaptureEvent, MonotonicClock};
[INFO] [stdout]    |                                ^^^^^^^^^^^^^^^ no `cursor_position` in the root
[INFO] [stdout]    |
[INFO] [stdout] note: found an item that was configured out
[INFO] [stdout]   --> crates/platform-win/src/lib.rs:49:20
[INFO] [stdout]    |
[INFO] [stdout] 48 | #[cfg(windows)]
[INFO] [stdout]    |       ------- the item is gated here
[INFO] [stdout] 49 | pub use raw_input::cursor_position;
[INFO] [stdout]    |                    ^^^^^^^^^^^^^^^
[INFO] [stdout] 
[INFO] [stdout] 
[INFO] [stdout] error[E0432]: unresolved import `steadypoint_platform_win::cursor_position`
[INFO] [stdout]   --> crates/platform-win/examples/cursor-semantics-probe.rs:61:32
[INFO] [stdout]    |
[INFO] [stdout] 61 | use steadypoint_platform_win::{cursor_position, start_capture, CaptureEvent, MonotonicClock};
[INFO] [stdout]    |                                ^^^^^^^^^^^^^^^ no `cursor_position` in the root
[INFO] [stdout]    |
[INFO] [stdout] note: found an item that was configured out
[INFO] [stdout]   --> crates/platform-win/src/lib.rs:49:20
[INFO] [stdout]    |
[INFO] [stdout] 48 | #[cfg(windows)]
[INFO] [stdout]    |       ------- the item is gated here
[INFO] [stdout] 49 | pub use raw_input::cursor_position;
[INFO] [stdout]    |                    ^^^^^^^^^^^^^^^
[INFO] [stdout] 
[INFO] [stdout] 
[INFO] [stdout] error[E0599]: no method named `stop` found for unit type `()` in the current scope
[INFO] [stdout]   --> crates/platform-win/examples/raw-input-probe.rs:98:33
[INFO] [stdout]    |
[INFO] [stdout] 98 |     if let Err(error) = capture.stop() {
[INFO] [stdout]    |                                 ^^^^ method not found in `()`
[INFO] [stdout] 
[INFO] [stdout] 
[INFO] [stdout] Some errors have detailed explanations: E0432, E0599.
[INFO] [stdout] 
[INFO] [stdout] For more information about an error, try `rustc --explain E0432`.
[INFO] [stdout] 
[INFO] [stderr] error: could not compile `steadypoint-platform-win` (example "raw-input-probe") due to 2 previous errors
[INFO] [stderr] warning: build failed, waiting for other jobs to finish...
[INFO] [stdout] error[E0599]: no method named `stop` found for unit type `()` in the current scope
[INFO] [stdout]    --> crates/platform-win/examples/cursor-semantics-probe.rs:444:21
[INFO] [stdout]     |
[INFO] [stdout] 444 |     let _ = capture.stop();
[INFO] [stdout]     |                     ^^^^ method not found in `()`
[INFO] [stdout] 
[INFO] [stdout] 
[INFO] [stdout] Some errors have detailed explanations: E0432, E0599.
[INFO] [stdout] 
[INFO] [stdout] For more information about an error, try `rustc --explain E0432`.
[INFO] [stdout] 
[INFO] [stderr] error: could not compile `steadypoint-platform-win` (example "cursor-semantics-probe") due to 2 previous errors
[INFO] running `Command { std: "docker" "inspect" "f56082dbbab5d2dac32d8d471e9b3e349722c49e843332e9b2b86ca395003042", kill_on_drop: false }`
[INFO] running `Command { std: "docker" "rm" "-f" "f56082dbbab5d2dac32d8d471e9b3e349722c49e843332e9b2b86ca395003042", kill_on_drop: false }`
[INFO] [stdout] f56082dbbab5d2dac32d8d471e9b3e349722c49e843332e9b2b86ca395003042
