[INFO] cloning repository https://github.com/Kadhiravan-K/-Concordance-Protocol
[INFO] running `Command { std: "git" "-c" "credential.helper=" "-c" "credential.helper=/workspace/cargo-home/bin/git-credential-null" "clone" "--bare" "https://github.com/Kadhiravan-K/-Concordance-Protocol" "/workspace/cache/git-repos/https%3A%2F%2Fgithub.com%2FKadhiravan-K%2F-Concordance-Protocol", kill_on_drop: false }`
[INFO] [stderr] Cloning into bare repository '/workspace/cache/git-repos/https%3A%2F%2Fgithub.com%2FKadhiravan-K%2F-Concordance-Protocol'...
[INFO] running `Command { std: "git" "rev-parse" "HEAD", kill_on_drop: false }`
[INFO] [stdout] b2578117ced644a596b3fbe43a723eda5ff20016
[INFO] checking Kadhiravan-K/-Concordance-Protocol against 3154cc1a3e6424e44f438a95007d043ed5ceaaf6 for pr-133502-30
[INFO] running `Command { std: "git" "clone" "/workspace/cache/git-repos/https%3A%2F%2Fgithub.com%2FKadhiravan-K%2F-Concordance-Protocol" "/workspace/builds/worker-4-tc2/source", kill_on_drop: false }`
[INFO] [stderr] Cloning into '/workspace/builds/worker-4-tc2/source'...
[INFO] [stderr] done.
[INFO] [stderr] Updating files:  52% (1766/3374)
Updating files:  53% (1789/3374)
Updating files:  54% (1822/3374)
Updating files:  55% (1856/3374)
Updating files:  56% (1890/3374)
Updating files:  57% (1924/3374)
Updating files:  57% (1953/3374)
Updating files:  58% (1957/3374)
Updating files:  59% (1991/3374)
Updating files:  60% (2025/3374)
Updating files:  61% (2059/3374)
Updating files:  62% (2092/3374)
Updating files:  63% (2126/3374)
Updating files:  63% (2151/3374)
Updating files:  64% (2160/3374)
Updating files:  65% (2194/3374)
Updating files:  66% (2227/3374)
Updating files:  67% (2261/3374)
Updating files:  68% (2295/3374)
Updating files:  68% (2324/3374)
Updating files:  69% (2329/3374)
Updating files:  70% (2362/3374)
Updating files:  71% (2396/3374)
Updating files:  72% (2430/3374)
Updating files:  73% (2464/3374)
Updating files:  74% (2497/3374)
Updating files:  75% (2531/3374)
Updating files:  76% (2565/3374)
Updating files:  77% (2598/3374)
Updating files:  78% (2632/3374)
Updating files:  79% (2666/3374)
Updating files:  80% (2700/3374)
Updating files:  81% (2733/3374)
Updating files:  82% (2767/3374)
Updating files:  83% (2801/3374)
Updating files:  84% (2835/3374)
Updating files:  85% (2868/3374)
Updating files:  86% (2902/3374)
Updating files:  87% (2936/3374)
Updating files:  88% (2970/3374)
Updating files:  89% (3003/3374)
Updating files:  90% (3037/3374)
Updating files:  91% (3071/3374)
Updating files:  92% (3105/3374)
Updating files:  93% (3138/3374)
Updating files:  94% (3172/3374)
Updating files:  95% (3206/3374)
Updating files:  96% (3240/3374)
Updating files:  97% (3273/3374)
Updating files:  98% (3307/3374)
Updating files:  99% (3341/3374)
Updating files: 100% (3374/3374)
Updating files: 100% (3374/3374), done.
[INFO] started tweaking git repo https://github.com/Kadhiravan-K/-Concordance-Protocol
[INFO] finished tweaking git repo https://github.com/Kadhiravan-K/-Concordance-Protocol
[INFO] tweaked toml for git repo https://github.com/Kadhiravan-K/-Concordance-Protocol written to /workspace/builds/worker-4-tc2/source/Cargo.toml
[INFO] validating manifest of git repo https://github.com/Kadhiravan-K/-Concordance-Protocol on toolchain 3154cc1a3e6424e44f438a95007d043ed5ceaaf6
[INFO] running `Command { std: CARGO_HOME="/workspace/cargo-home" RUSTUP_HOME="/workspace/rustup-home" "/workspace/cargo-home/bin/cargo" "+3154cc1a3e6424e44f438a95007d043ed5ceaaf6" "metadata" "--manifest-path" "Cargo.toml" "--no-deps", kill_on_drop: false }`
[INFO] crate git repo https://github.com/Kadhiravan-K/-Concordance-Protocol already has a lockfile, it will not be regenerated
[INFO] running `Command { std: CARGO_HOME="/workspace/cargo-home" RUSTUP_HOME="/workspace/rustup-home" "/workspace/cargo-home/bin/cargo" "+3154cc1a3e6424e44f438a95007d043ed5ceaaf6" "fetch" "--manifest-path" "Cargo.toml", kill_on_drop: false }`
[INFO] [stderr] warning: unused workspace dependency `tower`
[INFO] [stderr]   --> Cargo.toml:14:1
[INFO] [stderr]    |
[INFO] [stderr] 14 | tower = "0.5"
[INFO] [stderr]    | ^^^^^
[INFO] [stderr]    |
[INFO] [stderr]    = note: `cargo::unused_workspace_dependencies` is set to `warn` by default
[INFO] [stderr] help: consider removing the workspace dependency `tower`
[INFO] [stderr] warning: unused field `authors` in `workspace.package`
[INFO] [stderr]   --> Cargo.toml:51:1
[INFO] [stderr]    |
[INFO] [stderr] 51 | authors = ["Concordance contributors"]
[INFO] [stderr]    | ^^^^^^^
[INFO] [stderr]    |
[INFO] [stderr]    = note: `cargo::unused_workspace_package_fields` is set to `warn` by default
[INFO] [stderr] help: consider removing the field `workspace.package.authors`
[INFO] [stderr] warning: workspace (manifest) generated 2 warnings
[INFO] running `Command { std: "docker" "create" "-v" "/var/lib/crater-agent-workspace/builds/worker-4-tc2/source:/opt/rustwide/workdir:ro,Z" "-v" "/var/lib/crater-agent-workspace/builds/worker-4-tc2/target:/opt/rustwide/target:rw,Z" "-v" "/var/lib/crater-agent-workspace/cargo-home:/opt/rustwide/cargo-home:ro,Z" "-v" "/var/lib/crater-agent-workspace/rustup-home:/opt/rustwide/rustup-home:ro,Z" "-m" "1610612736" "--network" "none" "ghcr.io/rust-lang/crates-build-env/linux@sha256:77db811e55d90add9212f6832c23229e3de5f1c1f9905e8cb07319ea15df73ac" "sleep" "infinity", kill_on_drop: false }`
[INFO] [stdout] 22e7b9f0828625e0fba169a65c5dfdee3096c50e95f549e38faff9d42762d35b
[INFO] running `Command { std: "docker" "start" "22e7b9f0828625e0fba169a65c5dfdee3096c50e95f549e38faff9d42762d35b", kill_on_drop: false }`
[INFO] running `Command { std: "docker" "inspect" "22e7b9f0828625e0fba169a65c5dfdee3096c50e95f549e38faff9d42762d35b", kill_on_drop: false }`
[INFO] running `Command { std: "docker" "exec" "-e" "SOURCE_DIR=/opt/rustwide/workdir" "-e" "CARGO_HOME=/opt/rustwide/cargo-home" "-e" "RUSTUP_HOME=/opt/rustwide/rustup-home" "-e" "CARGO_TARGET_DIR=/opt/rustwide/target" "-w" "/opt/rustwide/workdir" "--user" "0:0" "22e7b9f0828625e0fba169a65c5dfdee3096c50e95f549e38faff9d42762d35b" "/opt/rustwide/cargo-home/bin/cargo" "+3154cc1a3e6424e44f438a95007d043ed5ceaaf6" "metadata" "--no-deps" "--format-version=1", kill_on_drop: false }`
[INFO] running `Command { std: "docker" "inspect" "22e7b9f0828625e0fba169a65c5dfdee3096c50e95f549e38faff9d42762d35b", kill_on_drop: false }`
[INFO] running `Command { std: "docker" "exec" "-e" "SOURCE_DIR=/opt/rustwide/workdir" "-e" "CARGO_HOME=/opt/rustwide/cargo-home" "-e" "RUSTUP_HOME=/opt/rustwide/rustup-home" "-e" "CARGO_TARGET_DIR=/opt/rustwide/target" "-e" "CARGO_INCREMENTAL=0" "-e" "RUST_BACKTRACE=full" "-e" "RUSTFLAGS=--cap-lints=forbid" "-e" "RUSTDOCFLAGS=--cap-lints=forbid" "-w" "/opt/rustwide/workdir" "--user" "0:0" "22e7b9f0828625e0fba169a65c5dfdee3096c50e95f549e38faff9d42762d35b" "/opt/rustwide/cargo-home/bin/cargo" "+3154cc1a3e6424e44f438a95007d043ed5ceaaf6" "check" "--frozen" "--all" "--all-targets" "--message-format=json", kill_on_drop: false }`
[INFO] [stderr] warning: unused workspace dependency `tower`
[INFO] [stderr]   --> Cargo.toml:14:1
[INFO] [stderr]    |
[INFO] [stderr] 14 | tower = "0.5"
[INFO] [stderr]    | ^^^^^
[INFO] [stderr]    |
[INFO] [stderr]    = note: `cargo::unused_workspace_dependencies` is set to `warn` by default
[INFO] [stderr] help: consider removing the workspace dependency `tower`
[INFO] [stderr] warning: unused field `authors` in `workspace.package`
[INFO] [stderr]   --> Cargo.toml:51:1
[INFO] [stderr]    |
[INFO] [stderr] 51 | authors = ["Concordance contributors"]
[INFO] [stderr]    | ^^^^^^^
[INFO] [stderr]    |
[INFO] [stderr]    = note: `cargo::unused_workspace_package_fields` is set to `warn` by default
[INFO] [stderr] help: consider removing the field `workspace.package.authors`
[INFO] [stderr] warning: workspace (manifest) generated 2 warnings
[INFO] [stderr]    Compiling libc v0.2.189
[INFO] [stderr]    Compiling syn v2.0.119
[INFO] [stderr]    Compiling syn v3.0.3
[INFO] [stderr]    Compiling serde_json v1.0.151
[INFO] [stderr]    Compiling pkg-config v0.3.33
[INFO] [stderr]     Checking futures-core v0.3.33
[INFO] [stderr]     Checking signature v2.2.0
[INFO] [stderr]     Checking sha2 v0.10.9
[INFO] [stderr]     Checking half v1.8.3
[INFO] [stderr]     Checking arrayvec v0.7.8
[INFO] [stderr]     Checking futures-sink v0.3.33
[INFO] [stderr]     Checking futures-io v0.3.33
[INFO] [stderr]     Checking futures-task v0.3.33
[INFO] [stderr]    Compiling aws-lc-rs v1.17.3
[INFO] [stderr]     Checking futures-channel v0.3.33
[INFO] [stderr]     Checking sync_wrapper v1.0.2
[INFO] [stderr]     Checking http-body-util v0.1.4
[INFO] [stderr]    Compiling rustls v0.23.43
[INFO] [stderr]     Checking aho-corasick v1.1.4
[INFO] [stderr]     Checking webpki-roots v1.0.9
[INFO] [stderr]    Compiling openssl v0.10.81
[INFO] [stderr]    Compiling target-lexicon v0.12.16
[INFO] [stderr]     Checking num-integer v0.1.46
[INFO] [stderr]    Compiling native-tls v0.2.18
[INFO] [stderr]    Compiling jobserver v0.1.35
[INFO] [stderr]    Compiling zerocopy v0.8.55
[INFO] [stderr]     Checking clap_builder v4.6.5
[INFO] [stderr]     Checking errno v0.3.14
[INFO] [stderr]    Compiling cc v1.4.0
[INFO] [stderr]     Checking signal-hook-registry v1.4.8
[INFO] [stderr]     Checking socket2 v0.6.5
[INFO] [stderr]     Checking mio v1.2.2
[INFO] [stderr]     Checking getrandom v0.2.17
[INFO] [stderr]     Checking regex-automata v0.4.16
[INFO] [stderr]     Checking parking_lot_core v0.9.12
[INFO] [stderr]    Compiling pyo3-build-config v0.19.2
[INFO] [stderr]     Checking num-bigint v0.4.8
[INFO] [stderr]     Checking parking_lot v0.12.5
[INFO] [stderr]    Compiling ref-cast v1.0.26
[INFO] [stderr]     Checking getrandom v0.3.4
[INFO] [stderr]     Checking num-iter v0.1.46
[INFO] [stderr]     Checking num-complex v0.4.6
[INFO] [stderr]    Compiling cmake v0.1.58
[INFO] [stderr]     Checking num-rational v0.4.2
[INFO] [stderr]    Compiling blake3 v1.8.5
[INFO] [stderr]    Compiling aws-lc-sys v0.43.0
[INFO] [stderr]    Compiling ring v0.17.14
[INFO] [stderr]    Compiling openssl-sys v0.9.117
[INFO] [stderr]     Checking num v0.4.3
[INFO] [stderr]     Checking serde_path_to_error v0.1.20
[INFO] [stderr]     Checking rustix v1.1.4
[INFO] [stderr]     Checking getrandom v0.4.3
[INFO] [stderr]     Checking fraction v0.15.4
[INFO] [stderr]    Compiling synstructure v0.13.2
[INFO] [stderr]    Compiling serde_derive v1.0.229
[INFO] [stderr]    Compiling tokio-macros v2.7.2
[INFO] [stderr]    Compiling displaydoc v0.2.7
[INFO] [stderr]     Checking tokio v1.53.1
[INFO] [stderr]    Compiling clap_derive v4.6.4
[INFO] [stderr]    Compiling async-trait v0.1.91
[INFO] [stderr]    Compiling curve25519-dalek-derive v0.1.1
[INFO] [stderr]     Checking curve25519-dalek v4.1.3
[INFO] [stderr]    Compiling zerofrom-derive v0.1.7
[INFO] [stderr]    Compiling thiserror-impl v1.0.69
[INFO] [stderr]    Compiling yoke-derive v0.8.2
[INFO] [stderr]    Compiling tracing-attributes v0.1.31
[INFO] [stderr]     Checking serde v1.0.229
[INFO] [stderr]     Checking zerofrom v0.1.8
[INFO] [stderr]     Checking thiserror v1.0.69
[INFO] [stderr]    Compiling zerovec-derive v0.11.3
[INFO] [stderr]    Compiling futures-macro v0.3.33
[INFO] [stderr]     Checking yoke v0.8.3
[INFO] [stderr]     Checking zerotrie v0.2.4
[INFO] [stderr]     Checking ed25519 v2.2.3
[INFO] [stderr]     Checking ed25519-dalek v2.2.0
[INFO] [stderr]     Checking serde_cbor v0.11.2
[INFO] [stderr]    Compiling openssl-macros v0.1.1
[INFO] [stderr]     Checking futures-util v0.3.33
[INFO] [stderr]     Checking tracing v0.1.44
[INFO] [stderr]     Checking serde_urlencoded v0.7.1
[INFO] [stderr]     Checking concordance-core v0.1.0 (/opt/rustwide/workdir/core)
[INFO] [stderr]     Checking zerovec v0.11.6
[INFO] [stderr]     Checking clap v4.6.5
[INFO] [stderr]    Compiling ref-cast-impl v1.0.26
[INFO] [stderr]     Checking ahash v0.8.12
[INFO] [stderr]    Compiling strum_macros v0.28.0
[INFO] [stderr]     Checking fluent-uri v0.4.1
[INFO] [stderr]     Checking tinystr v0.8.3
[INFO] [stderr]     Checking potential_utf v0.1.5
[INFO] [stderr]     Checking icu_locale_core v2.2.0
[INFO] [stderr]     Checking icu_collections v2.2.0
[INFO] [stderr]    Compiling syn v1.0.109
[INFO] [stderr]     Checking tokio-util v0.7.19
[INFO] [stderr]     Checking jsonschema-value v0.49.2
[INFO] [stderr]     Checking referencing v0.49.2
[INFO] [stderr]     Checking tempfile v3.27.0
[INFO] [stderr]     Checking icu_provider v2.2.0
[INFO] [stderr]     Checking concordance-adapters v0.1.0 (/opt/rustwide/workdir/adapters)
[INFO] [stderr]     Checking icu_properties v2.2.0
[INFO] [stderr]     Checking h2 v0.4.15
[INFO] [stderr]     Checking icu_normalizer v2.2.0
[INFO] [stderr]     Checking email_address v0.2.9
[INFO] [stderr]     Checking fancy-regex v0.18.0
[INFO] [stderr]     Checking regex v1.13.1
[INFO] [stderr]     Checking matchers v0.2.0
[INFO] [stderr]    Compiling pyo3-ffi v0.19.2
[INFO] [stderr]     Checking jsonschema-regex v0.49.2
[INFO] [stderr]     Checking tracing-subscriber v0.3.23
[INFO] [stderr]     Checking strum v0.28.0
[INFO] [stderr]     Checking tokio-stream v0.1.19
[INFO] [stderr]     Checking tower v0.5.3
[INFO] [stderr]     Checking idna_adapter v1.2.2
[INFO] [stderr]     Checking idna v1.1.0
[INFO] [stderr]     Checking axum-core v0.4.5
[INFO] [stderr]     Checking tokio-native-tls v0.3.1
[INFO] [stderr]    Compiling pyo3 v0.19.2
[INFO] [stderr]     Checking url v2.5.8
[INFO] [stderr]    Compiling indoc v1.0.9
[INFO] [stderr]     Checking unindent v0.1.11
[INFO] [stderr]     Checking concordance-simulator v0.1.0 (/opt/rustwide/workdir/simulator)
[INFO] [stderr]     Checking concordance-standalone v0.1.0 (/opt/rustwide/workdir/examples/standalone)
[INFO] [stderr]     Checking concordance-cli v0.1.0 (/opt/rustwide/workdir/cli)
[INFO] [stderr]     Checking tower-http v0.6.11
[INFO] [stderr]     Checking concordance-benchmarks v0.1.0 (/opt/rustwide/workdir/benchmarks)
[INFO] [stderr]     Checking hyper v1.11.0
[INFO] [stderr]    Compiling pyo3-macros-backend v0.19.2
[INFO] [stderr]     Checking hyper-util v0.1.20
[INFO] [stderr]    Compiling pyo3-macros v0.19.2
[INFO] [stderr]     Checking hyper-tls v0.6.0
[INFO] [stderr]     Checking axum v0.7.9
[INFO] [stderr]     Checking concordance-python v0.1.0 (/opt/rustwide/workdir/sdk/python)
[INFO] [stderr]     Checking concordance-http v0.1.0 (/opt/rustwide/workdir/http)
[INFO] [stderr]     Checking rustls-webpki v0.103.13
[INFO] [stderr]     Checking tokio-rustls v0.26.4
[INFO] [stderr]     Checking rustls-platform-verifier v0.7.0
[INFO] [stderr]     Checking hyper-rustls v0.27.9
[INFO] [stderr]     Checking reqwest v0.12.28
[INFO] [stderr]     Checking reqwest v0.13.4
[INFO] [stderr]     Checking jsonschema v0.49.2
[INFO] [stderr]     Checking concordance-registry-service v0.1.0 (/opt/rustwide/workdir/registry-service)
[INFO] [stderr]     Checking concordance-pilot-harness v0.1.0 (/opt/rustwide/workdir/pilot-harness)
[INFO] [stdout] warning: use of deprecated function `base64::decode`: Use Engine::decode
[INFO] [stdout]    --> pilot-harness/src/external.rs:165:21
[INFO] [stdout]     |
[INFO] [stdout] 165 |             base64::decode(base64_text)
[INFO] [stdout]     |                     ^^^^^^
[INFO] [stdout]     |
[INFO] [stdout]     = note: `#[warn(deprecated)]` on by default
[INFO] [stdout] 
[INFO] [stdout] 
[INFO] [stdout] error[E0432]: unresolved import `tokio_stream::wrappers::BroadcastStream`
[INFO] [stdout]   --> registry-service/src/lib.rs:39:20
[INFO] [stdout]    |
[INFO] [stdout] 39 | use tokio_stream::{wrappers::BroadcastStream, Stream};
[INFO] [stdout]    |                    ^^^^^^^^^^---------------
[INFO] [stdout]    |                              |
[INFO] [stdout]    |                              no `BroadcastStream` in `wrappers`
[INFO] [stdout]    |
[INFO] [stdout] note: found an item that was configured out
[INFO] [stdout]   --> /opt/rustwide/cargo-home/registry/src/index.crates.io-1949cf8c6b5b557f/tokio-stream-0.1.19/src/wrappers.rs:23:24
[INFO] [stdout]    |
[INFO] [stdout] 23 |     pub use broadcast::BroadcastStream;
[INFO] [stdout]    |                        ^^^^^^^^^^^^^^^
[INFO] [stdout]    |
[INFO] [stdout]   ::: /opt/rustwide/cargo-home/registry/src/index.crates.io-1949cf8c6b5b557f/tokio-stream-0.1.19/src/macros.rs:44:19
[INFO] [stdout]    |
[INFO] [stdout] 44 |             #[cfg(feature = "sync")]
[INFO] [stdout]    |                   ---------------- the item is gated behind the `sync` feature
[INFO] [stdout] 
[INFO] [stdout] 
[INFO] [stdout] error[E0308]: mismatched types
[INFO] [stdout]    --> pilot-harness/src/external.rs:119:48
[INFO] [stdout]     |
[INFO] [stdout] 119 |     let sig: Signature = Signature::from_bytes(&sig_bytes).map_err(|_| ExternalManifestError::InvalidManifest("bad signature encodi...
[INFO] [stdout]     |                          --------------------- ^^^^^^^^^^ expected `&[u8; 64]`, found `&Vec<u8>`
[INFO] [stdout]     |                          |
[INFO] [stdout]     |                          arguments to this function are incorrect
[INFO] [stdout]     |
[INFO] [stdout]     = note: expected reference `&[u8; 64]`
[INFO] [stdout]                found reference `&Vec<u8>`
[INFO] [stdout] note: associated function defined here
[INFO] [stdout]    --> /opt/rustwide/cargo-home/registry/src/index.crates.io-1949cf8c6b5b557f/ed25519-2.2.3/src/lib.rs:313:12
[INFO] [stdout]     |
[INFO] [stdout] 313 |     pub fn from_bytes(bytes: &SignatureBytes) -> Self {
[INFO] [stdout]     |            ^^^^^^^^^^
[INFO] [stdout] 
[INFO] [stdout] 
[INFO] [stdout] error[E0107]: missing generics for struct `axum::http::Response`
[INFO] [stdout]    --> registry-service/src/lib.rs:346:51
[INFO] [stdout]     |
[INFO] [stdout] 346 | fn unauthorized_response(api_key_header: &str) -> Response {
[INFO] [stdout]     |                                                   ^^^^^^^^ expected 1 generic argument
[INFO] [stdout]     |
[INFO] [stdout] note: struct defined here, with 1 generic parameter: `T`
[INFO] [stdout]    --> /opt/rustwide/cargo-home/registry/src/index.crates.io-1949cf8c6b5b557f/http-1.5.0/src/response.rs:174:12
[INFO] [stdout]     |
[INFO] [stdout] 174 | pub struct Response<T> {
[INFO] [stdout]     |            ^^^^^^^^ -
[INFO] [stdout] help: add missing generic argument
[INFO] [stdout]     |
[INFO] [stdout] 346 | fn unauthorized_response(api_key_header: &str) -> Response<T> {
[INFO] [stdout]     |                                                           +++
[INFO] [stdout] 
[INFO] [stdout] 
[INFO] [stdout] error[E0107]: missing generics for struct `axum::http::Response`
[INFO] [stdout]    --> registry-service/src/lib.rs:355:57
[INFO] [stdout]     |
[INFO] [stdout] 355 | fn too_many_requests_response(retry_after: Duration) -> Response {
[INFO] [stdout]     |                                                         ^^^^^^^^ expected 1 generic argument
[INFO] [stdout]     |
[INFO] [stdout] note: struct defined here, with 1 generic parameter: `T`
[INFO] [stdout]    --> /opt/rustwide/cargo-home/registry/src/index.crates.io-1949cf8c6b5b557f/http-1.5.0/src/response.rs:174:12
[INFO] [stdout]     |
[INFO] [stdout] 174 | pub struct Response<T> {
[INFO] [stdout]     |            ^^^^^^^^ -
[INFO] [stdout] help: add missing generic argument
[INFO] [stdout]     |
[INFO] [stdout] 355 | fn too_many_requests_response(retry_after: Duration) -> Response<T> {
[INFO] [stdout]     |                                                                 +++
[INFO] [stdout] 
[INFO] [stdout] 
[INFO] [stdout] error[E0107]: struct takes 0 generic arguments but 1 generic argument was supplied
[INFO] [stdout]    --> registry-service/src/lib.rs:368:11
[INFO] [stdout]     |
[INFO] [stdout] 368 |     next: Next<Body>,
[INFO] [stdout]     |           ^^^^------ help: remove the unnecessary generics
[INFO] [stdout]     |           |
[INFO] [stdout]     |           expected 0 generic arguments
[INFO] [stdout]     |
[INFO] [stdout] note: struct defined here, with 0 generic parameters
[INFO] [stdout]    --> /opt/rustwide/cargo-home/registry/src/index.crates.io-1949cf8c6b5b557f/axum-0.7.9/src/middleware/from_fn.rs:335:12
[INFO] [stdout]     |
[INFO] [stdout] 335 | pub struct Next {
[INFO] [stdout]     |            ^^^^
[INFO] [stdout] 
[INFO] [stdout] 
[INFO] [stdout] error[E0107]: missing generics for struct `axum::http::Response`
[INFO] [stdout]    --> registry-service/src/lib.rs:369:6
[INFO] [stdout]     |
[INFO] [stdout] 369 | ) -> Response {
[INFO] [stdout]     |      ^^^^^^^^ expected 1 generic argument
[INFO] [stdout]     |
[INFO] [stdout] note: struct defined here, with 1 generic parameter: `T`
[INFO] [stdout]    --> /opt/rustwide/cargo-home/registry/src/index.crates.io-1949cf8c6b5b557f/http-1.5.0/src/response.rs:174:12
[INFO] [stdout]     |
[INFO] [stdout] 174 | pub struct Response<T> {
[INFO] [stdout]     |            ^^^^^^^^ -
[INFO] [stdout] help: add missing generic argument
[INFO] [stdout]     |
[INFO] [stdout] 369 | ) -> Response<T> {
[INFO] [stdout]     |              +++
[INFO] [stdout] 
[INFO] [stdout] 
[INFO] [stdout] error[E0432]: unresolved import `tokio_stream::wrappers::BroadcastStream`
[INFO] [stdout]   --> registry-service/src/lib.rs:39:20
[INFO] [stdout]    |
[INFO] [stdout] 39 | use tokio_stream::{wrappers::BroadcastStream, Stream};
[INFO] [stdout]    |                    ^^^^^^^^^^---------------
[INFO] [stdout]    |                              |
[INFO] [stdout]    |                              no `BroadcastStream` in `wrappers`
[INFO] [stdout]    |
[INFO] [stdout] note: found an item that was configured out
[INFO] [stdout]   --> /opt/rustwide/cargo-home/registry/src/index.crates.io-1949cf8c6b5b557f/tokio-stream-0.1.19/src/wrappers.rs:23:24
[INFO] [stdout]    |
[INFO] [stdout] 23 |     pub use broadcast::BroadcastStream;
[INFO] [stdout]    |                        ^^^^^^^^^^^^^^^
[INFO] [stdout]    |
[INFO] [stdout]   ::: /opt/rustwide/cargo-home/registry/src/index.crates.io-1949cf8c6b5b557f/tokio-stream-0.1.19/src/macros.rs:44:19
[INFO] [stdout]    |
[INFO] [stdout] 44 |             #[cfg(feature = "sync")]
[INFO] [stdout]    |                   ---------------- the item is gated behind the `sync` feature
[INFO] [stdout] 
[INFO] [stdout] 
[INFO] [stdout] error[E0599]: no method named `map_err` found for struct `Signature` in the current scope
[INFO] [stdout]    --> pilot-harness/src/external.rs:119:60
[INFO] [stdout]     |
[INFO] [stdout] 119 |     let sig: Signature = Signature::from_bytes(&sig_bytes).map_err(|_| ExternalManifestError::InvalidManifest("bad signature encodi...
[INFO] [stdout]     |                                                            ^^^^^^^ method not found in `Signature`
[INFO] [stdout] 
[INFO] [stdout] 
[INFO] [stdout] error[E0308]: mismatched types
[INFO] [stdout]    --> pilot-harness/src/external.rs:121:39
[INFO] [stdout]     |
[INFO] [stdout] 121 |     let vk = VerifyingKey::from_bytes(&pk_bytes).map_err(|_| ExternalManifestError::InvalidManifest("bad publisher_key encoding".in...
[INFO] [stdout]     |              ------------------------ ^^^^^^^^^ expected `&[u8; 32]`, found `&Vec<u8>`
[INFO] [stdout]     |              |
[INFO] [stdout]     |              arguments to this function are incorrect
[INFO] [stdout]     |
[INFO] [stdout]     = note: expected reference `&[u8; 32]`
[INFO] [stdout]                found reference `&Vec<u8>`
[INFO] [stdout] note: associated function defined here
[INFO] [stdout]    --> /opt/rustwide/cargo-home/registry/src/index.crates.io-1949cf8c6b5b557f/ed25519-dalek-2.2.0/src/verifying.rs:165:12
[INFO] [stdout]     |
[INFO] [stdout] 165 |     pub fn from_bytes(bytes: &[u8; PUBLIC_KEY_LENGTH]) -> Result<VerifyingKey, SignatureError> {
[INFO] [stdout]     |            ^^^^^^^^^^
[INFO] [stdout] 
[INFO] [stdout] 
[INFO] [stdout] error[E0107]: missing generics for struct `axum::http::Response`
[INFO] [stdout]    --> registry-service/src/lib.rs:346:51
[INFO] [stdout]     |
[INFO] [stdout] 346 | fn unauthorized_response(api_key_header: &str) -> Response {
[INFO] [stdout]     |                                                   ^^^^^^^^ expected 1 generic argument
[INFO] [stdout]     |
[INFO] [stdout] note: struct defined here, with 1 generic parameter: `T`
[INFO] [stdout]    --> /opt/rustwide/cargo-home/registry/src/index.crates.io-1949cf8c6b5b557f/http-1.5.0/src/response.rs:174:12
[INFO] [stdout]     |
[INFO] [stdout] 174 | pub struct Response<T> {
[INFO] [stdout]     |            ^^^^^^^^ -
[INFO] [stdout] help: add missing generic argument
[INFO] [stdout]     |
[INFO] [stdout] 346 | fn unauthorized_response(api_key_header: &str) -> Response<T> {
[INFO] [stdout]     |                                                           +++
[INFO] [stdout] 
[INFO] [stdout] 
[INFO] [stdout] error[E0107]: missing generics for struct `axum::http::Response`
[INFO] [stdout]    --> registry-service/src/lib.rs:355:57
[INFO] [stdout]     |
[INFO] [stdout] 355 | fn too_many_requests_response(retry_after: Duration) -> Response {
[INFO] [stdout]     |                                                         ^^^^^^^^ expected 1 generic argument
[INFO] [stdout]     |
[INFO] [stdout] note: struct defined here, with 1 generic parameter: `T`
[INFO] [stdout]    --> /opt/rustwide/cargo-home/registry/src/index.crates.io-1949cf8c6b5b557f/http-1.5.0/src/response.rs:174:12
[INFO] [stdout]     |
[INFO] [stdout] 174 | pub struct Response<T> {
[INFO] [stdout]     |            ^^^^^^^^ -
[INFO] [stdout] help: add missing generic argument
[INFO] [stdout]     |
[INFO] [stdout] 355 | fn too_many_requests_response(retry_after: Duration) -> Response<T> {
[INFO] [stdout]     |                                                                 +++
[INFO] [stdout] 
[INFO] [stdout] 
[INFO] [stdout] error[E0107]: struct takes 0 generic arguments but 1 generic argument was supplied
[INFO] [stdout]    --> registry-service/src/lib.rs:368:11
[INFO] [stdout]     |
[INFO] [stdout] 368 |     next: Next<Body>,
[INFO] [stdout]     |           ^^^^------ help: remove the unnecessary generics
[INFO] [stdout]     |           |
[INFO] [stdout]     |           expected 0 generic arguments
[INFO] [stdout]     |
[INFO] [stdout] note: struct defined here, with 0 generic parameters
[INFO] [stdout]    --> /opt/rustwide/cargo-home/registry/src/index.crates.io-1949cf8c6b5b557f/axum-0.7.9/src/middleware/from_fn.rs:335:12
[INFO] [stdout]     |
[INFO] [stdout] 335 | pub struct Next {
[INFO] [stdout]     |            ^^^^
[INFO] [stdout] 
[INFO] [stdout] 
[INFO] [stdout] error[E0107]: missing generics for struct `axum::http::Response`
[INFO] [stdout]    --> registry-service/src/lib.rs:369:6
[INFO] [stdout]     |
[INFO] [stdout] 369 | ) -> Response {
[INFO] [stdout]     |      ^^^^^^^^ expected 1 generic argument
[INFO] [stdout]     |
[INFO] [stdout] note: struct defined here, with 1 generic parameter: `T`
[INFO] [stdout]    --> /opt/rustwide/cargo-home/registry/src/index.crates.io-1949cf8c6b5b557f/http-1.5.0/src/response.rs:174:12
[INFO] [stdout]     |
[INFO] [stdout] 174 | pub struct Response<T> {
[INFO] [stdout]     |            ^^^^^^^^ -
[INFO] [stdout] help: add missing generic argument
[INFO] [stdout]     |
[INFO] [stdout] 369 | ) -> Response<T> {
[INFO] [stdout]     |              +++
[INFO] [stdout] 
[INFO] [stdout] 
[INFO] [stdout] error[E0599]: no method named `verify` found for struct `VerifyingKey` in the current scope
[INFO] [stdout]    --> pilot-harness/src/external.rs:122:8
[INFO] [stdout]     |
[INFO] [stdout] 122 |     vk.verify(&preimage, &sig).map_err(|_| ExternalManifestError::InvalidManifest("manifest signature verification failed".into()))?;
[INFO] [stdout]     |        ^^^^^^ method not found in `VerifyingKey`
[INFO] [stdout]     |
[INFO] [stdout]    ::: /opt/rustwide/cargo-home/registry/src/index.crates.io-1949cf8c6b5b557f/signature-2.2.0/src/verifier.rs:14:8
[INFO] [stdout]     |
[INFO] [stdout]  14 |     fn verify(&self, msg: &[u8], signature: &S) -> Result<(), Error>;
[INFO] [stdout]     |        ------ the method is available for `VerifyingKey` here
[INFO] [stdout]     |
[INFO] [stdout]     = help: items from traits can only be used if the trait is in scope
[INFO] [stdout] help: trait `Verifier` which provides `verify` is implemented but not in scope; perhaps you want to import it
[INFO] [stdout]     |
[INFO] [stdout]   1 + use ed25519_dalek::Verifier;
[INFO] [stdout]     |
[INFO] [stdout] 
[INFO] [stdout] 
[INFO] [stdout] Some errors have detailed explanations: E0308, E0599.
[INFO] [stdout] 
[INFO] [stdout] For more information about an error, try `rustc --explain E0308`.
[INFO] [stdout] 
[INFO] [stderr] error: could not compile `concordance-pilot-harness` (lib) due to 4 previous errors; 1 warning emitted
[INFO] [stderr] warning: build failed, waiting for other jobs to finish...
[INFO] [stdout] error[E0599]: no method named `map_err` found for opaque type `impl futures_util::Future<Output = Result<std::string::String, std::io::Error>>` in the current scope
[INFO] [stdout]    --> registry-service/src/lib.rs:109:18
[INFO] [stdout]     |
[INFO] [stdout] 108 |             fs::read_to_string(&path)
[INFO] [stdout] 109 |                 .map_err(|e| format!("failed to read publish key store path {path}: {e}"))?
[INFO] [stdout]     |                  ^^^^^^^ method not found in `impl futures_util::Future<Output = Result<std::string::String, std::io::Error>>`
[INFO] [stdout]     |
[INFO] [stdout]    ::: /opt/rustwide/cargo-home/registry/src/index.crates.io-1949cf8c6b5b557f/futures-util-0.3.33/src/future/try_future/mod.rs:308:8
[INFO] [stdout]     |
[INFO] [stdout] 308 |     fn map_err<E, F>(self, f: F) -> MapErr<Self, F>
[INFO] [stdout]     |        ------- the method is available for `impl futures_util::Future<Output = Result<std::string::String, std::io::Error>>` here
[INFO] [stdout]     |
[INFO] [stdout]     = help: items from traits can only be used if the trait is in scope
[INFO] [stdout] help: consider `await`ing on the `Future` and calling the method on its `Output`
[INFO] [stdout]     |
[INFO] [stdout] 109 |                 .await.map_err(|e| format!("failed to read publish key store path {path}: {e}"))?
[INFO] [stdout]     |                  ++++++
[INFO] [stdout] help: trait `TryFutureExt` which provides `map_err` is implemented but not in scope; perhaps you want to import it
[INFO] [stdout]     |
[INFO] [stdout]  10 + use futures_util::TryFutureExt;
[INFO] [stdout]     |
[INFO] [stdout] 
[INFO] [stdout] 
[INFO] [stdout] error[E0599]: no method named `map_err` found for opaque type `impl futures_util::Future<Output = Result<std::string::String, std::io::Error>>` in the current scope
[INFO] [stdout]    --> registry-service/src/lib.rs:109:18
[INFO] [stdout]     |
[INFO] [stdout] 108 |             fs::read_to_string(&path)
[INFO] [stdout] 109 |                 .map_err(|e| format!("failed to read publish key store path {path}: {e}"))?
[INFO] [stdout]     |                  ^^^^^^^ method not found in `impl futures_util::Future<Output = Result<std::string::String, std::io::Error>>`
[INFO] [stdout]     |
[INFO] [stdout]    ::: /opt/rustwide/cargo-home/registry/src/index.crates.io-1949cf8c6b5b557f/futures-util-0.3.33/src/future/try_future/mod.rs:308:8
[INFO] [stdout]     |
[INFO] [stdout] 308 |     fn map_err<E, F>(self, f: F) -> MapErr<Self, F>
[INFO] [stdout]     |        ------- the method is available for `impl futures_util::Future<Output = Result<std::string::String, std::io::Error>>` here
[INFO] [stdout]     |
[INFO] [stdout]     = help: items from traits can only be used if the trait is in scope
[INFO] [stdout] help: consider `await`ing on the `Future` and calling the method on its `Output`
[INFO] [stdout]     |
[INFO] [stdout] 109 |                 .await.map_err(|e| format!("failed to read publish key store path {path}: {e}"))?
[INFO] [stdout]     |                  ++++++
[INFO] [stdout] help: trait `TryFutureExt` which provides `map_err` is implemented but not in scope; perhaps you want to import it
[INFO] [stdout]     |
[INFO] [stdout]  10 + use futures_util::TryFutureExt;
[INFO] [stdout]     |
[INFO] [stdout] 
[INFO] [stdout] 
[INFO] [stdout] error[E0277]: the trait bound `fn(State<AppState>, _, _, _) -> _ {publish_record}: Handler<_, _>` is not satisfied
[INFO] [stdout]     --> registry-service/src/lib.rs:305:36
[INFO] [stdout]      |
[INFO] [stdout]  305 |         .route("/v1/records", post(publish_record).layer(publish_middleware))
[INFO] [stdout]      |                               ---- ^^^^^^^^^^^^^^ the trait `Handler<_, _>` is not implemented for fn item `fn(State<AppState>, AnyBody<_>, _, _) -> _ {publish_record}`
[INFO] [stdout]      |                               |
[INFO] [stdout]      |                               required by a bound introduced by this call
[INFO] [stdout]      |
[INFO] [stdout]      = note: Consider using `#[axum::debug_handler]` to improve the error message
[INFO] [stdout] help: the following other types implement trait `Handler<T, S>`
[INFO] [stdout]     --> /opt/rustwide/cargo-home/registry/src/index.crates.io-1949cf8c6b5b557f/axum-0.7.9/src/routing/method_routing.rs:1309:1
[INFO] [stdout]      |
[INFO] [stdout] 1309 | / impl<S> Handler<(), S> for MethodRouter<S>
[INFO] [stdout] 1310 | | where
[INFO] [stdout] 1311 | |     S: Clone + 'static,
[INFO] [stdout]      | |_______________________^ `MethodRouter<S>` implements `Handler<(), S>`
[INFO] [stdout]      |
[INFO] [stdout]     ::: /opt/rustwide/cargo-home/registry/src/index.crates.io-1949cf8c6b5b557f/axum-0.7.9/src/handler/mod.rs:303:1
[INFO] [stdout]      |
[INFO] [stdout]  303 | / impl<H, S, T, L> Handler<T, S> for Layered<L, H, T, S>
[INFO] [stdout]  304 | | where
[INFO] [stdout]  305 | |     L: Layer<HandlerService<H, T, S>> + Clone + Send + 'static,
[INFO] [stdout]  306 | |     H: Handler<T, S>,
[INFO] [stdout] ...    |
[INFO] [stdout]  310 | |     T: 'static,
[INFO] [stdout]  311 | |     S: 'static,
[INFO] [stdout]      | |_______________^ `Layered<L, H, T, S>` implements `Handler<T, S>`
[INFO] [stdout] note: required by a bound in `post`
[INFO] [stdout]     --> /opt/rustwide/cargo-home/registry/src/index.crates.io-1949cf8c6b5b557f/axum-0.7.9/src/routing/method_routing.rs:166:16
[INFO] [stdout]      |
[INFO] [stdout]  166 |             H: Handler<T, S>,
[INFO] [stdout]      |                ^^^^^^^^^^^^^ required by this bound in `post`
[INFO] [stdout] ...
[INFO] [stdout]  443 | top_level_handler_fn!(post, POST);
[INFO] [stdout]      | --------------------------------- in this macro invocation
[INFO] [stdout]      = note: the full name for the type has been written to '/opt/rustwide/target/debug/build/concordance-registry-service/312c27a987c656bd/out/concordance_registry_service-312c27a987c656bd.long-type-17679037674954167322.txt'
[INFO] [stdout]      = note: consider using `--verbose` to print the full type name to the console
[INFO] [stdout]      = note: this error originates in the macro `top_level_handler_fn` (in Nightly builds, run with -Z macro-backtrace for more info)
[INFO] [stdout] 
[INFO] [stdout] 
[INFO] [stdout] error[E0277]: the trait bound `fn(State<AppState>, _, _, _) -> _ {publish_record}: Handler<_, _>` is not satisfied
[INFO] [stdout]     --> registry-service/src/lib.rs:305:36
[INFO] [stdout]      |
[INFO] [stdout]  305 |         .route("/v1/records", post(publish_record).layer(publish_middleware))
[INFO] [stdout]      |                               ---- ^^^^^^^^^^^^^^ the trait `Handler<_, _>` is not implemented for fn item `fn(State<AppState>, AnyBody<_>, _, _) -> _ {publish_record}`
[INFO] [stdout]      |                               |
[INFO] [stdout]      |                               required by a bound introduced by this call
[INFO] [stdout]      |
[INFO] [stdout]      = note: Consider using `#[axum::debug_handler]` to improve the error message
[INFO] [stdout] help: the following other types implement trait `Handler<T, S>`
[INFO] [stdout]     --> /opt/rustwide/cargo-home/registry/src/index.crates.io-1949cf8c6b5b557f/axum-0.7.9/src/routing/method_routing.rs:1309:1
[INFO] [stdout]      |
[INFO] [stdout] 1309 | / impl<S> Handler<(), S> for MethodRouter<S>
[INFO] [stdout] 1310 | | where
[INFO] [stdout] 1311 | |     S: Clone + 'static,
[INFO] [stdout]      | |_______________________^ `MethodRouter<S>` implements `Handler<(), S>`
[INFO] [stdout]      |
[INFO] [stdout]     ::: /opt/rustwide/cargo-home/registry/src/index.crates.io-1949cf8c6b5b557f/axum-0.7.9/src/handler/mod.rs:303:1
[INFO] [stdout]      |
[INFO] [stdout]  303 | / impl<H, S, T, L> Handler<T, S> for Layered<L, H, T, S>
[INFO] [stdout]  304 | | where
[INFO] [stdout]  305 | |     L: Layer<HandlerService<H, T, S>> + Clone + Send + 'static,
[INFO] [stdout]  306 | |     H: Handler<T, S>,
[INFO] [stdout] ...    |
[INFO] [stdout]  310 | |     T: 'static,
[INFO] [stdout]  311 | |     S: 'static,
[INFO] [stdout]      | |_______________^ `Layered<L, H, T, S>` implements `Handler<T, S>`
[INFO] [stdout] note: required by a bound in `post`
[INFO] [stdout]     --> /opt/rustwide/cargo-home/registry/src/index.crates.io-1949cf8c6b5b557f/axum-0.7.9/src/routing/method_routing.rs:166:16
[INFO] [stdout]      |
[INFO] [stdout]  166 |             H: Handler<T, S>,
[INFO] [stdout]      |                ^^^^^^^^^^^^^ required by this bound in `post`
[INFO] [stdout] ...
[INFO] [stdout]  443 | top_level_handler_fn!(post, POST);
[INFO] [stdout]      | --------------------------------- in this macro invocation
[INFO] [stdout]      = note: the full name for the type has been written to '/opt/rustwide/target/debug/build/concordance-registry-service/92c0ce3d59323b83/out/concordance_registry_service-92c0ce3d59323b83.long-type-12901390071800863620.txt'
[INFO] [stdout]      = note: consider using `--verbose` to print the full type name to the console
[INFO] [stdout]      = note: this error originates in the macro `top_level_handler_fn` (in Nightly builds, run with -Z macro-backtrace for more info)
[INFO] [stdout] 
[INFO] [stdout] 
[INFO] [stdout] Some errors have detailed explanations: E0107, E0277, E0432, E0599.
[INFO] [stdout] 
[INFO] [stdout] For more information about an error, try `rustc --explain E0107`.
[INFO] [stdout] 
[INFO] [stderr] error: could not compile `concordance-registry-service` (lib test) due to 7 previous errors
[INFO] [stdout] Some errors have detailed explanations: E0107, E0277, E0432, E0599.
[INFO] [stdout] 
[INFO] [stdout] For more information about an error, try `rustc --explain E0107`.
[INFO] [stdout] 
[INFO] [stderr] error: could not compile `concordance-registry-service` (lib) due to 7 previous errors
[INFO] [stderr] warning: unused dependency `serde_json`
[INFO] [stderr]   --> core/Cargo.toml:13:1
[INFO] [stderr]    |
[INFO] [stderr] 13 | serde_json.workspace = true
[INFO] [stderr]    | ^^^^^^^^^^
[INFO] [stderr]    |
[INFO] [stderr]    = note: `cargo::unused_dependencies` is set to `warn` by default
[INFO] [stderr] help: consider removing the dependency on `serde_json`
[INFO] [stderr] warning: `concordance-core` (manifest) generated 1 warning
[INFO] running `Command { std: "docker" "inspect" "22e7b9f0828625e0fba169a65c5dfdee3096c50e95f549e38faff9d42762d35b", kill_on_drop: false }`
[INFO] running `Command { std: "docker" "rm" "-f" "22e7b9f0828625e0fba169a65c5dfdee3096c50e95f549e38faff9d42762d35b", kill_on_drop: false }`
[INFO] [stdout] 22e7b9f0828625e0fba169a65c5dfdee3096c50e95f549e38faff9d42762d35b
