[INFO] cloning repository https://github.com/KP-Portfolio/easycrosshair
[INFO] running `Command { std: "git" "-c" "credential.helper=" "-c" "credential.helper=/workspace/cargo-home/bin/git-credential-null" "clone" "--bare" "https://github.com/KP-Portfolio/easycrosshair" "/workspace/cache/git-repos/https%3A%2F%2Fgithub.com%2FKP-Portfolio%2Feasycrosshair", kill_on_drop: false }`
[INFO] [stderr] Cloning into bare repository '/workspace/cache/git-repos/https%3A%2F%2Fgithub.com%2FKP-Portfolio%2Feasycrosshair'...
[INFO] running `Command { std: "git" "rev-parse" "HEAD", kill_on_drop: false }`
[INFO] [stdout] 8b80b2548da78662c36aa63e6dffd8d8f45f9acb
[INFO] checking KP-Portfolio/easycrosshair against 3154cc1a3e6424e44f438a95007d043ed5ceaaf6+rustflags=-Znext-solver=coherence for pr-133502-30
[INFO] running `Command { std: "git" "clone" "/workspace/cache/git-repos/https%3A%2F%2Fgithub.com%2FKP-Portfolio%2Feasycrosshair" "/workspace/builds/worker-3-tc1/source", kill_on_drop: false }`
[INFO] [stderr] Cloning into '/workspace/builds/worker-3-tc1/source'...
[INFO] [stderr] done.
[INFO] [stderr] Updating files:  19% (245/1277)
Updating files:  20% (256/1277)
Updating files:  21% (269/1277)
Updating files:  22% (281/1277)
Updating files:  23% (294/1277)
Updating files:  24% (307/1277)
Updating files:  25% (320/1277)
Updating files:  26% (333/1277)
Updating files:  27% (345/1277)
Updating files:  28% (358/1277)
Updating files:  29% (371/1277)
Updating files:  30% (384/1277)
Updating files:  31% (396/1277)
Updating files:  32% (409/1277)
Updating files:  33% (422/1277)
Updating files:  34% (435/1277)
Updating files:  35% (447/1277)
Updating files:  36% (460/1277)
Updating files:  37% (473/1277)
Updating files:  38% (486/1277)
Updating files:  39% (499/1277)
Updating files:  40% (511/1277)
Updating files:  41% (524/1277)
Updating files:  42% (537/1277)
Updating files:  43% (550/1277)
Updating files:  44% (562/1277)
Updating files:  45% (575/1277)
Updating files:  46% (588/1277)
Updating files:  47% (601/1277)
Updating files:  48% (613/1277)
Updating files:  49% (626/1277)
Updating files:  50% (639/1277)
Updating files:  51% (652/1277)
Updating files:  52% (665/1277)
Updating files:  53% (677/1277)
Updating files:  54% (690/1277)
Updating files:  55% (703/1277)
Updating files:  56% (716/1277)
Updating files:  57% (728/1277)
Updating files:  58% (741/1277)
Updating files:  59% (754/1277)
Updating files:  60% (767/1277)
Updating files:  61% (779/1277)
Updating files:  62% (792/1277)
Updating files:  63% (805/1277)
Updating files:  64% (818/1277)
Updating files:  65% (831/1277)
Updating files:  66% (843/1277)
Updating files:  67% (856/1277)
Updating files:  68% (869/1277)
Updating files:  69% (882/1277)
Updating files:  70% (894/1277)
Updating files:  71% (907/1277)
Updating files:  72% (920/1277)
Updating files:  73% (933/1277)
Updating files:  74% (945/1277)
Updating files:  75% (958/1277)
Updating files:  76% (971/1277)
Updating files:  77% (984/1277)
Updating files:  78% (997/1277)
Updating files:  79% (1009/1277)
Updating files:  80% (1022/1277)
Updating files:  81% (1035/1277)
Updating files:  82% (1048/1277)
Updating files:  83% (1060/1277)
Updating files:  84% (1073/1277)
Updating files:  85% (1086/1277)
Updating files:  86% (1099/1277)
Updating files:  87% (1111/1277)
Updating files:  88% (1124/1277)
Updating files:  89% (1137/1277)
Updating files:  90% (1150/1277)
Updating files:  91% (1163/1277)
Updating files:  92% (1175/1277)
Updating files:  93% (1188/1277)
Updating files:  94% (1201/1277)
Updating files:  95% (1214/1277)
Updating files:  95% (1222/1277)
Updating files:  96% (1226/1277)
Updating files:  97% (1239/1277)
Updating files:  98% (1252/1277)
Updating files:  99% (1265/1277)
Updating files: 100% (1277/1277)
Updating files: 100% (1277/1277), done.
[INFO] started tweaking git repo https://github.com/KP-Portfolio/easycrosshair
[INFO] finished tweaking git repo https://github.com/KP-Portfolio/easycrosshair
[INFO] tweaked toml for git repo https://github.com/KP-Portfolio/easycrosshair written to /workspace/builds/worker-3-tc1/source/Cargo.toml
[INFO] validating manifest of git repo https://github.com/KP-Portfolio/easycrosshair on toolchain 3154cc1a3e6424e44f438a95007d043ed5ceaaf6
[INFO] running `Command { std: CARGO_HOME="/workspace/cargo-home" RUSTUP_HOME="/workspace/rustup-home" "/workspace/cargo-home/bin/cargo" "+3154cc1a3e6424e44f438a95007d043ed5ceaaf6" "metadata" "--manifest-path" "Cargo.toml" "--no-deps", kill_on_drop: false }`
[INFO] crate git repo https://github.com/KP-Portfolio/easycrosshair already has a lockfile, it will not be regenerated
[INFO] running `Command { std: CARGO_HOME="/workspace/cargo-home" RUSTUP_HOME="/workspace/rustup-home" "/workspace/cargo-home/bin/cargo" "+3154cc1a3e6424e44f438a95007d043ed5ceaaf6" "fetch" "--manifest-path" "Cargo.toml", kill_on_drop: false }`
[INFO] running `Command { std: "docker" "create" "-v" "/var/lib/crater-agent-workspace/builds/worker-3-tc1/source:/opt/rustwide/workdir:ro,Z" "-v" "/var/lib/crater-agent-workspace/builds/worker-3-tc1/target:/opt/rustwide/target:rw,Z" "-v" "/var/lib/crater-agent-workspace/cargo-home:/opt/rustwide/cargo-home:ro,Z" "-v" "/var/lib/crater-agent-workspace/rustup-home:/opt/rustwide/rustup-home:ro,Z" "-m" "1610612736" "--network" "none" "ghcr.io/rust-lang/crates-build-env/linux@sha256:77db811e55d90add9212f6832c23229e3de5f1c1f9905e8cb07319ea15df73ac" "sleep" "infinity", kill_on_drop: false }`
[INFO] [stdout] 8965e5e39cdf24b49f0f74c6e2e8c0f09127f26be1d31583f6b2986221f2d24d
[INFO] running `Command { std: "docker" "start" "8965e5e39cdf24b49f0f74c6e2e8c0f09127f26be1d31583f6b2986221f2d24d", kill_on_drop: false }`
[INFO] running `Command { std: "docker" "inspect" "8965e5e39cdf24b49f0f74c6e2e8c0f09127f26be1d31583f6b2986221f2d24d", kill_on_drop: false }`
[INFO] running `Command { std: "docker" "exec" "-e" "SOURCE_DIR=/opt/rustwide/workdir" "-e" "CARGO_HOME=/opt/rustwide/cargo-home" "-e" "RUSTUP_HOME=/opt/rustwide/rustup-home" "-e" "CARGO_TARGET_DIR=/opt/rustwide/target" "-w" "/opt/rustwide/workdir" "--user" "0:0" "8965e5e39cdf24b49f0f74c6e2e8c0f09127f26be1d31583f6b2986221f2d24d" "/opt/rustwide/cargo-home/bin/cargo" "+3154cc1a3e6424e44f438a95007d043ed5ceaaf6" "metadata" "--no-deps" "--format-version=1", kill_on_drop: false }`
[INFO] running `Command { std: "docker" "inspect" "8965e5e39cdf24b49f0f74c6e2e8c0f09127f26be1d31583f6b2986221f2d24d", kill_on_drop: false }`
[INFO] running `Command { std: "docker" "exec" "-e" "SOURCE_DIR=/opt/rustwide/workdir" "-e" "CARGO_HOME=/opt/rustwide/cargo-home" "-e" "RUSTUP_HOME=/opt/rustwide/rustup-home" "-e" "CARGO_TARGET_DIR=/opt/rustwide/target" "-e" "CARGO_INCREMENTAL=0" "-e" "RUST_BACKTRACE=full" "-e" "RUSTFLAGS=--cap-lints=forbid -Znext-solver=coherence" "-e" "RUSTDOCFLAGS=--cap-lints=forbid" "-w" "/opt/rustwide/workdir" "--user" "0:0" "8965e5e39cdf24b49f0f74c6e2e8c0f09127f26be1d31583f6b2986221f2d24d" "/opt/rustwide/cargo-home/bin/cargo" "+3154cc1a3e6424e44f438a95007d043ed5ceaaf6" "check" "--frozen" "--all" "--all-targets" "--message-format=json", kill_on_drop: false }`
[INFO] [stderr]    Compiling wayland-sys v0.31.11
[INFO] [stderr]     Checking rustix v1.1.4
[INFO] [stderr]    Compiling wayland-backend v0.3.16
[INFO] [stderr]    Compiling windows_x86_64_gnu v0.52.6
[INFO] [stderr]    Compiling rustix v0.38.44
[INFO] [stderr]    Compiling thiserror-impl v1.0.69
[INFO] [stderr]     Checking linux-raw-sys v0.4.15
[INFO] [stderr]     Checking ttf-parser v0.25.1
[INFO] [stderr]     Checking xcursor v0.3.11
[INFO] [stderr]     Checking windows-targets v0.52.6
[INFO] [stderr]     Checking bytemuck v1.25.2
[INFO] [stderr]     Checking windows-result v0.2.0
[INFO] [stderr]     Checking memmap2 v0.9.11
[INFO] [stderr]     Checking ab_glyph_rasterizer v0.1.10
[INFO] [stderr]     Checking windows-strings v0.1.0
[INFO] [stderr]    Compiling winit v0.29.15
[INFO] [stderr]    Compiling windows-implement v0.58.0
[INFO] [stderr]     Checking tiny-skia-path v0.11.4
[INFO] [stderr]    Compiling windows-interface v0.58.0
[INFO] [stderr]     Checking x11rb-protocol v0.13.2
[INFO] [stderr]     Checking tiny-skia v0.11.4
[INFO] [stderr]     Checking ahash v0.8.12
[INFO] [stderr]     Checking windows-core v0.58.0
[INFO] [stderr]     Checking xkbcommon-dl v0.4.2
[INFO] [stderr]     Checking thiserror v1.0.69
[INFO] [stderr]     Checking smol_str v0.2.2
[INFO] [stderr]     Checking windows v0.58.0
[INFO] [stderr]     Checking owned_ttf_parser v0.25.1
[INFO] [stderr]     Checking ab_glyph v0.2.32
[INFO] [stderr]     Checking polling v3.11.0
[INFO] [stderr]     Checking gethostname v1.1.0
[INFO] [stderr]     Checking calloop v0.12.4
[INFO] [stderr]     Checking wayland-client v0.31.15
[INFO] [stderr]     Checking wayland-csd-frame v0.3.0
[INFO] [stderr]     Checking wayland-protocols v0.31.2
[INFO] [stderr]     Checking wayland-cursor v0.31.14
[INFO] [stderr]     Checking calloop-wayland-source v0.2.0
[INFO] [stderr]     Checking wayland-protocols-wlr v0.2.0
[INFO] [stderr]     Checking wayland-protocols-plasma v0.2.0
[INFO] [stderr]     Checking smithay-client-toolkit v0.18.1
[INFO] [stderr]     Checking x11rb v0.13.2
[INFO] [stderr]     Checking sctk-adwaita v0.8.3
[INFO] [stderr]     Checking crosshair-overlay v0.1.0 (/opt/rustwide/workdir)
[INFO] [stdout] error[E0433]: cannot find `Win32` in `windows`
[INFO] [stdout]   --> src/main.rs:23:14
[INFO] [stdout]    |
[INFO] [stdout] 23 | use windows::Win32::Foundation::{
[INFO] [stdout]    |              ^^^^^ could not find `Win32` in `windows`
[INFO] [stdout] 
[INFO] [stdout] 
[INFO] [stdout] error[E0433]: cannot find `Win32` in `windows`
[INFO] [stdout]   --> src/main.rs:26:14
[INFO] [stdout]    |
[INFO] [stdout] 26 | use windows::Win32::Graphics::Dwm::{
[INFO] [stdout]    |              ^^^^^ could not find `Win32` in `windows`
[INFO] [stdout] 
[INFO] [stdout] 
[INFO] [stdout] error[E0433]: cannot find `Win32` in `windows`
[INFO] [stdout]   --> src/main.rs:30:14
[INFO] [stdout]    |
[INFO] [stdout] 30 | use windows::Win32::Graphics::Gdi::{
[INFO] [stdout]    |              ^^^^^ could not find `Win32` in `windows`
[INFO] [stdout] 
[INFO] [stdout] 
[INFO] [stdout] error[E0433]: cannot find `Win32` in `windows`
[INFO] [stdout]   --> src/main.rs:37:14
[INFO] [stdout]    |
[INFO] [stdout] 37 | use windows::Win32::Graphics::GdiPlus::{
[INFO] [stdout]    |              ^^^^^ could not find `Win32` in `windows`
[INFO] [stdout] 
[INFO] [stdout] 
[INFO] [stdout] error[E0433]: cannot find `Win32` in `windows`
[INFO] [stdout]   --> src/main.rs:43:14
[INFO] [stdout]    |
[INFO] [stdout] 43 | use windows::Win32::System::LibraryLoader::{GetModuleHandleW, GetProcAddress, LoadLibraryW};
[INFO] [stdout]    |              ^^^^^ could not find `Win32` in `windows`
[INFO] [stdout] 
[INFO] [stdout] 
[INFO] [stdout] error[E0433]: cannot find `Win32` in `windows`
[INFO] [stdout]   --> src/main.rs:44:14
[INFO] [stdout]    |
[INFO] [stdout] 44 | use windows::Win32::UI::Controls::Dialogs::{ChooseColorW, CC_FULLOPEN, CC_RGBINIT, CHOOSECOLORW};
[INFO] [stdout]    |              ^^^^^ could not find `Win32` in `windows`
[INFO] [stdout] 
[INFO] [stdout] 
[INFO] [stdout] error[E0433]: cannot find `Win32` in `windows`
[INFO] [stdout]   --> src/main.rs:45:14
[INFO] [stdout]    |
[INFO] [stdout] 45 | use windows::Win32::UI::Controls::{
[INFO] [stdout]    |              ^^^^^ could not find `Win32` in `windows`
[INFO] [stdout] 
[INFO] [stdout] 
[INFO] [stdout] error[E0433]: cannot find `Win32` in `windows`
[INFO] [stdout]   --> src/main.rs:49:14
[INFO] [stdout]    |
[INFO] [stdout] 49 | use windows::Win32::UI::Input::KeyboardAndMouse::{
[INFO] [stdout]    |              ^^^^^ could not find `Win32` in `windows`
[INFO] [stdout] 
[INFO] [stdout] 
[INFO] [stdout] error[E0433]: cannot find `Win32` in `windows`
[INFO] [stdout]   --> src/main.rs:52:14
[INFO] [stdout]    |
[INFO] [stdout] 52 | use windows::Win32::UI::WindowsAndMessaging::{
[INFO] [stdout]    |              ^^^^^ could not find `Win32` in `windows`
[INFO] [stdout] 
[INFO] [stdout] 
[INFO] [stdout] error[E0432]: unresolved import `windows::core`
[INFO] [stdout]   --> src/main.rs:22:14
[INFO] [stdout]    |
[INFO] [stdout] 22 | use windows::core::{w, PCSTR, PCWSTR};
[INFO] [stdout]    |              ^^^^ could not find `core` in `windows`
[INFO] [stdout] 
[INFO] [stdout] 
[INFO] [stdout] error[E0432]: unresolved import `winit::platform::windows`
[INFO] [stdout]   --> src/main.rs:70:22
[INFO] [stdout]    |
[INFO] [stdout] 70 | use winit::platform::windows::EventLoopBuilderExtWindows;
[INFO] [stdout]    |                      ^^^^^^^ could not find `windows` in `platform`
[INFO] [stdout]    |
[INFO] [stdout] note: found an item that was configured out
[INFO] [stdout]   --> /opt/rustwide/cargo-home/registry/src/index.crates.io-1949cf8c6b5b557f/winit-0.29.15/src/platform/mod.rs:34:9
[INFO] [stdout]    |
[INFO] [stdout] 33 | #[cfg(windows_platform)]
[INFO] [stdout]    |       ---------------- the item is gated here
[INFO] [stdout] 34 | pub mod windows;
[INFO] [stdout]    |         ^^^^^^^
[INFO] [stdout] 
[INFO] [stdout] 
[INFO] [stdout] error[E0433]: cannot find `Win32` in `windows`
[INFO] [stdout]    --> src/main.rs:478:27
[INFO] [stdout]     |
[INFO] [stdout] 478 |         BlendOp: windows::Win32::Graphics::Gdi::AC_SRC_OVER as u8,
[INFO] [stdout]     |                           ^^^^^ could not find `Win32` in `windows`
[INFO] [stdout] 
[INFO] [stdout] 
[INFO] [stdout] error[E0433]: cannot find `Win32` in `windows`
[INFO] [stdout]    --> src/main.rs:481:31
[INFO] [stdout]     |
[INFO] [stdout] 481 |         AlphaFormat: windows::Win32::Graphics::Gdi::AC_SRC_ALPHA as u8,
[INFO] [stdout]     |                               ^^^^^ could not find `Win32` in `windows`
[INFO] [stdout] 
[INFO] [stdout] 
[INFO] [stdout] error[E0599]: no method named `with_msg_hook` found for struct `EventLoopBuilder<T>` in the current scope
[INFO] [stdout]    --> src/main.rs:210:13
[INFO] [stdout]     |
[INFO] [stdout] 210 |     builder.with_msg_hook(|msg_ptr| {
[INFO] [stdout]     |             ^^^^^^^^^^^^^ method not found in `EventLoopBuilder<()>`
[INFO] [stdout] 
[INFO] [stdout] 
[INFO] [stdout] error[E0433]: cannot find `Win32` in `windows`
[INFO] [stdout]   --> src/main.rs:23:14
[INFO] [stdout]    |
[INFO] [stdout] 23 | use windows::Win32::Foundation::{
[INFO] [stdout]    |              ^^^^^ could not find `Win32` in `windows`
[INFO] [stdout] 
[INFO] [stdout] 
[INFO] [stdout] error[E0433]: cannot find `Win32` in `windows`
[INFO] [stdout]   --> src/main.rs:26:14
[INFO] [stdout]    |
[INFO] [stdout] 26 | use windows::Win32::Graphics::Dwm::{
[INFO] [stdout]    |              ^^^^^ could not find `Win32` in `windows`
[INFO] [stdout] 
[INFO] [stdout] 
[INFO] [stdout] error[E0433]: cannot find `Win32` in `windows`
[INFO] [stdout]   --> src/main.rs:30:14
[INFO] [stdout]    |
[INFO] [stdout] 30 | use windows::Win32::Graphics::Gdi::{
[INFO] [stdout]    |              ^^^^^ could not find `Win32` in `windows`
[INFO] [stdout] 
[INFO] [stdout] 
[INFO] [stdout] error[E0433]: cannot find `Win32` in `windows`
[INFO] [stdout]   --> src/main.rs:37:14
[INFO] [stdout]    |
[INFO] [stdout] 37 | use windows::Win32::Graphics::GdiPlus::{
[INFO] [stdout]    |              ^^^^^ could not find `Win32` in `windows`
[INFO] [stdout] 
[INFO] [stdout] 
[INFO] [stdout] error[E0433]: cannot find `Win32` in `windows`
[INFO] [stdout]   --> src/main.rs:43:14
[INFO] [stdout]    |
[INFO] [stdout] 43 | use windows::Win32::System::LibraryLoader::{GetModuleHandleW, GetProcAddress, LoadLibraryW};
[INFO] [stdout]    |              ^^^^^ could not find `Win32` in `windows`
[INFO] [stdout] 
[INFO] [stdout] 
[INFO] [stdout] error[E0433]: cannot find `Win32` in `windows`
[INFO] [stdout]   --> src/main.rs:44:14
[INFO] [stdout]    |
[INFO] [stdout] 44 | use windows::Win32::UI::Controls::Dialogs::{ChooseColorW, CC_FULLOPEN, CC_RGBINIT, CHOOSECOLORW};
[INFO] [stdout]    |              ^^^^^ could not find `Win32` in `windows`
[INFO] [stdout] 
[INFO] [stdout] 
[INFO] [stdout] error[E0433]: cannot find `Win32` in `windows`
[INFO] [stdout]   --> src/main.rs:45:14
[INFO] [stdout]    |
[INFO] [stdout] 45 | use windows::Win32::UI::Controls::{
[INFO] [stdout]    |              ^^^^^ could not find `Win32` in `windows`
[INFO] [stdout] 
[INFO] [stdout] 
[INFO] [stdout] error[E0433]: cannot find `Win32` in `windows`
[INFO] [stdout]   --> src/main.rs:49:14
[INFO] [stdout]    |
[INFO] [stdout] 49 | use windows::Win32::UI::Input::KeyboardAndMouse::{
[INFO] [stdout]    |              ^^^^^ could not find `Win32` in `windows`
[INFO] [stdout] 
[INFO] [stdout] 
[INFO] [stdout] error[E0433]: cannot find `Win32` in `windows`
[INFO] [stdout]   --> src/main.rs:52:14
[INFO] [stdout]    |
[INFO] [stdout] 52 | use windows::Win32::UI::WindowsAndMessaging::{
[INFO] [stdout]    |              ^^^^^ could not find `Win32` in `windows`
[INFO] [stdout] 
[INFO] [stdout] 
[INFO] [stdout] error[E0432]: unresolved import `windows::core`
[INFO] [stdout]   --> src/main.rs:22:14
[INFO] [stdout]    |
[INFO] [stdout] 22 | use windows::core::{w, PCSTR, PCWSTR};
[INFO] [stdout]    |              ^^^^ could not find `core` in `windows`
[INFO] [stdout] 
[INFO] [stdout] 
[INFO] [stdout] error[E0432]: unresolved import `winit::platform::windows`
[INFO] [stdout]   --> src/main.rs:70:22
[INFO] [stdout]    |
[INFO] [stdout] 70 | use winit::platform::windows::EventLoopBuilderExtWindows;
[INFO] [stdout]    |                      ^^^^^^^ could not find `windows` in `platform`
[INFO] [stdout]    |
[INFO] [stdout] note: found an item that was configured out
[INFO] [stdout]   --> /opt/rustwide/cargo-home/registry/src/index.crates.io-1949cf8c6b5b557f/winit-0.29.15/src/platform/mod.rs:34:9
[INFO] [stdout]    |
[INFO] [stdout] 33 | #[cfg(windows_platform)]
[INFO] [stdout]    |       ---------------- the item is gated here
[INFO] [stdout] 34 | pub mod windows;
[INFO] [stdout]    |         ^^^^^^^
[INFO] [stdout] 
[INFO] [stdout] 
[INFO] [stdout] Some errors have detailed explanations: E0432, E0433, E0599.
[INFO] [stdout] 
[INFO] [stdout] For more information about an error, try `rustc --explain E0432`.
[INFO] [stdout] 
[INFO] [stderr] error: could not compile `crosshair-overlay` (bin "crosshair-overlay") due to 14 previous errors
[INFO] [stderr] warning: build failed, waiting for other jobs to finish...
[INFO] [stdout] error[E0433]: cannot find `Win32` in `windows`
[INFO] [stdout]    --> src/main.rs:478:27
[INFO] [stdout]     |
[INFO] [stdout] 478 |         BlendOp: windows::Win32::Graphics::Gdi::AC_SRC_OVER as u8,
[INFO] [stdout]     |                           ^^^^^ could not find `Win32` in `windows`
[INFO] [stdout] 
[INFO] [stdout] 
[INFO] [stdout] error[E0433]: cannot find `Win32` in `windows`
[INFO] [stdout]    --> src/main.rs:481:31
[INFO] [stdout]     |
[INFO] [stdout] 481 |         AlphaFormat: windows::Win32::Graphics::Gdi::AC_SRC_ALPHA as u8,
[INFO] [stdout]     |                               ^^^^^ could not find `Win32` in `windows`
[INFO] [stdout] 
[INFO] [stdout] 
[INFO] [stdout] error[E0599]: no method named `with_msg_hook` found for struct `EventLoopBuilder<T>` in the current scope
[INFO] [stdout]    --> src/main.rs:210:13
[INFO] [stdout]     |
[INFO] [stdout] 210 |     builder.with_msg_hook(|msg_ptr| {
[INFO] [stdout]     |             ^^^^^^^^^^^^^ method not found in `EventLoopBuilder<()>`
[INFO] [stdout] 
[INFO] [stdout] 
[INFO] [stdout] Some errors have detailed explanations: E0432, E0433, E0599.
[INFO] [stdout] 
[INFO] [stdout] For more information about an error, try `rustc --explain E0432`.
[INFO] [stdout] 
[INFO] [stderr] error: could not compile `crosshair-overlay` (bin "crosshair-overlay" test) due to 14 previous errors
[INFO] running `Command { std: "docker" "inspect" "8965e5e39cdf24b49f0f74c6e2e8c0f09127f26be1d31583f6b2986221f2d24d", kill_on_drop: false }`
[INFO] running `Command { std: "docker" "rm" "-f" "8965e5e39cdf24b49f0f74c6e2e8c0f09127f26be1d31583f6b2986221f2d24d", kill_on_drop: false }`
[INFO] [stdout] 8965e5e39cdf24b49f0f74c6e2e8c0f09127f26be1d31583f6b2986221f2d24d
