[INFO] cloning repository https://github.com/KCH390/nppad-fault-diagnosis
[INFO] running `Command { std: "git" "-c" "credential.helper=" "-c" "credential.helper=/workspace/cargo-home/bin/git-credential-null" "clone" "--bare" "https://github.com/KCH390/nppad-fault-diagnosis" "/workspace/cache/git-repos/https%3A%2F%2Fgithub.com%2FKCH390%2Fnppad-fault-diagnosis", kill_on_drop: false }`
[INFO] [stderr] Cloning into bare repository '/workspace/cache/git-repos/https%3A%2F%2Fgithub.com%2FKCH390%2Fnppad-fault-diagnosis'...
[INFO] running `Command { std: "git" "rev-parse" "HEAD", kill_on_drop: false }`
[INFO] [stdout] 4f2140b42cdc7b22846741ef873fb2e2a1d87cf1
[INFO] checking KCH390/nppad-fault-diagnosis against 3154cc1a3e6424e44f438a95007d043ed5ceaaf6 for pr-133502-30
[INFO] running `Command { std: "git" "clone" "/workspace/cache/git-repos/https%3A%2F%2Fgithub.com%2FKCH390%2Fnppad-fault-diagnosis" "/workspace/builds/worker-7-tc2/source", kill_on_drop: false }`
[INFO] [stderr] Cloning into '/workspace/builds/worker-7-tc2/source'...
[INFO] [stderr] done.
[INFO] started tweaking git repo https://github.com/KCH390/nppad-fault-diagnosis
[INFO] finished tweaking git repo https://github.com/KCH390/nppad-fault-diagnosis
[INFO] tweaked toml for git repo https://github.com/KCH390/nppad-fault-diagnosis written to /workspace/builds/worker-7-tc2/source/Cargo.toml
[INFO] validating manifest of git repo https://github.com/KCH390/nppad-fault-diagnosis on toolchain 3154cc1a3e6424e44f438a95007d043ed5ceaaf6
[INFO] running `Command { std: CARGO_HOME="/workspace/cargo-home" RUSTUP_HOME="/workspace/rustup-home" "/workspace/cargo-home/bin/cargo" "+3154cc1a3e6424e44f438a95007d043ed5ceaaf6" "metadata" "--manifest-path" "Cargo.toml" "--no-deps", kill_on_drop: false }`
[INFO] crate git repo https://github.com/KCH390/nppad-fault-diagnosis already has a lockfile, it will not be regenerated
[INFO] running `Command { std: CARGO_HOME="/workspace/cargo-home" RUSTUP_HOME="/workspace/rustup-home" "/workspace/cargo-home/bin/cargo" "+3154cc1a3e6424e44f438a95007d043ed5ceaaf6" "fetch" "--manifest-path" "Cargo.toml", kill_on_drop: false }`
[INFO] running `Command { std: "docker" "create" "-v" "/var/lib/crater-agent-workspace/builds/worker-7-tc2/source:/opt/rustwide/workdir:ro,Z" "-v" "/var/lib/crater-agent-workspace/builds/worker-7-tc2/target:/opt/rustwide/target:rw,Z" "-v" "/var/lib/crater-agent-workspace/cargo-home:/opt/rustwide/cargo-home:ro,Z" "-v" "/var/lib/crater-agent-workspace/rustup-home:/opt/rustwide/rustup-home:ro,Z" "-m" "1610612736" "--network" "none" "ghcr.io/rust-lang/crates-build-env/linux@sha256:77db811e55d90add9212f6832c23229e3de5f1c1f9905e8cb07319ea15df73ac" "sleep" "infinity", kill_on_drop: false }`
[INFO] [stdout] a4945c35e0ed5d8ee0e4f55cf076ca8107f0aff44cec793ed18dcd06ae2eac50
[INFO] running `Command { std: "docker" "start" "a4945c35e0ed5d8ee0e4f55cf076ca8107f0aff44cec793ed18dcd06ae2eac50", kill_on_drop: false }`
[INFO] running `Command { std: "docker" "inspect" "a4945c35e0ed5d8ee0e4f55cf076ca8107f0aff44cec793ed18dcd06ae2eac50", kill_on_drop: false }`
[INFO] running `Command { std: "docker" "exec" "-e" "SOURCE_DIR=/opt/rustwide/workdir" "-e" "CARGO_HOME=/opt/rustwide/cargo-home" "-e" "RUSTUP_HOME=/opt/rustwide/rustup-home" "-e" "CARGO_TARGET_DIR=/opt/rustwide/target" "-w" "/opt/rustwide/workdir" "--user" "0:0" "a4945c35e0ed5d8ee0e4f55cf076ca8107f0aff44cec793ed18dcd06ae2eac50" "/opt/rustwide/cargo-home/bin/cargo" "+3154cc1a3e6424e44f438a95007d043ed5ceaaf6" "metadata" "--no-deps" "--format-version=1", kill_on_drop: false }`
[INFO] running `Command { std: "docker" "inspect" "a4945c35e0ed5d8ee0e4f55cf076ca8107f0aff44cec793ed18dcd06ae2eac50", kill_on_drop: false }`
[INFO] running `Command { std: "docker" "exec" "-e" "SOURCE_DIR=/opt/rustwide/workdir" "-e" "CARGO_HOME=/opt/rustwide/cargo-home" "-e" "RUSTUP_HOME=/opt/rustwide/rustup-home" "-e" "CARGO_TARGET_DIR=/opt/rustwide/target" "-e" "CARGO_INCREMENTAL=0" "-e" "RUST_BACKTRACE=full" "-e" "RUSTFLAGS=--cap-lints=forbid" "-e" "RUSTDOCFLAGS=--cap-lints=forbid" "-w" "/opt/rustwide/workdir" "--user" "0:0" "a4945c35e0ed5d8ee0e4f55cf076ca8107f0aff44cec793ed18dcd06ae2eac50" "/opt/rustwide/cargo-home/bin/cargo" "+3154cc1a3e6424e44f438a95007d043ed5ceaaf6" "check" "--frozen" "--all" "--all-targets" "--message-format=json", kill_on_drop: false }`
[INFO] [stderr]    Compiling libm v0.2.16
[INFO] [stderr]    Compiling serde_core v1.0.229
[INFO] [stderr]     Checking memchr v2.8.3
[INFO] [stderr]    Compiling num-traits v0.2.19
[INFO] [stderr]    Compiling syn v3.0.5
[INFO] [stderr]    Compiling syn v2.0.119
[INFO] [stderr]    Compiling libc v0.2.189
[INFO] [stderr]     Checking ryu v1.0.23
[INFO] [stderr]     Checking either v1.18.0
[INFO] [stderr]    Compiling getrandom v0.3.4
[INFO] [stderr]    Compiling crossbeam-utils v0.8.23
[INFO] [stderr]    Compiling crossbeam-epoch v0.9.21
[INFO] [stderr]     Checking plotters-backend v0.3.7
[INFO] [stderr]     Checking csv-core v0.1.13
[INFO] [stderr]     Checking plotters-svg v0.3.7
[INFO] [stderr]    Compiling crossbeam-deque v0.8.8
[INFO] [stderr]    Compiling matrixmultiply v0.3.11
[INFO] [stderr]     Checking rawpointer v0.2.1
[INFO] [stderr]     Checking bitflags v1.3.2
[INFO] [stderr]     Checking raw-cpuid v10.7.0
[INFO] [stderr]     Checking once_cell v1.21.4
[INFO] [stderr]    Compiling seq-macro v0.3.6
[INFO] [stderr]     Checking rayon-core v1.13.0
[INFO] [stderr]    Compiling indexmap v1.9.3
[INFO] [stderr]     Checking getrandom v0.2.17
[INFO] [stderr]     Checking rand_core v0.6.4
[INFO] [stderr]     Checking rand_core v0.9.5
[INFO] [stderr]    Compiling hashbrown v0.17.1
[INFO] [stderr]     Checking rayon v1.12.0
[INFO] [stderr]    Compiling winnow v1.0.4
[INFO] [stderr]     Checking smallvec v1.16.0
[INFO] [stderr]     Checking num-integer v0.1.47
[INFO] [stderr]     Checking plotters v0.3.7
[INFO] [stderr]     Checking approx v0.4.0
[INFO] [stderr]    Compiling indexmap v2.14.2
[INFO] [stderr]     Checking num-bigint v0.4.8
[INFO] [stderr]    Compiling serde_derive v1.0.229
[INFO] [stderr]     Checking serde_json v1.0.151
[INFO] [stderr]     Checking csv v1.4.0
[INFO] [stderr]    Compiling bytemuck_derive v1.12.0
[INFO] [stderr]    Compiling toml_parser v1.1.3+spec-1.1.0
[INFO] [stderr]    Compiling toml_datetime v1.1.1+spec-1.1.0
[INFO] [stderr]    Compiling linfa v0.7.1
[INFO] [stderr]     Checking hashbrown v0.12.3
[INFO] [stderr]    Compiling toml_edit v0.25.13+spec-1.1.0
[INFO] [stderr]     Checking num-rational v0.4.2
[INFO] [stderr]     Checking num-iter v0.1.46
[INFO] [stderr]     Checking noisy_float v0.2.0
[INFO] [stderr]     Checking itertools v0.10.5
[INFO] [stderr]    Compiling rustversion v1.0.23
[INFO] [stderr]     Checking bytemuck v1.25.2
[INFO] [stderr]     Checking approx v0.5.1
[INFO] [stderr]    Compiling synstructure v0.13.2
[INFO] [stderr]     Checking num-complex v0.4.6
[INFO] [stderr]     Checking dyn-stack v0.10.0
[INFO] [stderr]    Compiling proc-macro-crate v3.5.0
[INFO] [stderr]     Checking pulp v0.18.22
[INFO] [stderr]     Checking ndarray v0.15.6
[INFO] [stderr]     Checking num v0.4.3
[INFO] [stderr]    Compiling crc32fast v1.5.1
[INFO] [stderr]    Compiling zip v1.1.4
[INFO] [stderr]     Checking stable_deref_trait v1.2.1
[INFO] [stderr]    Compiling displaydoc v0.2.7
[INFO] [stderr]     Checking memmap2 v0.9.11
[INFO] [stderr]     Checking num_cpus v1.17.0
[INFO] [stderr]     Checking byteorder v1.5.0
[INFO] [stderr]    Compiling zerocopy-derive v0.8.56
[INFO] [stderr]    Compiling thiserror-impl v1.0.69
[INFO] [stderr]    Compiling num_enum_derive v0.7.6
[INFO] [stderr]    Compiling zerofrom-derive v0.1.7
[INFO] [stderr]    Compiling yoke-derive v0.7.5
[INFO] [stderr]     Checking serde v1.0.229
[INFO] [stderr]     Checking core v0.1.0 (/opt/rustwide/workdir/core)
[INFO] [stderr]     Checking num_enum v0.7.6
[INFO] [stderr]     Checking safetensors v0.4.5
[INFO] [stderr]     Checking charts v0.1.0 (/opt/rustwide/workdir/charts)
[INFO] [stderr]     Checking physics v0.1.0 (/opt/rustwide/workdir/physics)
[INFO] [stderr]     Checking thiserror v1.0.69
[INFO] [stderr]     Checking zerofrom v0.1.8
[INFO] [stderr]     Checking yoke v0.7.5
[INFO] [stderr]     Checking zerocopy v0.8.56
[INFO] [stderr]     Checking sprs v0.11.1
[INFO] [stderr]     Checking ppv-lite86 v0.2.21
[INFO] [stderr]     Checking rand_chacha v0.3.1
[INFO] [stderr]     Checking rand_chacha v0.9.0
[INFO] [stderr]     Checking rand v0.9.5
[INFO] [stderr]     Checking rand v0.8.8
[INFO] [stderr]     Checking rand_distr v0.5.1
[INFO] [stderr]     Checking ndarray-stats v0.5.1
[INFO] [stderr]     Checking smartcore v0.3.2
[INFO] [stderr]     Checking rand_distr v0.4.3
[INFO] [stderr]     Checking half v2.7.1
[INFO] [stderr]     Checking gemm-common v0.17.1
[INFO] [stderr]     Checking linfa-bayes v0.7.1
[INFO] [stderr]     Checking gemm-f32 v0.17.1
[INFO] [stderr]     Checking gemm-c32 v0.17.1
[INFO] [stderr]     Checking gemm-f64 v0.17.1
[INFO] [stderr]     Checking gemm-c64 v0.17.1
[INFO] [stderr]     Checking gemm-f16 v0.17.1
[INFO] [stderr]     Checking gemm v0.17.1
[INFO] [stderr]     Checking candle-core v0.7.2
[INFO] [stderr]     Checking models v0.1.0 (/opt/rustwide/workdir/models)
[INFO] [stdout] error[E0277]: the trait bound `half::bf16: SampleBorrow<_>` is not satisfied
[INFO] [stdout]     --> /opt/rustwide/cargo-home/registry/src/index.crates.io-1949cf8c6b5b557f/candle-core-0.7.2/src/cpu_backend/mod.rs:2492:55
[INFO] [stdout]      |
[INFO] [stdout] 2492 |                     rand::distributions::Uniform::new(bf16::from_f64(min), bf16::from_f64(max));
[INFO] [stdout]      |                     --------------------------------- ^^^^^^^^^^^^^^^^^^^ the trait `SampleUniform` is not implemented for `half::bf16`
[INFO] [stdout]      |                     |
[INFO] [stdout]      |                     required by a bound introduced by this call
[INFO] [stdout]      |
[INFO] [stdout] note: there are multiple different versions of crate `rand` in the dependency graph
[INFO] [stdout]     --> /opt/rustwide/cargo-home/registry/src/index.crates.io-1949cf8c6b5b557f/rand-0.8.8/src/distributions/uniform.rs:214:1
[INFO] [stdout]      |
[INFO] [stdout]  214 | pub trait SampleUniform: Sized {
[INFO] [stdout]      | ^^^^^^^^^^^^^^^^^^^^^^^^^^^^^^ this is the expected trait
[INFO] [stdout]      |
[INFO] [stdout]     ::: /opt/rustwide/cargo-home/registry/src/index.crates.io-1949cf8c6b5b557f/rand-0.9.5/src/distr/uniform.rs:268:1
[INFO] [stdout]      |
[INFO] [stdout]  268 | pub trait SampleUniform: Sized {
[INFO] [stdout]      | ------------------------------ this is the found trait
[INFO] [stdout]      = help: you can use `cargo tree` to explore your dependency tree
[INFO] [stdout]      = help: the following other types implement trait `SampleUniform`:
[INFO] [stdout]                Duration
[INFO] [stdout]                char
[INFO] [stdout]                f32
[INFO] [stdout]                f64
[INFO] [stdout]                i128
[INFO] [stdout]                i16
[INFO] [stdout]                i32
[INFO] [stdout]                i64
[INFO] [stdout]              and 8 others
[INFO] [stdout]      = note: required for `half::bf16` to implement `SampleBorrow<half::bf16>`
[INFO] [stdout] note: required by a bound in `Uniform::<X>::new`
[INFO] [stdout]     --> /opt/rustwide/cargo-home/registry/src/index.crates.io-1949cf8c6b5b557f/rand-0.8.8/src/distributions/uniform.rs:184:13
[INFO] [stdout]      |
[INFO] [stdout]  179 | impl<X: SampleUniform> Uniform<X> {
[INFO] [stdout] ...
[INFO] [stdout]  182 |     pub fn new<B1, B2>(low: B1, high: B2) -> Uniform<X>
[INFO] [stdout]  183 |     where
[INFO] [stdout]  184 |         B1: SampleBorrow<X> + Sized,
[INFO] [stdout]      |             ^^^^^^^^^^^^^^^ required by this bound in `Uniform::<X>::new`
[INFO] [stdout] 
[INFO] [stdout] 
[INFO] [stdout] error[E0277]: the trait bound `half::bf16: SampleUniform` is not satisfied
[INFO] [stdout]     --> /opt/rustwide/cargo-home/registry/src/index.crates.io-1949cf8c6b5b557f/candle-core-0.7.2/src/cpu_backend/mod.rs:2494:50
[INFO] [stdout]      |
[INFO] [stdout] 2494 |                     data.push(rng.sample::<bf16, _>(uniform))
[INFO] [stdout]      |                                   ------         ^ the trait `SampleUniform` is not implemented for `half::bf16`
[INFO] [stdout]      |                                   |
[INFO] [stdout]      |                                   required by a bound introduced by this call
[INFO] [stdout]      |
[INFO] [stdout] note: there are multiple different versions of crate `rand` in the dependency graph
[INFO] [stdout]     --> /opt/rustwide/cargo-home/registry/src/index.crates.io-1949cf8c6b5b557f/rand-0.8.8/src/distributions/uniform.rs:214:1
[INFO] [stdout]      |
[INFO] [stdout]  214 | pub trait SampleUniform: Sized {
[INFO] [stdout]      | ^^^^^^^^^^^^^^^^^^^^^^^^^^^^^^ this is the expected trait
[INFO] [stdout]      |
[INFO] [stdout]     ::: /opt/rustwide/cargo-home/registry/src/index.crates.io-1949cf8c6b5b557f/rand-0.9.5/src/distr/uniform.rs:268:1
[INFO] [stdout]      |
[INFO] [stdout]  268 | pub trait SampleUniform: Sized {
[INFO] [stdout]      | ------------------------------ this is the found trait
[INFO] [stdout]      = help: you can use `cargo tree` to explore your dependency tree
[INFO] [stdout]      = help: the following other types implement trait `SampleUniform`:
[INFO] [stdout]                Duration
[INFO] [stdout]                char
[INFO] [stdout]                f32
[INFO] [stdout]                f64
[INFO] [stdout]                i128
[INFO] [stdout]                i16
[INFO] [stdout]                i32
[INFO] [stdout]                i64
[INFO] [stdout]              and 8 others
[INFO] [stdout]      = note: required for `Uniform<half::bf16>` to implement `rand_distr::Distribution<half::bf16>`
[INFO] [stdout] note: required by a bound in `rand::Rng::sample`
[INFO] [stdout]     --> /opt/rustwide/cargo-home/registry/src/index.crates.io-1949cf8c6b5b557f/rand-0.8.8/src/rng.rs:152:21
[INFO] [stdout]      |
[INFO] [stdout]   55 | pub trait Rng: RngCore {
[INFO] [stdout] ...
[INFO] [stdout]  152 |     fn sample<T, D: Distribution<T>>(&mut self, distr: D) -> T {
[INFO] [stdout]      |                     ^^^^^^^^^^^^^^^ required by this bound in `Rng::sample`
[INFO] [stdout] 
[INFO] [stdout] 
[INFO] [stdout] error[E0277]: the trait bound `half::f16: SampleBorrow<_>` is not satisfied
[INFO] [stdout]     --> /opt/rustwide/cargo-home/registry/src/index.crates.io-1949cf8c6b5b557f/candle-core-0.7.2/src/cpu_backend/mod.rs:2501:55
[INFO] [stdout]      |
[INFO] [stdout] 2501 |                     rand::distributions::Uniform::new(f16::from_f64(min), f16::from_f64(max));
[INFO] [stdout]      |                     --------------------------------- ^^^^^^^^^^^^^^^^^^ the trait `SampleUniform` is not implemented for `half::f16`
[INFO] [stdout]      |                     |
[INFO] [stdout]      |                     required by a bound introduced by this call
[INFO] [stdout]      |
[INFO] [stdout] note: there are multiple different versions of crate `rand` in the dependency graph
[INFO] [stdout]     --> /opt/rustwide/cargo-home/registry/src/index.crates.io-1949cf8c6b5b557f/rand-0.8.8/src/distributions/uniform.rs:214:1
[INFO] [stdout]      |
[INFO] [stdout]  214 | pub trait SampleUniform: Sized {
[INFO] [stdout]      | ^^^^^^^^^^^^^^^^^^^^^^^^^^^^^^ this is the expected trait
[INFO] [stdout]      |
[INFO] [stdout]     ::: /opt/rustwide/cargo-home/registry/src/index.crates.io-1949cf8c6b5b557f/rand-0.9.5/src/distr/uniform.rs:268:1
[INFO] [stdout]      |
[INFO] [stdout]  268 | pub trait SampleUniform: Sized {
[INFO] [stdout]      | ------------------------------ this is the found trait
[INFO] [stdout]      = help: you can use `cargo tree` to explore your dependency tree
[INFO] [stdout]      = help: the following other types implement trait `SampleUniform`:
[INFO] [stdout]                Duration
[INFO] [stdout]                char
[INFO] [stdout]                f32
[INFO] [stdout]                f64
[INFO] [stdout]                i128
[INFO] [stdout]                i16
[INFO] [stdout]                i32
[INFO] [stdout]                i64
[INFO] [stdout]              and 8 others
[INFO] [stdout]      = note: required for `half::f16` to implement `SampleBorrow<half::f16>`
[INFO] [stdout] note: required by a bound in `Uniform::<X>::new`
[INFO] [stdout]     --> /opt/rustwide/cargo-home/registry/src/index.crates.io-1949cf8c6b5b557f/rand-0.8.8/src/distributions/uniform.rs:184:13
[INFO] [stdout]      |
[INFO] [stdout]  179 | impl<X: SampleUniform> Uniform<X> {
[INFO] [stdout] ...
[INFO] [stdout]  182 |     pub fn new<B1, B2>(low: B1, high: B2) -> Uniform<X>
[INFO] [stdout]  183 |     where
[INFO] [stdout]  184 |         B1: SampleBorrow<X> + Sized,
[INFO] [stdout]      |             ^^^^^^^^^^^^^^^ required by this bound in `Uniform::<X>::new`
[INFO] [stdout] 
[INFO] [stdout] 
[INFO] [stdout] error[E0277]: the trait bound `half::f16: SampleUniform` is not satisfied
[INFO] [stdout]     --> /opt/rustwide/cargo-home/registry/src/index.crates.io-1949cf8c6b5b557f/candle-core-0.7.2/src/cpu_backend/mod.rs:2503:49
[INFO] [stdout]      |
[INFO] [stdout] 2503 |                     data.push(rng.sample::<f16, _>(uniform))
[INFO] [stdout]      |                                   ------        ^ the trait `SampleUniform` is not implemented for `half::f16`
[INFO] [stdout]      |                                   |
[INFO] [stdout]      |                                   required by a bound introduced by this call
[INFO] [stdout]      |
[INFO] [stdout] note: there are multiple different versions of crate `rand` in the dependency graph
[INFO] [stdout]     --> /opt/rustwide/cargo-home/registry/src/index.crates.io-1949cf8c6b5b557f/rand-0.8.8/src/distributions/uniform.rs:214:1
[INFO] [stdout]      |
[INFO] [stdout]  214 | pub trait SampleUniform: Sized {
[INFO] [stdout]      | ^^^^^^^^^^^^^^^^^^^^^^^^^^^^^^ this is the expected trait
[INFO] [stdout]      |
[INFO] [stdout]     ::: /opt/rustwide/cargo-home/registry/src/index.crates.io-1949cf8c6b5b557f/rand-0.9.5/src/distr/uniform.rs:268:1
[INFO] [stdout]      |
[INFO] [stdout]  268 | pub trait SampleUniform: Sized {
[INFO] [stdout]      | ------------------------------ this is the found trait
[INFO] [stdout]      = help: you can use `cargo tree` to explore your dependency tree
[INFO] [stdout]      = help: the following other types implement trait `SampleUniform`:
[INFO] [stdout]                Duration
[INFO] [stdout]                char
[INFO] [stdout]                f32
[INFO] [stdout]                f64
[INFO] [stdout]                i128
[INFO] [stdout]                i16
[INFO] [stdout]                i32
[INFO] [stdout]                i64
[INFO] [stdout]              and 8 others
[INFO] [stdout]      = note: required for `Uniform<half::f16>` to implement `rand_distr::Distribution<half::f16>`
[INFO] [stdout] note: required by a bound in `rand::Rng::sample`
[INFO] [stdout]     --> /opt/rustwide/cargo-home/registry/src/index.crates.io-1949cf8c6b5b557f/rand-0.8.8/src/rng.rs:152:21
[INFO] [stdout]      |
[INFO] [stdout]   55 | pub trait Rng: RngCore {
[INFO] [stdout] ...
[INFO] [stdout]  152 |     fn sample<T, D: Distribution<T>>(&mut self, distr: D) -> T {
[INFO] [stdout]      |                     ^^^^^^^^^^^^^^^ required by this bound in `Rng::sample`
[INFO] [stdout] 
[INFO] [stdout] 
[INFO] [stdout] error[E0277]: the trait bound `StandardNormal: rand_distr::Distribution<half::bf16>` is not satisfied
[INFO] [stdout]     --> /opt/rustwide/cargo-home/registry/src/index.crates.io-1949cf8c6b5b557f/candle-core-0.7.2/src/cpu_backend/mod.rs:2537:30
[INFO] [stdout]      |
[INFO] [stdout] 2537 |                 let normal = rand_distr::Normal::new(bf16::from_f64(mean), bf16::from_f64(std))
[INFO] [stdout]      |                              ^^^^^^^^^^^^^^^^^^^^^^^ the trait `rand_distr::Distribution<half::bf16>` is not implemented for `StandardNormal`
[INFO] [stdout]      |
[INFO] [stdout] note: there are multiple different versions of crate `rand` in the dependency graph
[INFO] [stdout]     --> /opt/rustwide/cargo-home/registry/src/index.crates.io-1949cf8c6b5b557f/rand-0.8.8/src/distributions/distribution.rs:35:1
[INFO] [stdout]      |
[INFO] [stdout]   35 | pub trait Distribution<T> {
[INFO] [stdout]      | ^^^^^^^^^^^^^^^^^^^^^^^^^ this is the expected trait
[INFO] [stdout]      |
[INFO] [stdout]     ::: /opt/rustwide/cargo-home/registry/src/index.crates.io-1949cf8c6b5b557f/rand-0.9.5/src/distr/distribution.rs:35:1
[INFO] [stdout]      |
[INFO] [stdout]   35 | pub trait Distribution<T> {
[INFO] [stdout]      | ------------------------- this is the trait that was imported
[INFO] [stdout]      = help: you can use `cargo tree` to explore your dependency tree
[INFO] [stdout] help: `StandardNormal` implements trait `rand_distr::Distribution<T>`
[INFO] [stdout]     --> /opt/rustwide/cargo-home/registry/src/index.crates.io-1949cf8c6b5b557f/rand_distr-0.4.3/src/normal.rs:43:1
[INFO] [stdout]      |
[INFO] [stdout]   43 | impl Distribution<f32> for StandardNormal {
[INFO] [stdout]      | ^^^^^^^^^^^^^^^^^^^^^^^^^^^^^^^^^^^^^^^^^ `rand_distr::Distribution<f32>`
[INFO] [stdout] ...
[INFO] [stdout]   52 | impl Distribution<f64> for StandardNormal {
[INFO] [stdout]      | ^^^^^^^^^^^^^^^^^^^^^^^^^^^^^^^^^^^^^^^^^ `rand_distr::Distribution<f64>`
[INFO] [stdout]      = note: there are multiple different versions of crate `rand_distr` in the dependency graph
[INFO] [stdout]      = help: you can use `cargo tree` to explore your dependency tree
[INFO] [stdout] note: required by a bound in `rand_distr::Normal::<F>::new`
[INFO] [stdout]     --> /opt/rustwide/cargo-home/registry/src/index.crates.io-1949cf8c6b5b557f/rand_distr-0.4.3/src/normal.rs:147:33
[INFO] [stdout]      |
[INFO] [stdout]  146 | impl<F> Normal<F>
[INFO] [stdout]  147 | where F: Float, StandardNormal: Distribution<F>
[INFO] [stdout]      |                                 ^^^^^^^^^^^^^^^ required by this bound in `Normal::<F>::new`
[INFO] [stdout] ...
[INFO] [stdout]  156 |     pub fn new(mean: F, std_dev: F) -> Result<Normal<F>, Error> {
[INFO] [stdout]      |
[INFO] [stdout] 
[INFO] [stdout] 
[INFO] [stdout] error[E0599]: the method `sample` exists for struct `rand_distr::Normal<half::bf16>`, but its trait bounds were not satisfied
[INFO] [stdout]     --> /opt/rustwide/cargo-home/registry/src/index.crates.io-1949cf8c6b5b557f/candle-core-0.7.2/src/cpu_backend/mod.rs:2540:38
[INFO] [stdout]      |
[INFO] [stdout] 2540 |                     data.push(normal.sample(&mut rng))
[INFO] [stdout]      |                                      ^^^^^^ method cannot be called on `rand_distr::Normal<half::bf16>` due to unsatisfied trait bounds
[INFO] [stdout]      |
[INFO] [stdout]     ::: /opt/rustwide/cargo-home/registry/src/index.crates.io-1949cf8c6b5b557f/rand_distr-0.4.3/src/normal.rs:41:1
[INFO] [stdout]      |
[INFO] [stdout]   41 | pub struct StandardNormal;
[INFO] [stdout]      | ------------------------- doesn't satisfy `_: Distribution<bf16>`
[INFO] [stdout] ...
[INFO] [stdout]  117 | pub struct Normal<F>
[INFO] [stdout]      | -------------------- doesn't satisfy `_: Distribution<_>`, `rand_distr::Normal<half::bf16>: RngCore` or `rand_distr::Normal<half::bf16>: rand::Rng`
[INFO] [stdout]      |
[INFO] [stdout]      = note: the following trait bounds were not satisfied:
[INFO] [stdout]              `StandardNormal: rand_distr::Distribution<half::bf16>`
[INFO] [stdout]              which is required by `rand_distr::Normal<half::bf16>: rand_distr::Distribution<_>`
[INFO] [stdout]              `rand_distr::Normal<half::bf16>: RngCore`
[INFO] [stdout]              which is required by `rand_distr::Normal<half::bf16>: rand::Rng`
[INFO] [stdout] 
[INFO] [stdout] 
[INFO] [stdout] error[E0277]: the trait bound `StandardNormal: rand_distr::Distribution<half::f16>` is not satisfied
[INFO] [stdout]     --> /opt/rustwide/cargo-home/registry/src/index.crates.io-1949cf8c6b5b557f/candle-core-0.7.2/src/cpu_backend/mod.rs:2546:30
[INFO] [stdout]      |
[INFO] [stdout] 2546 |                 let normal = rand_distr::Normal::new(f16::from_f64(mean), f16::from_f64(std))
[INFO] [stdout]      |                              ^^^^^^^^^^^^^^^^^^^^^^^ the trait `rand_distr::Distribution<half::f16>` is not implemented for `StandardNormal`
[INFO] [stdout]      |
[INFO] [stdout] note: there are multiple different versions of crate `rand` in the dependency graph
[INFO] [stdout]     --> /opt/rustwide/cargo-home/registry/src/index.crates.io-1949cf8c6b5b557f/rand-0.8.8/src/distributions/distribution.rs:35:1
[INFO] [stdout]      |
[INFO] [stdout]   35 | pub trait Distribution<T> {
[INFO] [stdout]      | ^^^^^^^^^^^^^^^^^^^^^^^^^ this is the expected trait
[INFO] [stdout]      |
[INFO] [stdout]     ::: /opt/rustwide/cargo-home/registry/src/index.crates.io-1949cf8c6b5b557f/rand-0.9.5/src/distr/distribution.rs:35:1
[INFO] [stdout]      |
[INFO] [stdout]   35 | pub trait Distribution<T> {
[INFO] [stdout]      | ------------------------- this is the trait that was imported
[INFO] [stdout]      = help: you can use `cargo tree` to explore your dependency tree
[INFO] [stdout] help: `StandardNormal` implements trait `rand_distr::Distribution<T>`
[INFO] [stdout]     --> /opt/rustwide/cargo-home/registry/src/index.crates.io-1949cf8c6b5b557f/rand_distr-0.4.3/src/normal.rs:43:1
[INFO] [stdout]      |
[INFO] [stdout]   43 | impl Distribution<f32> for StandardNormal {
[INFO] [stdout]      | ^^^^^^^^^^^^^^^^^^^^^^^^^^^^^^^^^^^^^^^^^ `rand_distr::Distribution<f32>`
[INFO] [stdout] ...
[INFO] [stdout]   52 | impl Distribution<f64> for StandardNormal {
[INFO] [stdout]      | ^^^^^^^^^^^^^^^^^^^^^^^^^^^^^^^^^^^^^^^^^ `rand_distr::Distribution<f64>`
[INFO] [stdout]      = note: there are multiple different versions of crate `rand_distr` in the dependency graph
[INFO] [stdout]      = help: you can use `cargo tree` to explore your dependency tree
[INFO] [stdout] note: required by a bound in `rand_distr::Normal::<F>::new`
[INFO] [stdout]     --> /opt/rustwide/cargo-home/registry/src/index.crates.io-1949cf8c6b5b557f/rand_distr-0.4.3/src/normal.rs:147:33
[INFO] [stdout]      |
[INFO] [stdout]  146 | impl<F> Normal<F>
[INFO] [stdout]  147 | where F: Float, StandardNormal: Distribution<F>
[INFO] [stdout]      |                                 ^^^^^^^^^^^^^^^ required by this bound in `Normal::<F>::new`
[INFO] [stdout] ...
[INFO] [stdout]  156 |     pub fn new(mean: F, std_dev: F) -> Result<Normal<F>, Error> {
[INFO] [stdout]      |
[INFO] [stdout] 
[INFO] [stdout] 
[INFO] [stdout] error[E0599]: the method `sample` exists for struct `rand_distr::Normal<half::f16>`, but its trait bounds were not satisfied
[INFO] [stdout]     --> /opt/rustwide/cargo-home/registry/src/index.crates.io-1949cf8c6b5b557f/candle-core-0.7.2/src/cpu_backend/mod.rs:2549:38
[INFO] [stdout]      |
[INFO] [stdout] 2549 |                     data.push(normal.sample(&mut rng))
[INFO] [stdout]      |                                      ^^^^^^ method cannot be called on `rand_distr::Normal<half::f16>` due to unsatisfied trait bounds
[INFO] [stdout]      |
[INFO] [stdout]     ::: /opt/rustwide/cargo-home/registry/src/index.crates.io-1949cf8c6b5b557f/rand_distr-0.4.3/src/normal.rs:41:1
[INFO] [stdout]      |
[INFO] [stdout]   41 | pub struct StandardNormal;
[INFO] [stdout]      | ------------------------- doesn't satisfy `_: Distribution<f16>`
[INFO] [stdout] ...
[INFO] [stdout]  117 | pub struct Normal<F>
[INFO] [stdout]      | -------------------- doesn't satisfy `_: Distribution<_>`, `rand_distr::Normal<half::f16>: RngCore` or `rand_distr::Normal<half::f16>: rand::Rng`
[INFO] [stdout]      |
[INFO] [stdout]      = note: the following trait bounds were not satisfied:
[INFO] [stdout]              `StandardNormal: rand_distr::Distribution<half::f16>`
[INFO] [stdout]              which is required by `rand_distr::Normal<half::f16>: rand_distr::Distribution<_>`
[INFO] [stdout]              `rand_distr::Normal<half::f16>: RngCore`
[INFO] [stdout]              which is required by `rand_distr::Normal<half::f16>: rand::Rng`
[INFO] [stdout] 
[INFO] [stdout] 
[INFO] [stdout] Some errors have detailed explanations: E0277, E0599.
[INFO] [stdout] 
[INFO] [stdout] For more information about an error, try `rustc --explain E0277`.
[INFO] [stdout] 
[INFO] [stderr] error: could not compile `candle-core` (lib) due to 8 previous errors
[INFO] running `Command { std: "docker" "inspect" "a4945c35e0ed5d8ee0e4f55cf076ca8107f0aff44cec793ed18dcd06ae2eac50", kill_on_drop: false }`
[INFO] running `Command { std: "docker" "rm" "-f" "a4945c35e0ed5d8ee0e4f55cf076ca8107f0aff44cec793ed18dcd06ae2eac50", kill_on_drop: false }`
[INFO] [stdout] a4945c35e0ed5d8ee0e4f55cf076ca8107f0aff44cec793ed18dcd06ae2eac50
