[INFO] cloning repository https://github.com/JunsonJack/WinGauge
[INFO] running `Command { std: "git" "-c" "credential.helper=" "-c" "credential.helper=/workspace/cargo-home/bin/git-credential-null" "clone" "--bare" "https://github.com/JunsonJack/WinGauge" "/workspace/cache/git-repos/https%3A%2F%2Fgithub.com%2FJunsonJack%2FWinGauge", kill_on_drop: false }`
[INFO] [stderr] Cloning into bare repository '/workspace/cache/git-repos/https%3A%2F%2Fgithub.com%2FJunsonJack%2FWinGauge'...
[INFO] running `Command { std: "git" "rev-parse" "HEAD", kill_on_drop: false }`
[INFO] [stdout] 3f973d98fd4f8ef60c4033affbbfdef54a980449
[INFO] checking JunsonJack/WinGauge against 3154cc1a3e6424e44f438a95007d043ed5ceaaf6+rustflags=-Znext-solver=coherence for pr-133502-30
[INFO] running `Command { std: "git" "clone" "/workspace/cache/git-repos/https%3A%2F%2Fgithub.com%2FJunsonJack%2FWinGauge" "/workspace/builds/worker-3-tc1/source", kill_on_drop: false }`
[INFO] [stderr] Cloning into '/workspace/builds/worker-3-tc1/source'...
[INFO] [stderr] done.
[INFO] started tweaking git repo https://github.com/JunsonJack/WinGauge
[INFO] finished tweaking git repo https://github.com/JunsonJack/WinGauge
[INFO] tweaked toml for git repo https://github.com/JunsonJack/WinGauge written to /workspace/builds/worker-3-tc1/source/Cargo.toml
[INFO] validating manifest of git repo https://github.com/JunsonJack/WinGauge on toolchain 3154cc1a3e6424e44f438a95007d043ed5ceaaf6
[INFO] running `Command { std: CARGO_HOME="/workspace/cargo-home" RUSTUP_HOME="/workspace/rustup-home" "/workspace/cargo-home/bin/cargo" "+3154cc1a3e6424e44f438a95007d043ed5ceaaf6" "metadata" "--manifest-path" "Cargo.toml" "--no-deps", kill_on_drop: false }`
[INFO] crate git repo https://github.com/JunsonJack/WinGauge already has a lockfile, it will not be regenerated
[INFO] running `Command { std: CARGO_HOME="/workspace/cargo-home" RUSTUP_HOME="/workspace/rustup-home" "/workspace/cargo-home/bin/cargo" "+3154cc1a3e6424e44f438a95007d043ed5ceaaf6" "fetch" "--manifest-path" "Cargo.toml", kill_on_drop: false }`
[INFO] [stderr]  Downloading crates ...
[INFO] [stderr]   Downloaded tauri-plugin-log v2.9.1
[INFO] running `Command { std: "docker" "create" "-v" "/var/lib/crater-agent-workspace/builds/worker-3-tc1/source:/opt/rustwide/workdir:ro,Z" "-v" "/var/lib/crater-agent-workspace/builds/worker-3-tc1/target:/opt/rustwide/target:rw,Z" "-v" "/var/lib/crater-agent-workspace/cargo-home:/opt/rustwide/cargo-home:ro,Z" "-v" "/var/lib/crater-agent-workspace/rustup-home:/opt/rustwide/rustup-home:ro,Z" "-m" "1610612736" "--network" "none" "ghcr.io/rust-lang/crates-build-env/linux@sha256:77db811e55d90add9212f6832c23229e3de5f1c1f9905e8cb07319ea15df73ac" "sleep" "infinity", kill_on_drop: false }`
[INFO] [stdout] d21990c6d0c505d6d985e442967a60331701c56d7b28567ae5d154acb5a170f0
[INFO] running `Command { std: "docker" "start" "d21990c6d0c505d6d985e442967a60331701c56d7b28567ae5d154acb5a170f0", kill_on_drop: false }`
[INFO] running `Command { std: "docker" "inspect" "d21990c6d0c505d6d985e442967a60331701c56d7b28567ae5d154acb5a170f0", kill_on_drop: false }`
[INFO] running `Command { std: "docker" "exec" "-e" "SOURCE_DIR=/opt/rustwide/workdir" "-e" "CARGO_HOME=/opt/rustwide/cargo-home" "-e" "RUSTUP_HOME=/opt/rustwide/rustup-home" "-e" "CARGO_TARGET_DIR=/opt/rustwide/target" "-w" "/opt/rustwide/workdir" "--user" "0:0" "d21990c6d0c505d6d985e442967a60331701c56d7b28567ae5d154acb5a170f0" "/opt/rustwide/cargo-home/bin/cargo" "+3154cc1a3e6424e44f438a95007d043ed5ceaaf6" "metadata" "--no-deps" "--format-version=1", kill_on_drop: false }`
[INFO] running `Command { std: "docker" "inspect" "d21990c6d0c505d6d985e442967a60331701c56d7b28567ae5d154acb5a170f0", kill_on_drop: false }`
[INFO] running `Command { std: "docker" "exec" "-e" "SOURCE_DIR=/opt/rustwide/workdir" "-e" "CARGO_HOME=/opt/rustwide/cargo-home" "-e" "RUSTUP_HOME=/opt/rustwide/rustup-home" "-e" "CARGO_TARGET_DIR=/opt/rustwide/target" "-e" "CARGO_INCREMENTAL=0" "-e" "RUST_BACKTRACE=full" "-e" "RUSTFLAGS=--cap-lints=forbid -Znext-solver=coherence" "-e" "RUSTDOCFLAGS=--cap-lints=forbid" "-w" "/opt/rustwide/workdir" "--user" "0:0" "d21990c6d0c505d6d985e442967a60331701c56d7b28567ae5d154acb5a170f0" "/opt/rustwide/cargo-home/bin/cargo" "+3154cc1a3e6424e44f438a95007d043ed5ceaaf6" "check" "--frozen" "--all" "--all-targets" "--message-format=json", kill_on_drop: false }`
[INFO] [stderr]    Compiling quote v1.0.47
[INFO] [stderr]    Compiling smallvec v1.16.1
[INFO] [stderr]     Checking bitflags v2.13.2
[INFO] [stderr]    Compiling phf_generator v0.13.1
[INFO] [stderr]    Compiling toml_datetime v1.1.1+spec-1.1.0
[INFO] [stderr]    Compiling cc v1.4.6
[INFO] [stderr]    Compiling uuid v1.26.1
[INFO] [stderr]    Compiling camino v1.2.6
[INFO] [stderr]    Compiling time v0.3.55
[INFO] [stderr]    Compiling quick-xml v0.42.0
[INFO] [stderr]    Compiling base64 v0.23.1
[INFO] [stderr]    Compiling phf_codegen v0.13.1
[INFO] [stderr]    Compiling field-offset v0.3.6
[INFO] [stderr]    Compiling toml v1.1.6+spec-1.1.0
[INFO] [stderr]    Compiling gtk v0.18.2
[INFO] [stderr]    Compiling syn v3.0.5
[INFO] [stderr]    Compiling syn v2.0.119
[INFO] [stderr]    Compiling proc-macro-error-attr v1.0.4
[INFO] [stderr]    Compiling string_cache_codegen v0.6.1
[INFO] [stderr]    Compiling selectors v0.36.1
[INFO] [stderr]     Checking mio v1.2.3
[INFO] [stderr]    Compiling cfg-expr v0.15.8
[INFO] [stderr]    Compiling parking_lot_core v0.9.12
[INFO] [stderr]    Compiling toml_datetime v0.7.5+spec-1.1.0
[INFO] [stderr]    Compiling proc-macro-error v1.0.4
[INFO] [stderr]    Compiling parking_lot v0.12.5
[INFO] [stderr]    Compiling cfb v0.7.3
[INFO] [stderr]    Compiling winnow v0.7.15
[INFO] [stderr]     Checking tokio v1.53.1
[INFO] [stderr]    Compiling dirs-sys v0.5.0
[INFO] [stderr]    Compiling x11 v2.21.0
[INFO] [stderr]    Compiling web_atoms v0.2.6
[INFO] [stderr]    Compiling string_cache v0.9.0
[INFO] [stderr]    Compiling dirs v6.0.0
[INFO] [stderr]    Compiling toml_edit v0.25.15+spec-1.1.0
[INFO] [stderr]     Checking unic-char-range v0.9.0
[INFO] [stderr]     Checking unic-common v0.9.0
[INFO] [stderr]     Checking regex-automata v0.4.18
[INFO] [stderr]     Checking unic-char-property v0.9.0
[INFO] [stderr]     Checking unic-ucd-version v0.9.0
[INFO] [stderr]    Compiling crc32fast v1.5.2
[INFO] [stderr]     Checking concurrent-queue v2.5.0
[INFO] [stderr]    Compiling cookie v0.18.2
[INFO] [stderr]    Compiling libdbus-sys v0.2.7
[INFO] [stderr]    Compiling rustix v1.1.4
[INFO] [stderr]    Compiling infer v0.19.0
[INFO] [stderr]     Checking indexmap v2.14.2
[INFO] [stderr]    Compiling flate2 v1.1.10
[INFO] [stderr]    Compiling embed-resource v3.0.11
[INFO] [stderr]    Compiling proc-macro-crate v3.5.0
[INFO] [stderr]    Compiling tauri-winres v0.3.6
[INFO] [stderr]     Checking unic-ucd-ident v0.9.0
[INFO] [stderr]    Compiling crypto-common v0.1.7
[INFO] [stderr]     Checking crossbeam-channel v0.5.17
[INFO] [stderr]    Compiling png v0.17.16
[INFO] [stderr]    Compiling digest v0.10.7
[INFO] [stderr]     Checking brotli v8.0.4
[INFO] [stderr]    Compiling ring v0.17.14
[INFO] [stderr]     Checking ctor v0.8.0
[INFO] [stderr]     Checking libloading v0.7.4
[INFO] [stderr]    Compiling wry v0.55.1
[INFO] [stderr]    Compiling tauri-runtime v2.11.3
[INFO] [stderr]    Compiling sha2 v0.10.9
[INFO] [stderr]     Checking png v0.18.1
[INFO] [stderr]    Compiling toml v0.9.12+spec-1.1.0
[INFO] [stderr]     Checking dbus v0.9.12
[INFO] [stderr]    Compiling tauri-runtime-wry v2.11.4
[INFO] [stderr]    Compiling rustls v0.23.45
[INFO] [stderr]     Checking moxcms v0.8.1
[INFO] [stderr]     Checking async-channel v2.5.0
[INFO] [stderr]     Checking bytemuck v1.25.2
[INFO] [stderr]     Checking sysinfo v0.39.6
[INFO] [stderr]     Checking ipnet v2.12.2
[INFO] [stderr]    Compiling ico v0.5.0
[INFO] [stderr]     Checking blocking v1.7.0
[INFO] [stderr]     Checking async-executor v1.14.0
[INFO] [stderr]     Checking regex v1.13.1
[INFO] [stderr]     Checking windows-sys v0.59.0
[INFO] [stderr]     Checking hyper v1.11.1
[INFO] [stderr]    Compiling synstructure v0.14.0
[INFO] [stderr]    Compiling darling_core v0.24.1
[INFO] [stderr]    Compiling serde_derive_internals v0.29.1
[INFO] [stderr]     Checking polling v3.11.0
[INFO] [stderr]     Checking async-io v2.6.0
[INFO] [stderr]    Compiling serde_derive v1.0.229
[INFO] [stderr]    Compiling zerovec-derive v0.11.6
[INFO] [stderr]    Compiling displaydoc v0.2.7
[INFO] [stderr]    Compiling futures-macro v0.3.34
[INFO] [stderr]    Compiling thiserror-impl v2.0.20
[INFO] [stderr]    Compiling zerofrom-derive v0.1.8
[INFO] [stderr]    Compiling yoke-derive v0.8.3
[INFO] [stderr]    Compiling serde_repr v0.1.21
[INFO] [stderr]    Compiling async-trait v0.1.92
[INFO] [stderr]    Compiling thiserror-impl v1.0.69
[INFO] [stderr]    Compiling phf_macros v0.13.1
[INFO] [stderr]    Compiling derive_more-impl v2.1.1
[INFO] [stderr]    Compiling cssparser-macros v0.6.1
[INFO] [stderr]    Compiling enumflags2_derive v0.7.12
[INFO] [stderr]    Compiling tracing-attributes v0.1.31
[INFO] [stderr]    Compiling schemars_derive v0.8.22
[INFO] [stderr]    Compiling dlopen2_derive v0.4.3
[INFO] [stderr]     Checking rustls-webpki v0.103.15
[INFO] [stderr]    Compiling thiserror v2.0.20
[INFO] [stderr]     Checking futures-util v0.3.34
[INFO] [stderr]    Compiling serialize-to-javascript-impl v0.1.2
[INFO] [stderr]     Checking image v0.25.10
[INFO] [stderr]    Compiling phf v0.13.1
[INFO] [stderr]    Compiling cssparser v0.36.0
[INFO] [stderr]     Checking async-signal v0.2.14
[INFO] [stderr]    Compiling zerofrom v0.1.8
[INFO] [stderr]     Checking async-process v2.5.0
[INFO] [stderr]     Checking dlopen2 v0.8.2
[INFO] [stderr]    Compiling async-recursion v1.1.1
[INFO] [stderr]    Compiling derive_more v2.1.1
[INFO] [stderr]    Compiling yoke v0.8.3
[INFO] [stderr]    Compiling zerovec v0.11.8
[INFO] [stderr]    Compiling zerotrie v0.2.5
[INFO] [stderr]     Checking thiserror v1.0.69
[INFO] [stderr]    Compiling serde v1.0.229
[INFO] [stderr]     Checking tracing v0.1.44
[INFO] [stderr]     Checking tinystr v0.8.4
[INFO] [stderr]     Checking potential_utf v0.1.6
[INFO] [stderr]    Compiling markup5ever v0.38.0
[INFO] [stderr]    Compiling darling_macro v0.24.1
[INFO] [stderr]     Checking icu_collections v2.3.0
[INFO] [stderr]     Checking icu_locale_core v2.3.0
[INFO] [stderr]     Checking futures-executor v0.3.34
[INFO] [stderr]     Checking tower v0.5.3
[INFO] [stderr]     Checking hyper-util v0.1.20
[INFO] [stderr]    Compiling html5ever v0.38.0
[INFO] [stderr]     Checking dpi v0.1.2
[INFO] [stderr]     Checking jsonptr v0.6.3
[INFO] [stderr]     Checking plist v1.10.1
[INFO] [stderr]     Checking keyboard-types v0.7.0
[INFO] [stderr]    Compiling darling v0.24.1
[INFO] [stderr]    Compiling serde_with_macros v3.23.0
[INFO] [stderr]     Checking zcheapstr v1.1.0
[INFO] [stderr]    Compiling toml_datetime v0.6.3
[INFO] [stderr]    Compiling serde_spanned v0.6.9
[INFO] [stderr]    Compiling cargo-platform v0.1.9
[INFO] [stderr]    Compiling indexmap v1.9.3
[INFO] [stderr]    Compiling toml_edit v0.20.2
[INFO] [stderr]    Compiling toml_edit v0.19.15
[INFO] [stderr]    Compiling cargo_metadata v0.19.2
[INFO] [stderr]    Compiling cargo_toml v0.22.3
[INFO] [stderr]    Compiling json-patch v3.0.1
[INFO] [stderr]    Compiling zvariant_utils v4.2.0
[INFO] [stderr]    Compiling enumflags2 v0.7.12
[INFO] [stderr]     Checking icu_provider v2.3.1
[INFO] [stderr]    Compiling serde_with v3.23.0
[INFO] [stderr]     Checking icu_properties v2.3.0
[INFO] [stderr]     Checking icu_normalizer v2.3.0
[INFO] [stderr]     Checking serialize-to-javascript v0.1.2
[INFO] [stderr]     Checking wingauge-core v0.1.0 (/opt/rustwide/workdir/wingauge-core)
[INFO] [stderr]     Checking serde_urlencoded v0.7.1
[INFO] [stderr]     Checking winreg v0.55.0
[INFO] [stdout] error[E0433]: cannot find `windows` in `os`
[INFO] [stdout]    --> wingauge-core/src/thermal/lenovo.rs:134:18
[INFO] [stdout]     |
[INFO] [stdout] 134 |     use std::os::windows::process::CommandExt;
[INFO] [stdout]     |                  ^^^^^^^ could not find `windows` in `os`
[INFO] [stdout]     |
[INFO] [stdout] note: found an item that was configured out
[INFO] [stdout]    --> /rustc/3154cc1a3e6424e44f438a95007d043ed5ceaaf6/library/std/src/os/mod.rs:62:4
[INFO] [stdout]     |
[INFO] [stdout]     = note: the item is gated behind the `windows` feature
[INFO] [stdout] 
[INFO] [stdout] 
[INFO] [stderr] error: could not compile `winreg` (lib) due to 1 previous error
[INFO] [stderr] warning: build failed, waiting for other jobs to finish...
[INFO] [stdout] error: OS not supported. if your application is multi-platform, use `[target.'cfg(windows)'.dependencies] winreg = "..."`
[INFO] [stdout]    --> /opt/rustwide/cargo-home/registry/src/index.crates.io-1949cf8c6b5b557f/winreg-0.55.0/src/lib.rs:115:9
[INFO] [stdout]     |
[INFO] [stdout] 115 | ...   compile_error!("OS not supported. if your application is multi-platform, use `[target.'cfg(windows)'.dependencies] winreg = \"...\"`");
[INFO] [stdout]     |       ^^^^^^^^^^^^^^^^^^^^^^^^^^^^^^^^^^^^^^^^^^^^^^^^^^^^^^^^^^^^^^^^^^^^^^^^^^^^^^^^^^^^^^^^^^^^^^^^^^^^^^^^^^^^^^^^^^^^^^^^^^^^^^^^^^^^^^
[INFO] [stdout] 
[INFO] [stdout] 
[INFO] [stdout] error[E0433]: cannot find `windows` in `os`
[INFO] [stdout]    --> wingauge-core/src/thermal/lenovo.rs:134:18
[INFO] [stdout]     |
[INFO] [stdout] 134 |     use std::os::windows::process::CommandExt;
[INFO] [stdout]     |                  ^^^^^^^ could not find `windows` in `os`
[INFO] [stdout]     |
[INFO] [stdout] note: found an item that was configured out
[INFO] [stdout]    --> /rustc/3154cc1a3e6424e44f438a95007d043ed5ceaaf6/library/std/src/os/mod.rs:62:4
[INFO] [stdout]     |
[INFO] [stdout]     = note: the item is gated behind the `windows` feature
[INFO] [stdout] 
[INFO] [stdout] 
[INFO] [stdout] error[E0599]: no method named `creation_flags` found for mutable reference `&mut Command` in the current scope
[INFO] [stdout]    --> wingauge-core/src/thermal/lenovo.rs:150:10
[INFO] [stdout]     |
[INFO] [stdout] 138 |     let out = std::process::Command::new("powershell")
[INFO] [stdout] 139 |         .args([
[INFO] [stdout] 140 |             "-NoProfile",
[INFO] [stdout] 141 |             "-NonInteractive",
[INFO] [stdout] 142 |             "-ExecutionPolicy",
[INFO] [stdout] 143 |             "Bypass",
[INFO] [stdout] 144 |             "-Command",
[INFO] [stdout] 145 |             script,
[INFO] [stdout] 146 |         ])
[INFO] [stdout] 147 |         .stdout(std::process::Stdio::piped())
[INFO] [stdout] 148 |         .stderr(std::process::Stdio::null())
[INFO] [stdout] 149 |         .stdin(std::process::Stdio::null())
[INFO] [stdout] 150 |         .creation_flags(CREATE_NO_WINDOW)
[INFO] [stdout]     |          ^^^^^^^^^^^^^^ method not found in `&mut Command`
[INFO] [stdout] 
[INFO] [stdout] 
[INFO] [stdout] error[E0599]: no method named `creation_flags` found for mutable reference `&mut Command` in the current scope
[INFO] [stdout]    --> wingauge-core/src/thermal/lenovo.rs:150:10
[INFO] [stdout]     |
[INFO] [stdout] 138 |     let out = std::process::Command::new("powershell")
[INFO] [stdout] 139 |         .args([
[INFO] [stdout] 140 |             "-NoProfile",
[INFO] [stdout] 141 |             "-NonInteractive",
[INFO] [stdout] 142 |             "-ExecutionPolicy",
[INFO] [stdout] 143 |             "Bypass",
[INFO] [stdout] 144 |             "-Command",
[INFO] [stdout] 145 |             script,
[INFO] [stdout] 146 |         ])
[INFO] [stdout] 147 |         .stdout(std::process::Stdio::piped())
[INFO] [stdout] 148 |         .stderr(std::process::Stdio::null())
[INFO] [stdout] 149 |         .stdin(std::process::Stdio::null())
[INFO] [stdout] 150 |         .creation_flags(CREATE_NO_WINDOW)
[INFO] [stdout]     |          ^^^^^^^^^^^^^^ method not found in `&mut Command`
[INFO] [stdout] 
[INFO] [stdout] 
[INFO] [stdout] Some errors have detailed explanations: E0433, E0599.
[INFO] [stdout] 
[INFO] [stdout] For more information about an error, try `rustc --explain E0433`.
[INFO] [stdout] 
[INFO] [stderr] error: could not compile `wingauge-core` (lib test) due to 2 previous errors
[INFO] [stdout] Some errors have detailed explanations: E0433, E0599.
[INFO] [stdout] 
[INFO] [stdout] For more information about an error, try `rustc --explain E0433`.
[INFO] [stdout] 
[INFO] [stderr] error: could not compile `wingauge-core` (lib) due to 2 previous errors
[INFO] [stderr] warning: unused dependency `serde_json`
[INFO] [stderr]  --> wingauge-core/Cargo.toml:9:1
[INFO] [stderr]   |
[INFO] [stderr] 9 | serde_json = "1.0"
[INFO] [stderr]   | ^^^^^^^^^^^^^^^^^^
[INFO] [stderr]   |
[INFO] [stderr]   = note: `cargo::unused_dependencies` is set to `warn` by default
[INFO] [stderr] help: consider removing the dependency on `serde_json`
[INFO] [stderr] warning: unused dependency `thiserror`
[INFO] [stderr]   --> wingauge-core/Cargo.toml:11:1
[INFO] [stderr]    |
[INFO] [stderr] 11 | thiserror = "2"
[INFO] [stderr]    | ^^^^^^^^^^^^^^^
[INFO] [stderr]    |
[INFO] [stderr] help: consider removing the dependency on `thiserror`
[INFO] [stderr] warning: `wingauge-core` (manifest) generated 2 warnings
[INFO] running `Command { std: "docker" "inspect" "d21990c6d0c505d6d985e442967a60331701c56d7b28567ae5d154acb5a170f0", kill_on_drop: false }`
[INFO] running `Command { std: "docker" "rm" "-f" "d21990c6d0c505d6d985e442967a60331701c56d7b28567ae5d154acb5a170f0", kill_on_drop: false }`
[INFO] [stdout] d21990c6d0c505d6d985e442967a60331701c56d7b28567ae5d154acb5a170f0
