[INFO] cloning repository https://github.com/Jozefpodlecki/win-drives
[INFO] running `Command { std: "git" "-c" "credential.helper=" "-c" "credential.helper=/workspace/cargo-home/bin/git-credential-null" "clone" "--bare" "https://github.com/Jozefpodlecki/win-drives" "/workspace/cache/git-repos/https%3A%2F%2Fgithub.com%2FJozefpodlecki%2Fwin-drives", kill_on_drop: false }`
[INFO] [stderr] Cloning into bare repository '/workspace/cache/git-repos/https%3A%2F%2Fgithub.com%2FJozefpodlecki%2Fwin-drives'...
[INFO] running `Command { std: "git" "rev-parse" "HEAD", kill_on_drop: false }`
[INFO] [stdout] 01f44f89d3cb41285232b29ceb242237195973e2
[INFO] checking Jozefpodlecki/win-drives against 3154cc1a3e6424e44f438a95007d043ed5ceaaf6+rustflags=-Znext-solver=coherence for pr-133502-30
[INFO] running `Command { std: "git" "clone" "/workspace/cache/git-repos/https%3A%2F%2Fgithub.com%2FJozefpodlecki%2Fwin-drives" "/workspace/builds/worker-4-tc1/source", kill_on_drop: false }`
[INFO] [stderr] Cloning into '/workspace/builds/worker-4-tc1/source'...
[INFO] [stderr] done.
[INFO] started tweaking git repo https://github.com/Jozefpodlecki/win-drives
[INFO] finished tweaking git repo https://github.com/Jozefpodlecki/win-drives
[INFO] tweaked toml for git repo https://github.com/Jozefpodlecki/win-drives written to /workspace/builds/worker-4-tc1/source/Cargo.toml
[INFO] validating manifest of git repo https://github.com/Jozefpodlecki/win-drives on toolchain 3154cc1a3e6424e44f438a95007d043ed5ceaaf6
[INFO] running `Command { std: CARGO_HOME="/workspace/cargo-home" RUSTUP_HOME="/workspace/rustup-home" "/workspace/cargo-home/bin/cargo" "+3154cc1a3e6424e44f438a95007d043ed5ceaaf6" "metadata" "--manifest-path" "Cargo.toml" "--no-deps", kill_on_drop: false }`
[INFO] crate git repo https://github.com/Jozefpodlecki/win-drives already has a lockfile, it will not be regenerated
[INFO] running `Command { std: CARGO_HOME="/workspace/cargo-home" RUSTUP_HOME="/workspace/rustup-home" "/workspace/cargo-home/bin/cargo" "+3154cc1a3e6424e44f438a95007d043ed5ceaaf6" "fetch" "--manifest-path" "Cargo.toml", kill_on_drop: false }`
[INFO] [stderr] warning: `package.homepage` is redundant with `package.repository`
[INFO] [stderr]   --> Cargo.toml:28:12
[INFO] [stderr]    |
[INFO] [stderr] 28 | homepage = "https://github.com/Jozefpodlecki/win-drives"
[INFO] [stderr]    |            ^^^^^^^^^^^^^^^^^^^^^^^^^^^^^^^^^^^^^^^^^^^^^
[INFO] [stderr] ...
[INFO] [stderr] 32 | repository = "https://github.com/Jozefpodlecki/win-drives"
[INFO] [stderr]    |              ---------------------------------------------
[INFO] [stderr]    |
[INFO] [stderr]    = note: `cargo::redundant_homepage` is set to `warn` by default
[INFO] [stderr] help: consider removing `package.homepage`
[INFO] [stderr] warning: `win-drives` (manifest) generated 1 warning
[INFO] [stderr]     Blocking waiting for file lock on package cache
[INFO] [stderr]     Blocking waiting for file lock on package cache
[INFO] running `Command { std: "docker" "create" "-v" "/var/lib/crater-agent-workspace/builds/worker-4-tc1/source:/opt/rustwide/workdir:ro,Z" "-v" "/var/lib/crater-agent-workspace/builds/worker-4-tc1/target:/opt/rustwide/target:rw,Z" "-v" "/var/lib/crater-agent-workspace/cargo-home:/opt/rustwide/cargo-home:ro,Z" "-v" "/var/lib/crater-agent-workspace/rustup-home:/opt/rustwide/rustup-home:ro,Z" "-m" "1610612736" "--network" "none" "ghcr.io/rust-lang/crates-build-env/linux@sha256:77db811e55d90add9212f6832c23229e3de5f1c1f9905e8cb07319ea15df73ac" "sleep" "infinity", kill_on_drop: false }`
[INFO] [stdout] cc7681097aebe8227c36d9d99f483ce8c77b12a72e66c4ed3f6cabccbaf3a4fa
[INFO] running `Command { std: "docker" "start" "cc7681097aebe8227c36d9d99f483ce8c77b12a72e66c4ed3f6cabccbaf3a4fa", kill_on_drop: false }`
[INFO] running `Command { std: "docker" "inspect" "cc7681097aebe8227c36d9d99f483ce8c77b12a72e66c4ed3f6cabccbaf3a4fa", kill_on_drop: false }`
[INFO] running `Command { std: "docker" "exec" "-e" "SOURCE_DIR=/opt/rustwide/workdir" "-e" "CARGO_HOME=/opt/rustwide/cargo-home" "-e" "RUSTUP_HOME=/opt/rustwide/rustup-home" "-e" "CARGO_TARGET_DIR=/opt/rustwide/target" "-w" "/opt/rustwide/workdir" "--user" "0:0" "cc7681097aebe8227c36d9d99f483ce8c77b12a72e66c4ed3f6cabccbaf3a4fa" "/opt/rustwide/cargo-home/bin/cargo" "+3154cc1a3e6424e44f438a95007d043ed5ceaaf6" "metadata" "--no-deps" "--format-version=1", kill_on_drop: false }`
[INFO] running `Command { std: "docker" "inspect" "cc7681097aebe8227c36d9d99f483ce8c77b12a72e66c4ed3f6cabccbaf3a4fa", kill_on_drop: false }`
[INFO] running `Command { std: "docker" "exec" "-e" "SOURCE_DIR=/opt/rustwide/workdir" "-e" "CARGO_HOME=/opt/rustwide/cargo-home" "-e" "RUSTUP_HOME=/opt/rustwide/rustup-home" "-e" "CARGO_TARGET_DIR=/opt/rustwide/target" "-e" "CARGO_INCREMENTAL=0" "-e" "RUST_BACKTRACE=full" "-e" "RUSTFLAGS=--cap-lints=forbid -Znext-solver=coherence" "-e" "RUSTDOCFLAGS=--cap-lints=forbid" "-w" "/opt/rustwide/workdir" "--user" "0:0" "cc7681097aebe8227c36d9d99f483ce8c77b12a72e66c4ed3f6cabccbaf3a4fa" "/opt/rustwide/cargo-home/bin/cargo" "+3154cc1a3e6424e44f438a95007d043ed5ceaaf6" "check" "--frozen" "--all" "--all-targets" "--message-format=json", kill_on_drop: false }`
[INFO] [stderr] warning: `package.homepage` is redundant with `package.repository`
[INFO] [stderr]   --> Cargo.toml:28:12
[INFO] [stderr]    |
[INFO] [stderr] 28 | homepage = "https://github.com/Jozefpodlecki/win-drives"
[INFO] [stderr]    |            ^^^^^^^^^^^^^^^^^^^^^^^^^^^^^^^^^^^^^^^^^^^^^
[INFO] [stderr] ...
[INFO] [stderr] 32 | repository = "https://github.com/Jozefpodlecki/win-drives"
[INFO] [stderr]    |              ---------------------------------------------
[INFO] [stderr]    |
[INFO] [stderr]    = note: `cargo::redundant_homepage` is set to `warn` by default
[INFO] [stderr] help: consider removing `package.homepage`
[INFO] [stderr] warning: `win-drives` (manifest) generated 1 warning
[INFO] [stderr]    Compiling winapi v0.3.9
[INFO] [stderr]    Compiling heapless v0.9.3
[INFO] [stderr]     Checking byteorder v1.5.0
[INFO] [stderr]    Compiling ntapi v0.4.3
[INFO] [stderr]     Checking hash32 v0.3.1
[INFO] [stderr]     Checking win-drives v0.1.0 (/opt/rustwide/workdir)
[INFO] [stdout] error: win-drives only supports Windows. This crate uses Windows-specific NT APIs and cannot be compiled on other platforms.
[INFO] [stdout]   --> src/lib.rs:16:1
[INFO] [stdout]    |
[INFO] [stdout] 16 | compile_error!("win-drives only supports Windows. This crate uses Windows-specific NT APIs and cannot be compiled on other platforms.");
[INFO] [stdout]    | ^^^^^^^^^^^^^^^^^^^^^^^^^^^^^^^^^^^^^^^^^^^^^^^^^^^^^^^^^^^^^^^^^^^^^^^^^^^^^^^^^^^^^^^^^^^^^^^^^^^^^^^^^^^^^^^^^^^^^^^^^^^^^^^^^^^^^^^
[INFO] [stdout] 
[INFO] [stdout] 
[INFO] [stdout] error[E0433]: cannot find `shared` in `winapi`
[INFO] [stdout]  --> src/types.rs:5:13
[INFO] [stdout]   |
[INFO] [stdout] 5 | use winapi::shared::guiddef::GUID;
[INFO] [stdout]   |             ^^^^^^ could not find `shared` in `winapi`
[INFO] [stdout] 
[INFO] [stdout] 
[INFO] [stdout] error[E0433]: cannot find `shared` in `winapi`
[INFO] [stdout]  --> src/types.rs:6:14
[INFO] [stdout]   |
[INFO] [stdout] 6 | use winapi::{shared::{ntdef::{OBJ_CASE_INSENSITIVE, OBJECT_ATTRIBUTES, UNICODE_STRING}, ntstatus::*}, um::{winioctl::*, winnt::SECURI...
[INFO] [stdout]   |              ^^^^^^ could not find `shared` in `winapi`
[INFO] [stdout] 
[INFO] [stdout] 
[INFO] [stdout] error[E0433]: cannot find `um` in `winapi`
[INFO] [stdout]  --> src/types.rs:6:103
[INFO] [stdout]   |
[INFO] [stdout] 6 | ...JECT_ATTRIBUTES, UNICODE_STRING}, ntstatus::*}, um::{winioctl::*, winnt::SECURITY_QUALITY_OF_SERVICE}};
[INFO] [stdout]   |                                                    ^^ could not find `um` in `winapi`
[INFO] [stdout] 
[INFO] [stdout] 
[INFO] [stdout] error[E0433]: cannot find `shared` in `winapi`
[INFO] [stdout]  --> src/volume.rs:2:13
[INFO] [stdout]   |
[INFO] [stdout] 2 | use winapi::shared::ntdef::HANDLE;
[INFO] [stdout]   |             ^^^^^^ could not find `shared` in `winapi`
[INFO] [stdout] 
[INFO] [stdout] 
[INFO] [stdout] error[E0433]: cannot find `shared` in `winapi`
[INFO] [stdout]  --> src/physical.rs:3:13
[INFO] [stdout]   |
[INFO] [stdout] 3 | use winapi::shared::ntdef::HANDLE;
[INFO] [stdout]   |             ^^^^^^ could not find `shared` in `winapi`
[INFO] [stdout] 
[INFO] [stdout] 
[INFO] [stdout] error[E0433]: cannot find `shared` in `winapi`
[INFO] [stdout]  --> src/api.rs:2:14
[INFO] [stdout]   |
[INFO] [stdout] 2 | use winapi::{shared::ntdef::HANDLE, um::{winioctl::{DISK_GEOMETRY, DRIVE_LAYOUT_INFORMATION_EX, IOCTL_DISK_GET_DRIVE_GEOMETRY, IOCTL_...
[INFO] [stdout]   |              ^^^^^^ could not find `shared` in `winapi`
[INFO] [stdout] 
[INFO] [stdout] 
[INFO] [stdout] error[E0433]: cannot find `um` in `winapi`
[INFO] [stdout]  --> src/api.rs:2:37
[INFO] [stdout]   |
[INFO] [stdout] 2 | use winapi::{shared::ntdef::HANDLE, um::{winioctl::{DISK_GEOMETRY, DRIVE_LAYOUT_INFORMATION_EX, IOCTL_DISK_GET_DRIVE_GEOMETRY, IOCTL_...
[INFO] [stdout]   |                                     ^^ could not find `um` in `winapi`
[INFO] [stdout] 
[INFO] [stdout] 
[INFO] [stdout] error[E0432]: unresolved import `ntapi::ntioapi`
[INFO] [stdout]  --> src/api.rs:1:12
[INFO] [stdout]   |
[INFO] [stdout] 1 | use ntapi::ntioapi::*;
[INFO] [stdout]   |            ^^^^^^^ could not find `ntioapi` in `ntapi`
[INFO] [stdout] 
[INFO] [stdout] 
[INFO] [stdout] error: win-drives only supports Windows. This crate uses Windows-specific NT APIs and cannot be compiled on other platforms.
[INFO] [stdout]   --> src/lib.rs:16:1
[INFO] [stdout]    |
[INFO] [stdout] 16 | compile_error!("win-drives only supports Windows. This crate uses Windows-specific NT APIs and cannot be compiled on other platforms.");
[INFO] [stdout]    | ^^^^^^^^^^^^^^^^^^^^^^^^^^^^^^^^^^^^^^^^^^^^^^^^^^^^^^^^^^^^^^^^^^^^^^^^^^^^^^^^^^^^^^^^^^^^^^^^^^^^^^^^^^^^^^^^^^^^^^^^^^^^^^^^^^^^^^^
[INFO] [stdout] 
[INFO] [stdout] 
[INFO] [stdout] error[E0433]: cannot find `shared` in `winapi`
[INFO] [stdout]  --> src/types.rs:5:13
[INFO] [stdout]   |
[INFO] [stdout] 5 | use winapi::shared::guiddef::GUID;
[INFO] [stdout]   |             ^^^^^^ could not find `shared` in `winapi`
[INFO] [stdout] 
[INFO] [stdout] 
[INFO] [stdout] error[E0433]: cannot find `shared` in `winapi`
[INFO] [stdout]  --> src/types.rs:6:14
[INFO] [stdout]   |
[INFO] [stdout] 6 | use winapi::{shared::{ntdef::{OBJ_CASE_INSENSITIVE, OBJECT_ATTRIBUTES, UNICODE_STRING}, ntstatus::*}, um::{winioctl::*, winnt::SECURI...
[INFO] [stdout]   |              ^^^^^^ could not find `shared` in `winapi`
[INFO] [stdout] 
[INFO] [stdout] 
[INFO] [stdout] error[E0433]: cannot find `um` in `winapi`
[INFO] [stdout]  --> src/types.rs:6:103
[INFO] [stdout]   |
[INFO] [stdout] 6 | ...JECT_ATTRIBUTES, UNICODE_STRING}, ntstatus::*}, um::{winioctl::*, winnt::SECURITY_QUALITY_OF_SERVICE}};
[INFO] [stdout]   |                                                    ^^ could not find `um` in `winapi`
[INFO] [stdout] 
[INFO] [stdout] 
[INFO] [stdout] error[E0433]: cannot find `shared` in `winapi`
[INFO] [stdout]  --> src/volume.rs:2:13
[INFO] [stdout]   |
[INFO] [stdout] 2 | use winapi::shared::ntdef::HANDLE;
[INFO] [stdout]   |             ^^^^^^ could not find `shared` in `winapi`
[INFO] [stdout] 
[INFO] [stdout] 
[INFO] [stdout] error[E0433]: cannot find `shared` in `winapi`
[INFO] [stdout]  --> src/physical.rs:3:13
[INFO] [stdout]   |
[INFO] [stdout] 3 | use winapi::shared::ntdef::HANDLE;
[INFO] [stdout]   |             ^^^^^^ could not find `shared` in `winapi`
[INFO] [stdout] 
[INFO] [stdout] 
[INFO] [stdout] error[E0433]: cannot find `shared` in `winapi`
[INFO] [stdout]  --> src/api.rs:2:14
[INFO] [stdout]   |
[INFO] [stdout] 2 | use winapi::{shared::ntdef::HANDLE, um::{winioctl::{DISK_GEOMETRY, DRIVE_LAYOUT_INFORMATION_EX, IOCTL_DISK_GET_DRIVE_GEOMETRY, IOCTL_...
[INFO] [stdout]   |              ^^^^^^ could not find `shared` in `winapi`
[INFO] [stdout] 
[INFO] [stdout] 
[INFO] [stdout] error[E0433]: cannot find `um` in `winapi`
[INFO] [stdout]  --> src/api.rs:2:37
[INFO] [stdout]   |
[INFO] [stdout] 2 | use winapi::{shared::ntdef::HANDLE, um::{winioctl::{DISK_GEOMETRY, DRIVE_LAYOUT_INFORMATION_EX, IOCTL_DISK_GET_DRIVE_GEOMETRY, IOCTL_...
[INFO] [stdout]   |                                     ^^ could not find `um` in `winapi`
[INFO] [stdout] 
[INFO] [stdout] 
[INFO] [stdout] error[E0432]: unresolved import `ntapi::ntioapi`
[INFO] [stdout]  --> src/api.rs:1:12
[INFO] [stdout]   |
[INFO] [stdout] 1 | use ntapi::ntioapi::*;
[INFO] [stdout]   |            ^^^^^^^ could not find `ntioapi` in `ntapi`
[INFO] [stdout] 
[INFO] [stdout] 
[INFO] [stdout] warning: unreachable pattern
[INFO] [stdout]   --> src/types.rs:44:13
[INFO] [stdout]    |
[INFO] [stdout] 43 |             STATUS_ACCESS_DENIED => DriverError::Permission,
[INFO] [stdout]    |             -------------------- matches any value
[INFO] [stdout] 44 |             STATUS_OBJECT_NAME_NOT_FOUND => DriverError::NotFound,
[INFO] [stdout]    |             ^^^^^^^^^^^^^^^^^^^^^^^^^^^^ no value can reach this
[INFO] [stdout]    |
[INFO] [stdout]    = note: `#[warn(unreachable_patterns)]` (part of `#[warn(unused)]`) on by default
[INFO] [stdout] 
[INFO] [stdout] 
[INFO] [stdout] warning: unreachable pattern
[INFO] [stdout]   --> src/types.rs:45:13
[INFO] [stdout]    |
[INFO] [stdout] 43 |             STATUS_ACCESS_DENIED => DriverError::Permission,
[INFO] [stdout]    |             -------------------- matches any value
[INFO] [stdout] 44 |             STATUS_OBJECT_NAME_NOT_FOUND => DriverError::NotFound,
[INFO] [stdout] 45 |             STATUS_OBJECT_PATH_NOT_FOUND => DriverError::PathNotFound,
[INFO] [stdout]    |             ^^^^^^^^^^^^^^^^^^^^^^^^^^^^ no value can reach this
[INFO] [stdout] 
[INFO] [stdout] 
[INFO] [stdout] warning: unreachable pattern
[INFO] [stdout]   --> src/types.rs:46:13
[INFO] [stdout]    |
[INFO] [stdout] 43 |             STATUS_ACCESS_DENIED => DriverError::Permission,
[INFO] [stdout]    |             -------------------- matches any value
[INFO] [stdout] ...
[INFO] [stdout] 46 |             STATUS_INVALID_PARAMETER => DriverError::InvalidParameter,
[INFO] [stdout]    |             ^^^^^^^^^^^^^^^^^^^^^^^^ no value can reach this
[INFO] [stdout] 
[INFO] [stdout] 
[INFO] [stdout] warning: unreachable pattern
[INFO] [stdout]   --> src/types.rs:47:13
[INFO] [stdout]    |
[INFO] [stdout] 43 |             STATUS_ACCESS_DENIED => DriverError::Permission,
[INFO] [stdout]    |             -------------------- matches any value
[INFO] [stdout] ...
[INFO] [stdout] 47 |             STATUS_INVALID_HANDLE => DriverError::InvalidHandle,
[INFO] [stdout]    |             ^^^^^^^^^^^^^^^^^^^^^ no value can reach this
[INFO] [stdout] 
[INFO] [stdout] 
[INFO] [stdout] warning: unreachable pattern
[INFO] [stdout]   --> src/types.rs:48:13
[INFO] [stdout]    |
[INFO] [stdout] 43 |             STATUS_ACCESS_DENIED => DriverError::Permission,
[INFO] [stdout]    |             -------------------- matches any value
[INFO] [stdout] ...
[INFO] [stdout] 48 |             _ => DriverError::NtStatus(status),
[INFO] [stdout]    |             ^ no value can reach this
[INFO] [stdout] 
[INFO] [stdout] 
[INFO] [stdout] warning: unused variable: `STATUS_ACCESS_DENIED`
[INFO] [stdout]   --> src/types.rs:43:13
[INFO] [stdout]    |
[INFO] [stdout] 43 |             STATUS_ACCESS_DENIED => DriverError::Permission,
[INFO] [stdout]    |             ^^^^^^^^^^^^^^^^^^^^ help: if this is intentional, prefix it with an underscore: `_STATUS_ACCESS_DENIED`
[INFO] [stdout]    |
[INFO] [stdout]    = note: `#[warn(unused_variables)]` (part of `#[warn(unused)]`) on by default
[INFO] [stdout] 
[INFO] [stdout] 
[INFO] [stdout] warning: unused variable: `STATUS_OBJECT_NAME_NOT_FOUND`
[INFO] [stdout]   --> src/types.rs:44:13
[INFO] [stdout]    |
[INFO] [stdout] 44 |             STATUS_OBJECT_NAME_NOT_FOUND => DriverError::NotFound,
[INFO] [stdout]    |             ^^^^^^^^^^^^^^^^^^^^^^^^^^^^ help: if this is intentional, prefix it with an underscore: `_STATUS_OBJECT_NAME_NOT_FOUND`
[INFO] [stdout] 
[INFO] [stdout] 
[INFO] [stdout] warning: unused variable: `STATUS_OBJECT_PATH_NOT_FOUND`
[INFO] [stdout]   --> src/types.rs:45:13
[INFO] [stdout]    |
[INFO] [stdout] 45 |             STATUS_OBJECT_PATH_NOT_FOUND => DriverError::PathNotFound,
[INFO] [stdout]    |             ^^^^^^^^^^^^^^^^^^^^^^^^^^^^ help: if this is intentional, prefix it with an underscore: `_STATUS_OBJECT_PATH_NOT_FOUND`
[INFO] [stdout] 
[INFO] [stdout] 
[INFO] [stdout] warning: unused variable: `STATUS_INVALID_PARAMETER`
[INFO] [stdout]   --> src/types.rs:46:13
[INFO] [stdout]    |
[INFO] [stdout] 46 |             STATUS_INVALID_PARAMETER => DriverError::InvalidParameter,
[INFO] [stdout]    |             ^^^^^^^^^^^^^^^^^^^^^^^^ help: if this is intentional, prefix it with an underscore: `_STATUS_INVALID_PARAMETER`
[INFO] [stdout] 
[INFO] [stdout] 
[INFO] [stdout] warning: unused variable: `STATUS_INVALID_HANDLE`
[INFO] [stdout]   --> src/types.rs:47:13
[INFO] [stdout]    |
[INFO] [stdout] 47 |             STATUS_INVALID_HANDLE => DriverError::InvalidHandle,
[INFO] [stdout]    |             ^^^^^^^^^^^^^^^^^^^^^ help: if this is intentional, prefix it with an underscore: `_STATUS_INVALID_HANDLE`
[INFO] [stdout] 
[INFO] [stdout] 
[INFO] [stdout] warning: unreachable pattern
[INFO] [stdout]   --> src/types.rs:65:13
[INFO] [stdout]    |
[INFO] [stdout] 64 |             PARTITION_STYLE_GPT => PartitionStyle::Gpt,
[INFO] [stdout]    |             ------------------- matches any value
[INFO] [stdout] 65 |             PARTITION_STYLE_MBR => PartitionStyle::Mbr,
[INFO] [stdout]    |             ^^^^^^^^^^^^^^^^^^^ no value can reach this
[INFO] [stdout] 
[INFO] [stdout] 
[INFO] [stdout] warning: unreachable pattern
[INFO] [stdout]   --> src/types.rs:66:13
[INFO] [stdout]    |
[INFO] [stdout] 64 |             PARTITION_STYLE_GPT => PartitionStyle::Gpt,
[INFO] [stdout]    |             ------------------- matches any value
[INFO] [stdout] 65 |             PARTITION_STYLE_MBR => PartitionStyle::Mbr,
[INFO] [stdout] 66 |             PARTITION_STYLE_RAW => PartitionStyle::Raw,
[INFO] [stdout]    |             ^^^^^^^^^^^^^^^^^^^ no value can reach this
[INFO] [stdout] 
[INFO] [stdout] 
[INFO] [stdout] warning: unreachable pattern
[INFO] [stdout]   --> src/types.rs:67:13
[INFO] [stdout]    |
[INFO] [stdout] 64 |             PARTITION_STYLE_GPT => PartitionStyle::Gpt,
[INFO] [stdout]    |             ------------------- matches any value
[INFO] [stdout] ...
[INFO] [stdout] 67 |             _ => PartitionStyle::Raw,
[INFO] [stdout]    |             ^ no value can reach this
[INFO] [stdout] 
[INFO] [stdout] 
[INFO] [stdout] warning: unused variable: `PARTITION_STYLE_GPT`
[INFO] [stdout]   --> src/types.rs:64:13
[INFO] [stdout]    |
[INFO] [stdout] 64 |             PARTITION_STYLE_GPT => PartitionStyle::Gpt,
[INFO] [stdout]    |             ^^^^^^^^^^^^^^^^^^^ help: if this is intentional, prefix it with an underscore: `_PARTITION_STYLE_GPT`
[INFO] [stdout] 
[INFO] [stdout] 
[INFO] [stdout] warning: unused variable: `PARTITION_STYLE_MBR`
[INFO] [stdout]   --> src/types.rs:65:13
[INFO] [stdout]    |
[INFO] [stdout] 65 |             PARTITION_STYLE_MBR => PartitionStyle::Mbr,
[INFO] [stdout]    |             ^^^^^^^^^^^^^^^^^^^ help: if this is intentional, prefix it with an underscore: `_PARTITION_STYLE_MBR`
[INFO] [stdout] 
[INFO] [stdout] 
[INFO] [stdout] warning: unused variable: `PARTITION_STYLE_RAW`
[INFO] [stdout]   --> src/types.rs:66:13
[INFO] [stdout]    |
[INFO] [stdout] 66 |             PARTITION_STYLE_RAW => PartitionStyle::Raw,
[INFO] [stdout]    |             ^^^^^^^^^^^^^^^^^^^ help: if this is intentional, prefix it with an underscore: `_PARTITION_STYLE_RAW`
[INFO] [stdout] 
[INFO] [stdout] 
[INFO] [stdout] Some errors have detailed explanations: E0432, E0433.
[INFO] [stdout] 
[INFO] [stdout] For more information about an error, try `rustc --explain E0432`.
[INFO] [stdout] 
[INFO] [stderr] error: could not compile `win-drives` (lib test) due to 9 previous errors; 16 warnings emitted
[INFO] [stderr] warning: build failed, waiting for other jobs to finish...
[INFO] [stdout] warning: unreachable pattern
[INFO] [stdout]   --> src/types.rs:44:13
[INFO] [stdout]    |
[INFO] [stdout] 43 |             STATUS_ACCESS_DENIED => DriverError::Permission,
[INFO] [stdout]    |             -------------------- matches any value
[INFO] [stdout] 44 |             STATUS_OBJECT_NAME_NOT_FOUND => DriverError::NotFound,
[INFO] [stdout]    |             ^^^^^^^^^^^^^^^^^^^^^^^^^^^^ no value can reach this
[INFO] [stdout]    |
[INFO] [stdout]    = note: `#[warn(unreachable_patterns)]` (part of `#[warn(unused)]`) on by default
[INFO] [stdout] 
[INFO] [stdout] 
[INFO] [stdout] warning: unreachable pattern
[INFO] [stdout]   --> src/types.rs:45:13
[INFO] [stdout]    |
[INFO] [stdout] 43 |             STATUS_ACCESS_DENIED => DriverError::Permission,
[INFO] [stdout]    |             -------------------- matches any value
[INFO] [stdout] 44 |             STATUS_OBJECT_NAME_NOT_FOUND => DriverError::NotFound,
[INFO] [stdout] 45 |             STATUS_OBJECT_PATH_NOT_FOUND => DriverError::PathNotFound,
[INFO] [stdout]    |             ^^^^^^^^^^^^^^^^^^^^^^^^^^^^ no value can reach this
[INFO] [stdout] 
[INFO] [stdout] 
[INFO] [stdout] warning: unreachable pattern
[INFO] [stdout]   --> src/types.rs:46:13
[INFO] [stdout]    |
[INFO] [stdout] 43 |             STATUS_ACCESS_DENIED => DriverError::Permission,
[INFO] [stdout]    |             -------------------- matches any value
[INFO] [stdout] ...
[INFO] [stdout] 46 |             STATUS_INVALID_PARAMETER => DriverError::InvalidParameter,
[INFO] [stdout]    |             ^^^^^^^^^^^^^^^^^^^^^^^^ no value can reach this
[INFO] [stdout] 
[INFO] [stdout] 
[INFO] [stdout] warning: unreachable pattern
[INFO] [stdout]   --> src/types.rs:47:13
[INFO] [stdout]    |
[INFO] [stdout] 43 |             STATUS_ACCESS_DENIED => DriverError::Permission,
[INFO] [stdout]    |             -------------------- matches any value
[INFO] [stdout] ...
[INFO] [stdout] 47 |             STATUS_INVALID_HANDLE => DriverError::InvalidHandle,
[INFO] [stdout]    |             ^^^^^^^^^^^^^^^^^^^^^ no value can reach this
[INFO] [stdout] 
[INFO] [stdout] 
[INFO] [stdout] warning: unreachable pattern
[INFO] [stdout]   --> src/types.rs:48:13
[INFO] [stdout]    |
[INFO] [stdout] 43 |             STATUS_ACCESS_DENIED => DriverError::Permission,
[INFO] [stdout]    |             -------------------- matches any value
[INFO] [stdout] ...
[INFO] [stdout] 48 |             _ => DriverError::NtStatus(status),
[INFO] [stdout]    |             ^ no value can reach this
[INFO] [stdout] 
[INFO] [stdout] 
[INFO] [stdout] warning: unused variable: `STATUS_ACCESS_DENIED`
[INFO] [stdout]   --> src/types.rs:43:13
[INFO] [stdout]    |
[INFO] [stdout] 43 |             STATUS_ACCESS_DENIED => DriverError::Permission,
[INFO] [stdout]    |             ^^^^^^^^^^^^^^^^^^^^ help: if this is intentional, prefix it with an underscore: `_STATUS_ACCESS_DENIED`
[INFO] [stdout]    |
[INFO] [stdout]    = note: `#[warn(unused_variables)]` (part of `#[warn(unused)]`) on by default
[INFO] [stdout] 
[INFO] [stdout] 
[INFO] [stdout] warning: unused variable: `STATUS_OBJECT_NAME_NOT_FOUND`
[INFO] [stdout]   --> src/types.rs:44:13
[INFO] [stdout]    |
[INFO] [stdout] 44 |             STATUS_OBJECT_NAME_NOT_FOUND => DriverError::NotFound,
[INFO] [stdout]    |             ^^^^^^^^^^^^^^^^^^^^^^^^^^^^ help: if this is intentional, prefix it with an underscore: `_STATUS_OBJECT_NAME_NOT_FOUND`
[INFO] [stdout] 
[INFO] [stdout] 
[INFO] [stdout] warning: unused variable: `STATUS_OBJECT_PATH_NOT_FOUND`
[INFO] [stdout]   --> src/types.rs:45:13
[INFO] [stdout]    |
[INFO] [stdout] 45 |             STATUS_OBJECT_PATH_NOT_FOUND => DriverError::PathNotFound,
[INFO] [stdout]    |             ^^^^^^^^^^^^^^^^^^^^^^^^^^^^ help: if this is intentional, prefix it with an underscore: `_STATUS_OBJECT_PATH_NOT_FOUND`
[INFO] [stdout] 
[INFO] [stdout] 
[INFO] [stdout] warning: unused variable: `STATUS_INVALID_PARAMETER`
[INFO] [stdout]   --> src/types.rs:46:13
[INFO] [stdout]    |
[INFO] [stdout] 46 |             STATUS_INVALID_PARAMETER => DriverError::InvalidParameter,
[INFO] [stdout]    |             ^^^^^^^^^^^^^^^^^^^^^^^^ help: if this is intentional, prefix it with an underscore: `_STATUS_INVALID_PARAMETER`
[INFO] [stdout] 
[INFO] [stdout] 
[INFO] [stdout] warning: unused variable: `STATUS_INVALID_HANDLE`
[INFO] [stdout]   --> src/types.rs:47:13
[INFO] [stdout]    |
[INFO] [stdout] 47 |             STATUS_INVALID_HANDLE => DriverError::InvalidHandle,
[INFO] [stdout]    |             ^^^^^^^^^^^^^^^^^^^^^ help: if this is intentional, prefix it with an underscore: `_STATUS_INVALID_HANDLE`
[INFO] [stdout] 
[INFO] [stdout] 
[INFO] [stdout] warning: unreachable pattern
[INFO] [stdout]   --> src/types.rs:65:13
[INFO] [stdout]    |
[INFO] [stdout] 64 |             PARTITION_STYLE_GPT => PartitionStyle::Gpt,
[INFO] [stdout]    |             ------------------- matches any value
[INFO] [stdout] 65 |             PARTITION_STYLE_MBR => PartitionStyle::Mbr,
[INFO] [stdout]    |             ^^^^^^^^^^^^^^^^^^^ no value can reach this
[INFO] [stdout] 
[INFO] [stdout] 
[INFO] [stdout] warning: unreachable pattern
[INFO] [stdout]   --> src/types.rs:66:13
[INFO] [stdout]    |
[INFO] [stdout] 64 |             PARTITION_STYLE_GPT => PartitionStyle::Gpt,
[INFO] [stdout]    |             ------------------- matches any value
[INFO] [stdout] 65 |             PARTITION_STYLE_MBR => PartitionStyle::Mbr,
[INFO] [stdout] 66 |             PARTITION_STYLE_RAW => PartitionStyle::Raw,
[INFO] [stdout]    |             ^^^^^^^^^^^^^^^^^^^ no value can reach this
[INFO] [stdout] 
[INFO] [stdout] 
[INFO] [stdout] warning: unreachable pattern
[INFO] [stdout]   --> src/types.rs:67:13
[INFO] [stdout]    |
[INFO] [stdout] 64 |             PARTITION_STYLE_GPT => PartitionStyle::Gpt,
[INFO] [stdout]    |             ------------------- matches any value
[INFO] [stdout] ...
[INFO] [stdout] 67 |             _ => PartitionStyle::Raw,
[INFO] [stdout]    |             ^ no value can reach this
[INFO] [stdout] 
[INFO] [stdout] 
[INFO] [stdout] warning: unused variable: `PARTITION_STYLE_GPT`
[INFO] [stdout]   --> src/types.rs:64:13
[INFO] [stdout]    |
[INFO] [stdout] 64 |             PARTITION_STYLE_GPT => PartitionStyle::Gpt,
[INFO] [stdout]    |             ^^^^^^^^^^^^^^^^^^^ help: if this is intentional, prefix it with an underscore: `_PARTITION_STYLE_GPT`
[INFO] [stdout] 
[INFO] [stdout] 
[INFO] [stdout] warning: unused variable: `PARTITION_STYLE_MBR`
[INFO] [stdout]   --> src/types.rs:65:13
[INFO] [stdout]    |
[INFO] [stdout] 65 |             PARTITION_STYLE_MBR => PartitionStyle::Mbr,
[INFO] [stdout]    |             ^^^^^^^^^^^^^^^^^^^ help: if this is intentional, prefix it with an underscore: `_PARTITION_STYLE_MBR`
[INFO] [stdout] 
[INFO] [stdout] 
[INFO] [stdout] warning: unused variable: `PARTITION_STYLE_RAW`
[INFO] [stdout]   --> src/types.rs:66:13
[INFO] [stdout]    |
[INFO] [stdout] 66 |             PARTITION_STYLE_RAW => PartitionStyle::Raw,
[INFO] [stdout]    |             ^^^^^^^^^^^^^^^^^^^ help: if this is intentional, prefix it with an underscore: `_PARTITION_STYLE_RAW`
[INFO] [stdout] 
[INFO] [stdout] 
[INFO] [stdout] Some errors have detailed explanations: E0432, E0433.
[INFO] [stdout] 
[INFO] [stdout] For more information about an error, try `rustc --explain E0432`.
[INFO] [stdout] 
[INFO] [stderr] error: could not compile `win-drives` (lib) due to 9 previous errors; 16 warnings emitted
[INFO] running `Command { std: "docker" "inspect" "cc7681097aebe8227c36d9d99f483ce8c77b12a72e66c4ed3f6cabccbaf3a4fa", kill_on_drop: false }`
[INFO] running `Command { std: "docker" "rm" "-f" "cc7681097aebe8227c36d9d99f483ce8c77b12a72e66c4ed3f6cabccbaf3a4fa", kill_on_drop: false }`
[INFO] [stdout] cc7681097aebe8227c36d9d99f483ce8c77b12a72e66c4ed3f6cabccbaf3a4fa
