[INFO] cloning repository https://github.com/JordanHeinrichs/ultra-run-crew
[INFO] running `Command { std: "git" "-c" "credential.helper=" "-c" "credential.helper=/workspace/cargo-home/bin/git-credential-null" "clone" "--bare" "https://github.com/JordanHeinrichs/ultra-run-crew" "/workspace/cache/git-repos/https%3A%2F%2Fgithub.com%2FJordanHeinrichs%2Fultra-run-crew", kill_on_drop: false }`
[INFO] [stderr] Cloning into bare repository '/workspace/cache/git-repos/https%3A%2F%2Fgithub.com%2FJordanHeinrichs%2Fultra-run-crew'...
[INFO] running `Command { std: "git" "rev-parse" "HEAD", kill_on_drop: false }`
[INFO] [stdout] 333ad5a1d61409ec208c7cb99730b1d17960634a
[INFO] checking JordanHeinrichs/ultra-run-crew against 3154cc1a3e6424e44f438a95007d043ed5ceaaf6+rustflags=-Znext-solver=coherence for pr-133502-30
[INFO] running `Command { std: "git" "clone" "/workspace/cache/git-repos/https%3A%2F%2Fgithub.com%2FJordanHeinrichs%2Fultra-run-crew" "/workspace/builds/worker-2-tc1/source", kill_on_drop: false }`
[INFO] [stderr] Cloning into '/workspace/builds/worker-2-tc1/source'...
[INFO] [stderr] done.
[INFO] removed /workspace/builds/worker-2-tc1/source/.cargo/config.toml
[INFO] started tweaking git repo https://github.com/JordanHeinrichs/ultra-run-crew
[INFO] finished tweaking git repo https://github.com/JordanHeinrichs/ultra-run-crew
[INFO] tweaked toml for git repo https://github.com/JordanHeinrichs/ultra-run-crew written to /workspace/builds/worker-2-tc1/source/Cargo.toml
[INFO] validating manifest of git repo https://github.com/JordanHeinrichs/ultra-run-crew on toolchain 3154cc1a3e6424e44f438a95007d043ed5ceaaf6
[INFO] running `Command { std: CARGO_HOME="/workspace/cargo-home" RUSTUP_HOME="/workspace/rustup-home" "/workspace/cargo-home/bin/cargo" "+3154cc1a3e6424e44f438a95007d043ed5ceaaf6" "metadata" "--manifest-path" "Cargo.toml" "--no-deps", kill_on_drop: false }`
[INFO] crate git repo https://github.com/JordanHeinrichs/ultra-run-crew already has a lockfile, it will not be regenerated
[INFO] running `Command { std: CARGO_HOME="/workspace/cargo-home" RUSTUP_HOME="/workspace/rustup-home" "/workspace/cargo-home/bin/cargo" "+3154cc1a3e6424e44f438a95007d043ed5ceaaf6" "fetch" "--manifest-path" "Cargo.toml", kill_on_drop: false }`
[INFO] [stderr]     Updating crates.io index
[INFO] [stderr]  Downloading crates ...
[INFO] [stderr]   Downloaded ts-rs-macros v12.0.1
[INFO] [stderr]   Downloaded ts-rs v12.0.1
[INFO] [stderr]   Downloaded rustls-webpki v0.103.14
[INFO] [stderr]   Downloaded h2 v0.4.15
[INFO] [stderr]   Downloaded oauth2 v5.0.0
[INFO] [stderr]   Downloaded axum_session_sqlx v0.11.0
[INFO] [stderr]   Downloaded geo-types v0.7.20
[INFO] [stderr]   Downloaded forwarded-header-value v0.1.1
[INFO] [stderr]   Downloaded nonempty v0.7.0
[INFO] [stderr]   Downloaded axum_session v0.21.0
[INFO] [stderr]   Downloaded gpx v0.10.0
[INFO] [stderr]   Downloaded ghash v0.6.0
[INFO] [stderr]   Downloaded polyval v0.7.3
[INFO] [stderr]   Downloaded aes-gcm v0.11.0
[INFO] [stderr]   Downloaded password-hash v0.6.1
[INFO] [stderr]   Downloaded phc v0.6.1
[INFO] [stderr]   Downloaded universal-hash v0.6.1
[INFO] [stderr]   Downloaded ctr v0.10.1
[INFO] [stderr]   Downloaded aead v0.6.1
[INFO] [stderr]   Downloaded argon2 v0.6.0
[INFO] [stderr]   Downloaded blake2 v0.11.0
[INFO] [stderr]   Downloaded axum_csrf v0.11.0
[INFO] [stderr]   Downloaded aes v0.9.2
[INFO] running `Command { std: "docker" "create" "-v" "/var/lib/crater-agent-workspace/builds/worker-2-tc1/source:/opt/rustwide/workdir:ro,Z" "-v" "/var/lib/crater-agent-workspace/builds/worker-2-tc1/target:/opt/rustwide/target:rw,Z" "-v" "/var/lib/crater-agent-workspace/cargo-home:/opt/rustwide/cargo-home:ro,Z" "-v" "/var/lib/crater-agent-workspace/rustup-home:/opt/rustwide/rustup-home:ro,Z" "-m" "1610612736" "--network" "none" "ghcr.io/rust-lang/crates-build-env/linux@sha256:77db811e55d90add9212f6832c23229e3de5f1c1f9905e8cb07319ea15df73ac" "sleep" "infinity", kill_on_drop: false }`
[INFO] [stdout] b034f5ef19d00d441a6bdf211cc78b1bc2a787a272a30660184bca833d195b52
[INFO] running `Command { std: "docker" "start" "b034f5ef19d00d441a6bdf211cc78b1bc2a787a272a30660184bca833d195b52", kill_on_drop: false }`
[INFO] running `Command { std: "docker" "inspect" "b034f5ef19d00d441a6bdf211cc78b1bc2a787a272a30660184bca833d195b52", kill_on_drop: false }`
[INFO] running `Command { std: "docker" "exec" "-e" "SOURCE_DIR=/opt/rustwide/workdir" "-e" "CARGO_HOME=/opt/rustwide/cargo-home" "-e" "RUSTUP_HOME=/opt/rustwide/rustup-home" "-e" "CARGO_TARGET_DIR=/opt/rustwide/target" "-w" "/opt/rustwide/workdir" "--user" "0:0" "b034f5ef19d00d441a6bdf211cc78b1bc2a787a272a30660184bca833d195b52" "/opt/rustwide/cargo-home/bin/cargo" "+3154cc1a3e6424e44f438a95007d043ed5ceaaf6" "metadata" "--no-deps" "--format-version=1", kill_on_drop: false }`
[INFO] running `Command { std: "docker" "inspect" "b034f5ef19d00d441a6bdf211cc78b1bc2a787a272a30660184bca833d195b52", kill_on_drop: false }`
[INFO] running `Command { std: "docker" "exec" "-e" "SOURCE_DIR=/opt/rustwide/workdir" "-e" "CARGO_HOME=/opt/rustwide/cargo-home" "-e" "RUSTUP_HOME=/opt/rustwide/rustup-home" "-e" "CARGO_TARGET_DIR=/opt/rustwide/target" "-e" "CARGO_INCREMENTAL=0" "-e" "RUST_BACKTRACE=full" "-e" "RUSTFLAGS=--cap-lints=forbid -Znext-solver=coherence" "-e" "RUSTDOCFLAGS=--cap-lints=forbid" "-w" "/opt/rustwide/workdir" "--user" "0:0" "b034f5ef19d00d441a6bdf211cc78b1bc2a787a272a30660184bca833d195b52" "/opt/rustwide/cargo-home/bin/cargo" "+3154cc1a3e6424e44f438a95007d043ed5ceaaf6" "check" "--frozen" "--all" "--all-targets" "--message-format=json", kill_on_drop: false }`
[INFO] [stderr]    Compiling jobserver v0.1.35
[INFO] [stderr]    Compiling find-msvc-tools v0.1.10
[INFO] [stderr]     Checking smallvec v1.15.2
[INFO] [stderr]    Compiling getrandom v0.4.3
[INFO] [stderr]    Compiling syn v3.0.3
[INFO] [stderr]    Compiling syn v2.0.119
[INFO] [stderr]     Checking rand_core v0.10.1
[INFO] [stderr]    Compiling icu_properties_data v2.2.0
[INFO] [stderr]    Compiling serde v1.0.229
[INFO] [stderr]    Compiling icu_normalizer_data v2.2.0
[INFO] [stderr]     Checking parking_lot_core v0.9.12
[INFO] [stderr]     Checking log v0.4.33
[INFO] [stderr]    Compiling serde_core v1.0.229
[INFO] [stderr]    Compiling cc v1.4.2
[INFO] [stderr]     Checking hybrid-array v0.4.14
[INFO] [stderr]     Checking parking_lot v0.12.5
[INFO] [stderr]     Checking crypto-common v0.1.7
[INFO] [stderr]    Compiling stable_deref_trait v1.2.1
[INFO] [stderr]    Compiling typenum v1.20.1
[INFO] [stderr]    Compiling aws-lc-rs v1.18.0
[INFO] [stderr]    Compiling num-traits v0.2.19
[INFO] [stderr]    Compiling litemap v0.8.2
[INFO] [stderr]    Compiling writeable v0.6.3
[INFO] [stderr]    Compiling rustls v0.23.43
[INFO] [stderr]     Checking crypto-common v0.2.2
[INFO] [stderr]     Checking block-buffer v0.12.1
[INFO] [stderr]    Compiling futures-core v0.3.34
[INFO] [stderr]     Checking cpufeatures v0.3.0
[INFO] [stderr]    Compiling pin-project-lite v0.2.17
[INFO] [stderr]     Checking sync_wrapper v1.0.2
[INFO] [stderr]    Compiling cmake v0.1.58
[INFO] [stderr]    Compiling lock_api v0.4.14
[INFO] [stderr]    Compiling generic-array v0.14.7
[INFO] [stderr]     Checking digest v0.10.7
[INFO] [stderr]     Checking http-body-util v0.1.4
[INFO] [stderr]    Compiling zeroize v1.9.0
[INFO] [stderr]    Compiling futures-sink v0.3.34
[INFO] [stderr]    Compiling ring v0.17.14
[INFO] [stderr]    Compiling aws-lc-sys v0.44.0
[INFO] [stderr]    Compiling rustls-pki-types v1.15.1
[INFO] [stderr]    Compiling getrandom v0.2.17
[INFO] [stderr]     Checking ipnet v2.12.1
[INFO] [stderr]     Checking const-oid v0.10.2
[INFO] [stderr]    Compiling crossbeam-utils v0.8.22
[INFO] [stderr]     Checking serde_json v1.0.151
[INFO] [stderr]    Compiling block-buffer v0.10.4
[INFO] [stderr]     Checking digest v0.11.3
[INFO] [stderr]     Checking sha2 v0.10.9
[INFO] [stderr]     Checking webpki-roots v1.0.9
[INFO] [stderr]     Checking spin v0.9.9
[INFO] [stderr]    Compiling mio v1.2.2
[INFO] [stderr]    Compiling socket2 v0.6.5
[INFO] [stderr]    Compiling futures-task v0.3.34
[INFO] [stderr]    Compiling thiserror v2.0.20
[INFO] [stderr]    Compiling foldhash v0.2.0
[INFO] [stderr]    Compiling futures-io v0.3.34
[INFO] [stderr]    Compiling bytes v1.12.1
[INFO] [stderr]    Compiling slab v0.4.12
[INFO] [stderr]    Compiling hashbrown v0.16.1
[INFO] [stderr]    Compiling futures-util v0.3.34
[INFO] [stderr]    Compiling tokio v1.53.1
[INFO] [stderr]    Compiling displaydoc v0.2.7
[INFO] [stderr]    Compiling serde_derive v1.0.229
[INFO] [stderr]    Compiling synstructure v0.13.2
[INFO] [stderr]    Compiling tokio-macros v2.7.2
[INFO] [stderr]    Compiling futures-macro v0.3.34
[INFO] [stderr]    Compiling thiserror-impl v2.0.20
[INFO] [stderr]    Compiling zerofrom-derive v0.1.7
[INFO] [stderr]    Compiling yoke-derive v0.8.2
[INFO] [stderr]    Compiling zerovec-derive v0.11.3
[INFO] [stderr]    Compiling tracing-attributes v0.1.31
[INFO] [stderr]     Checking zerofrom v0.1.8
[INFO] [stderr]     Checking yoke v0.8.3
[INFO] [stderr]     Checking zerotrie v0.2.4
[INFO] [stderr]     Checking zerovec v0.11.6
[INFO] [stderr]     Checking tracing v0.1.44
[INFO] [stderr]     Checking tinystr v0.8.3
[INFO] [stderr]     Checking potential_utf v0.1.5
[INFO] [stderr]     Checking icu_collections v2.2.0
[INFO] [stderr]     Checking icu_locale_core v2.2.0
[INFO] [stderr]     Checking icu_provider v2.2.0
[INFO] [stderr]     Checking cipher v0.4.4
[INFO] [stderr]     Checking icu_properties v2.2.0
[INFO] [stderr]     Checking icu_normalizer v2.2.0
[INFO] [stderr]     Checking tokio-util v0.7.19
[INFO] [stderr]     Checking tower v0.5.3
[INFO] [stderr]    Compiling rustls-webpki v0.103.14
[INFO] [stderr]     Checking h2 v0.4.15
[INFO] [stderr]    Compiling tracing-core v0.1.36
[INFO] [stderr]     Checking idna_adapter v1.2.2
[INFO] [stderr]     Checking idna v1.1.0
[INFO] [stderr]    Compiling libsqlite3-sys v0.30.1
[INFO] [stderr]     Checking url v2.5.8
[INFO] [stderr]     Checking inout v0.2.2
[INFO] [stderr]     Checking universal-hash v0.5.1
[INFO] [stderr]    Compiling time-core v0.1.9
[INFO] [stderr]    Compiling iana-time-zone v0.1.65
[INFO] [stderr]    Compiling crc-catalog v2.5.0
[INFO] [stderr]    Compiling num-conv v0.2.2
[INFO] [stderr]    Compiling time-macros v0.2.32
[INFO] [stderr]    Compiling crc v3.4.0
[INFO] [stderr]    Compiling chrono v0.4.45
[INFO] [stderr]     Checking polyval v0.6.2
[INFO] [stderr]     Checking serde_urlencoded v0.7.1
[INFO] [stderr]    Compiling event-listener v5.4.2
[INFO] [stderr]    Compiling crossbeam-queue v0.3.13
[INFO] [stderr]    Compiling futures-intrusive v0.5.0
[INFO] [stderr]    Compiling either v1.17.0
[INFO] [stderr]    Compiling tokio-stream v0.1.19
[INFO] [stderr]    Compiling thiserror-impl v1.0.69
[INFO] [stderr]    Compiling hashlink v0.11.1
[INFO] [stderr]    Compiling mime_guess v2.0.5
[INFO] [stderr]    Compiling uuid v1.24.0
[INFO] [stderr]     Checking cpubits v0.1.1
[INFO] [stderr]    Compiling base64 v0.22.1
[INFO] [stderr]     Checking time v0.3.55
[INFO] [stderr]    Compiling flume v0.12.0
[INFO] [stderr]     Checking rand v0.8.7
[INFO] [stderr]     Checking thiserror v1.0.69
[INFO] [stderr]     Checking ghash v0.5.1
[INFO] [stderr]     Checking hyper v1.11.0
[INFO] [stderr]     Checking cipher v0.5.2
[INFO] [stderr]     Checking aes v0.8.4
[INFO] [stderr]     Checking ctr v0.9.2
[INFO] [stderr]     Checking axum-core v0.5.6
[INFO] [stderr]     Checking futures-executor v0.3.34
[INFO] [stderr]    Compiling atoi v2.0.0
[INFO] [stderr]     Checking serde_path_to_error v0.1.20
[INFO] [stderr]     Checking hyper-util v0.1.20
[INFO] [stderr]    Compiling sqlx-core v0.9.0
[INFO] [stderr]    Compiling futures-channel v0.3.34
[INFO] [stderr]     Checking universal-hash v0.6.1
[INFO] [stderr]     Checking aead v0.5.2
[INFO] [stderr]    Compiling cookie v0.18.2
[INFO] [stderr]     Checking aes-gcm v0.10.3
[INFO] [stderr]     Checking polyval v0.7.3
[INFO] [stderr]     Checking multer v3.1.0
[INFO] [stderr]     Checking sha2 v0.11.0
[INFO] [stderr]     Checking hmac v0.12.1
[INFO] [stderr]     Checking base64ct v1.8.3
[INFO] [stderr]     Checking matchit v0.8.4
[INFO] [stderr]     Checking http-range-header v0.4.2
[INFO] [stderr]    Compiling same-file v1.0.6
[INFO] [stderr]     Checking bitflags v2.13.1
[INFO] [stderr]     Checking tower-http v0.6.11
[INFO] [stderr]    Compiling walkdir v2.5.0
[INFO] [stderr]     Checking axum v0.8.9
[INFO] [stderr]     Checking ghash v0.6.0
[INFO] [stderr]     Checking aes v0.9.2
[INFO] [stderr]     Checking ctr v0.10.1
[INFO] [stderr]     Checking aead v0.6.1
[INFO] [stderr]    Compiling async-trait v0.1.92
[INFO] [stderr]     Checking chacha20 v0.10.1
[INFO] [stderr]     Checking nonempty v0.7.0
[INFO] [stderr]    Compiling mime v0.3.17
[INFO] [stderr]     Checking regex-syntax v0.8.11
[INFO] [stderr]     Checking dashmap v6.2.1
[INFO] [stderr]     Checking rand v0.10.2
[INFO] [stderr]     Checking rustls-native-certs v0.8.4
[INFO] [stderr]     Checking forwarded-header-value v0.1.1
[INFO] [stderr]     Checking aes-gcm v0.11.0
[INFO] [stderr]    Compiling rust-embed-utils v8.12.0
[INFO] [stderr]     Checking phc v0.6.1
[INFO] [stderr]     Checking futures v0.3.34
[INFO] [stderr]     Checking hmac v0.13.0
[INFO] [stderr]     Checking regex-automata v0.4.18
[INFO] [stderr]    Compiling termcolor v1.4.1
[INFO] [stderr]     Checking base64 v0.23.1
[INFO] [stderr]     Checking password-hash v0.6.1
[INFO] [stderr]    Compiling rust-embed-impl v8.12.0
[INFO] [stderr]    Compiling ts-rs-macros v12.0.1
[INFO] [stderr]     Checking geo-types v0.7.20
[INFO] [stderr]     Checking blake2 v0.11.0
[INFO] [stderr]     Checking tracing-log v0.2.0
[INFO] [stderr]     Checking thread_local v1.1.10
[INFO] [stderr]     Checking xml-rs v0.8.29
[INFO] [stderr]     Checking argon2 v0.6.0
[INFO] [stderr]     Checking axum_csrf v0.11.0
[INFO] [stderr]     Checking approx v0.5.1
[INFO] [stderr]    Compiling sqlx-sqlite v0.9.0
[INFO] [stderr]     Checking gpx v0.10.0
[INFO] [stderr]     Checking matchers v0.2.0
[INFO] [stderr]     Checking tracing-subscriber v0.3.23
[INFO] [stderr]     Checking ts-rs v12.0.1
[INFO] [stderr]     Checking axum_session v0.21.0
[INFO] [stderr]     Checking rust-embed v8.12.0
[INFO] [stderr]    Compiling sqlx-macros-core v0.9.0
[INFO] [stderr]    Compiling sqlx-macros v0.9.0
[INFO] [stderr]     Checking tokio-rustls v0.26.4
[INFO] [stderr]     Checking rustls-platform-verifier v0.7.0
[INFO] [stderr]     Checking hyper-rustls v0.27.9
[INFO] [stderr]     Checking reqwest v0.12.28
[INFO] [stderr]     Checking reqwest v0.13.4
[INFO] [stderr]     Checking oauth2 v5.0.0
[INFO] [stderr]     Checking sqlx v0.9.0
[INFO] [stderr]     Checking axum_session_sqlx v0.11.0
[INFO] [stderr]     Checking webapp-base v0.1.0 (/opt/rustwide/workdir)
[INFO] [stdout] error: set `DATABASE_URL` to use query macros online, or run `cargo sqlx prepare` to update the query cache
[INFO] [stdout]   --> backend/auth_middleware.rs:45:16
[INFO] [stdout]    |
[INFO] [stdout] 45 |       let user = sqlx::query_as!(
[INFO] [stdout]    |  ________________^
[INFO] [stdout] 46 | |         AuthenticatedUser,
[INFO] [stdout] 47 | |         "SELECT id as user_id FROM users WHERE id = ?",
[INFO] [stdout] 48 | |         user_id
[INFO] [stdout] 49 | |     )
[INFO] [stdout]    | |_____^
[INFO] [stdout]    |
[INFO] [stdout]    = note: this error originates in the macro `$crate::sqlx_macros::expand_query` which comes from the expansion of the macro `sqlx::query_as` (in Nightly builds, run with -Z macro-backtrace for more info)
[INFO] [stdout] 
[INFO] [stdout] 
[INFO] [stdout] error: set `DATABASE_URL` to use query macros online, or run `cargo sqlx prepare` to update the query cache
[INFO] [stdout]   --> backend/routes/aid_stations.rs:45:24
[INFO] [stdout]    |
[INFO] [stdout] 45 |       let aid_stations = sqlx::query_as!(
[INFO] [stdout]    |  ________________________^
[INFO] [stdout] 46 | |         AidStation,
[INFO] [stdout] 47 | |         r#"
[INFO] [stdout] 48 | |         SELECT a.id, a.race_id, a.name, a.distance_km, a.is_crew_allowed, a.has_drop_bag, a.is_deleted, a.arrival_timestamp, a.cre...
[INFO] [stdout] ...  |
[INFO] [stdout] 54 | |         user.user_id
[INFO] [stdout] 55 | |     )
[INFO] [stdout]    | |_____^
[INFO] [stdout]    |
[INFO] [stdout]    = note: this error originates in the macro `$crate::sqlx_macros::expand_query` which comes from the expansion of the macro `sqlx::query_as` (in Nightly builds, run with -Z macro-backtrace for more info)
[INFO] [stdout] 
[INFO] [stdout] 
[INFO] [stdout] error: set `DATABASE_URL` to use query macros online, or run `cargo sqlx prepare` to update the query cache
[INFO] [stdout]   --> backend/routes/aid_stations.rs:67:23
[INFO] [stdout]    |
[INFO] [stdout] 67 |       let aid_station = sqlx::query_as!(
[INFO] [stdout]    |  _______________________^
[INFO] [stdout] 68 | |         AidStation,
[INFO] [stdout] 69 | |         r#"
[INFO] [stdout] 70 | |         INSERT INTO aid_stations (race_id, name, distance_km, is_crew_allowed, has_drop_bag, is_deleted, arrival_timestamp, create...
[INFO] [stdout] ...  |
[INFO] [stdout] 82 | |         user.user_id
[INFO] [stdout] 83 | |     )
[INFO] [stdout]    | |_____^
[INFO] [stdout]    |
[INFO] [stdout]    = note: this error originates in the macro `$crate::sqlx_macros::expand_query` which comes from the expansion of the macro `sqlx::query_as` (in Nightly builds, run with -Z macro-backtrace for more info)
[INFO] [stdout] 
[INFO] [stdout] 
[INFO] [stdout] error: set `DATABASE_URL` to use query macros online, or run `cargo sqlx prepare` to update the query cache
[INFO] [stdout]    --> backend/routes/aid_stations.rs:96:23
[INFO] [stdout]     |
[INFO] [stdout]  96 |       let aid_station = sqlx::query_as!(
[INFO] [stdout]     |  _______________________^
[INFO] [stdout]  97 | |         AidStation,
[INFO] [stdout]  98 | |         r#"
[INFO] [stdout]  99 | |         SELECT a.id, a.race_id, a.name, a.distance_km, a.is_crew_allowed, a.has_drop_bag, a.is_deleted, a.arrival_timestamp, a.cr...
[INFO] [stdout] ...   |
[INFO] [stdout] 105 | |         user.user_id
[INFO] [stdout] 106 | |     )
[INFO] [stdout]     | |_____^
[INFO] [stdout]     |
[INFO] [stdout]     = note: this error originates in the macro `$crate::sqlx_macros::expand_query` which comes from the expansion of the macro `sqlx::query_as` (in Nightly builds, run with -Z macro-backtrace for more info)
[INFO] [stdout] 
[INFO] [stdout] 
[INFO] [stdout] error: set `DATABASE_URL` to use query macros online, or run `cargo sqlx prepare` to update the query cache
[INFO] [stdout]    --> backend/routes/aid_stations.rs:119:23
[INFO] [stdout]     |
[INFO] [stdout] 119 |       let aid_station = sqlx::query_as!(
[INFO] [stdout]     |  _______________________^
[INFO] [stdout] 120 | |         AidStation,
[INFO] [stdout] 121 | |         r#"
[INFO] [stdout] 122 | |         UPDATE aid_stations
[INFO] [stdout] ...   |
[INFO] [stdout] 139 | |         user.user_id,
[INFO] [stdout] 140 | |     )
[INFO] [stdout]     | |_____^
[INFO] [stdout]     |
[INFO] [stdout]     = note: this error originates in the macro `$crate::sqlx_macros::expand_query` which comes from the expansion of the macro `sqlx::query_as` (in Nightly builds, run with -Z macro-backtrace for more info)
[INFO] [stdout] 
[INFO] [stdout] 
[INFO] [stdout] error: set `DATABASE_URL` to use query macros online, or run `cargo sqlx prepare` to update the query cache
[INFO] [stdout]    --> backend/routes/aid_stations.rs:153:23
[INFO] [stdout]     |
[INFO] [stdout] 153 |       let aid_station = sqlx::query_as!(
[INFO] [stdout]     |  _______________________^
[INFO] [stdout] 154 | |         AidStation,
[INFO] [stdout] 155 | |         r#"
[INFO] [stdout] 156 | |         UPDATE aid_stations
[INFO] [stdout] ...   |
[INFO] [stdout] 162 | |         user.user_id,
[INFO] [stdout] 163 | |     )
[INFO] [stdout]     | |_____^
[INFO] [stdout]     |
[INFO] [stdout]     = note: this error originates in the macro `$crate::sqlx_macros::expand_query` which comes from the expansion of the macro `sqlx::query_as` (in Nightly builds, run with -Z macro-backtrace for more info)
[INFO] [stdout] 
[INFO] [stdout] 
[INFO] [stdout] error: set `DATABASE_URL` to use query macros online, or run `cargo sqlx prepare` to update the query cache
[INFO] [stdout]   --> backend/routes/auth.rs:54:16
[INFO] [stdout]    |
[INFO] [stdout] 54 |       let user = sqlx::query!(
[INFO] [stdout]    |  ________________^
[INFO] [stdout] 55 | |         "SELECT id, email, password_hash FROM users WHERE email = ?",
[INFO] [stdout] 56 | |         payload.email
[INFO] [stdout] 57 | |     )
[INFO] [stdout]    | |_____^
[INFO] [stdout]    |
[INFO] [stdout]    = note: this error originates in the macro `$crate::sqlx_macros::expand_query` which comes from the expansion of the macro `sqlx::query` (in Nightly builds, run with -Z macro-backtrace for more info)
[INFO] [stdout] 
[INFO] [stdout] 
[INFO] [stdout] error: set `DATABASE_URL` to use query macros online, or run `cargo sqlx prepare` to update the query cache
[INFO] [stdout]   --> backend/routes/auth.rs:87:18
[INFO] [stdout]    |
[INFO] [stdout] 87 |       let result = sqlx::query!(
[INFO] [stdout]    |  __________________^
[INFO] [stdout] 88 | |         "INSERT INTO users (name, email, password_hash, provider) VALUES (?, ?, ?, ?)",
[INFO] [stdout] 89 | |         payload.name,
[INFO] [stdout] 90 | |         payload.email,
[INFO] [stdout] 91 | |         password_hash,
[INFO] [stdout] 92 | |         "username-password"
[INFO] [stdout] 93 | |     )
[INFO] [stdout]    | |_____^
[INFO] [stdout]    |
[INFO] [stdout]    = note: this error originates in the macro `$crate::sqlx_macros::expand_query` which comes from the expansion of the macro `sqlx::query` (in Nightly builds, run with -Z macro-backtrace for more info)
[INFO] [stdout] 
[INFO] [stdout] 
[INFO] [stdout] error: set `DATABASE_URL` to use query macros online, or run `cargo sqlx prepare` to update the query cache
[INFO] [stdout]   --> backend/routes/courses.rs:26:27
[INFO] [stdout]    |
[INFO] [stdout] 26 |       let has_race_access = sqlx::query_scalar!(
[INFO] [stdout]    |  ___________________________^
[INFO] [stdout] 27 | |         r#"
[INFO] [stdout] 28 | |         SELECT EXISTS (
[INFO] [stdout] 29 | |             SELECT 1 FROM races r
[INFO] [stdout] ...  |
[INFO] [stdout] 34 | |         user.user_id
[INFO] [stdout] 35 | |     )
[INFO] [stdout]    | |_____^
[INFO] [stdout]    |
[INFO] [stdout]    = note: this error originates in the macro `$crate::sqlx_macros::expand_query` which comes from the expansion of the macro `sqlx::query_scalar` (in Nightly builds, run with -Z macro-backtrace for more info)
[INFO] [stdout] 
[INFO] [stdout] 
[INFO] [stdout] error: set `DATABASE_URL` to use query macros online, or run `cargo sqlx prepare` to update the query cache
[INFO] [stdout]   --> backend/routes/courses.rs:72:18
[INFO] [stdout]    |
[INFO] [stdout] 72 |       let course = sqlx::query_as!(
[INFO] [stdout]    |  __________________^
[INFO] [stdout] 73 | |         Course,
[INFO] [stdout] 74 | |         r#"
[INFO] [stdout] 75 | |         INSERT INTO courses (race_id, total_distance_km, total_elevation_gain_m, total_elevation_loss_m, is_deleted, created_at, u...
[INFO] [stdout] ...  |
[INFO] [stdout] 82 | |         segments.iter().map(|s| s.loss_m).sum::<f64>(),
[INFO] [stdout] 83 | |     )
[INFO] [stdout]    | |_____^
[INFO] [stdout]    |
[INFO] [stdout]    = note: this error originates in the macro `$crate::sqlx_macros::expand_query` which comes from the expansion of the macro `sqlx::query_as` (in Nightly builds, run with -Z macro-backtrace for more info)
[INFO] [stdout] 
[INFO] [stdout] 
[INFO] [stdout] error: set `DATABASE_URL` to use query macros online, or run `cargo sqlx prepare` to update the query cache
[INFO] [stdout]   --> backend/routes/races.rs:58:17
[INFO] [stdout]    |
[INFO] [stdout] 58 |       let races = sqlx::query_as!(
[INFO] [stdout]    |  _________________^
[INFO] [stdout] 59 | |         RaceListRace,
[INFO] [stdout] 60 | |         r#"
[INFO] [stdout] 61 | |         SELECT r.id, r.runner_id, r.name, u.name as runner_name, r.event_date, r.is_deleted, r.distance_km, r.goal_duration
[INFO] [stdout] ...  |
[INFO] [stdout] 67 | |         user.user_id
[INFO] [stdout] 68 | |     )
[INFO] [stdout]    | |_____^
[INFO] [stdout]    |
[INFO] [stdout]    = note: this error originates in the macro `$crate::sqlx_macros::expand_query` which comes from the expansion of the macro `sqlx::query_as` (in Nightly builds, run with -Z macro-backtrace for more info)
[INFO] [stdout] 
[INFO] [stdout] 
[INFO] [stdout] error: set `DATABASE_URL` to use query macros online, or run `cargo sqlx prepare` to update the query cache
[INFO] [stdout]   --> backend/routes/races.rs:80:16
[INFO] [stdout]    |
[INFO] [stdout] 80 |       let race = sqlx::query_as!(
[INFO] [stdout]    |  ________________^
[INFO] [stdout] 81 | |         Race,
[INFO] [stdout] 82 | |         r#"
[INFO] [stdout] 83 | |         INSERT INTO races (runner_id, name, event_date, distance_km, goal_duration, pacing_strategy, default_aid_station_duration,...
[INFO] [stdout] ...  |
[INFO] [stdout] 93 | |         payload.default_aid_station_duration
[INFO] [stdout] 94 | |     )
[INFO] [stdout]    | |_____^
[INFO] [stdout]    |
[INFO] [stdout]    = note: this error originates in the macro `$crate::sqlx_macros::expand_query` which comes from the expansion of the macro `sqlx::query_as` (in Nightly builds, run with -Z macro-backtrace for more info)
[INFO] [stdout] 
[INFO] [stdout] 
[INFO] [stdout] error: set `DATABASE_URL` to use query macros online, or run `cargo sqlx prepare` to update the query cache
[INFO] [stdout]    --> backend/routes/races.rs:106:16
[INFO] [stdout]     |
[INFO] [stdout] 106 |       let race = sqlx::query_as!(
[INFO] [stdout]     |  ________________^
[INFO] [stdout] 107 | |         Race,
[INFO] [stdout] 108 | |         r#"
[INFO] [stdout] 109 | |         SELECT id, runner_id, name, event_date, is_deleted, distance_km, goal_duration, pacing_strategy, default_aid_station_dura...
[INFO] [stdout] ...   |
[INFO] [stdout] 114 | |         user.user_id
[INFO] [stdout] 115 | |     )
[INFO] [stdout]     | |_____^
[INFO] [stdout]     |
[INFO] [stdout]     = note: this error originates in the macro `$crate::sqlx_macros::expand_query` which comes from the expansion of the macro `sqlx::query_as` (in Nightly builds, run with -Z macro-backtrace for more info)
[INFO] [stdout] 
[INFO] [stdout] 
[INFO] [stdout] error: set `DATABASE_URL` to use query macros online, or run `cargo sqlx prepare` to update the query cache
[INFO] [stdout]    --> backend/routes/races.rs:128:16
[INFO] [stdout]     |
[INFO] [stdout] 128 |       let race = sqlx::query_as!(
[INFO] [stdout]     |  ________________^
[INFO] [stdout] 129 | |         Race,
[INFO] [stdout] 130 | |         r#"
[INFO] [stdout] 131 | |         UPDATE races
[INFO] [stdout] ...   |
[INFO] [stdout] 150 | |         user.user_id,
[INFO] [stdout] 151 | |     )
[INFO] [stdout]     | |_____^
[INFO] [stdout]     |
[INFO] [stdout]     = note: this error originates in the macro `$crate::sqlx_macros::expand_query` which comes from the expansion of the macro `sqlx::query_as` (in Nightly builds, run with -Z macro-backtrace for more info)
[INFO] [stdout] 
[INFO] [stdout] 
[INFO] [stdout] error: set `DATABASE_URL` to use query macros online, or run `cargo sqlx prepare` to update the query cache
[INFO] [stdout]    --> backend/routes/races.rs:164:16
[INFO] [stdout]     |
[INFO] [stdout] 164 |       let race = sqlx::query_as!(
[INFO] [stdout]     |  ________________^
[INFO] [stdout] 165 | |         Race,
[INFO] [stdout] 166 | |         r#"
[INFO] [stdout] 167 | |         UPDATE races
[INFO] [stdout] ...   |
[INFO] [stdout] 173 | |         user.user_id,
[INFO] [stdout] 174 | |     )
[INFO] [stdout]     | |_____^
[INFO] [stdout]     |
[INFO] [stdout]     = note: this error originates in the macro `$crate::sqlx_macros::expand_query` which comes from the expansion of the macro `sqlx::query_as` (in Nightly builds, run with -Z macro-backtrace for more info)
[INFO] [stdout] 
[INFO] [stdout] 
[INFO] [stdout] error: set `DATABASE_URL` to use query macros online, or run `cargo sqlx prepare` to update the query cache
[INFO] [stdout]   --> backend/routes/users.rs:23:16
[INFO] [stdout]    |
[INFO] [stdout] 23 |       let user = sqlx::query_as!(
[INFO] [stdout]    |  ________________^
[INFO] [stdout] 24 | |         User,
[INFO] [stdout] 25 | |         r#"
[INFO] [stdout] 26 | |         SELECT id, email, name, provider, is_active, '' as password_hash, created_at, updated_at
[INFO] [stdout] ...  |
[INFO] [stdout] 30 | |         id
[INFO] [stdout] 31 | |     )
[INFO] [stdout]    | |_____^
[INFO] [stdout]    |
[INFO] [stdout]    = note: this error originates in the macro `$crate::sqlx_macros::expand_query` which comes from the expansion of the macro `sqlx::query_as` (in Nightly builds, run with -Z macro-backtrace for more info)
[INFO] [stdout] 
[INFO] [stdout] 
[INFO] [stdout] error: #[derive(RustEmbed)] folder '/opt/rustwide/workdir/build/' does not exist. cwd: '/opt/rustwide/workdir'
[INFO] [stdout]   --> backend/main.rs:21:1
[INFO] [stdout]    |
[INFO] [stdout] 21 | / #[allow(dead_code)]
[INFO] [stdout] 22 | | #[derive(Embed, Clone)]
[INFO] [stdout] 23 | | #[folder = "build/"]
[INFO] [stdout] 24 | | struct Assets;
[INFO] [stdout]    | |______________^
[INFO] [stdout] 
[INFO] [stdout] 
[INFO] [stdout] error: set `DATABASE_URL` to use query macros online, or run `cargo sqlx prepare` to update the query cache
[INFO] [stdout]   --> backend/auth_middleware.rs:45:16
[INFO] [stdout]    |
[INFO] [stdout] 45 |       let user = sqlx::query_as!(
[INFO] [stdout]    |  ________________^
[INFO] [stdout] 46 | |         AuthenticatedUser,
[INFO] [stdout] 47 | |         "SELECT id as user_id FROM users WHERE id = ?",
[INFO] [stdout] 48 | |         user_id
[INFO] [stdout] 49 | |     )
[INFO] [stdout]    | |_____^
[INFO] [stdout]    |
[INFO] [stdout]    = note: this error originates in the macro `$crate::sqlx_macros::expand_query` which comes from the expansion of the macro `sqlx::query_as` (in Nightly builds, run with -Z macro-backtrace for more info)
[INFO] [stdout] 
[INFO] [stdout] 
[INFO] [stdout] warning: method call on a diverging inference variable
[INFO] [stdout]   --> backend/routes/aid_stations.rs:86:6
[INFO] [stdout]    |
[INFO] [stdout] 86 |     .ok_or_else(|| AppError::NotFound("Race not found".into()))?;
[INFO] [stdout]    |      ^^^^^^^^^^
[INFO] [stdout]    |
[INFO] [stdout]    = help: consider providing a type annotation
[INFO] [stdout]    = warning: this was previously accepted by the compiler but is being phased out; it will become a hard error in a future release!
[INFO] [stdout]    = note: for more information, see issue #156047 <https://github.com/rust-lang/rust/issues/156047>
[INFO] [stdout]    = note: `#[warn(method_call_on_diverging_infer_var)]` (part of `#[warn(future_incompatible)]`) on by default
[INFO] [stdout] 
[INFO] [stdout] 
[INFO] [stdout] error: set `DATABASE_URL` to use query macros online, or run `cargo sqlx prepare` to update the query cache
[INFO] [stdout]   --> backend/routes/aid_stations.rs:45:24
[INFO] [stdout]    |
[INFO] [stdout] 45 |       let aid_stations = sqlx::query_as!(
[INFO] [stdout]    |  ________________________^
[INFO] [stdout] 46 | |         AidStation,
[INFO] [stdout] 47 | |         r#"
[INFO] [stdout] 48 | |         SELECT a.id, a.race_id, a.name, a.distance_km, a.is_crew_allowed, a.has_drop_bag, a.is_deleted, a.arrival_timestamp, a.cre...
[INFO] [stdout] ...  |
[INFO] [stdout] 54 | |         user.user_id
[INFO] [stdout] 55 | |     )
[INFO] [stdout]    | |_____^
[INFO] [stdout]    |
[INFO] [stdout]    = note: this error originates in the macro `$crate::sqlx_macros::expand_query` which comes from the expansion of the macro `sqlx::query_as` (in Nightly builds, run with -Z macro-backtrace for more info)
[INFO] [stdout] 
[INFO] [stdout] 
[INFO] [stdout] error: set `DATABASE_URL` to use query macros online, or run `cargo sqlx prepare` to update the query cache
[INFO] [stdout]   --> backend/routes/aid_stations.rs:67:23
[INFO] [stdout]    |
[INFO] [stdout] 67 |       let aid_station = sqlx::query_as!(
[INFO] [stdout]    |  _______________________^
[INFO] [stdout] 68 | |         AidStation,
[INFO] [stdout] 69 | |         r#"
[INFO] [stdout] 70 | |         INSERT INTO aid_stations (race_id, name, distance_km, is_crew_allowed, has_drop_bag, is_deleted, arrival_timestamp, create...
[INFO] [stdout] ...  |
[INFO] [stdout] 82 | |         user.user_id
[INFO] [stdout] 83 | |     )
[INFO] [stdout]    | |_____^
[INFO] [stdout]    |
[INFO] [stdout]    = note: this error originates in the macro `$crate::sqlx_macros::expand_query` which comes from the expansion of the macro `sqlx::query_as` (in Nightly builds, run with -Z macro-backtrace for more info)
[INFO] [stdout] 
[INFO] [stdout] 
[INFO] [stdout] error: set `DATABASE_URL` to use query macros online, or run `cargo sqlx prepare` to update the query cache
[INFO] [stdout]    --> backend/routes/aid_stations.rs:96:23
[INFO] [stdout]     |
[INFO] [stdout]  96 |       let aid_station = sqlx::query_as!(
[INFO] [stdout]     |  _______________________^
[INFO] [stdout]  97 | |         AidStation,
[INFO] [stdout]  98 | |         r#"
[INFO] [stdout]  99 | |         SELECT a.id, a.race_id, a.name, a.distance_km, a.is_crew_allowed, a.has_drop_bag, a.is_deleted, a.arrival_timestamp, a.cr...
[INFO] [stdout] ...   |
[INFO] [stdout] 105 | |         user.user_id
[INFO] [stdout] 106 | |     )
[INFO] [stdout]     | |_____^
[INFO] [stdout]     |
[INFO] [stdout]     = note: this error originates in the macro `$crate::sqlx_macros::expand_query` which comes from the expansion of the macro `sqlx::query_as` (in Nightly builds, run with -Z macro-backtrace for more info)
[INFO] [stdout] 
[INFO] [stdout] 
[INFO] [stdout] error: set `DATABASE_URL` to use query macros online, or run `cargo sqlx prepare` to update the query cache
[INFO] [stdout]    --> backend/routes/aid_stations.rs:119:23
[INFO] [stdout]     |
[INFO] [stdout] 119 |       let aid_station = sqlx::query_as!(
[INFO] [stdout]     |  _______________________^
[INFO] [stdout] 120 | |         AidStation,
[INFO] [stdout] 121 | |         r#"
[INFO] [stdout] 122 | |         UPDATE aid_stations
[INFO] [stdout] ...   |
[INFO] [stdout] 139 | |         user.user_id,
[INFO] [stdout] 140 | |     )
[INFO] [stdout]     | |_____^
[INFO] [stdout]     |
[INFO] [stdout]     = note: this error originates in the macro `$crate::sqlx_macros::expand_query` which comes from the expansion of the macro `sqlx::query_as` (in Nightly builds, run with -Z macro-backtrace for more info)
[INFO] [stdout] 
[INFO] [stdout] 
[INFO] [stdout] error: set `DATABASE_URL` to use query macros online, or run `cargo sqlx prepare` to update the query cache
[INFO] [stdout]    --> backend/routes/aid_stations.rs:153:23
[INFO] [stdout]     |
[INFO] [stdout] 153 |       let aid_station = sqlx::query_as!(
[INFO] [stdout]     |  _______________________^
[INFO] [stdout] 154 | |         AidStation,
[INFO] [stdout] 155 | |         r#"
[INFO] [stdout] 156 | |         UPDATE aid_stations
[INFO] [stdout] ...   |
[INFO] [stdout] 162 | |         user.user_id,
[INFO] [stdout] 163 | |     )
[INFO] [stdout]     | |_____^
[INFO] [stdout]     |
[INFO] [stdout]     = note: this error originates in the macro `$crate::sqlx_macros::expand_query` which comes from the expansion of the macro `sqlx::query_as` (in Nightly builds, run with -Z macro-backtrace for more info)
[INFO] [stdout] 
[INFO] [stdout] 
[INFO] [stdout] error: set `DATABASE_URL` to use query macros online, or run `cargo sqlx prepare` to update the query cache
[INFO] [stdout]   --> backend/routes/auth.rs:54:16
[INFO] [stdout]    |
[INFO] [stdout] 54 |       let user = sqlx::query!(
[INFO] [stdout]    |  ________________^
[INFO] [stdout] 55 | |         "SELECT id, email, password_hash FROM users WHERE email = ?",
[INFO] [stdout] 56 | |         payload.email
[INFO] [stdout] 57 | |     )
[INFO] [stdout]    | |_____^
[INFO] [stdout]    |
[INFO] [stdout]    = note: this error originates in the macro `$crate::sqlx_macros::expand_query` which comes from the expansion of the macro `sqlx::query` (in Nightly builds, run with -Z macro-backtrace for more info)
[INFO] [stdout] 
[INFO] [stdout] 
[INFO] [stdout] error: set `DATABASE_URL` to use query macros online, or run `cargo sqlx prepare` to update the query cache
[INFO] [stdout]   --> backend/routes/auth.rs:87:18
[INFO] [stdout]    |
[INFO] [stdout] 87 |       let result = sqlx::query!(
[INFO] [stdout]    |  __________________^
[INFO] [stdout] 88 | |         "INSERT INTO users (name, email, password_hash, provider) VALUES (?, ?, ?, ?)",
[INFO] [stdout] 89 | |         payload.name,
[INFO] [stdout] 90 | |         payload.email,
[INFO] [stdout] 91 | |         password_hash,
[INFO] [stdout] 92 | |         "username-password"
[INFO] [stdout] 93 | |     )
[INFO] [stdout]    | |_____^
[INFO] [stdout]    |
[INFO] [stdout]    = note: this error originates in the macro `$crate::sqlx_macros::expand_query` which comes from the expansion of the macro `sqlx::query` (in Nightly builds, run with -Z macro-backtrace for more info)
[INFO] [stdout] 
[INFO] [stdout] 
[INFO] [stdout] error: set `DATABASE_URL` to use query macros online, or run `cargo sqlx prepare` to update the query cache
[INFO] [stdout]   --> backend/routes/courses.rs:26:27
[INFO] [stdout]    |
[INFO] [stdout] 26 |       let has_race_access = sqlx::query_scalar!(
[INFO] [stdout]    |  ___________________________^
[INFO] [stdout] 27 | |         r#"
[INFO] [stdout] 28 | |         SELECT EXISTS (
[INFO] [stdout] 29 | |             SELECT 1 FROM races r
[INFO] [stdout] ...  |
[INFO] [stdout] 34 | |         user.user_id
[INFO] [stdout] 35 | |     )
[INFO] [stdout]    | |_____^
[INFO] [stdout]    |
[INFO] [stdout]    = note: this error originates in the macro `$crate::sqlx_macros::expand_query` which comes from the expansion of the macro `sqlx::query_scalar` (in Nightly builds, run with -Z macro-backtrace for more info)
[INFO] [stdout] 
[INFO] [stdout] 
[INFO] [stdout] error: set `DATABASE_URL` to use query macros online, or run `cargo sqlx prepare` to update the query cache
[INFO] [stdout]   --> backend/routes/courses.rs:72:18
[INFO] [stdout]    |
[INFO] [stdout] 72 |       let course = sqlx::query_as!(
[INFO] [stdout]    |  __________________^
[INFO] [stdout] 73 | |         Course,
[INFO] [stdout] 74 | |         r#"
[INFO] [stdout] 75 | |         INSERT INTO courses (race_id, total_distance_km, total_elevation_gain_m, total_elevation_loss_m, is_deleted, created_at, u...
[INFO] [stdout] ...  |
[INFO] [stdout] 82 | |         segments.iter().map(|s| s.loss_m).sum::<f64>(),
[INFO] [stdout] 83 | |     )
[INFO] [stdout]    | |_____^
[INFO] [stdout]    |
[INFO] [stdout]    = note: this error originates in the macro `$crate::sqlx_macros::expand_query` which comes from the expansion of the macro `sqlx::query_as` (in Nightly builds, run with -Z macro-backtrace for more info)
[INFO] [stdout] 
[INFO] [stdout] 
[INFO] [stdout] error: set `DATABASE_URL` to use query macros online, or run `cargo sqlx prepare` to update the query cache
[INFO] [stdout]   --> backend/routes/races.rs:58:17
[INFO] [stdout]    |
[INFO] [stdout] 58 |       let races = sqlx::query_as!(
[INFO] [stdout]    |  _________________^
[INFO] [stdout] 59 | |         RaceListRace,
[INFO] [stdout] 60 | |         r#"
[INFO] [stdout] 61 | |         SELECT r.id, r.runner_id, r.name, u.name as runner_name, r.event_date, r.is_deleted, r.distance_km, r.goal_duration
[INFO] [stdout] ...  |
[INFO] [stdout] 67 | |         user.user_id
[INFO] [stdout] 68 | |     )
[INFO] [stdout]    | |_____^
[INFO] [stdout]    |
[INFO] [stdout]    = note: this error originates in the macro `$crate::sqlx_macros::expand_query` which comes from the expansion of the macro `sqlx::query_as` (in Nightly builds, run with -Z macro-backtrace for more info)
[INFO] [stdout] 
[INFO] [stdout] 
[INFO] [stdout] error: set `DATABASE_URL` to use query macros online, or run `cargo sqlx prepare` to update the query cache
[INFO] [stdout]   --> backend/routes/races.rs:80:16
[INFO] [stdout]    |
[INFO] [stdout] 80 |       let race = sqlx::query_as!(
[INFO] [stdout]    |  ________________^
[INFO] [stdout] 81 | |         Race,
[INFO] [stdout] 82 | |         r#"
[INFO] [stdout] 83 | |         INSERT INTO races (runner_id, name, event_date, distance_km, goal_duration, pacing_strategy, default_aid_station_duration,...
[INFO] [stdout] ...  |
[INFO] [stdout] 93 | |         payload.default_aid_station_duration
[INFO] [stdout] 94 | |     )
[INFO] [stdout]    | |_____^
[INFO] [stdout]    |
[INFO] [stdout]    = note: this error originates in the macro `$crate::sqlx_macros::expand_query` which comes from the expansion of the macro `sqlx::query_as` (in Nightly builds, run with -Z macro-backtrace for more info)
[INFO] [stdout] 
[INFO] [stdout] 
[INFO] [stdout] error: set `DATABASE_URL` to use query macros online, or run `cargo sqlx prepare` to update the query cache
[INFO] [stdout]    --> backend/routes/races.rs:106:16
[INFO] [stdout]     |
[INFO] [stdout] 106 |       let race = sqlx::query_as!(
[INFO] [stdout]     |  ________________^
[INFO] [stdout] 107 | |         Race,
[INFO] [stdout] 108 | |         r#"
[INFO] [stdout] 109 | |         SELECT id, runner_id, name, event_date, is_deleted, distance_km, goal_duration, pacing_strategy, default_aid_station_dura...
[INFO] [stdout] ...   |
[INFO] [stdout] 114 | |         user.user_id
[INFO] [stdout] 115 | |     )
[INFO] [stdout]     | |_____^
[INFO] [stdout]     |
[INFO] [stdout]     = note: this error originates in the macro `$crate::sqlx_macros::expand_query` which comes from the expansion of the macro `sqlx::query_as` (in Nightly builds, run with -Z macro-backtrace for more info)
[INFO] [stdout] 
[INFO] [stdout] 
[INFO] [stdout] error: set `DATABASE_URL` to use query macros online, or run `cargo sqlx prepare` to update the query cache
[INFO] [stdout]    --> backend/routes/races.rs:128:16
[INFO] [stdout]     |
[INFO] [stdout] 128 |       let race = sqlx::query_as!(
[INFO] [stdout]     |  ________________^
[INFO] [stdout] 129 | |         Race,
[INFO] [stdout] 130 | |         r#"
[INFO] [stdout] 131 | |         UPDATE races
[INFO] [stdout] ...   |
[INFO] [stdout] 150 | |         user.user_id,
[INFO] [stdout] 151 | |     )
[INFO] [stdout]     | |_____^
[INFO] [stdout]     |
[INFO] [stdout]     = note: this error originates in the macro `$crate::sqlx_macros::expand_query` which comes from the expansion of the macro `sqlx::query_as` (in Nightly builds, run with -Z macro-backtrace for more info)
[INFO] [stdout] 
[INFO] [stdout] 
[INFO] [stdout] error: set `DATABASE_URL` to use query macros online, or run `cargo sqlx prepare` to update the query cache
[INFO] [stdout]    --> backend/routes/races.rs:164:16
[INFO] [stdout]     |
[INFO] [stdout] 164 |       let race = sqlx::query_as!(
[INFO] [stdout]     |  ________________^
[INFO] [stdout] 165 | |         Race,
[INFO] [stdout] 166 | |         r#"
[INFO] [stdout] 167 | |         UPDATE races
[INFO] [stdout] ...   |
[INFO] [stdout] 173 | |         user.user_id,
[INFO] [stdout] 174 | |     )
[INFO] [stdout]     | |_____^
[INFO] [stdout]     |
[INFO] [stdout]     = note: this error originates in the macro `$crate::sqlx_macros::expand_query` which comes from the expansion of the macro `sqlx::query_as` (in Nightly builds, run with -Z macro-backtrace for more info)
[INFO] [stdout] 
[INFO] [stdout] 
[INFO] [stdout] error: set `DATABASE_URL` to use query macros online, or run `cargo sqlx prepare` to update the query cache
[INFO] [stdout]   --> backend/routes/users.rs:23:16
[INFO] [stdout]    |
[INFO] [stdout] 23 |       let user = sqlx::query_as!(
[INFO] [stdout]    |  ________________^
[INFO] [stdout] 24 | |         User,
[INFO] [stdout] 25 | |         r#"
[INFO] [stdout] 26 | |         SELECT id, email, name, provider, is_active, '' as password_hash, created_at, updated_at
[INFO] [stdout] ...  |
[INFO] [stdout] 30 | |         id
[INFO] [stdout] 31 | |     )
[INFO] [stdout]    | |_____^
[INFO] [stdout]    |
[INFO] [stdout]    = note: this error originates in the macro `$crate::sqlx_macros::expand_query` which comes from the expansion of the macro `sqlx::query_as` (in Nightly builds, run with -Z macro-backtrace for more info)
[INFO] [stdout] 
[INFO] [stdout] 
[INFO] [stdout] error: #[derive(RustEmbed)] folder '/opt/rustwide/workdir/build/' does not exist. cwd: '/opt/rustwide/workdir'
[INFO] [stdout]   --> backend/main.rs:21:1
[INFO] [stdout]    |
[INFO] [stdout] 21 | / #[allow(dead_code)]
[INFO] [stdout] 22 | | #[derive(Embed, Clone)]
[INFO] [stdout] 23 | | #[folder = "build/"]
[INFO] [stdout] 24 | | struct Assets;
[INFO] [stdout]    | |______________^
[INFO] [stdout] 
[INFO] [stdout] 
[INFO] [stdout] error[E0599]: no method named `ok_or_else` found for type `!` in the current scope
[INFO] [stdout]   --> backend/routes/aid_stations.rs:86:6
[INFO] [stdout]    |
[INFO] [stdout] 67 |     let aid_station = sqlx::query_as!(
[INFO] [stdout] 68 |         AidStation,
[INFO] [stdout] 69 |         r#"
[INFO] [stdout] 70 |         INSERT INTO aid_stations (race_id, name, distance_km, is_crew_allowed, has_drop_bag, is_deleted, arrival_timestamp, created_...
[INFO] [stdout] 71 |         SELECT r.id, ?, ?, COALESCE(?, FALSE), COALESCE(?, FALSE), FALSE, ?, CURRENT_TIMESTAMP, CURRENT_TIMESTAMP
[INFO] [stdout] 72 |         FROM races r
[INFO] [stdout] 73 |         WHERE r.id = ? AND r.runner_id = ? AND r.is_deleted = FALSE
[INFO] [stdout] 74 |         RETURNING id as "id!", race_id as "race_id!", name as "name!", distance_km as "distance_km!", is_crew_allowed as "is_crew_al...
[INFO] [stdout] 75 |         "#,
[INFO] [stdout] 76 |         payload.name,
[INFO] [stdout] 77 |         payload.distance_km,
[INFO] [stdout] 78 |         payload.is_crew_allowed,
[INFO] [stdout] 79 |         payload.has_drop_bag,
[INFO] [stdout] 80 |         payload.arrival_timestamp,
[INFO] [stdout] 81 |         payload.race_id,
[INFO] [stdout] 82 |         user.user_id
[INFO] [stdout] 83 |     )
[INFO] [stdout] 84 |     .fetch_optional(&state.db)
[INFO] [stdout] 85 |     .await?
[INFO] [stdout] 86 |     .ok_or_else(|| AppError::NotFound("Race not found".into()))?;
[INFO] [stdout]    |      ^^^^^^^^^^ method not found in `!`
[INFO] [stdout] 
[INFO] [stdout] 
[INFO] [stdout] warning: method call on a diverging inference variable
[INFO] [stdout]    --> backend/routes/aid_stations.rs:143:6
[INFO] [stdout]     |
[INFO] [stdout] 143 |     .ok_or_else(|| AppError::NotFound("Aid station not found or already deleted".into()))?;
[INFO] [stdout]     |      ^^^^^^^^^^
[INFO] [stdout]     |
[INFO] [stdout]     = help: consider providing a type annotation
[INFO] [stdout]     = warning: this was previously accepted by the compiler but is being phased out; it will become a hard error in a future release!
[INFO] [stdout]     = note: for more information, see issue #156047 <https://github.com/rust-lang/rust/issues/156047>
[INFO] [stdout] 
[INFO] [stdout] 
[INFO] [stdout] warning: method call on a diverging inference variable
[INFO] [stdout]   --> backend/routes/aid_stations.rs:86:6
[INFO] [stdout]    |
[INFO] [stdout] 86 |     .ok_or_else(|| AppError::NotFound("Race not found".into()))?;
[INFO] [stdout]    |      ^^^^^^^^^^
[INFO] [stdout]    |
[INFO] [stdout]    = help: consider providing a type annotation
[INFO] [stdout]    = warning: this was previously accepted by the compiler but is being phased out; it will become a hard error in a future release!
[INFO] [stdout]    = note: for more information, see issue #156047 <https://github.com/rust-lang/rust/issues/156047>
[INFO] [stdout]    = note: `#[warn(method_call_on_diverging_infer_var)]` (part of `#[warn(future_incompatible)]`) on by default
[INFO] [stdout] 
[INFO] [stdout] 
[INFO] [stdout] error[E0599]: no method named `ok_or_else` found for type `!` in the current scope
[INFO] [stdout]    --> backend/routes/aid_stations.rs:143:6
[INFO] [stdout]     |
[INFO] [stdout] 119 |     let aid_station = sqlx::query_as!(
[INFO] [stdout] 120 |         AidStation,
[INFO] [stdout] 121 |         r#"
[INFO] [stdout] 122 |         UPDATE aid_stations
[INFO] [stdout] 123 |         SET
[INFO] [stdout] 124 |             name = COALESCE(?, name),
[INFO] [stdout] 125 |             distance_km = COALESCE(?, distance_km),
[INFO] [stdout] 126 |             is_crew_allowed = COALESCE(?, is_crew_allowed),
[INFO] [stdout] 127 |             has_drop_bag = COALESCE(?, has_drop_bag),
[INFO] [stdout] 128 |             arrival_timestamp = COALESCE(?, arrival_timestamp),
[INFO] [stdout] 129 |             updated_at = CURRENT_TIMESTAMP
[INFO] [stdout] 130 |         WHERE id = ? AND race_id IN (SELECT id FROM races WHERE runner_id = ? AND is_deleted = FALSE) AND is_deleted = FALSE
[INFO] [stdout] 131 |         RETURNING id, race_id, name, distance_km, is_crew_allowed, has_drop_bag, is_deleted, arrival_timestamp, created_at, updated_at
[INFO] [stdout] 132 |         "#,
[INFO] [stdout] 133 |         payload.name,
[INFO] [stdout] 134 |         payload.distance_km,
[INFO] [stdout] 135 |         payload.is_crew_allowed,
[INFO] [stdout] 136 |         payload.has_drop_bag,
[INFO] [stdout] 137 |         payload.arrival_timestamp,
[INFO] [stdout] 138 |         id,
[INFO] [stdout] 139 |         user.user_id,
[INFO] [stdout] 140 |     )
[INFO] [stdout] 141 |     .fetch_optional(&state.db)
[INFO] [stdout] 142 |     .await?
[INFO] [stdout] 143 |     .ok_or_else(|| AppError::NotFound("Aid station not found or already deleted".into()))?;
[INFO] [stdout]     |      ^^^^^^^^^^ method not found in `!`
[INFO] [stdout] 
[INFO] [stdout] 
[INFO] [stdout] warning: method call on a diverging inference variable
[INFO] [stdout]    --> backend/routes/aid_stations.rs:166:6
[INFO] [stdout]     |
[INFO] [stdout] 166 |     .ok_or_else(|| AppError::NotFound("Aid station not found".into()))?;
[INFO] [stdout]     |      ^^^^^^^^^^
[INFO] [stdout]     |
[INFO] [stdout]     = help: consider providing a type annotation
[INFO] [stdout]     = warning: this was previously accepted by the compiler but is being phased out; it will become a hard error in a future release!
[INFO] [stdout]     = note: for more information, see issue #156047 <https://github.com/rust-lang/rust/issues/156047>
[INFO] [stdout] 
[INFO] [stdout] 
[INFO] [stdout] error[E0599]: no method named `ok_or_else` found for type `!` in the current scope
[INFO] [stdout]    --> backend/routes/aid_stations.rs:166:6
[INFO] [stdout]     |
[INFO] [stdout] 153 |     let aid_station = sqlx::query_as!(
[INFO] [stdout] 154 |         AidStation,
[INFO] [stdout] 155 |         r#"
[INFO] [stdout] 156 |         UPDATE aid_stations
[INFO] [stdout] 157 |         SET is_deleted = TRUE, updated_at = CURRENT_TIMESTAMP
[INFO] [stdout] 158 |         WHERE id = ? AND race_id IN (SELECT id FROM races WHERE runner_id = ? AND is_deleted = FALSE) AND is_deleted = FALSE
[INFO] [stdout] 159 |         RETURNING id, race_id, name, distance_km, is_crew_allowed, has_drop_bag, is_deleted, arrival_timestamp, created_at, updated_at
[INFO] [stdout] 160 |         "#,
[INFO] [stdout] 161 |         id,
[INFO] [stdout] 162 |         user.user_id,
[INFO] [stdout] 163 |     )
[INFO] [stdout] 164 |     .fetch_optional(&state.db)
[INFO] [stdout] 165 |     .await?
[INFO] [stdout] 166 |     .ok_or_else(|| AppError::NotFound("Aid station not found".into()))?;
[INFO] [stdout]     |      ^^^^^^^^^^ method not found in `!`
[INFO] [stdout] 
[INFO] [stdout] 
[INFO] [stdout] warning: method call on a diverging inference variable
[INFO] [stdout]   --> backend/routes/auth.rs:97:21
[INFO] [stdout]    |
[INFO] [stdout] 97 |     let id = result.last_insert_rowid();
[INFO] [stdout]    |                     ^^^^^^^^^^^^^^^^^
[INFO] [stdout]    |
[INFO] [stdout]    = help: consider providing a type annotation
[INFO] [stdout]    = warning: this was previously accepted by the compiler but is being phased out; it will become a hard error in a future release!
[INFO] [stdout]    = note: for more information, see issue #156047 <https://github.com/rust-lang/rust/issues/156047>
[INFO] [stdout] 
[INFO] [stdout] 
[INFO] [stdout] error[E0599]: no method named `last_insert_rowid` found for type `!` in the current scope
[INFO] [stdout]   --> backend/routes/auth.rs:97:21
[INFO] [stdout]    |
[INFO] [stdout] 97 |     let id = result.last_insert_rowid();
[INFO] [stdout]    |                     ^^^^^^^^^^^^^^^^^ method not found in `!`
[INFO] [stdout] 
[INFO] [stdout] 
[INFO] [stdout] warning: method call on a diverging inference variable
[INFO] [stdout]   --> backend/routes/courses.rs:38:6
[INFO] [stdout]    |
[INFO] [stdout] 38 |     .ok_or_else(|| AppError::NotFound("Race not found".into()))?;
[INFO] [stdout]    |      ^^^^^^^^^^
[INFO] [stdout]    |
[INFO] [stdout]    = help: consider providing a type annotation
[INFO] [stdout]    = warning: this was previously accepted by the compiler but is being phased out; it will become a hard error in a future release!
[INFO] [stdout]    = note: for more information, see issue #156047 <https://github.com/rust-lang/rust/issues/156047>
[INFO] [stdout] 
[INFO] [stdout] 
[INFO] [stdout] error[E0599]: no method named `ok_or_else` found for type `!` in the current scope
[INFO] [stdout]   --> backend/routes/courses.rs:38:6
[INFO] [stdout]    |
[INFO] [stdout] 26 |     let has_race_access = sqlx::query_scalar!(
[INFO] [stdout] 27 |         r#"
[INFO] [stdout] 28 |         SELECT EXISTS (
[INFO] [stdout] 29 |             SELECT 1 FROM races r
[INFO] [stdout] 30 |             WHERE r.id = ? AND r.runner_id = ? AND r.is_deleted = FALSE
[INFO] [stdout] 31 |         ) as "exists!: bool"
[INFO] [stdout] 32 |         "#,
[INFO] [stdout] 33 |         race_id,
[INFO] [stdout] 34 |         user.user_id
[INFO] [stdout] 35 |     )
[INFO] [stdout] 36 |     .fetch_optional(&state.db)
[INFO] [stdout] 37 |     .await?
[INFO] [stdout] 38 |     .ok_or_else(|| AppError::NotFound("Race not found".into()))?;
[INFO] [stdout]    |      ^^^^^^^^^^ method not found in `!`
[INFO] [stdout] 
[INFO] [stdout] 
[INFO] [stdout] warning: method call on a diverging inference variable
[INFO] [stdout]   --> backend/routes/courses.rs:86:6
[INFO] [stdout]    |
[INFO] [stdout] 86 |     .ok_or_else(|| AppError::InternalServerError())?;
[INFO] [stdout]    |      ^^^^^^^^^^
[INFO] [stdout]    |
[INFO] [stdout]    = help: consider providing a type annotation
[INFO] [stdout]    = warning: this was previously accepted by the compiler but is being phased out; it will become a hard error in a future release!
[INFO] [stdout]    = note: for more information, see issue #156047 <https://github.com/rust-lang/rust/issues/156047>
[INFO] [stdout] 
[INFO] [stdout] 
[INFO] [stdout] error[E0599]: no method named `ok_or_else` found for type `!` in the current scope
[INFO] [stdout]   --> backend/routes/aid_stations.rs:86:6
[INFO] [stdout]    |
[INFO] [stdout] 67 |     let aid_station = sqlx::query_as!(
[INFO] [stdout] 68 |         AidStation,
[INFO] [stdout] 69 |         r#"
[INFO] [stdout] 70 |         INSERT INTO aid_stations (race_id, name, distance_km, is_crew_allowed, has_drop_bag, is_deleted, arrival_timestamp, created_...
[INFO] [stdout] 71 |         SELECT r.id, ?, ?, COALESCE(?, FALSE), COALESCE(?, FALSE), FALSE, ?, CURRENT_TIMESTAMP, CURRENT_TIMESTAMP
[INFO] [stdout] 72 |         FROM races r
[INFO] [stdout] 73 |         WHERE r.id = ? AND r.runner_id = ? AND r.is_deleted = FALSE
[INFO] [stdout] 74 |         RETURNING id as "id!", race_id as "race_id!", name as "name!", distance_km as "distance_km!", is_crew_allowed as "is_crew_al...
[INFO] [stdout] 75 |         "#,
[INFO] [stdout] 76 |         payload.name,
[INFO] [stdout] 77 |         payload.distance_km,
[INFO] [stdout] 78 |         payload.is_crew_allowed,
[INFO] [stdout] 79 |         payload.has_drop_bag,
[INFO] [stdout] 80 |         payload.arrival_timestamp,
[INFO] [stdout] 81 |         payload.race_id,
[INFO] [stdout] 82 |         user.user_id
[INFO] [stdout] 83 |     )
[INFO] [stdout] 84 |     .fetch_optional(&state.db)
[INFO] [stdout] 85 |     .await?
[INFO] [stdout] 86 |     .ok_or_else(|| AppError::NotFound("Race not found".into()))?;
[INFO] [stdout]    |      ^^^^^^^^^^ method not found in `!`
[INFO] [stdout] 
[INFO] [stdout] 
[INFO] [stdout] warning: method call on a diverging inference variable
[INFO] [stdout]    --> backend/routes/aid_stations.rs:143:6
[INFO] [stdout]     |
[INFO] [stdout] 143 |     .ok_or_else(|| AppError::NotFound("Aid station not found or already deleted".into()))?;
[INFO] [stdout]     |      ^^^^^^^^^^
[INFO] [stdout]     |
[INFO] [stdout]     = help: consider providing a type annotation
[INFO] [stdout]     = warning: this was previously accepted by the compiler but is being phased out; it will become a hard error in a future release!
[INFO] [stdout]     = note: for more information, see issue #156047 <https://github.com/rust-lang/rust/issues/156047>
[INFO] [stdout] 
[INFO] [stdout] 
[INFO] [stdout] error[E0599]: no method named `ok_or_else` found for type `!` in the current scope
[INFO] [stdout]   --> backend/routes/courses.rs:86:6
[INFO] [stdout]    |
[INFO] [stdout] 72 |     let course = sqlx::query_as!(
[INFO] [stdout] 73 |         Course,
[INFO] [stdout] 74 |         r#"
[INFO] [stdout] 75 |         INSERT INTO courses (race_id, total_distance_km, total_elevation_gain_m, total_elevation_loss_m, is_deleted, created_at, upd...
[INFO] [stdout] 76 |         VALUES (?, ?, ?, ?, FALSE, CURRENT_TIMESTAMP, CURRENT_TIMESTAMP)
[INFO] [stdout] 77 |         RETURNING id as "id!", race_id as "race_id!", total_distance_km as "total_distance_km!", total_elevation_gain_m as "total_el...
[INFO] [stdout] 78 |         "#,
[INFO] [stdout] 79 |         race_id,
[INFO] [stdout] 80 |         segments.last().unwrap().km,
[INFO] [stdout] 81 |         segments.iter().map(|s| s.gain_m).sum::<f64>(),
[INFO] [stdout] 82 |         segments.iter().map(|s| s.loss_m).sum::<f64>(),
[INFO] [stdout] 83 |     )
[INFO] [stdout] 84 |     .fetch_optional(&state.db)
[INFO] [stdout] 85 |     .await?
[INFO] [stdout] 86 |     .ok_or_else(|| AppError::InternalServerError())?;
[INFO] [stdout]    |      ^^^^^^^^^^ method not found in `!`
[INFO] [stdout] 
[INFO] [stdout] 
[INFO] [stdout] warning: method call on a diverging inference variable
[INFO] [stdout]    --> backend/routes/races.rs:154:6
[INFO] [stdout]     |
[INFO] [stdout] 154 |     .ok_or_else(|| AppError::NotFound("Race not found or already deleted".into()))?;
[INFO] [stdout]     |      ^^^^^^^^^^
[INFO] [stdout]     |
[INFO] [stdout]     = help: consider providing a type annotation
[INFO] [stdout]     = warning: this was previously accepted by the compiler but is being phased out; it will become a hard error in a future release!
[INFO] [stdout]     = note: for more information, see issue #156047 <https://github.com/rust-lang/rust/issues/156047>
[INFO] [stdout] 
[INFO] [stdout] 
[INFO] [stdout] error[E0599]: no method named `ok_or_else` found for type `!` in the current scope
[INFO] [stdout]    --> backend/routes/races.rs:154:6
[INFO] [stdout]     |
[INFO] [stdout] 128 |     let race = sqlx::query_as!(
[INFO] [stdout] 129 |         Race,
[INFO] [stdout] 130 |         r#"
[INFO] [stdout] 131 |         UPDATE races
[INFO] [stdout] 132 |         SET
[INFO] [stdout] 133 |             name = COALESCE(?, name),
[INFO] [stdout] 134 |             event_date = COALESCE(?, event_date),
[INFO] [stdout] 135 |             distance_km = COALESCE(?, distance_km),
[INFO] [stdout] 136 |             goal_duration = COALESCE(?, goal_duration),
[INFO] [stdout] 137 |             pacing_strategy = COALESCE(?, pacing_strategy),
[INFO] [stdout] 138 |             default_aid_station_duration = COALESCE(?, default_aid_station_duration),
[INFO] [stdout] 139 |             updated_at = CURRENT_TIMESTAMP
[INFO] [stdout] 140 |         WHERE id = ? AND runner_id = ? AND is_deleted = FALSE
[INFO] [stdout] 141 |         RETURNING id, runner_id, name, event_date, is_deleted, distance_km, goal_duration, pacing_strategy, default_aid_station_dur...
[INFO] [stdout] 142 |         "#,
[INFO] [stdout] 143 |         payload.name,
[INFO] [stdout] 144 |         payload.event_date,
[INFO] [stdout] 145 |         payload.distance_km,
[INFO] [stdout] 146 |         payload.goal_duration,
[INFO] [stdout] 147 |         payload.pacing_strategy,
[INFO] [stdout] 148 |         payload.default_aid_station_duration,
[INFO] [stdout] 149 |         id,
[INFO] [stdout] 150 |         user.user_id,
[INFO] [stdout] 151 |     )
[INFO] [stdout] 152 |     .fetch_optional(&state.db)
[INFO] [stdout] 153 |     .await?
[INFO] [stdout] 154 |     .ok_or_else(|| AppError::NotFound("Race not found or already deleted".into()))?;
[INFO] [stdout]     |      ^^^^^^^^^^ method not found in `!`
[INFO] [stdout] 
[INFO] [stdout] 
[INFO] [stdout] warning: method call on a diverging inference variable
[INFO] [stdout]    --> backend/routes/races.rs:177:6
[INFO] [stdout]     |
[INFO] [stdout] 177 |     .ok_or_else(|| AppError::NotFound("Race not found".into()))?;
[INFO] [stdout]     |      ^^^^^^^^^^
[INFO] [stdout]     |
[INFO] [stdout]     = help: consider providing a type annotation
[INFO] [stdout]     = warning: this was previously accepted by the compiler but is being phased out; it will become a hard error in a future release!
[INFO] [stdout]     = note: for more information, see issue #156047 <https://github.com/rust-lang/rust/issues/156047>
[INFO] [stdout] 
[INFO] [stdout] 
[INFO] [stdout] error[E0599]: no method named `ok_or_else` found for type `!` in the current scope
[INFO] [stdout]    --> backend/routes/races.rs:177:6
[INFO] [stdout]     |
[INFO] [stdout] 164 |     let race = sqlx::query_as!(
[INFO] [stdout] 165 |         Race,
[INFO] [stdout] 166 |         r#"
[INFO] [stdout] 167 |         UPDATE races
[INFO] [stdout] 168 |         SET is_deleted = TRUE, updated_at = CURRENT_TIMESTAMP
[INFO] [stdout] 169 |         WHERE id = ? AND runner_id = ? AND is_deleted = FALSE
[INFO] [stdout] 170 |         RETURNING id, runner_id, name, event_date, is_deleted, distance_km, goal_duration, pacing_strategy, default_aid_station_dur...
[INFO] [stdout] 171 |         "#,
[INFO] [stdout] 172 |         id,
[INFO] [stdout] 173 |         user.user_id,
[INFO] [stdout] 174 |     )
[INFO] [stdout] 175 |     .fetch_optional(&state.db)
[INFO] [stdout] 176 |     .await?
[INFO] [stdout] 177 |     .ok_or_else(|| AppError::NotFound("Race not found".into()))?;
[INFO] [stdout]     |      ^^^^^^^^^^ method not found in `!`
[INFO] [stdout] 
[INFO] [stdout] 
[INFO] [stdout] error[E0599]: no method named `ok_or_else` found for type `!` in the current scope
[INFO] [stdout]    --> backend/routes/aid_stations.rs:143:6
[INFO] [stdout]     |
[INFO] [stdout] 119 |     let aid_station = sqlx::query_as!(
[INFO] [stdout] 120 |         AidStation,
[INFO] [stdout] 121 |         r#"
[INFO] [stdout] 122 |         UPDATE aid_stations
[INFO] [stdout] 123 |         SET
[INFO] [stdout] 124 |             name = COALESCE(?, name),
[INFO] [stdout] 125 |             distance_km = COALESCE(?, distance_km),
[INFO] [stdout] 126 |             is_crew_allowed = COALESCE(?, is_crew_allowed),
[INFO] [stdout] 127 |             has_drop_bag = COALESCE(?, has_drop_bag),
[INFO] [stdout] 128 |             arrival_timestamp = COALESCE(?, arrival_timestamp),
[INFO] [stdout] 129 |             updated_at = CURRENT_TIMESTAMP
[INFO] [stdout] 130 |         WHERE id = ? AND race_id IN (SELECT id FROM races WHERE runner_id = ? AND is_deleted = FALSE) AND is_deleted = FALSE
[INFO] [stdout] 131 |         RETURNING id, race_id, name, distance_km, is_crew_allowed, has_drop_bag, is_deleted, arrival_timestamp, created_at, updated_at
[INFO] [stdout] 132 |         "#,
[INFO] [stdout] 133 |         payload.name,
[INFO] [stdout] 134 |         payload.distance_km,
[INFO] [stdout] 135 |         payload.is_crew_allowed,
[INFO] [stdout] 136 |         payload.has_drop_bag,
[INFO] [stdout] 137 |         payload.arrival_timestamp,
[INFO] [stdout] 138 |         id,
[INFO] [stdout] 139 |         user.user_id,
[INFO] [stdout] 140 |     )
[INFO] [stdout] 141 |     .fetch_optional(&state.db)
[INFO] [stdout] 142 |     .await?
[INFO] [stdout] 143 |     .ok_or_else(|| AppError::NotFound("Aid station not found or already deleted".into()))?;
[INFO] [stdout]     |      ^^^^^^^^^^ method not found in `!`
[INFO] [stdout] 
[INFO] [stdout] 
[INFO] [stdout] warning: method call on a diverging inference variable
[INFO] [stdout]    --> backend/routes/aid_stations.rs:166:6
[INFO] [stdout]     |
[INFO] [stdout] 166 |     .ok_or_else(|| AppError::NotFound("Aid station not found".into()))?;
[INFO] [stdout]     |      ^^^^^^^^^^
[INFO] [stdout]     |
[INFO] [stdout]     = help: consider providing a type annotation
[INFO] [stdout]     = warning: this was previously accepted by the compiler but is being phased out; it will become a hard error in a future release!
[INFO] [stdout]     = note: for more information, see issue #156047 <https://github.com/rust-lang/rust/issues/156047>
[INFO] [stdout] 
[INFO] [stdout] 
[INFO] [stdout] error[E0599]: no method named `ok_or_else` found for type `!` in the current scope
[INFO] [stdout]    --> backend/routes/aid_stations.rs:166:6
[INFO] [stdout]     |
[INFO] [stdout] 153 |     let aid_station = sqlx::query_as!(
[INFO] [stdout] 154 |         AidStation,
[INFO] [stdout] 155 |         r#"
[INFO] [stdout] 156 |         UPDATE aid_stations
[INFO] [stdout] 157 |         SET is_deleted = TRUE, updated_at = CURRENT_TIMESTAMP
[INFO] [stdout] 158 |         WHERE id = ? AND race_id IN (SELECT id FROM races WHERE runner_id = ? AND is_deleted = FALSE) AND is_deleted = FALSE
[INFO] [stdout] 159 |         RETURNING id, race_id, name, distance_km, is_crew_allowed, has_drop_bag, is_deleted, arrival_timestamp, created_at, updated_at
[INFO] [stdout] 160 |         "#,
[INFO] [stdout] 161 |         id,
[INFO] [stdout] 162 |         user.user_id,
[INFO] [stdout] 163 |     )
[INFO] [stdout] 164 |     .fetch_optional(&state.db)
[INFO] [stdout] 165 |     .await?
[INFO] [stdout] 166 |     .ok_or_else(|| AppError::NotFound("Aid station not found".into()))?;
[INFO] [stdout]     |      ^^^^^^^^^^ method not found in `!`
[INFO] [stdout] 
[INFO] [stdout] 
[INFO] [stdout] warning: method call on a diverging inference variable
[INFO] [stdout]   --> backend/routes/auth.rs:97:21
[INFO] [stdout]    |
[INFO] [stdout] 97 |     let id = result.last_insert_rowid();
[INFO] [stdout]    |                     ^^^^^^^^^^^^^^^^^
[INFO] [stdout]    |
[INFO] [stdout]    = help: consider providing a type annotation
[INFO] [stdout]    = warning: this was previously accepted by the compiler but is being phased out; it will become a hard error in a future release!
[INFO] [stdout]    = note: for more information, see issue #156047 <https://github.com/rust-lang/rust/issues/156047>
[INFO] [stdout] 
[INFO] [stdout] 
[INFO] [stdout] error[E0599]: no method named `last_insert_rowid` found for type `!` in the current scope
[INFO] [stdout]   --> backend/routes/auth.rs:97:21
[INFO] [stdout]    |
[INFO] [stdout] 97 |     let id = result.last_insert_rowid();
[INFO] [stdout]    |                     ^^^^^^^^^^^^^^^^^ method not found in `!`
[INFO] [stdout] 
[INFO] [stdout] 
[INFO] [stdout] warning: method call on a diverging inference variable
[INFO] [stdout]   --> backend/routes/courses.rs:38:6
[INFO] [stdout]    |
[INFO] [stdout] 38 |     .ok_or_else(|| AppError::NotFound("Race not found".into()))?;
[INFO] [stdout]    |      ^^^^^^^^^^
[INFO] [stdout]    |
[INFO] [stdout]    = help: consider providing a type annotation
[INFO] [stdout]    = warning: this was previously accepted by the compiler but is being phased out; it will become a hard error in a future release!
[INFO] [stdout]    = note: for more information, see issue #156047 <https://github.com/rust-lang/rust/issues/156047>
[INFO] [stdout] 
[INFO] [stdout] 
[INFO] [stdout] error[E0599]: no method named `ok_or_else` found for type `!` in the current scope
[INFO] [stdout]   --> backend/routes/courses.rs:38:6
[INFO] [stdout]    |
[INFO] [stdout] 26 |     let has_race_access = sqlx::query_scalar!(
[INFO] [stdout] 27 |         r#"
[INFO] [stdout] 28 |         SELECT EXISTS (
[INFO] [stdout] 29 |             SELECT 1 FROM races r
[INFO] [stdout] 30 |             WHERE r.id = ? AND r.runner_id = ? AND r.is_deleted = FALSE
[INFO] [stdout] 31 |         ) as "exists!: bool"
[INFO] [stdout] 32 |         "#,
[INFO] [stdout] 33 |         race_id,
[INFO] [stdout] 34 |         user.user_id
[INFO] [stdout] 35 |     )
[INFO] [stdout] 36 |     .fetch_optional(&state.db)
[INFO] [stdout] 37 |     .await?
[INFO] [stdout] 38 |     .ok_or_else(|| AppError::NotFound("Race not found".into()))?;
[INFO] [stdout]    |      ^^^^^^^^^^ method not found in `!`
[INFO] [stdout] 
[INFO] [stdout] 
[INFO] [stdout] warning: method call on a diverging inference variable
[INFO] [stdout]   --> backend/routes/courses.rs:86:6
[INFO] [stdout]    |
[INFO] [stdout] 86 |     .ok_or_else(|| AppError::InternalServerError())?;
[INFO] [stdout]    |      ^^^^^^^^^^
[INFO] [stdout]    |
[INFO] [stdout]    = help: consider providing a type annotation
[INFO] [stdout]    = warning: this was previously accepted by the compiler but is being phased out; it will become a hard error in a future release!
[INFO] [stdout]    = note: for more information, see issue #156047 <https://github.com/rust-lang/rust/issues/156047>
[INFO] [stdout] 
[INFO] [stdout] 
[INFO] [stdout] error[E0599]: no method named `ok_or_else` found for type `!` in the current scope
[INFO] [stdout]   --> backend/routes/courses.rs:86:6
[INFO] [stdout]    |
[INFO] [stdout] 72 |     let course = sqlx::query_as!(
[INFO] [stdout] 73 |         Course,
[INFO] [stdout] 74 |         r#"
[INFO] [stdout] 75 |         INSERT INTO courses (race_id, total_distance_km, total_elevation_gain_m, total_elevation_loss_m, is_deleted, created_at, upd...
[INFO] [stdout] 76 |         VALUES (?, ?, ?, ?, FALSE, CURRENT_TIMESTAMP, CURRENT_TIMESTAMP)
[INFO] [stdout] 77 |         RETURNING id as "id!", race_id as "race_id!", total_distance_km as "total_distance_km!", total_elevation_gain_m as "total_el...
[INFO] [stdout] 78 |         "#,
[INFO] [stdout] 79 |         race_id,
[INFO] [stdout] 80 |         segments.last().unwrap().km,
[INFO] [stdout] 81 |         segments.iter().map(|s| s.gain_m).sum::<f64>(),
[INFO] [stdout] 82 |         segments.iter().map(|s| s.loss_m).sum::<f64>(),
[INFO] [stdout] 83 |     )
[INFO] [stdout] 84 |     .fetch_optional(&state.db)
[INFO] [stdout] 85 |     .await?
[INFO] [stdout] 86 |     .ok_or_else(|| AppError::InternalServerError())?;
[INFO] [stdout]    |      ^^^^^^^^^^ method not found in `!`
[INFO] [stdout] 
[INFO] [stdout] 
[INFO] [stdout] warning: method call on a diverging inference variable
[INFO] [stdout]    --> backend/routes/races.rs:154:6
[INFO] [stdout]     |
[INFO] [stdout] 154 |     .ok_or_else(|| AppError::NotFound("Race not found or already deleted".into()))?;
[INFO] [stdout]     |      ^^^^^^^^^^
[INFO] [stdout]     |
[INFO] [stdout]     = help: consider providing a type annotation
[INFO] [stdout]     = warning: this was previously accepted by the compiler but is being phased out; it will become a hard error in a future release!
[INFO] [stdout]     = note: for more information, see issue #156047 <https://github.com/rust-lang/rust/issues/156047>
[INFO] [stdout] 
[INFO] [stdout] 
[INFO] [stdout] error[E0599]: no method named `ok_or_else` found for type `!` in the current scope
[INFO] [stdout]    --> backend/routes/races.rs:154:6
[INFO] [stdout]     |
[INFO] [stdout] 128 |     let race = sqlx::query_as!(
[INFO] [stdout] 129 |         Race,
[INFO] [stdout] 130 |         r#"
[INFO] [stdout] 131 |         UPDATE races
[INFO] [stdout] 132 |         SET
[INFO] [stdout] 133 |             name = COALESCE(?, name),
[INFO] [stdout] 134 |             event_date = COALESCE(?, event_date),
[INFO] [stdout] 135 |             distance_km = COALESCE(?, distance_km),
[INFO] [stdout] 136 |             goal_duration = COALESCE(?, goal_duration),
[INFO] [stdout] 137 |             pacing_strategy = COALESCE(?, pacing_strategy),
[INFO] [stdout] 138 |             default_aid_station_duration = COALESCE(?, default_aid_station_duration),
[INFO] [stdout] 139 |             updated_at = CURRENT_TIMESTAMP
[INFO] [stdout] 140 |         WHERE id = ? AND runner_id = ? AND is_deleted = FALSE
[INFO] [stdout] 141 |         RETURNING id, runner_id, name, event_date, is_deleted, distance_km, goal_duration, pacing_strategy, default_aid_station_dur...
[INFO] [stdout] 142 |         "#,
[INFO] [stdout] 143 |         payload.name,
[INFO] [stdout] 144 |         payload.event_date,
[INFO] [stdout] 145 |         payload.distance_km,
[INFO] [stdout] 146 |         payload.goal_duration,
[INFO] [stdout] 147 |         payload.pacing_strategy,
[INFO] [stdout] 148 |         payload.default_aid_station_duration,
[INFO] [stdout] 149 |         id,
[INFO] [stdout] 150 |         user.user_id,
[INFO] [stdout] 151 |     )
[INFO] [stdout] 152 |     .fetch_optional(&state.db)
[INFO] [stdout] 153 |     .await?
[INFO] [stdout] 154 |     .ok_or_else(|| AppError::NotFound("Race not found or already deleted".into()))?;
[INFO] [stdout]     |      ^^^^^^^^^^ method not found in `!`
[INFO] [stdout] 
[INFO] [stdout] 
[INFO] [stdout] warning: method call on a diverging inference variable
[INFO] [stdout]    --> backend/routes/races.rs:177:6
[INFO] [stdout]     |
[INFO] [stdout] 177 |     .ok_or_else(|| AppError::NotFound("Race not found".into()))?;
[INFO] [stdout]     |      ^^^^^^^^^^
[INFO] [stdout]     |
[INFO] [stdout]     = help: consider providing a type annotation
[INFO] [stdout]     = warning: this was previously accepted by the compiler but is being phased out; it will become a hard error in a future release!
[INFO] [stdout]     = note: for more information, see issue #156047 <https://github.com/rust-lang/rust/issues/156047>
[INFO] [stdout] 
[INFO] [stdout] 
[INFO] [stdout] error[E0599]: no method named `ok_or_else` found for type `!` in the current scope
[INFO] [stdout]    --> backend/routes/races.rs:177:6
[INFO] [stdout]     |
[INFO] [stdout] 164 |     let race = sqlx::query_as!(
[INFO] [stdout] 165 |         Race,
[INFO] [stdout] 166 |         r#"
[INFO] [stdout] 167 |         UPDATE races
[INFO] [stdout] 168 |         SET is_deleted = TRUE, updated_at = CURRENT_TIMESTAMP
[INFO] [stdout] 169 |         WHERE id = ? AND runner_id = ? AND is_deleted = FALSE
[INFO] [stdout] 170 |         RETURNING id, runner_id, name, event_date, is_deleted, distance_km, goal_duration, pacing_strategy, default_aid_station_dur...
[INFO] [stdout] 171 |         "#,
[INFO] [stdout] 172 |         id,
[INFO] [stdout] 173 |         user.user_id,
[INFO] [stdout] 174 |     )
[INFO] [stdout] 175 |     .fetch_optional(&state.db)
[INFO] [stdout] 176 |     .await?
[INFO] [stdout] 177 |     .ok_or_else(|| AppError::NotFound("Race not found".into()))?;
[INFO] [stdout]     |      ^^^^^^^^^^ method not found in `!`
[INFO] [stdout] 
[INFO] [stdout] 
[INFO] [stdout] For more information about this error, try `rustc --explain E0599`.
[INFO] [stdout] 
[INFO] [stderr] error: could not compile `webapp-base` (bin "backend") due to 25 previous errors; 16 warnings emitted
[INFO] [stderr] warning: build failed, waiting for other jobs to finish...
[INFO] [stdout] For more information about this error, try `rustc --explain E0599`.
[INFO] [stdout] 
[INFO] [stderr] error: could not compile `webapp-base` (bin "backend" test) due to 25 previous errors; 16 warnings emitted
[INFO] [stderr] warning: unused dependency `oauth2`
[INFO] [stderr]   --> Cargo.toml:12:1
[INFO] [stderr]    |
[INFO] [stderr] 12 | oauth2 = "5.0.0"
[INFO] [stderr]    | ^^^^^^^^^^^^^^^^
[INFO] [stderr]    |
[INFO] [stderr]    = note: `cargo::unused_dependencies` is set to `warn` by default
[INFO] [stderr] help: consider removing the dependency on `oauth2`
[INFO] [stderr] warning: unused dependency `reqwest`
[INFO] [stderr]   --> Cargo.toml:30:15
[INFO] [stderr]    |
[INFO] [stderr] 30 | [dependencies.reqwest]
[INFO] [stderr]    |               ^^^^^^^^
[INFO] [stderr]    |
[INFO] [stderr] help: consider removing the dependency on `reqwest`
[INFO] [stderr] warning: `webapp-base` (manifest) generated 2 warnings
[INFO] running `Command { std: "docker" "inspect" "b034f5ef19d00d441a6bdf211cc78b1bc2a787a272a30660184bca833d195b52", kill_on_drop: false }`
[INFO] running `Command { std: "docker" "rm" "-f" "b034f5ef19d00d441a6bdf211cc78b1bc2a787a272a30660184bca833d195b52", kill_on_drop: false }`
[INFO] [stdout] b034f5ef19d00d441a6bdf211cc78b1bc2a787a272a30660184bca833d195b52
