[INFO] cloning repository https://github.com/JimLundin/sop
[INFO] running `Command { std: "git" "-c" "credential.helper=" "-c" "credential.helper=/workspace/cargo-home/bin/git-credential-null" "clone" "--bare" "https://github.com/JimLundin/sop" "/workspace/cache/git-repos/https%3A%2F%2Fgithub.com%2FJimLundin%2Fsop", kill_on_drop: false }`
[INFO] [stderr] Cloning into bare repository '/workspace/cache/git-repos/https%3A%2F%2Fgithub.com%2FJimLundin%2Fsop'...
[INFO] running `Command { std: "git" "rev-parse" "HEAD", kill_on_drop: false }`
[INFO] [stdout] 6f2b11fef521e0473b23b67ac74a654460365780
[INFO] checking JimLundin/sop against 3154cc1a3e6424e44f438a95007d043ed5ceaaf6 for pr-133502-30
[INFO] running `Command { std: "git" "clone" "/workspace/cache/git-repos/https%3A%2F%2Fgithub.com%2FJimLundin%2Fsop" "/workspace/builds/worker-4-tc2/source", kill_on_drop: false }`
[INFO] [stderr] Cloning into '/workspace/builds/worker-4-tc2/source'...
[INFO] [stderr] done.
[INFO] removed /workspace/builds/worker-4-tc2/source/.cargo/config.toml
[INFO] started tweaking git repo https://github.com/JimLundin/sop
[INFO] finished tweaking git repo https://github.com/JimLundin/sop
[INFO] tweaked toml for git repo https://github.com/JimLundin/sop written to /workspace/builds/worker-4-tc2/source/Cargo.toml
[INFO] validating manifest of git repo https://github.com/JimLundin/sop on toolchain 3154cc1a3e6424e44f438a95007d043ed5ceaaf6
[INFO] running `Command { std: CARGO_HOME="/workspace/cargo-home" RUSTUP_HOME="/workspace/rustup-home" "/workspace/cargo-home/bin/cargo" "+3154cc1a3e6424e44f438a95007d043ed5ceaaf6" "metadata" "--manifest-path" "Cargo.toml" "--no-deps", kill_on_drop: false }`
[INFO] crate git repo https://github.com/JimLundin/sop already has a lockfile, it will not be regenerated
[INFO] running `Command { std: CARGO_HOME="/workspace/cargo-home" RUSTUP_HOME="/workspace/rustup-home" "/workspace/cargo-home/bin/cargo" "+3154cc1a3e6424e44f438a95007d043ed5ceaaf6" "fetch" "--manifest-path" "Cargo.toml", kill_on_drop: false }`
[INFO] running `Command { std: "docker" "create" "-v" "/var/lib/crater-agent-workspace/builds/worker-4-tc2/source:/opt/rustwide/workdir:ro,Z" "-v" "/var/lib/crater-agent-workspace/builds/worker-4-tc2/target:/opt/rustwide/target:rw,Z" "-v" "/var/lib/crater-agent-workspace/cargo-home:/opt/rustwide/cargo-home:ro,Z" "-v" "/var/lib/crater-agent-workspace/rustup-home:/opt/rustwide/rustup-home:ro,Z" "-m" "1610612736" "--network" "none" "ghcr.io/rust-lang/crates-build-env/linux@sha256:77db811e55d90add9212f6832c23229e3de5f1c1f9905e8cb07319ea15df73ac" "sleep" "infinity", kill_on_drop: false }`
[INFO] [stdout] bd0a7eba5ed3707a860efd5b30090daff95ae721cc1af859448d986e84da07ad
[INFO] running `Command { std: "docker" "start" "bd0a7eba5ed3707a860efd5b30090daff95ae721cc1af859448d986e84da07ad", kill_on_drop: false }`
[INFO] running `Command { std: "docker" "inspect" "bd0a7eba5ed3707a860efd5b30090daff95ae721cc1af859448d986e84da07ad", kill_on_drop: false }`
[INFO] running `Command { std: "docker" "exec" "-e" "SOURCE_DIR=/opt/rustwide/workdir" "-e" "CARGO_HOME=/opt/rustwide/cargo-home" "-e" "RUSTUP_HOME=/opt/rustwide/rustup-home" "-e" "CARGO_TARGET_DIR=/opt/rustwide/target" "-w" "/opt/rustwide/workdir" "--user" "0:0" "bd0a7eba5ed3707a860efd5b30090daff95ae721cc1af859448d986e84da07ad" "/opt/rustwide/cargo-home/bin/cargo" "+3154cc1a3e6424e44f438a95007d043ed5ceaaf6" "metadata" "--no-deps" "--format-version=1", kill_on_drop: false }`
[INFO] running `Command { std: "docker" "inspect" "bd0a7eba5ed3707a860efd5b30090daff95ae721cc1af859448d986e84da07ad", kill_on_drop: false }`
[INFO] running `Command { std: "docker" "exec" "-e" "SOURCE_DIR=/opt/rustwide/workdir" "-e" "CARGO_HOME=/opt/rustwide/cargo-home" "-e" "RUSTUP_HOME=/opt/rustwide/rustup-home" "-e" "CARGO_TARGET_DIR=/opt/rustwide/target" "-e" "CARGO_INCREMENTAL=0" "-e" "RUST_BACKTRACE=full" "-e" "RUSTFLAGS=--cap-lints=forbid" "-e" "RUSTDOCFLAGS=--cap-lints=forbid" "-w" "/opt/rustwide/workdir" "--user" "0:0" "bd0a7eba5ed3707a860efd5b30090daff95ae721cc1af859448d986e84da07ad" "/opt/rustwide/cargo-home/bin/cargo" "+3154cc1a3e6424e44f438a95007d043ed5ceaaf6" "check" "--frozen" "--all" "--all-targets" "--message-format=json", kill_on_drop: false }`
[INFO] [stderr]    Compiling target-lexicon v0.13.5
[INFO] [stderr]    Compiling proc-macro2 v1.0.107
[INFO] [stderr]    Compiling pyo3-build-config v0.29.1 (https://github.com/PyO3/pyo3?rev=51dcc7dbd30db78953ba6b190bec97a115af7d76#51dcc7db)
[INFO] [stderr]    Compiling quote v1.0.47
[INFO] [stderr]    Compiling syn v3.0.3
[INFO] [stderr]    Compiling pyo3-ffi v0.29.1 (https://github.com/PyO3/pyo3?rev=51dcc7dbd30db78953ba6b190bec97a115af7d76#51dcc7db)
[INFO] [stderr]    Compiling pyo3 v0.29.1 (https://github.com/PyO3/pyo3?rev=51dcc7dbd30db78953ba6b190bec97a115af7d76#51dcc7db)
[INFO] [stderr]    Compiling pyo3-macros-backend v0.29.1 (https://github.com/PyO3/pyo3?rev=51dcc7dbd30db78953ba6b190bec97a115af7d76#51dcc7db)
[INFO] [stderr]    Compiling pyo3-macros v0.29.1 (https://github.com/PyO3/pyo3?rev=51dcc7dbd30db78953ba6b190bec97a115af7d76#51dcc7db)
[INFO] [stderr]     Checking sop v0.1.0 (/opt/rustwide/workdir)
[INFO] [stdout] error[E0432]: unresolved import `pyo3::types::PyFrozenDict`
[INFO] [stdout]   --> src/parse.rs:17:44
[INFO] [stdout]    |
[INFO] [stdout] 17 | use pyo3::types::{PyBool, PyDict, PyFloat, PyFrozenDict, PyString, PyTuple};
[INFO] [stdout]    |                                            ^^^^^^^^^^^^ no `PyFrozenDict` in `types`
[INFO] [stdout]    |
[INFO] [stdout] note: found an item that was configured out
[INFO] [stdout]   --> /opt/rustwide/cargo-home/git/checkouts/pyo3-2aa9035df66c81e4/51dcc7d/src/types/mod.rs:24:28
[INFO] [stdout]    |
[INFO] [stdout] 23 | #[cfg(Py_3_15)]
[INFO] [stdout]    |       ------- the item is gated here
[INFO] [stdout] 24 | pub use self::frozendict::{PyFrozenDict, PyFrozenDictMethods};
[INFO] [stdout]    |                            ^^^^^^^^^^^^
[INFO] [stdout] help: a similar name exists in the module
[INFO] [stdout]    |
[INFO] [stdout] 17 - use pyo3::types::{PyBool, PyDict, PyFloat, PyFrozenDict, PyString, PyTuple};
[INFO] [stdout] 17 + use pyo3::types::{PyBool, PyDict, PyFloat, PyFrozenSet, PyString, PyTuple};
[INFO] [stdout]    |
[INFO] [stdout] 
[INFO] [stdout] 
[INFO] [stdout] error[E0432]: unresolved imports `pyo3::types::PyFrozenDict`, `pyo3::types::PyFrozenDictMethods`
[INFO] [stdout]   --> src/write.rs:16:36
[INFO] [stdout]    |
[INFO] [stdout] 16 | use pyo3::types::{PyBool, PyFloat, PyFrozenDict, PyFrozenDictMethods, PyInt, PyString, PyTuple};
[INFO] [stdout]    |                                    ^^^^^^^^^^^^  ^^^^^^^^^^^^^^^^^^^ no `PyFrozenDictMethods` in `types`
[INFO] [stdout]    |                                    |
[INFO] [stdout]    |                                    no `PyFrozenDict` in `types`
[INFO] [stdout]    |
[INFO] [stdout] note: found an item that was configured out
[INFO] [stdout]   --> /opt/rustwide/cargo-home/git/checkouts/pyo3-2aa9035df66c81e4/51dcc7d/src/types/mod.rs:24:28
[INFO] [stdout]    |
[INFO] [stdout] 23 | #[cfg(Py_3_15)]
[INFO] [stdout]    |       ------- the item is gated here
[INFO] [stdout] 24 | pub use self::frozendict::{PyFrozenDict, PyFrozenDictMethods};
[INFO] [stdout]    |                            ^^^^^^^^^^^^
[INFO] [stdout] note: found an item that was configured out
[INFO] [stdout]   --> /opt/rustwide/cargo-home/git/checkouts/pyo3-2aa9035df66c81e4/51dcc7d/src/types/mod.rs:24:42
[INFO] [stdout]    |
[INFO] [stdout] 23 | #[cfg(Py_3_15)]
[INFO] [stdout]    |       ------- the item is gated here
[INFO] [stdout] 24 | pub use self::frozendict::{PyFrozenDict, PyFrozenDictMethods};
[INFO] [stdout]    |                                          ^^^^^^^^^^^^^^^^^^^
[INFO] [stdout] help: a similar name exists in the module
[INFO] [stdout]    |
[INFO] [stdout] 16 - use pyo3::types::{PyBool, PyFloat, PyFrozenDict, PyFrozenDictMethods, PyInt, PyString, PyTuple};
[INFO] [stdout] 16 + use pyo3::types::{PyBool, PyFloat, PyFrozenSet, PyFrozenDictMethods, PyInt, PyString, PyTuple};
[INFO] [stdout]    |
[INFO] [stdout] help: a similar name exists in the module
[INFO] [stdout]    |
[INFO] [stdout] 16 - use pyo3::types::{PyBool, PyFloat, PyFrozenDict, PyFrozenDictMethods, PyInt, PyString, PyTuple};
[INFO] [stdout] 16 + use pyo3::types::{PyBool, PyFloat, PyFrozenDict, PyFrozenSetMethods, PyInt, PyString, PyTuple};
[INFO] [stdout]    |
[INFO] [stdout] 
[INFO] [stdout] 
[INFO] [stdout] error[E0432]: unresolved import `pyo3::types::PyFrozenDict`
[INFO] [stdout]   --> src/parse.rs:17:44
[INFO] [stdout]    |
[INFO] [stdout] 17 | use pyo3::types::{PyBool, PyDict, PyFloat, PyFrozenDict, PyString, PyTuple};
[INFO] [stdout]    |                                            ^^^^^^^^^^^^ no `PyFrozenDict` in `types`
[INFO] [stdout]    |
[INFO] [stdout] note: found an item that was configured out
[INFO] [stdout]   --> /opt/rustwide/cargo-home/git/checkouts/pyo3-2aa9035df66c81e4/51dcc7d/src/types/mod.rs:24:28
[INFO] [stdout]    |
[INFO] [stdout] 23 | #[cfg(Py_3_15)]
[INFO] [stdout]    |       ------- the item is gated here
[INFO] [stdout] 24 | pub use self::frozendict::{PyFrozenDict, PyFrozenDictMethods};
[INFO] [stdout]    |                            ^^^^^^^^^^^^
[INFO] [stdout] help: a similar name exists in the module
[INFO] [stdout]    |
[INFO] [stdout] 17 - use pyo3::types::{PyBool, PyDict, PyFloat, PyFrozenDict, PyString, PyTuple};
[INFO] [stdout] 17 + use pyo3::types::{PyBool, PyDict, PyFloat, PyFrozenSet, PyString, PyTuple};
[INFO] [stdout]    |
[INFO] [stdout] 
[INFO] [stdout] 
[INFO] [stdout] error[E0432]: unresolved imports `pyo3::types::PyFrozenDict`, `pyo3::types::PyFrozenDictMethods`
[INFO] [stdout]   --> src/write.rs:16:36
[INFO] [stdout]    |
[INFO] [stdout] 16 | use pyo3::types::{PyBool, PyFloat, PyFrozenDict, PyFrozenDictMethods, PyInt, PyString, PyTuple};
[INFO] [stdout]    |                                    ^^^^^^^^^^^^  ^^^^^^^^^^^^^^^^^^^ no `PyFrozenDictMethods` in `types`
[INFO] [stdout]    |                                    |
[INFO] [stdout]    |                                    no `PyFrozenDict` in `types`
[INFO] [stdout]    |
[INFO] [stdout] note: found an item that was configured out
[INFO] [stdout]   --> /opt/rustwide/cargo-home/git/checkouts/pyo3-2aa9035df66c81e4/51dcc7d/src/types/mod.rs:24:28
[INFO] [stdout]    |
[INFO] [stdout] 23 | #[cfg(Py_3_15)]
[INFO] [stdout]    |       ------- the item is gated here
[INFO] [stdout] 24 | pub use self::frozendict::{PyFrozenDict, PyFrozenDictMethods};
[INFO] [stdout]    |                            ^^^^^^^^^^^^
[INFO] [stdout] note: found an item that was configured out
[INFO] [stdout]   --> /opt/rustwide/cargo-home/git/checkouts/pyo3-2aa9035df66c81e4/51dcc7d/src/types/mod.rs:24:42
[INFO] [stdout]    |
[INFO] [stdout] 23 | #[cfg(Py_3_15)]
[INFO] [stdout]    |       ------- the item is gated here
[INFO] [stdout] 24 | pub use self::frozendict::{PyFrozenDict, PyFrozenDictMethods};
[INFO] [stdout]    |                                          ^^^^^^^^^^^^^^^^^^^
[INFO] [stdout] help: a similar name exists in the module
[INFO] [stdout]    |
[INFO] [stdout] 16 - use pyo3::types::{PyBool, PyFloat, PyFrozenDict, PyFrozenDictMethods, PyInt, PyString, PyTuple};
[INFO] [stdout] 16 + use pyo3::types::{PyBool, PyFloat, PyFrozenSet, PyFrozenDictMethods, PyInt, PyString, PyTuple};
[INFO] [stdout]    |
[INFO] [stdout] help: a similar name exists in the module
[INFO] [stdout]    |
[INFO] [stdout] 16 - use pyo3::types::{PyBool, PyFloat, PyFrozenDict, PyFrozenDictMethods, PyInt, PyString, PyTuple};
[INFO] [stdout] 16 + use pyo3::types::{PyBool, PyFloat, PyFrozenDict, PyFrozenSetMethods, PyInt, PyString, PyTuple};
[INFO] [stdout]    |
[INFO] [stdout] 
[INFO] [stdout] 
[INFO] [stdout] For more information about this error, try `rustc --explain E0432`.
[INFO] [stdout] 
[INFO] [stderr] error: could not compile `sop` (lib test) due to 2 previous errors
[INFO] [stderr] warning: build failed, waiting for other jobs to finish...
[INFO] [stdout] For more information about this error, try `rustc --explain E0432`.
[INFO] [stdout] 
[INFO] [stderr] error: could not compile `sop` (lib) due to 2 previous errors
[INFO] running `Command { std: "docker" "inspect" "bd0a7eba5ed3707a860efd5b30090daff95ae721cc1af859448d986e84da07ad", kill_on_drop: false }`
[INFO] running `Command { std: "docker" "rm" "-f" "bd0a7eba5ed3707a860efd5b30090daff95ae721cc1af859448d986e84da07ad", kill_on_drop: false }`
[INFO] [stdout] bd0a7eba5ed3707a860efd5b30090daff95ae721cc1af859448d986e84da07ad
