[INFO] cloning repository https://github.com/JimChing706/rust-bailongma
[INFO] running `Command { std: "git" "-c" "credential.helper=" "-c" "credential.helper=/workspace/cargo-home/bin/git-credential-null" "clone" "--bare" "https://github.com/JimChing706/rust-bailongma" "/workspace/cache/git-repos/https%3A%2F%2Fgithub.com%2FJimChing706%2Frust-bailongma", kill_on_drop: false }`
[INFO] [stderr] Cloning into bare repository '/workspace/cache/git-repos/https%3A%2F%2Fgithub.com%2FJimChing706%2Frust-bailongma'...
[INFO] running `Command { std: "git" "rev-parse" "HEAD", kill_on_drop: false }`
[INFO] [stdout] a06dd1b2a94c33cd98ca0a6630c7feb119923626
[INFO] checking JimChing706/rust-bailongma against 3154cc1a3e6424e44f438a95007d043ed5ceaaf6 for pr-133502-30
[INFO] running `Command { std: "git" "clone" "/workspace/cache/git-repos/https%3A%2F%2Fgithub.com%2FJimChing706%2Frust-bailongma" "/workspace/builds/worker-3-tc2/source", kill_on_drop: false }`
[INFO] [stderr] Cloning into '/workspace/builds/worker-3-tc2/source'...
[INFO] [stderr] done.
[INFO] started tweaking git repo https://github.com/JimChing706/rust-bailongma
[INFO] finished tweaking git repo https://github.com/JimChing706/rust-bailongma
[INFO] tweaked toml for git repo https://github.com/JimChing706/rust-bailongma written to /workspace/builds/worker-3-tc2/source/Cargo.toml
[INFO] validating manifest of git repo https://github.com/JimChing706/rust-bailongma on toolchain 3154cc1a3e6424e44f438a95007d043ed5ceaaf6
[INFO] running `Command { std: CARGO_HOME="/workspace/cargo-home" RUSTUP_HOME="/workspace/rustup-home" "/workspace/cargo-home/bin/cargo" "+3154cc1a3e6424e44f438a95007d043ed5ceaaf6" "metadata" "--manifest-path" "Cargo.toml" "--no-deps", kill_on_drop: false }`
[INFO] crate git repo https://github.com/JimChing706/rust-bailongma already has a lockfile, it will not be regenerated
[INFO] running `Command { std: CARGO_HOME="/workspace/cargo-home" RUSTUP_HOME="/workspace/rustup-home" "/workspace/cargo-home/bin/cargo" "+3154cc1a3e6424e44f438a95007d043ed5ceaaf6" "fetch" "--manifest-path" "Cargo.toml", kill_on_drop: false }`
[INFO] running `Command { std: "docker" "create" "-v" "/var/lib/crater-agent-workspace/builds/worker-3-tc2/source:/opt/rustwide/workdir:ro,Z" "-v" "/var/lib/crater-agent-workspace/builds/worker-3-tc2/target:/opt/rustwide/target:rw,Z" "-v" "/var/lib/crater-agent-workspace/cargo-home:/opt/rustwide/cargo-home:ro,Z" "-v" "/var/lib/crater-agent-workspace/rustup-home:/opt/rustwide/rustup-home:ro,Z" "-m" "1610612736" "--network" "none" "ghcr.io/rust-lang/crates-build-env/linux@sha256:77db811e55d90add9212f6832c23229e3de5f1c1f9905e8cb07319ea15df73ac" "sleep" "infinity", kill_on_drop: false }`
[INFO] [stdout] 33f57231edc1d99067dc2e73772b5aa238298dfaff2065b2a7a5a476bf45b731
[INFO] running `Command { std: "docker" "start" "33f57231edc1d99067dc2e73772b5aa238298dfaff2065b2a7a5a476bf45b731", kill_on_drop: false }`
[INFO] running `Command { std: "docker" "inspect" "33f57231edc1d99067dc2e73772b5aa238298dfaff2065b2a7a5a476bf45b731", kill_on_drop: false }`
[INFO] running `Command { std: "docker" "exec" "-e" "SOURCE_DIR=/opt/rustwide/workdir" "-e" "CARGO_HOME=/opt/rustwide/cargo-home" "-e" "RUSTUP_HOME=/opt/rustwide/rustup-home" "-e" "CARGO_TARGET_DIR=/opt/rustwide/target" "-w" "/opt/rustwide/workdir" "--user" "0:0" "33f57231edc1d99067dc2e73772b5aa238298dfaff2065b2a7a5a476bf45b731" "/opt/rustwide/cargo-home/bin/cargo" "+3154cc1a3e6424e44f438a95007d043ed5ceaaf6" "metadata" "--no-deps" "--format-version=1", kill_on_drop: false }`
[INFO] running `Command { std: "docker" "inspect" "33f57231edc1d99067dc2e73772b5aa238298dfaff2065b2a7a5a476bf45b731", kill_on_drop: false }`
[INFO] running `Command { std: "docker" "exec" "-e" "SOURCE_DIR=/opt/rustwide/workdir" "-e" "CARGO_HOME=/opt/rustwide/cargo-home" "-e" "RUSTUP_HOME=/opt/rustwide/rustup-home" "-e" "CARGO_TARGET_DIR=/opt/rustwide/target" "-e" "CARGO_INCREMENTAL=0" "-e" "RUST_BACKTRACE=full" "-e" "RUSTFLAGS=--cap-lints=forbid" "-e" "RUSTDOCFLAGS=--cap-lints=forbid" "-w" "/opt/rustwide/workdir" "--user" "0:0" "33f57231edc1d99067dc2e73772b5aa238298dfaff2065b2a7a5a476bf45b731" "/opt/rustwide/cargo-home/bin/cargo" "+3154cc1a3e6424e44f438a95007d043ed5ceaaf6" "check" "--frozen" "--all" "--all-targets" "--message-format=json", kill_on_drop: false }`
[INFO] [stderr]     Checking smallvec v1.15.2
[INFO] [stderr]     Checking log v0.4.33
[INFO] [stderr]    Compiling syn v2.0.119
[INFO] [stderr]    Compiling syn v3.0.3
[INFO] [stderr]     Checking stable_deref_trait v1.2.1
[INFO] [stderr]     Checking futures-core v0.3.33
[INFO] [stderr]    Compiling serde_core v1.0.229
[INFO] [stderr]     Checking mio v1.2.2
[INFO] [stderr]    Compiling zerocopy v0.8.56
[INFO] [stderr]    Compiling find-msvc-tools v0.1.10
[INFO] [stderr]     Checking futures-sink v0.3.33
[INFO] [stderr]     Checking indexmap v2.14.0
[INFO] [stderr]     Checking parking_lot_core v0.9.12
[INFO] [stderr]    Compiling cc v1.4.2
[INFO] [stderr]     Checking parking_lot v0.12.5
[INFO] [stderr]    Compiling serde v1.0.229
[INFO] [stderr]    Compiling getrandom v0.3.4
[INFO] [stderr]     Checking bitflags v2.13.1
[INFO] [stderr]     Checking litemap v0.8.2
[INFO] [stderr]     Checking writeable v0.6.3
[INFO] [stderr]     Checking futures-task v0.3.33
[INFO] [stderr]     Checking phf_shared v0.13.1
[INFO] [stderr]     Checking crypto-common v0.1.7
[INFO] [stderr]    Compiling icu_normalizer_data v2.2.0
[INFO] [stderr]    Compiling serde_json v1.0.151
[INFO] [stderr]    Compiling icu_properties_data v2.2.0
[INFO] [stderr]     Checking digest v0.10.7
[INFO] [stderr]     Checking rand_core v0.9.5
[INFO] [stderr]     Checking cpufeatures v0.2.17
[INFO] [stderr]     Checking new_debug_unreachable v1.0.6
[INFO] [stderr]    Compiling string_cache_codegen v0.6.1
[INFO] [stderr]     Checking getrandom v0.2.17
[INFO] [stderr]     Checking precomputed-hash v0.1.1
[INFO] [stderr]    Compiling getrandom v0.4.3
[INFO] [stderr]     Checking sha1 v0.10.7
[INFO] [stderr]     Checking sync_wrapper v1.0.2
[INFO] [stderr]     Checking futures-channel v0.3.33
[INFO] [stderr]    Compiling ahash v0.8.12
[INFO] [stderr]    Compiling unicase v2.9.0
[INFO] [stderr]    Compiling rustls v0.23.43
[INFO] [stderr]    Compiling web_atoms v0.2.5
[INFO] [stderr]    Compiling mime_guess v2.0.5
[INFO] [stderr]     Checking string_cache v0.9.0
[INFO] [stderr]     Checking http-body-util v0.1.4
[INFO] [stderr]    Compiling ring v0.17.14
[INFO] [stderr]     Checking ipnet v2.12.1
[INFO] [stderr]    Compiling vcpkg v0.2.15
[INFO] [stderr]     Checking dtoa v1.0.11
[INFO] [stderr]    Compiling pkg-config v0.3.33
[INFO] [stderr]     Checking dtoa-short v0.3.5
[INFO] [stderr]     Checking tendril v0.5.1
[INFO] [stderr]    Compiling selectors v0.38.0
[INFO] [stderr]    Compiling libsqlite3-sys v0.30.1
[INFO] [stderr]     Checking webpki-roots v1.0.9
[INFO] [stderr]     Checking servo_arc v0.4.3
[INFO] [stderr]     Checking http-range-header v0.4.2
[INFO] [stderr]     Checking unicode-width v0.2.2
[INFO] [stderr]     Checking rustc-hash v2.1.3
[INFO] [stderr]     Checking utf-8 v0.7.6
[INFO] [stderr]     Checking dirs-sys v0.4.1
[INFO] [stderr]     Checking getopts v0.2.24
[INFO] [stderr]     Checking serde_path_to_error v0.1.20
[INFO] [stderr]     Checking tracing-log v0.2.0
[INFO] [stderr]     Checking encoding_rs v0.8.35
[INFO] [stderr]     Checking matchit v0.8.4
[INFO] [stderr]     Checking fallible-iterator v0.3.0
[INFO] [stderr]     Checking fallible-streaming-iterator v0.1.9
[INFO] [stderr]     Checking ego-tree v0.11.0
[INFO] [stderr]     Checking dirs v5.0.1
[INFO] [stderr]     Checking uuid v1.24.0
[INFO] [stderr]     Checking sha2 v0.10.9
[INFO] [stderr]    Compiling rustix v1.1.4
[INFO] [stderr]     Checking linux-raw-sys v0.12.1
[INFO] [stderr]    Compiling tokio-macros v2.7.2
[INFO] [stderr]    Compiling displaydoc v0.2.7
[INFO] [stderr]    Compiling serde_derive v1.0.229
[INFO] [stderr]    Compiling thiserror-impl v2.0.20
[INFO] [stderr]    Compiling synstructure v0.13.2
[INFO] [stderr]     Checking tokio v1.53.1
[INFO] [stderr]     Checking ppv-lite86 v0.2.21
[INFO] [stderr]     Checking thiserror v2.0.20
[INFO] [stderr]     Checking rand_chacha v0.9.0
[INFO] [stderr]     Checking hashbrown v0.14.5
[INFO] [stderr]     Checking rand v0.9.5
[INFO] [stderr]    Compiling zerofrom-derive v0.1.7
[INFO] [stderr]    Compiling yoke-derive v0.8.2
[INFO] [stderr]    Compiling zerovec-derive v0.11.3
[INFO] [stderr]    Compiling tracing-attributes v0.1.31
[INFO] [stderr]    Compiling futures-macro v0.3.33
[INFO] [stderr]    Compiling phf_macros v0.13.1
[INFO] [stderr]     Checking zerofrom v0.1.8
[INFO] [stderr]     Checking futures-util v0.3.33
[INFO] [stderr]     Checking yoke v0.8.3
[INFO] [stderr]     Checking rustls-webpki v0.103.13
[INFO] [stderr]     Checking zerovec v0.11.6
[INFO] [stderr]     Checking tracing v0.1.44
[INFO] [stderr]     Checking zerotrie v0.2.4
[INFO] [stderr]     Checking phf v0.13.1
[INFO] [stderr]    Compiling derive_more-impl v2.1.1
[INFO] [stderr]    Compiling cssparser-macros v0.7.0
[INFO] [stderr]     Checking tinystr v0.8.3
[INFO] [stderr]     Checking potential_utf v0.1.5
[INFO] [stderr]     Checking icu_locale_core v2.2.0
[INFO] [stderr]     Checking icu_collections v2.2.0
[INFO] [stderr]     Checking cssparser v0.37.0
[INFO] [stderr]     Checking markup5ever v0.39.0
[INFO] [stderr]     Checking serde_urlencoded v0.7.1
[INFO] [stderr]     Checking derive_more v2.1.1
[INFO] [stderr]     Checking tungstenite v0.29.0
[INFO] [stderr]     Checking icu_provider v2.2.0
[INFO] [stderr]     Checking html5ever v0.39.0
[INFO] [stderr]     Checking icu_properties v2.2.0
[INFO] [stderr]     Checking icu_normalizer v2.2.0
[INFO] [stderr]     Checking tracing-serde v0.2.0
[INFO] [stderr]     Checking axum-core v0.5.6
[INFO] [stderr]     Checking hashlink v0.9.1
[INFO] [stderr]     Checking tokio-util v0.7.19
[INFO] [stderr]     Checking tower v0.5.3
[INFO] [stderr]     Checking tokio-tungstenite v0.29.0
[INFO] [stderr]     Checking tungstenite v0.26.2
[INFO] [stderr]     Checking h2 v0.4.15
[INFO] [stderr]     Checking scraper v0.27.0
[INFO] [stderr]     Checking idna_adapter v1.2.2
[INFO] [stderr]     Checking tokio-stream v0.1.19
[INFO] [stderr]     Checking idna v1.1.0
[INFO] [stderr]     Checking tracing-subscriber v0.3.23
[INFO] [stderr]     Checking tokio-tungstenite v0.26.2
[INFO] [stderr]     Checking url v2.5.8
[INFO] [stderr]     Checking tokio-rustls v0.26.4
[INFO] [stderr]     Checking chrono v0.4.45
[INFO] [stderr]     Checking tempfile v3.27.0
[INFO] [stderr]     Checking bailongma-sandbox v0.1.0 (/opt/rustwide/workdir/crates/sandbox)
[INFO] [stdout] error[E0433]: cannot find type `Component` in this scope
[INFO] [stdout]    --> crates/sandbox/src/main.rs:468:13
[INFO] [stdout]     |
[INFO] [stdout] 468 |             Component::RootDir => out.push(std::path::MAIN_SEPARATOR.to_string()),
[INFO] [stdout]     |             ^^^^^^^^^ use of undeclared type `Component`
[INFO] [stdout]     |
[INFO] [stdout] help: consider importing this enum
[INFO] [stdout]     |
[INFO] [stdout]  25 + use std::path::Component;
[INFO] [stdout]     |
[INFO] [stdout] 
[INFO] [stdout] 
[INFO] [stdout] error[E0433]: cannot find type `Component` in this scope
[INFO] [stdout]    --> crates/sandbox/src/main.rs:469:13
[INFO] [stdout]     |
[INFO] [stdout] 469 |             Component::CurDir => {}
[INFO] [stdout]     |             ^^^^^^^^^ use of undeclared type `Component`
[INFO] [stdout]     |
[INFO] [stdout] help: consider importing this enum
[INFO] [stdout]     |
[INFO] [stdout]  25 + use std::path::Component;
[INFO] [stdout]     |
[INFO] [stdout] 
[INFO] [stdout] 
[INFO] [stdout] error[E0433]: cannot find type `Component` in this scope
[INFO] [stdout]    --> crates/sandbox/src/main.rs:470:13
[INFO] [stdout]     |
[INFO] [stdout] 470 |             Component::ParentDir => {
[INFO] [stdout]     |             ^^^^^^^^^ use of undeclared type `Component`
[INFO] [stdout]     |
[INFO] [stdout] help: consider importing this enum
[INFO] [stdout]     |
[INFO] [stdout]  25 + use std::path::Component;
[INFO] [stdout]     |
[INFO] [stdout] 
[INFO] [stdout] 
[INFO] [stdout] error[E0433]: cannot find type `Component` in this scope
[INFO] [stdout]    --> crates/sandbox/src/main.rs:473:13
[INFO] [stdout]     |
[INFO] [stdout] 473 |             Component::Normal(c) => out.push(c),
[INFO] [stdout]     |             ^^^^^^^^^ use of undeclared type `Component`
[INFO] [stdout]     |
[INFO] [stdout] help: consider importing this enum
[INFO] [stdout]     |
[INFO] [stdout]  25 + use std::path::Component;
[INFO] [stdout]     |
[INFO] [stdout] 
[INFO] [stdout] 
[INFO] [stdout] error[E0433]: cannot find type `Component` in this scope
[INFO] [stdout]    --> crates/sandbox/src/main.rs:474:13
[INFO] [stdout]     |
[INFO] [stdout] 474 |             Component::Prefix(p) => out.push(p.as_os_str()),
[INFO] [stdout]     |             ^^^^^^^^^ use of undeclared type `Component`
[INFO] [stdout]     |
[INFO] [stdout] help: consider importing this enum
[INFO] [stdout]     |
[INFO] [stdout]  25 + use std::path::Component;
[INFO] [stdout]     |
[INFO] [stdout] 
[INFO] [stdout] 
[INFO] [stdout] error[E0433]: cannot find type `Component` in this scope
[INFO] [stdout]    --> crates/sandbox/src/main.rs:468:13
[INFO] [stdout]     |
[INFO] [stdout] 468 |             Component::RootDir => out.push(std::path::MAIN_SEPARATOR.to_string()),
[INFO] [stdout]     |             ^^^^^^^^^ use of undeclared type `Component`
[INFO] [stdout]     |
[INFO] [stdout] help: consider importing this enum
[INFO] [stdout]     |
[INFO] [stdout]  25 + use std::path::Component;
[INFO] [stdout]     |
[INFO] [stdout] 
[INFO] [stdout] 
[INFO] [stdout] error[E0433]: cannot find type `Component` in this scope
[INFO] [stdout]    --> crates/sandbox/src/main.rs:469:13
[INFO] [stdout]     |
[INFO] [stdout] 469 |             Component::CurDir => {}
[INFO] [stdout]     |             ^^^^^^^^^ use of undeclared type `Component`
[INFO] [stdout]     |
[INFO] [stdout] help: consider importing this enum
[INFO] [stdout]     |
[INFO] [stdout]  25 + use std::path::Component;
[INFO] [stdout]     |
[INFO] [stdout] 
[INFO] [stdout] 
[INFO] [stdout] error[E0433]: cannot find type `Component` in this scope
[INFO] [stdout]    --> crates/sandbox/src/main.rs:470:13
[INFO] [stdout]     |
[INFO] [stdout] 470 |             Component::ParentDir => {
[INFO] [stdout]     |             ^^^^^^^^^ use of undeclared type `Component`
[INFO] [stdout]     |
[INFO] [stdout] help: consider importing this enum
[INFO] [stdout]     |
[INFO] [stdout]  25 + use std::path::Component;
[INFO] [stdout]     |
[INFO] [stdout] 
[INFO] [stdout] 
[INFO] [stdout] error[E0433]: cannot find type `Component` in this scope
[INFO] [stdout]    --> crates/sandbox/src/main.rs:473:13
[INFO] [stdout]     |
[INFO] [stdout] 473 |             Component::Normal(c) => out.push(c),
[INFO] [stdout]     |             ^^^^^^^^^ use of undeclared type `Component`
[INFO] [stdout]     |
[INFO] [stdout] help: consider importing this enum
[INFO] [stdout]     |
[INFO] [stdout]  25 + use std::path::Component;
[INFO] [stdout]     |
[INFO] [stdout] 
[INFO] [stdout] 
[INFO] [stdout] error[E0433]: cannot find type `Component` in this scope
[INFO] [stdout]    --> crates/sandbox/src/main.rs:474:13
[INFO] [stdout]     |
[INFO] [stdout] 474 |             Component::Prefix(p) => out.push(p.as_os_str()),
[INFO] [stdout]     |             ^^^^^^^^^ use of undeclared type `Component`
[INFO] [stdout]     |
[INFO] [stdout] help: consider importing this enum
[INFO] [stdout]     |
[INFO] [stdout]  25 + use std::path::Component;
[INFO] [stdout]     |
[INFO] [stdout] 
[INFO] [stdout] 
[INFO] [stdout] For more information about this error, try `rustc --explain E0433`.
[INFO] [stdout] 
[INFO] [stderr] error: could not compile `bailongma-sandbox` (bin "bailongma-sandbox") due to 5 previous errors
[INFO] [stderr] warning: build failed, waiting for other jobs to finish...
[INFO] [stdout] For more information about this error, try `rustc --explain E0433`.
[INFO] [stdout] 
[INFO] [stderr] error: could not compile `bailongma-sandbox` (bin "bailongma-sandbox" test) due to 5 previous errors
[INFO] [stderr] warning: unused dependency `anyhow`
[INFO] [stderr]   --> crates/sandbox/Cargo.toml:16:1
[INFO] [stderr]    |
[INFO] [stderr] 16 | anyhow.workspace = true
[INFO] [stderr]    | ^^^^^^
[INFO] [stderr]    |
[INFO] [stderr]    = note: `cargo::unused_dependencies` is set to `warn` by default
[INFO] [stderr] help: consider removing the dependency on `anyhow`
[INFO] [stderr] warning: unused dependency `serde`
[INFO] [stderr]   --> crates/sandbox/Cargo.toml:14:1
[INFO] [stderr]    |
[INFO] [stderr] 14 | serde.workspace = true
[INFO] [stderr]    | ^^^^^
[INFO] [stderr]    |
[INFO] [stderr] help: consider removing the dependency on `serde`
[INFO] [stderr] warning: `bailongma-sandbox` (manifest) generated 2 warnings
[INFO] running `Command { std: "docker" "inspect" "33f57231edc1d99067dc2e73772b5aa238298dfaff2065b2a7a5a476bf45b731", kill_on_drop: false }`
[INFO] running `Command { std: "docker" "rm" "-f" "33f57231edc1d99067dc2e73772b5aa238298dfaff2065b2a7a5a476bf45b731", kill_on_drop: false }`
[INFO] [stdout] 33f57231edc1d99067dc2e73772b5aa238298dfaff2065b2a7a5a476bf45b731
