[INFO] cloning repository https://github.com/JhonwillBao/rust-web-demo
[INFO] running `Command { std: "git" "-c" "credential.helper=" "-c" "credential.helper=/workspace/cargo-home/bin/git-credential-null" "clone" "--bare" "https://github.com/JhonwillBao/rust-web-demo" "/workspace/cache/git-repos/https%3A%2F%2Fgithub.com%2FJhonwillBao%2Frust-web-demo", kill_on_drop: false }`
[INFO] [stderr] Cloning into bare repository '/workspace/cache/git-repos/https%3A%2F%2Fgithub.com%2FJhonwillBao%2Frust-web-demo'...
[INFO] running `Command { std: "git" "rev-parse" "HEAD", kill_on_drop: false }`
[INFO] [stdout] 4fa6ff16c481c7a3c42ac400d17685b4982e27fa
[INFO] checking JhonwillBao/rust-web-demo against 3154cc1a3e6424e44f438a95007d043ed5ceaaf6 for pr-133502-30
[INFO] running `Command { std: "git" "clone" "/workspace/cache/git-repos/https%3A%2F%2Fgithub.com%2FJhonwillBao%2Frust-web-demo" "/workspace/builds/worker-5-tc2/source", kill_on_drop: false }`
[INFO] [stderr] Cloning into '/workspace/builds/worker-5-tc2/source'...
[INFO] [stderr] done.
[INFO] removed /workspace/builds/worker-5-tc2/source/.cargo/config.toml
[INFO] started tweaking git repo https://github.com/JhonwillBao/rust-web-demo
[INFO] finished tweaking git repo https://github.com/JhonwillBao/rust-web-demo
[INFO] tweaked toml for git repo https://github.com/JhonwillBao/rust-web-demo written to /workspace/builds/worker-5-tc2/source/Cargo.toml
[INFO] validating manifest of git repo https://github.com/JhonwillBao/rust-web-demo on toolchain 3154cc1a3e6424e44f438a95007d043ed5ceaaf6
[INFO] running `Command { std: CARGO_HOME="/workspace/cargo-home" RUSTUP_HOME="/workspace/rustup-home" "/workspace/cargo-home/bin/cargo" "+3154cc1a3e6424e44f438a95007d043ed5ceaaf6" "metadata" "--manifest-path" "Cargo.toml" "--no-deps", kill_on_drop: false }`
[INFO] crate git repo https://github.com/JhonwillBao/rust-web-demo already has a lockfile, it will not be regenerated
[INFO] running `Command { std: CARGO_HOME="/workspace/cargo-home" RUSTUP_HOME="/workspace/rustup-home" "/workspace/cargo-home/bin/cargo" "+3154cc1a3e6424e44f438a95007d043ed5ceaaf6" "fetch" "--manifest-path" "Cargo.toml", kill_on_drop: false }`
[INFO] running `Command { std: "docker" "create" "-v" "/var/lib/crater-agent-workspace/builds/worker-5-tc2/source:/opt/rustwide/workdir:ro,Z" "-v" "/var/lib/crater-agent-workspace/builds/worker-5-tc2/target:/opt/rustwide/target:rw,Z" "-v" "/var/lib/crater-agent-workspace/cargo-home:/opt/rustwide/cargo-home:ro,Z" "-v" "/var/lib/crater-agent-workspace/rustup-home:/opt/rustwide/rustup-home:ro,Z" "-m" "1610612736" "--network" "none" "ghcr.io/rust-lang/crates-build-env/linux@sha256:77db811e55d90add9212f6832c23229e3de5f1c1f9905e8cb07319ea15df73ac" "sleep" "infinity", kill_on_drop: false }`
[INFO] [stdout] d9e7dda1378b2d4eb30074fd1b851190e00a59695328bff45116f5349f783780
[INFO] running `Command { std: "docker" "start" "d9e7dda1378b2d4eb30074fd1b851190e00a59695328bff45116f5349f783780", kill_on_drop: false }`
[INFO] running `Command { std: "docker" "inspect" "d9e7dda1378b2d4eb30074fd1b851190e00a59695328bff45116f5349f783780", kill_on_drop: false }`
[INFO] running `Command { std: "docker" "exec" "-e" "SOURCE_DIR=/opt/rustwide/workdir" "-e" "CARGO_HOME=/opt/rustwide/cargo-home" "-e" "RUSTUP_HOME=/opt/rustwide/rustup-home" "-e" "CARGO_TARGET_DIR=/opt/rustwide/target" "-w" "/opt/rustwide/workdir" "--user" "0:0" "d9e7dda1378b2d4eb30074fd1b851190e00a59695328bff45116f5349f783780" "/opt/rustwide/cargo-home/bin/cargo" "+3154cc1a3e6424e44f438a95007d043ed5ceaaf6" "metadata" "--no-deps" "--format-version=1", kill_on_drop: false }`
[INFO] running `Command { std: "docker" "inspect" "d9e7dda1378b2d4eb30074fd1b851190e00a59695328bff45116f5349f783780", kill_on_drop: false }`
[INFO] running `Command { std: "docker" "exec" "-e" "SOURCE_DIR=/opt/rustwide/workdir" "-e" "CARGO_HOME=/opt/rustwide/cargo-home" "-e" "RUSTUP_HOME=/opt/rustwide/rustup-home" "-e" "CARGO_TARGET_DIR=/opt/rustwide/target" "-e" "CARGO_INCREMENTAL=0" "-e" "RUST_BACKTRACE=full" "-e" "RUSTFLAGS=--cap-lints=forbid" "-e" "RUSTDOCFLAGS=--cap-lints=forbid" "-w" "/opt/rustwide/workdir" "--user" "0:0" "d9e7dda1378b2d4eb30074fd1b851190e00a59695328bff45116f5349f783780" "/opt/rustwide/cargo-home/bin/cargo" "+3154cc1a3e6424e44f438a95007d043ed5ceaaf6" "check" "--frozen" "--all" "--all-targets" "--message-format=json", kill_on_drop: false }`
[INFO] [stderr]    Compiling find-msvc-tools v0.1.10
[INFO] [stderr]    Compiling syn v3.0.3
[INFO] [stderr]     Checking parking_lot_core v0.9.12
[INFO] [stderr]    Compiling serde_core v1.0.229
[INFO] [stderr]    Compiling zerofrom v0.1.8
[INFO] [stderr]     Checking tracing v0.1.44
[INFO] [stderr]    Compiling num-traits v0.2.19
[INFO] [stderr]    Compiling futures-core v0.3.34
[INFO] [stderr]    Compiling yoke v0.8.3
[INFO] [stderr]     Checking parking_lot v0.12.5
[INFO] [stderr]     Checking getrandom v0.3.4
[INFO] [stderr]    Compiling cc v1.4.2
[INFO] [stderr]    Compiling bitflags v2.13.1
[INFO] [stderr]    Compiling futures-sink v0.3.34
[INFO] [stderr]     Checking ahash v0.8.12
[INFO] [stderr]     Checking serde_json v1.0.151
[INFO] [stderr]    Compiling zerovec v0.11.6
[INFO] [stderr]    Compiling rustix v1.1.4
[INFO] [stderr]    Compiling zerocopy v0.8.56
[INFO] [stderr]    Compiling fastrand v2.5.0
[INFO] [stderr]    Compiling potential_utf v0.1.5
[INFO] [stderr]    Compiling mio v1.2.2
[INFO] [stderr]    Compiling socket2 v0.6.5
[INFO] [stderr]    Compiling cmake v0.1.58
[INFO] [stderr]    Compiling rustls v0.23.43
[INFO] [stderr]    Compiling futures-io v0.3.34
[INFO] [stderr]    Compiling futures-task v0.3.34
[INFO] [stderr]    Compiling form_urlencoded v1.2.2
[INFO] [stderr]    Compiling futures-util v0.3.34
[INFO] [stderr]    Compiling nom v7.1.3
[INFO] [stderr]     Checking hashbrown v0.14.5
[INFO] [stderr]    Compiling aws-lc-sys v0.44.0
[INFO] [stderr]    Compiling ring v0.17.14
[INFO] [stderr]    Compiling libsqlite3-sys v0.27.0
[INFO] [stderr]    Compiling zstd-sys v2.0.16+zstd.1.5.7
[INFO] [stderr]    Compiling tempfile v3.27.0
[INFO] [stderr]    Compiling tokio v1.53.1
[INFO] [stderr]    Compiling serde_derive v1.0.229
[INFO] [stderr]    Compiling displaydoc v0.2.7
[INFO] [stderr]    Compiling tokio-macros v2.7.2
[INFO] [stderr]    Compiling futures-macro v0.3.34
[INFO] [stderr]    Compiling tinystr v0.8.3
[INFO] [stderr]    Compiling icu_locale_core v2.2.0
[INFO] [stderr]    Compiling zerotrie v0.2.4
[INFO] [stderr]    Compiling icu_provider v2.2.0
[INFO] [stderr]    Compiling serde v1.0.229
[INFO] [stderr]    Compiling either v1.17.0
[INFO] [stderr]    Compiling itertools v0.14.0
[INFO] [stderr]    Compiling icu_collections v2.2.0
[INFO] [stderr]    Compiling icu_properties v2.2.0
[INFO] [stderr]    Compiling icu_normalizer v2.2.0
[INFO] [stderr]    Compiling prost-derive v0.13.5
[INFO] [stderr]    Compiling idna_adapter v1.2.2
[INFO] [stderr]     Checking tokio-util v0.7.19
[INFO] [stderr]     Checking tokio-stream v0.1.19
[INFO] [stderr]    Compiling idna v1.1.0
[INFO] [stderr]     Checking h2 v0.4.15
[INFO] [stderr]    Compiling crossbeam-utils v0.8.22
[INFO] [stderr]    Compiling regex-syntax v0.8.11
[INFO] [stderr]    Compiling unicode_categories v0.1.1
[INFO] [stderr]    Compiling prettyplease v0.2.37
[INFO] [stderr]    Compiling sqlformat v0.2.6
[INFO] [stderr]    Compiling chrono v0.4.45
[INFO] [stderr]    Compiling crossbeam-queue v0.3.13
[INFO] [stderr]    Compiling zstd-safe v7.2.4
[INFO] [stderr]    Compiling url v2.5.8
[INFO] [stderr]    Compiling futures-intrusive v0.5.0
[INFO] [stderr]    Compiling prost v0.13.5
[INFO] [stderr]    Compiling hashlink v0.8.4
[INFO] [stderr]    Compiling regex-automata v0.4.18
[INFO] [stderr]    Compiling atoi v2.0.0
[INFO] [stderr]     Checking crypto-common v0.1.7
[INFO] [stderr]    Compiling futures-channel v0.3.34
[INFO] [stderr]    Compiling thiserror v1.0.69
[INFO] [stderr]     Checking getrandom v0.4.3
[INFO] [stderr]    Compiling indexmap v1.9.3
[INFO] [stderr]    Compiling proc-macro2-diagnostics v0.10.1
[INFO] [stderr]    Compiling syn v1.0.109
[INFO] [stderr]     Checking sync_wrapper v1.0.2
[INFO] [stderr]    Compiling uuid v1.24.0
[INFO] [stderr]     Checking simd-adler32 v0.3.10
[INFO] [stderr]     Checking miniz_oxide v0.8.9
[INFO] [stderr]    Compiling petgraph v0.7.1
[INFO] [stderr]     Checking rand_chacha v0.3.1
[INFO] [stderr]    Compiling flume v0.11.1
[INFO] [stderr]     Checking digest v0.10.7
[INFO] [stderr]    Compiling prost-types v0.13.5
[INFO] [stderr]    Compiling regex v1.13.1
[INFO] [stderr]     Checking hyper v1.11.0
[INFO] [stderr]    Compiling futures-executor v0.3.34
[INFO] [stderr]    Compiling async-trait v0.1.92
[INFO] [stderr]    Compiling pin-project-internal v1.1.13
[INFO] [stderr]    Compiling yansi v1.0.1
[INFO] [stderr]    Compiling urlencoding v2.1.3
[INFO] [stderr]    Compiling prost-build v0.13.5
[INFO] [stderr]     Checking hyper-util v0.1.20
[INFO] [stderr]     Checking axum-core v0.4.5
[INFO] [stderr]     Checking serde_urlencoded v0.7.1
[INFO] [stderr]     Checking pin-project v1.1.13
[INFO] [stderr]     Checking sha2 v0.10.9
[INFO] [stderr]    Compiling heck v0.4.1
[INFO] [stderr]     Checking flate2 v1.1.9
[INFO] [stderr]     Checking zstd v0.13.3
[INFO] [stderr]    Compiling sqlx-core v0.7.4
[INFO] [stderr]     Checking rand v0.8.7
[INFO] [stderr]     Checking tower v0.5.3
[INFO] [stderr]     Checking raw-cpuid v11.6.0
[INFO] [stderr]     Checking serde_path_to_error v0.1.20
[INFO] [stderr]     Checking spin v0.9.9
[INFO] [stderr]    Compiling axum-macros v0.4.2
[INFO] [stderr]    Compiling async-stream-impl v0.3.6
[INFO] [stderr]    Compiling proc-macro-error-attr3 v3.1.0
[INFO] [stderr]    Compiling uncased v0.9.10
[INFO] [stderr]     Checking compression-codecs v0.4.38
[INFO] [stderr]     Checking async-stream v0.3.6
[INFO] [stderr]     Checking rustls-native-certs v0.8.4
[INFO] [stderr]    Compiling proc-macro-error3 v3.1.0
[INFO] [stderr]     Checking quanta v0.12.6
[INFO] [stderr]     Checking tower v0.4.13
[INFO] [stderr]     Checking hyper-timeout v0.5.2
[INFO] [stderr]    Compiling tonic-build v0.12.3
[INFO] [stderr]    Compiling pear_codegen v0.2.9
[INFO] [stderr]     Checking axum v0.7.9
[INFO] [stderr]    Compiling sqlx-sqlite v0.7.4
[INFO] [stderr]     Checking metrics v0.23.1
[INFO] [stderr]     Checking rustls-pemfile v2.2.0
[INFO] [stderr]     Checking socket2 v0.5.10
[INFO] [stderr]    Compiling figment v0.10.19
[INFO] [stderr]     Checking sketches-ddsketch v0.2.2
[INFO] [stderr]     Checking inlinable_string v0.1.15
[INFO] [stderr]     Checking time v0.3.55
[INFO] [stderr]     Checking metrics-util v0.17.0
[INFO] [stderr]     Checking pear v0.2.9
[INFO] [stderr]    Compiling rust-web-demo v0.1.0 (/opt/rustwide/workdir)
[INFO] [stdout] warning: use of deprecated method `tonic_build::Builder::compile`: renamed to `compile_protos()`
[INFO] [stdout]   --> build.rs:34:12
[INFO] [stdout]    |
[INFO] [stdout] 34 |     config.compile(proto_files, &[proto_root])?;
[INFO] [stdout]    |            ^^^^^^^
[INFO] [stdout]    |
[INFO] [stdout]    = note: `#[warn(deprecated)]` on by default
[INFO] [stdout] 
[INFO] [stdout] 
[INFO] [stderr]    Compiling validator_derive v0.20.1
[INFO] [stderr]     Checking async-compression v0.4.43
[INFO] [stderr]    Compiling sqlx-macros-core v0.7.4
[INFO] [stderr]     Checking matchers v0.2.0
[INFO] [stderr]     Checking tracing-serde v0.2.0
[INFO] [stderr]    Compiling thiserror-impl v2.0.20
[INFO] [stderr]     Checking tracing-subscriber v0.3.23
[INFO] [stderr]     Checking validator v0.20.0
[INFO] [stderr]     Checking tower-http v0.5.2
[INFO] [stderr]    Compiling sqlx-macros v0.7.4
[INFO] [stderr]     Checking thiserror v2.0.20
[INFO] [stderr]     Checking tokio-test v0.4.5
[INFO] [stderr]     Checking sqlx v0.7.4
[INFO] [stderr]    Compiling aws-lc-rs v1.18.0
[INFO] [stderr]     Checking rustls-webpki v0.103.14
[INFO] [stderr]     Checking tokio-rustls v0.26.4
[INFO] [stderr]     Checking hyper-rustls v0.27.9
[INFO] [stderr]     Checking tonic v0.12.3
[INFO] [stderr]     Checking metrics-exporter-prometheus v0.15.3
[INFO] [stderr]     Checking tonic-reflection v0.12.3
[INFO] [stdout] error[E0432]: unresolved import `tower_http::timeout`
[INFO] [stdout]    --> src/middleware/mod.rs:41:9
[INFO] [stdout]     |
[INFO] [stdout]  41 |         timeout::TimeoutLayer,
[INFO] [stdout]     |         ^^^^^^^ could not find `timeout` in `tower_http`
[INFO] [stdout]     |
[INFO] [stdout] note: found an item that was configured out
[INFO] [stdout]    --> /opt/rustwide/cargo-home/registry/src/index.crates.io-1949cf8c6b5b557f/tower-http-0.5.2/src/lib.rs:328:9
[INFO] [stdout]     |
[INFO] [stdout] 327 | #[cfg(feature = "timeout")]
[INFO] [stdout]     |       ------------------- the item is gated behind the `timeout` feature
[INFO] [stdout] 328 | pub mod timeout;
[INFO] [stdout]     |         ^^^^^^^
[INFO] [stdout] 
[INFO] [stdout] 
[INFO] [stdout] warning: unused import: `post`
[INFO] [stdout]  --> src/api/mod.rs:7:20
[INFO] [stdout]   |
[INFO] [stdout] 7 |     routing::{get, post},
[INFO] [stdout]   |                    ^^^^
[INFO] [stdout]   |
[INFO] [stdout]   = note: `#[warn(unused_imports)]` (part of `#[warn(unused)]`) on by default
[INFO] [stdout] 
[INFO] [stdout] 
[INFO] [stdout] error[E0432]: unresolved import `tower_http::timeout`
[INFO] [stdout]    --> src/middleware/mod.rs:41:9
[INFO] [stdout]     |
[INFO] [stdout]  41 |         timeout::TimeoutLayer,
[INFO] [stdout]     |         ^^^^^^^ could not find `timeout` in `tower_http`
[INFO] [stdout]     |
[INFO] [stdout] note: found an item that was configured out
[INFO] [stdout]    --> /opt/rustwide/cargo-home/registry/src/index.crates.io-1949cf8c6b5b557f/tower-http-0.5.2/src/lib.rs:328:9
[INFO] [stdout]     |
[INFO] [stdout] 327 | #[cfg(feature = "timeout")]
[INFO] [stdout]     |       ------------------- the item is gated behind the `timeout` feature
[INFO] [stdout] 328 | pub mod timeout;
[INFO] [stdout]     |         ^^^^^^^
[INFO] [stdout] 
[INFO] [stdout] 
[INFO] [stdout] warning: unused import: `post`
[INFO] [stdout]  --> src/api/mod.rs:7:20
[INFO] [stdout]   |
[INFO] [stdout] 7 |     routing::{get, post},
[INFO] [stdout]   |                    ^^^^
[INFO] [stdout]   |
[INFO] [stdout]   = note: `#[warn(unused_imports)]` (part of `#[warn(unused)]`) on by default
[INFO] [stdout] 
[INFO] [stdout] 
[INFO] [stdout] error[E0107]: struct takes 0 generic arguments but 1 generic argument was supplied
[INFO] [stdout]    --> src/middleware/mod.rs:182:29
[INFO] [stdout]     |
[INFO] [stdout] 182 |     next: axum::middleware::Next<B>,
[INFO] [stdout]     |                             ^^^^--- help: remove the unnecessary generics
[INFO] [stdout]     |                             |
[INFO] [stdout]     |                             expected 0 generic arguments
[INFO] [stdout]     |
[INFO] [stdout] note: struct defined here, with 0 generic parameters
[INFO] [stdout]    --> /opt/rustwide/cargo-home/registry/src/index.crates.io-1949cf8c6b5b557f/axum-0.7.9/src/middleware/from_fn.rs:335:12
[INFO] [stdout]     |
[INFO] [stdout] 335 | pub struct Next {
[INFO] [stdout]     |            ^^^^
[INFO] [stdout] 
[INFO] [stdout] 
[INFO] [stdout] error[E0782]: expected a type, found a trait
[INFO] [stdout]    --> src/rpc/mod.rs:225:38
[INFO] [stdout]     |
[INFO] [stdout] 225 | pub fn build_reflection_service() -> tonic_reflection::server::ServerReflection {
[INFO] [stdout]     |                                      ^^^^^^^^^^^^^^^^^^^^^^^^^^^^^^^^^^^^^^^^^^
[INFO] [stdout]     |
[INFO] [stdout] help: use `impl tonic_reflection::server::ServerReflection` to return an opaque type, as long as you return a single underlying type
[INFO] [stdout]     |
[INFO] [stdout] 225 | pub fn build_reflection_service() -> impl tonic_reflection::server::ServerReflection {
[INFO] [stdout]     |                                      ++++
[INFO] [stdout] help: alternatively, you can return an owned trait object
[INFO] [stdout]     |
[INFO] [stdout] 225 | pub fn build_reflection_service() -> Box<dyn tonic_reflection::server::ServerReflection> {
[INFO] [stdout]     |                                      +++++++                                           +
[INFO] [stdout] 
[INFO] [stdout] 
[INFO] [stdout] error[E0107]: struct takes 0 generic arguments but 1 generic argument was supplied
[INFO] [stdout]    --> src/middleware/mod.rs:182:29
[INFO] [stdout]     |
[INFO] [stdout] 182 |     next: axum::middleware::Next<B>,
[INFO] [stdout]     |                             ^^^^--- help: remove the unnecessary generics
[INFO] [stdout]     |                             |
[INFO] [stdout]     |                             expected 0 generic arguments
[INFO] [stdout]     |
[INFO] [stdout] note: struct defined here, with 0 generic parameters
[INFO] [stdout]    --> /opt/rustwide/cargo-home/registry/src/index.crates.io-1949cf8c6b5b557f/axum-0.7.9/src/middleware/from_fn.rs:335:12
[INFO] [stdout]     |
[INFO] [stdout] 335 | pub struct Next {
[INFO] [stdout]     |            ^^^^
[INFO] [stdout] 
[INFO] [stdout] 
[INFO] [stdout] error[E0782]: expected a type, found a trait
[INFO] [stdout]    --> src/rpc/mod.rs:225:38
[INFO] [stdout]     |
[INFO] [stdout] 225 | pub fn build_reflection_service() -> tonic_reflection::server::ServerReflection {
[INFO] [stdout]     |                                      ^^^^^^^^^^^^^^^^^^^^^^^^^^^^^^^^^^^^^^^^^^
[INFO] [stdout]     |
[INFO] [stdout] help: use `impl tonic_reflection::server::ServerReflection` to return an opaque type, as long as you return a single underlying type
[INFO] [stdout]     |
[INFO] [stdout] 225 | pub fn build_reflection_service() -> impl tonic_reflection::server::ServerReflection {
[INFO] [stdout]     |                                      ++++
[INFO] [stdout] help: alternatively, you can return an owned trait object
[INFO] [stdout]     |
[INFO] [stdout] 225 | pub fn build_reflection_service() -> Box<dyn tonic_reflection::server::ServerReflection> {
[INFO] [stdout]     |                                      +++++++                                           +
[INFO] [stdout] 
[INFO] [stdout] 
[INFO] [stdout] error[E0308]: mismatched types
[INFO] [stdout]    --> src/middleware/mod.rs:190:29
[INFO] [stdout]     |
[INFO] [stdout] 180 | pub async fn record_request_metrics<B>(
[INFO] [stdout]     |                                     - found this type parameter
[INFO] [stdout] ...
[INFO] [stdout] 190 |     let response = next.run(req).await;
[INFO] [stdout]     |                         --- ^^^ expected `Request<Body>`, found `Request<B>`
[INFO] [stdout]     |                         |
[INFO] [stdout]     |                         arguments to this method are incorrect
[INFO] [stdout]     |
[INFO] [stdout]     = note: expected struct `Request<AxumBody>`
[INFO] [stdout]                found struct `Request<B>`
[INFO] [stdout] note: method defined here
[INFO] [stdout]    --> /opt/rustwide/cargo-home/registry/src/index.crates.io-1949cf8c6b5b557f/axum-0.7.9/src/middleware/from_fn.rs:341:18
[INFO] [stdout]     |
[INFO] [stdout] 341 |     pub async fn run(mut self, req: Request) -> Response {
[INFO] [stdout]     |                  ^^^
[INFO] [stdout] 
[INFO] [stdout] 
[INFO] [stdout] error[E0308]: mismatched types
[INFO] [stdout]    --> src/middleware/mod.rs:190:29
[INFO] [stdout]     |
[INFO] [stdout] 180 | pub async fn record_request_metrics<B>(
[INFO] [stdout]     |                                     - found this type parameter
[INFO] [stdout] ...
[INFO] [stdout] 190 |     let response = next.run(req).await;
[INFO] [stdout]     |                         --- ^^^ expected `Request<Body>`, found `Request<B>`
[INFO] [stdout]     |                         |
[INFO] [stdout]     |                         arguments to this method are incorrect
[INFO] [stdout]     |
[INFO] [stdout]     = note: expected struct `Request<AxumBody>`
[INFO] [stdout]                found struct `Request<B>`
[INFO] [stdout] note: method defined here
[INFO] [stdout]    --> /opt/rustwide/cargo-home/registry/src/index.crates.io-1949cf8c6b5b557f/axum-0.7.9/src/middleware/from_fn.rs:341:18
[INFO] [stdout]     |
[INFO] [stdout] 341 |     pub async fn run(mut self, req: Request) -> Response {
[INFO] [stdout]     |                  ^^^
[INFO] [stdout] 
[INFO] [stdout] 
[INFO] [stdout] warning: use of deprecated method `tonic_reflection::server::Builder::<'b>::build`: use `build_v1()` instead
[INFO] [stdout]    --> src/rpc/mod.rs:229:10
[INFO] [stdout]     |
[INFO] [stdout] 229 |         .build()
[INFO] [stdout]     |          ^^^^^
[INFO] [stdout]     |
[INFO] [stdout]     = note: `#[warn(deprecated)]` on by default
[INFO] [stdout] 
[INFO] [stdout] 
[INFO] [stdout] warning: use of deprecated method `tonic_reflection::server::Builder::<'b>::build`: use `build_v1()` instead
[INFO] [stdout]    --> src/rpc/mod.rs:237:18
[INFO] [stdout]     |
[INFO] [stdout] 237 |                 .build()
[INFO] [stdout]     |                  ^^^^^
[INFO] [stdout] 
[INFO] [stdout] 
[INFO] [stdout] warning: use of deprecated method `tonic_reflection::server::Builder::<'b>::build`: use `build_v1()` instead
[INFO] [stdout]    --> src/rpc/mod.rs:229:10
[INFO] [stdout]     |
[INFO] [stdout] 229 |         .build()
[INFO] [stdout]     |          ^^^^^
[INFO] [stdout]     |
[INFO] [stdout]     = note: `#[warn(deprecated)]` on by default
[INFO] [stdout] 
[INFO] [stdout] 
[INFO] [stdout] warning: use of deprecated method `tonic_reflection::server::Builder::<'b>::build`: use `build_v1()` instead
[INFO] [stdout]    --> src/rpc/mod.rs:237:18
[INFO] [stdout]     |
[INFO] [stdout] 237 |                 .build()
[INFO] [stdout]     |                  ^^^^^
[INFO] [stdout] 
[INFO] [stdout] 
[INFO] [stdout] Some errors have detailed explanations: E0107, E0308, E0432, E0782.
[INFO] [stdout] 
[INFO] [stdout] For more information about an error, try `rustc --explain E0107`.
[INFO] [stdout] 
[INFO] [stderr] error: could not compile `rust-web-demo` (lib test) due to 4 previous errors; 3 warnings emitted
[INFO] [stderr] warning: build failed, waiting for other jobs to finish...
[INFO] [stdout] Some errors have detailed explanations: E0107, E0308, E0432, E0782.
[INFO] [stdout] 
[INFO] [stdout] For more information about an error, try `rustc --explain E0107`.
[INFO] [stdout] 
[INFO] [stderr] error: could not compile `rust-web-demo` (lib) due to 4 previous errors; 3 warnings emitted
[INFO] running `Command { std: "docker" "inspect" "d9e7dda1378b2d4eb30074fd1b851190e00a59695328bff45116f5349f783780", kill_on_drop: false }`
[INFO] running `Command { std: "docker" "rm" "-f" "d9e7dda1378b2d4eb30074fd1b851190e00a59695328bff45116f5349f783780", kill_on_drop: false }`
[INFO] [stdout] d9e7dda1378b2d4eb30074fd1b851190e00a59695328bff45116f5349f783780
