[INFO] cloning repository https://github.com/JeseYe/rustest
[INFO] running `Command { std: "git" "-c" "credential.helper=" "-c" "credential.helper=/workspace/cargo-home/bin/git-credential-null" "clone" "--bare" "https://github.com/JeseYe/rustest" "/workspace/cache/git-repos/https%3A%2F%2Fgithub.com%2FJeseYe%2Frustest", kill_on_drop: false }`
[INFO] [stderr] Cloning into bare repository '/workspace/cache/git-repos/https%3A%2F%2Fgithub.com%2FJeseYe%2Frustest'...
[INFO] running `Command { std: "git" "rev-parse" "HEAD", kill_on_drop: false }`
[INFO] [stdout] 0a3be71fc73a621b1decf25d66c73eaf2f8708f8
[INFO] checking JeseYe/rustest against 3154cc1a3e6424e44f438a95007d043ed5ceaaf6+rustflags=-Znext-solver=coherence for pr-133502-30
[INFO] running `Command { std: "git" "clone" "/workspace/cache/git-repos/https%3A%2F%2Fgithub.com%2FJeseYe%2Frustest" "/workspace/builds/worker-5-tc1/source", kill_on_drop: false }`
[INFO] [stderr] Cloning into '/workspace/builds/worker-5-tc1/source'...
[INFO] [stderr] done.
[INFO] started tweaking git repo https://github.com/JeseYe/rustest
[INFO] finished tweaking git repo https://github.com/JeseYe/rustest
[INFO] tweaked toml for git repo https://github.com/JeseYe/rustest written to /workspace/builds/worker-5-tc1/source/Cargo.toml
[INFO] validating manifest of git repo https://github.com/JeseYe/rustest on toolchain 3154cc1a3e6424e44f438a95007d043ed5ceaaf6
[INFO] running `Command { std: CARGO_HOME="/workspace/cargo-home" RUSTUP_HOME="/workspace/rustup-home" "/workspace/cargo-home/bin/cargo" "+3154cc1a3e6424e44f438a95007d043ed5ceaaf6" "metadata" "--manifest-path" "Cargo.toml" "--no-deps", kill_on_drop: false }`
[INFO] crate git repo https://github.com/JeseYe/rustest already has a lockfile, it will not be regenerated
[INFO] running `Command { std: CARGO_HOME="/workspace/cargo-home" RUSTUP_HOME="/workspace/rustup-home" "/workspace/cargo-home/bin/cargo" "+3154cc1a3e6424e44f438a95007d043ed5ceaaf6" "fetch" "--manifest-path" "Cargo.toml", kill_on_drop: false }`
[INFO] [stderr]     Updating crates.io index
[INFO] [stderr]  Downloading crates ...
[INFO] [stderr]   Downloaded http v1.4.2
[INFO] [stderr]   Downloaded zeroize v1.9.0
[INFO] [stderr]   Downloaded anstream v1.0.0
[INFO] [stderr]   Downloaded rustls-pki-types v1.15.1
[INFO] [stderr]   Downloaded rand_pcg v0.10.2
[INFO] [stderr]   Downloaded lru-slab v0.1.2
[INFO] [stderr]   Downloaded windows-registry v0.6.1
[INFO] [stderr]   Downloaded once_cell_polyfill v1.70.2
[INFO] [stderr]   Downloaded openssl-probe v0.2.1
[INFO] [stderr]   Downloaded system-configuration v0.7.0
[INFO] [stderr]   Downloaded is_terminal_polyfill v1.70.2
[INFO] [stderr]   Downloaded colorchoice v1.0.5
[INFO] [stderr]   Downloaded anstyle-query v1.1.5
[INFO] [stderr]   Downloaded tokio-rustls v0.26.4
[INFO] [stderr]   Downloaded clap_lex v1.1.0
[INFO] [stderr]   Downloaded system-configuration-sys v0.6.0
[INFO] [stderr]   Downloaded rustls-platform-verifier-android v0.1.1
[INFO] [stderr]   Downloaded rustls-native-certs v0.8.4
[INFO] [stderr]   Downloaded quinn-udp v0.5.15
[INFO] [stderr]   Downloaded anstyle-wincon v3.0.11
[INFO] [stderr]   Downloaded cmake v0.1.58
[INFO] [stderr]   Downloaded simdutf8 v0.1.5
[INFO] [stderr]   Downloaded chacha20 v0.10.1
[INFO] [stderr]   Downloaded hyper-rustls v0.27.9
[INFO] [stderr]   Downloaded anstyle v1.0.14
[INFO] [stderr]   Downloaded anstyle-parse v1.0.0
[INFO] [stderr]   Downloaded rustls-webpki v0.103.13
[INFO] [stderr]   Downloaded jobserver v0.1.35
[INFO] [stderr]   Downloaded rand_core v0.10.1
[INFO] [stderr]   Downloaded fs_extra v1.3.0
[INFO] [stderr]   Downloaded clap_derive v4.6.4
[INFO] [stderr]   Downloaded rustls-platform-verifier v0.7.0
[INFO] [stderr]   Downloaded jni-macros v0.22.4
[INFO] [stderr]   Downloaded clap v4.6.4
[INFO] [stderr]   Downloaded quinn v0.11.11
[INFO] [stderr]   Downloaded security-framework v3.7.0
[INFO] [stderr]   Downloaded rand v0.10.2
[INFO] [stderr]   Downloaded webpki-root-certs v1.0.9
[INFO] [stderr]   Downloaded h2 v0.4.15
[INFO] [stderr]   Downloaded jni v0.22.4
[INFO] [stderr]   Downloaded clap_builder v4.6.2
[INFO] [stderr]   Downloaded quinn-proto v0.11.16
[INFO] [stderr]   Downloaded aws-lc-rs v1.17.3
[INFO] [stderr]   Downloaded rustls v0.23.42
[INFO] [stderr]   Downloaded simd_cesu8 v1.2.0
[INFO] [stderr]   Downloaded aws-lc-sys v0.43.0
[INFO] running `Command { std: "docker" "create" "-v" "/var/lib/crater-agent-workspace/builds/worker-5-tc1/source:/opt/rustwide/workdir:ro,Z" "-v" "/var/lib/crater-agent-workspace/builds/worker-5-tc1/target:/opt/rustwide/target:rw,Z" "-v" "/var/lib/crater-agent-workspace/cargo-home:/opt/rustwide/cargo-home:ro,Z" "-v" "/var/lib/crater-agent-workspace/rustup-home:/opt/rustwide/rustup-home:ro,Z" "-m" "1610612736" "--network" "none" "ghcr.io/rust-lang/crates-build-env/linux@sha256:77db811e55d90add9212f6832c23229e3de5f1c1f9905e8cb07319ea15df73ac" "sleep" "infinity", kill_on_drop: false }`
[INFO] [stdout] 3e895d43d91dcadd42cf4b9b4302761cf1487cd02e610b5941dcf114490a76e2
[INFO] running `Command { std: "docker" "start" "3e895d43d91dcadd42cf4b9b4302761cf1487cd02e610b5941dcf114490a76e2", kill_on_drop: false }`
[INFO] running `Command { std: "docker" "inspect" "3e895d43d91dcadd42cf4b9b4302761cf1487cd02e610b5941dcf114490a76e2", kill_on_drop: false }`
[INFO] running `Command { std: "docker" "exec" "-e" "SOURCE_DIR=/opt/rustwide/workdir" "-e" "CARGO_HOME=/opt/rustwide/cargo-home" "-e" "RUSTUP_HOME=/opt/rustwide/rustup-home" "-e" "CARGO_TARGET_DIR=/opt/rustwide/target" "-w" "/opt/rustwide/workdir" "--user" "0:0" "3e895d43d91dcadd42cf4b9b4302761cf1487cd02e610b5941dcf114490a76e2" "/opt/rustwide/cargo-home/bin/cargo" "+3154cc1a3e6424e44f438a95007d043ed5ceaaf6" "metadata" "--no-deps" "--format-version=1", kill_on_drop: false }`
[INFO] running `Command { std: "docker" "inspect" "3e895d43d91dcadd42cf4b9b4302761cf1487cd02e610b5941dcf114490a76e2", kill_on_drop: false }`
[INFO] running `Command { std: "docker" "exec" "-e" "SOURCE_DIR=/opt/rustwide/workdir" "-e" "CARGO_HOME=/opt/rustwide/cargo-home" "-e" "RUSTUP_HOME=/opt/rustwide/rustup-home" "-e" "CARGO_TARGET_DIR=/opt/rustwide/target" "-e" "CARGO_INCREMENTAL=0" "-e" "RUST_BACKTRACE=full" "-e" "RUSTFLAGS=--cap-lints=forbid -Znext-solver=coherence" "-e" "RUSTDOCFLAGS=--cap-lints=forbid" "-w" "/opt/rustwide/workdir" "--user" "0:0" "3e895d43d91dcadd42cf4b9b4302761cf1487cd02e610b5941dcf114490a76e2" "/opt/rustwide/cargo-home/bin/cargo" "+3154cc1a3e6424e44f438a95007d043ed5ceaaf6" "check" "--frozen" "--all" "--all-targets" "--message-format=json", kill_on_drop: false }`
[INFO] [stderr]    Compiling proc-macro2 v1.0.107
[INFO] [stderr]    Compiling libc v0.2.189
[INFO] [stderr]    Compiling unicode-ident v1.0.24
[INFO] [stderr]    Compiling quote v1.0.47
[INFO] [stderr]     Checking stable_deref_trait v1.2.1
[INFO] [stderr]    Compiling find-msvc-tools v0.1.9
[INFO] [stderr]    Compiling shlex v2.0.1
[INFO] [stderr]     Checking bytes v1.12.1
[INFO] [stderr]     Checking pin-project-lite v0.2.17
[INFO] [stderr]    Compiling pkg-config v0.3.33
[INFO] [stderr]     Checking futures-core v0.3.33
[INFO] [stderr]    Compiling fs_extra v1.3.0
[INFO] [stderr]    Compiling dunce v1.0.5
[INFO] [stderr]     Checking itoa v1.0.18
[INFO] [stderr]     Checking once_cell v1.21.4
[INFO] [stderr]     Checking futures-sink v0.3.33
[INFO] [stderr]    Compiling aws-lc-rs v1.17.3
[INFO] [stderr]     Checking smallvec v1.15.2
[INFO] [stderr]     Checking zeroize v1.9.0
[INFO] [stderr]     Checking litemap v0.8.2
[INFO] [stderr]     Checking writeable v0.6.3
[INFO] [stderr]    Compiling icu_properties_data v2.2.0
[INFO] [stderr]     Checking http v1.4.2
[INFO] [stderr]     Checking slab v0.4.12
[INFO] [stderr]    Compiling icu_normalizer_data v2.2.0
[INFO] [stderr]     Checking utf8_iter v1.0.4
[INFO] [stderr]     Checking rustls-pki-types v1.15.1
[INFO] [stderr]     Checking memchr v2.8.3
[INFO] [stderr]    Compiling syn v2.0.119
[INFO] [stderr]    Compiling syn v3.0.3
[INFO] [stderr]     Checking tracing-core v0.1.36
[INFO] [stderr]    Compiling rustls v0.23.42
[INFO] [stderr]     Checking equivalent v1.0.2
[INFO] [stderr]     Checking untrusted v0.9.0
[INFO] [stderr]     Checking futures-task v0.3.33
[INFO] [stderr]     Checking percent-encoding v2.3.2
[INFO] [stderr]     Checking hashbrown v0.17.1
[INFO] [stderr]    Compiling httparse v1.10.1
[INFO] [stderr]     Checking futures-io v0.3.33
[INFO] [stderr]     Checking futures-util v0.3.33
[INFO] [stderr]     Checking http-body v1.1.0
[INFO] [stderr]     Checking tracing v0.1.44
[INFO] [stderr]     Checking tower-service v0.3.3
[INFO] [stderr]    Compiling jobserver v0.1.35
[INFO] [stderr]     Checking fnv v1.0.7
[INFO] [stderr]     Checking atomic-waker v1.1.2
[INFO] [stderr]     Checking socket2 v0.6.5
[INFO] [stderr]     Checking mio v1.2.2
[INFO] [stderr]     Checking subtle v2.6.1
[INFO] [stderr]     Checking try-lock v0.2.5
[INFO] [stderr]    Compiling cc v1.4.0
[INFO] [stderr]     Checking indexmap v2.14.0
[INFO] [stderr]     Checking want v0.3.1
[INFO] [stderr]     Checking tokio v1.53.1
[INFO] [stderr]     Checking futures-channel v0.3.33
[INFO] [stderr]     Checking utf8parse v0.2.2
[INFO] [stderr]     Checking form_urlencoded v1.2.2
[INFO] [stderr]     Checking anstyle-parse v1.0.0
[INFO] [stderr]     Checking sync_wrapper v1.0.2
[INFO] [stderr]    Compiling zmij v1.0.23
[INFO] [stderr]     Checking anstyle v1.0.14
[INFO] [stderr]    Compiling serde_core v1.0.229
[INFO] [stderr]     Checking openssl-probe v0.2.1
[INFO] [stderr]     Checking base64 v0.22.1
[INFO] [stderr]     Checking colorchoice v1.0.5
[INFO] [stderr]     Checking ipnet v2.12.0
[INFO] [stderr]     Checking tower-layer v0.3.3
[INFO] [stderr]     Checking is_terminal_polyfill v1.70.2
[INFO] [stderr]     Checking anstyle-query v1.1.5
[INFO] [stderr]     Checking anstream v1.0.0
[INFO] [stderr]     Checking rustls-native-certs v0.8.4
[INFO] [stderr]     Checking strsim v0.11.1
[INFO] [stderr]     Checking log v0.4.33
[INFO] [stderr]    Compiling cmake v0.1.58
[INFO] [stderr]     Checking cfg-if v1.0.4
[INFO] [stderr]    Compiling heck v0.5.0
[INFO] [stderr]    Compiling serde_json v1.0.151
[INFO] [stderr]     Checking clap_lex v1.1.0
[INFO] [stderr]     Checking bitflags v2.13.1
[INFO] [stderr]     Checking clap_builder v4.6.2
[INFO] [stderr]     Checking encoding_rs v0.8.35
[INFO] [stderr]    Compiling synstructure v0.13.2
[INFO] [stderr]    Compiling aws-lc-sys v0.43.0
[INFO] [stderr]     Checking http-body-util v0.1.4
[INFO] [stderr]     Checking mime v0.3.17
[INFO] [stderr]    Compiling zerofrom-derive v0.1.7
[INFO] [stderr]    Compiling yoke-derive v0.8.2
[INFO] [stderr]    Compiling zerovec-derive v0.11.3
[INFO] [stderr]     Checking zerofrom v0.1.8
[INFO] [stderr]    Compiling displaydoc v0.2.7
[INFO] [stderr]    Compiling clap_derive v4.6.4
[INFO] [stderr]     Checking yoke v0.8.3
[INFO] [stderr]     Checking zerovec v0.11.6
[INFO] [stderr]     Checking zerotrie v0.2.4
[INFO] [stderr]     Checking tokio-util v0.7.19
[INFO] [stderr]     Checking tower v0.5.3
[INFO] [stderr]     Checking tinystr v0.8.3
[INFO] [stderr]     Checking potential_utf v0.1.5
[INFO] [stderr]     Checking icu_collections v2.2.0
[INFO] [stderr]     Checking icu_locale_core v2.2.0
[INFO] [stderr]     Checking h2 v0.4.15
[INFO] [stderr]     Checking clap v4.6.4
[INFO] [stderr]     Checking icu_provider v2.2.0
[INFO] [stderr]     Checking icu_properties v2.2.0
[INFO] [stderr]     Checking icu_normalizer v2.2.0
[INFO] [stderr]     Checking idna_adapter v1.2.2
[INFO] [stderr]     Checking idna v1.1.0
[INFO] [stderr]     Checking url v2.5.8
[INFO] [stderr]     Checking tower-http v0.6.11
[INFO] [stderr]     Checking hyper v1.11.0
[INFO] [stderr]     Checking hyper-util v0.1.20
[INFO] [stderr]     Checking rustls-webpki v0.103.13
[INFO] [stderr]     Checking tokio-rustls v0.26.4
[INFO] [stderr]     Checking rustls-platform-verifier v0.7.0
[INFO] [stderr]     Checking hyper-rustls v0.27.9
[INFO] [stderr]     Checking reqwest v0.13.4
[INFO] [stderr]     Checking y v0.1.0 (/opt/rustwide/workdir)
[INFO] [stdout] warning: unused variable: `stmt_line`
[INFO] [stdout]    --> src/parser.rs:457:13
[INFO] [stdout]     |
[INFO] [stdout] 457 |         let stmt_line = self.cur_token.line;
[INFO] [stdout]     |             ^^^^^^^^^ help: if this is intentional, prefix it with an underscore: `_stmt_line`
[INFO] [stdout]     |
[INFO] [stdout]     = note: `#[warn(unused_variables)]` (part of `#[warn(unused)]`) on by default
[INFO] [stdout] 
[INFO] [stdout] 
[INFO] [stdout] warning: unused variable: `stmt_line`
[INFO] [stdout]    --> src/parser.rs:464:13
[INFO] [stdout]     |
[INFO] [stdout] 464 |         let stmt_line = self.cur_token.line;
[INFO] [stdout]     |             ^^^^^^^^^ help: if this is intentional, prefix it with an underscore: `_stmt_line`
[INFO] [stdout] 
[INFO] [stdout] 
[INFO] [stdout] warning: variable `type_name` is assigned to, but never used
[INFO] [stdout]    --> src/parser.rs:565:17
[INFO] [stdout]     |
[INFO] [stdout] 565 |             let mut type_name = None;
[INFO] [stdout]     |                 ^^^^^^^^^^^^^
[INFO] [stdout]     |
[INFO] [stdout]     = note: consider using `_type_name` instead
[INFO] [stdout] 
[INFO] [stdout] 
[INFO] [stdout] warning: value assigned to `type_name` is never read
[INFO] [stdout]    --> src/parser.rs:576:21
[INFO] [stdout]     |
[INFO] [stdout] 576 |                     type_name = Some(k.clone());
[INFO] [stdout]     |                     ^^^^^^^^^
[INFO] [stdout]     |
[INFO] [stdout]     = help: maybe it is overwritten before being read?
[INFO] [stdout]     = note: `#[warn(unused_assignments)]` (part of `#[warn(unused)]`) on by default
[INFO] [stdout] 
[INFO] [stdout] 
[INFO] [stdout] warning: value assigned to `key` is never read
[INFO] [stdout]    --> src/parser.rs:566:27
[INFO] [stdout]     |
[INFO] [stdout] 566 |             let mut key = String::new();
[INFO] [stdout]     |                           ^^^^^^^^^^^^^ this value is reassigned later and never used
[INFO] [stdout] ...
[INFO] [stdout] 577 |                     key = name.clone();
[INFO] [stdout]     |                     --- `key` is overwritten here before the previous value is read
[INFO] [stdout] 
[INFO] [stdout] 
[INFO] [stdout] warning: unused variable: `stmt_line`
[INFO] [stdout]    --> src/parser.rs:457:13
[INFO] [stdout]     |
[INFO] [stdout] 457 |         let stmt_line = self.cur_token.line;
[INFO] [stdout]     |             ^^^^^^^^^ help: if this is intentional, prefix it with an underscore: `_stmt_line`
[INFO] [stdout]     |
[INFO] [stdout]     = note: `#[warn(unused_variables)]` (part of `#[warn(unused)]`) on by default
[INFO] [stdout] 
[INFO] [stdout] 
[INFO] [stdout] warning: unused variable: `stmt_line`
[INFO] [stdout]    --> src/parser.rs:464:13
[INFO] [stdout]     |
[INFO] [stdout] 464 |         let stmt_line = self.cur_token.line;
[INFO] [stdout]     |             ^^^^^^^^^ help: if this is intentional, prefix it with an underscore: `_stmt_line`
[INFO] [stdout] 
[INFO] [stdout] 
[INFO] [stdout] warning: unreachable pattern
[INFO] [stdout]    --> src/transpiler.rs:567:13
[INFO] [stdout]     |
[INFO] [stdout] 436 |             Statement::Continue(line) => {
[INFO] [stdout]     |             ------------------------- matches all the relevant values
[INFO] [stdout] ...
[INFO] [stdout] 567 |             Statement::Continue(line) => {
[INFO] [stdout]     |             ^^^^^^^^^^^^^^^^^^^^^^^^^ no value can reach this
[INFO] [stdout]     |
[INFO] [stdout]     = note: `#[warn(unreachable_patterns)]` (part of `#[warn(unused)]`) on by default
[INFO] [stdout] 
[INFO] [stdout] 
[INFO] [stdout] warning: unreachable pattern
[INFO] [stdout]    --> src/transpiler.rs:570:13
[INFO] [stdout]     |
[INFO] [stdout] 433 |             Statement::Break(line) => {
[INFO] [stdout]     |             ---------------------- matches all the relevant values
[INFO] [stdout] ...
[INFO] [stdout] 570 |             Statement::Break(line) => {
[INFO] [stdout]     |             ^^^^^^^^^^^^^^^^^^^^^^ no value can reach this
[INFO] [stdout] 
[INFO] [stdout] 
[INFO] [stdout] warning: variable `type_name` is assigned to, but never used
[INFO] [stdout]    --> src/parser.rs:565:17
[INFO] [stdout]     |
[INFO] [stdout] 565 |             let mut type_name = None;
[INFO] [stdout]     |                 ^^^^^^^^^^^^^
[INFO] [stdout]     |
[INFO] [stdout]     = note: consider using `_type_name` instead
[INFO] [stdout] 
[INFO] [stdout] 
[INFO] [stdout] warning: value assigned to `type_name` is never read
[INFO] [stdout]    --> src/parser.rs:576:21
[INFO] [stdout]     |
[INFO] [stdout] 576 |                     type_name = Some(k.clone());
[INFO] [stdout]     |                     ^^^^^^^^^
[INFO] [stdout]     |
[INFO] [stdout]     = help: maybe it is overwritten before being read?
[INFO] [stdout]     = note: `#[warn(unused_assignments)]` (part of `#[warn(unused)]`) on by default
[INFO] [stdout] 
[INFO] [stdout] 
[INFO] [stdout] warning: value assigned to `key` is never read
[INFO] [stdout]    --> src/parser.rs:566:27
[INFO] [stdout]     |
[INFO] [stdout] 566 |             let mut key = String::new();
[INFO] [stdout]     |                           ^^^^^^^^^^^^^ this value is reassigned later and never used
[INFO] [stdout] ...
[INFO] [stdout] 577 |                     key = name.clone();
[INFO] [stdout]     |                     --- `key` is overwritten here before the previous value is read
[INFO] [stdout] 
[INFO] [stdout] 
[INFO] [stdout] warning: variable does not need to be mutable
[INFO] [stdout]    --> src/transpiler.rs:582:33
[INFO] [stdout]     |
[INFO] [stdout] 582 | ...                   let mut lexer = crate::lexer::Lexer::new(&content);
[INFO] [stdout]     |                           ----^^^^^
[INFO] [stdout]     |                           |
[INFO] [stdout]     |                           help: remove this `mut`
[INFO] [stdout]     |
[INFO] [stdout]     = note: `#[warn(unused_mut)]` (part of `#[warn(unused)]`) on by default
[INFO] [stdout] 
[INFO] [stdout] 
[INFO] [stdout] warning: unused variable: `line`
[INFO] [stdout]    --> src/transpiler.rs:295:33
[INFO] [stdout]     |
[INFO] [stdout] 295 |             Statement::Assign { line, target, value, .. } => {
[INFO] [stdout]     |                                 ^^^^ help: try ignoring the field: `line: _`
[INFO] [stdout] 
[INFO] [stdout] 
[INFO] [stdout] warning: unused variable: `line`
[INFO] [stdout]    --> src/transpiler.rs:341:30
[INFO] [stdout]     |
[INFO] [stdout] 341 |             Statement::Let { line, name, type_name, value, .. } => {
[INFO] [stdout]     |                              ^^^^ help: try ignoring the field: `line: _`
[INFO] [stdout] 
[INFO] [stdout] 
[INFO] [stdout] warning: unused variable: `line`
[INFO] [stdout]    --> src/transpiler.rs:397:29
[INFO] [stdout]     |
[INFO] [stdout] 397 |             Statement::Expr(line, expr) => {
[INFO] [stdout]     |                             ^^^^ help: if this is intentional, prefix it with an underscore: `_line`
[INFO] [stdout] 
[INFO] [stdout] 
[INFO] [stdout] warning: unused variable: `line`
[INFO] [stdout]    --> src/transpiler.rs:401:29
[INFO] [stdout]     |
[INFO] [stdout] 401 |             Statement::If { line, condition, consequence, alternative } => {
[INFO] [stdout]     |                             ^^^^ help: try ignoring the field: `line: _`
[INFO] [stdout] 
[INFO] [stdout] 
[INFO] [stdout] warning: unused variable: `line`
[INFO] [stdout]    --> src/transpiler.rs:422:32
[INFO] [stdout]     |
[INFO] [stdout] 422 |             Statement::While { line, condition, body } => {
[INFO] [stdout]     |                                ^^^^ help: try ignoring the field: `line: _`
[INFO] [stdout] 
[INFO] [stdout] 
[INFO] [stdout] warning: unused variable: `line`
[INFO] [stdout]    --> src/transpiler.rs:433:30
[INFO] [stdout]     |
[INFO] [stdout] 433 |             Statement::Break(line) => {
[INFO] [stdout]     |                              ^^^^ help: if this is intentional, prefix it with an underscore: `_line`
[INFO] [stdout] 
[INFO] [stdout] 
[INFO] [stdout] warning: unused variable: `line`
[INFO] [stdout]    --> src/transpiler.rs:436:33
[INFO] [stdout]     |
[INFO] [stdout] 436 |             Statement::Continue(line) => {
[INFO] [stdout]     |                                 ^^^^ help: if this is intentional, prefix it with an underscore: `_line`
[INFO] [stdout] 
[INFO] [stdout] 
[INFO] [stdout] warning: unused variable: `line`
[INFO] [stdout]    --> src/transpiler.rs:439:30
[INFO] [stdout]     |
[INFO] [stdout] 439 |             Statement::For { line, iterator, iterable, body } => {
[INFO] [stdout]     |                              ^^^^ help: try ignoring the field: `line: _`
[INFO] [stdout] 
[INFO] [stdout] 
[INFO] [stdout] warning: unused variable: `line`
[INFO] [stdout]    --> src/transpiler.rs:500:30
[INFO] [stdout]     |
[INFO] [stdout] 500 |             Statement::Throw(line, expr) => {
[INFO] [stdout]     |                              ^^^^ help: if this is intentional, prefix it with an underscore: `_line`
[INFO] [stdout] 
[INFO] [stdout] 
[INFO] [stdout] warning: unused variable: `line`
[INFO] [stdout]    --> src/transpiler.rs:505:35
[INFO] [stdout]     |
[INFO] [stdout] 505 |             Statement::TryCatch { line, try_body, catches, finally_body } => {
[INFO] [stdout]     |                                   ^^^^ help: try ignoring the field: `line: _`
[INFO] [stdout] 
[INFO] [stdout] 
[INFO] [stdout] warning: unused variable: `line`
[INFO] [stdout]    --> src/transpiler.rs:562:31
[INFO] [stdout]     |
[INFO] [stdout] 562 |             Statement::Return(line, expr) => {
[INFO] [stdout]     |                               ^^^^ help: if this is intentional, prefix it with an underscore: `_line`
[INFO] [stdout] 
[INFO] [stdout] 
[INFO] [stdout] warning: unused variable: `line`
[INFO] [stdout]    --> src/transpiler.rs:567:33
[INFO] [stdout]     |
[INFO] [stdout] 567 |             Statement::Continue(line) => {
[INFO] [stdout]     |                                 ^^^^ help: if this is intentional, prefix it with an underscore: `_line`
[INFO] [stdout] 
[INFO] [stdout] 
[INFO] [stdout] warning: unused variable: `line`
[INFO] [stdout]    --> src/transpiler.rs:570:30
[INFO] [stdout]     |
[INFO] [stdout] 570 |             Statement::Break(line) => {
[INFO] [stdout]     |                              ^^^^ help: if this is intentional, prefix it with an underscore: `_line`
[INFO] [stdout] 
[INFO] [stdout] 
[INFO] [stdout] warning: unused variable: `line`
[INFO] [stdout]    --> src/transpiler.rs:573:31
[INFO] [stdout]     |
[INFO] [stdout] 573 |             Statement::Import(line, items) => {
[INFO] [stdout]     |                               ^^^^ help: if this is intentional, prefix it with an underscore: `_line`
[INFO] [stdout] 
[INFO] [stdout] 
[INFO] [stdout] warning: unreachable pattern
[INFO] [stdout]     --> src/transpiler.rs:1214:13
[INFO] [stdout]      |
[INFO] [stdout]  944 |             Expression::ChainedComparison { operands, operators } => {
[INFO] [stdout]      |             ----------------------------------------------------- matches all the relevant values
[INFO] [stdout] ...
[INFO] [stdout] 1214 |             Expression::ChainedComparison { operands, operators } => {
[INFO] [stdout]      |             ^^^^^^^^^^^^^^^^^^^^^^^^^^^^^^^^^^^^^^^^^^^^^^^^^^^^^ no value can reach this
[INFO] [stdout] 
[INFO] [stdout] 
[INFO] [stdout] warning: unused variable: `step`
[INFO] [stdout]     --> src/transpiler.rs:1036:45
[INFO] [stdout]      |
[INFO] [stdout] 1036 |             Expression::Range { start, end, step, start_inclusive, end_inclusive } => {
[INFO] [stdout]      |                                             ^^^^ help: try ignoring the field: `step: _`
[INFO] [stdout] 
[INFO] [stdout] 
[INFO] [stdout] warning: unused variable: `catch_type`
[INFO] [stdout]     --> src/transpiler.rs:1289:56
[INFO] [stdout]      |
[INFO] [stdout] 1289 |             Expression::CatchPipe { left, catch_param, catch_type, fallback_value } => {
[INFO] [stdout]      |                                                        ^^^^^^^^^^ help: try ignoring the field: `catch_type: _`
[INFO] [stdout] 
[INFO] [stdout] 
[INFO] [stdout] warning: methods `push_scope`, `pop_scope`, and `transpile_method` are never used
[INFO] [stdout]    --> src/transpiler.rs:246:8
[INFO] [stdout]     |
[INFO] [stdout]  15 | impl Transpiler {
[INFO] [stdout]     | --------------- methods in this implementation
[INFO] [stdout] ...
[INFO] [stdout] 246 |     fn push_scope(&mut self) {
[INFO] [stdout]     |        ^^^^^^^^^^
[INFO] [stdout] ...
[INFO] [stdout] 250 |     fn pop_scope(&mut self) {
[INFO] [stdout]     |        ^^^^^^^^^
[INFO] [stdout] ...
[INFO] [stdout] 627 |     fn transpile_method(&mut self, parameters: &Vec<(Option<String>, String, Option<Box<Expression>>)>, body: &crate::ast::BlockSta...
[INFO] [stdout]     |        ^^^^^^^^^^^^^^^^
[INFO] [stdout]     |
[INFO] [stdout]     = note: `#[warn(dead_code)]` (part of `#[warn(unused)]`) on by default
[INFO] [stdout] 
[INFO] [stdout] 
[INFO] [stdout] warning: unreachable pattern
[INFO] [stdout]    --> src/transpiler.rs:567:13
[INFO] [stdout]     |
[INFO] [stdout] 436 |             Statement::Continue(line) => {
[INFO] [stdout]     |             ------------------------- matches all the relevant values
[INFO] [stdout] ...
[INFO] [stdout] 567 |             Statement::Continue(line) => {
[INFO] [stdout]     |             ^^^^^^^^^^^^^^^^^^^^^^^^^ no value can reach this
[INFO] [stdout]     |
[INFO] [stdout]     = note: `#[warn(unreachable_patterns)]` (part of `#[warn(unused)]`) on by default
[INFO] [stdout] 
[INFO] [stdout] 
[INFO] [stdout] warning: unreachable pattern
[INFO] [stdout]    --> src/transpiler.rs:570:13
[INFO] [stdout]     |
[INFO] [stdout] 433 |             Statement::Break(line) => {
[INFO] [stdout]     |             ---------------------- matches all the relevant values
[INFO] [stdout] ...
[INFO] [stdout] 570 |             Statement::Break(line) => {
[INFO] [stdout]     |             ^^^^^^^^^^^^^^^^^^^^^^ no value can reach this
[INFO] [stdout] 
[INFO] [stdout] 
[INFO] [stdout] warning: variable does not need to be mutable
[INFO] [stdout]    --> src/transpiler.rs:582:33
[INFO] [stdout]     |
[INFO] [stdout] 582 | ...                   let mut lexer = crate::lexer::Lexer::new(&content);
[INFO] [stdout]     |                           ----^^^^^
[INFO] [stdout]     |                           |
[INFO] [stdout]     |                           help: remove this `mut`
[INFO] [stdout]     |
[INFO] [stdout]     = note: `#[warn(unused_mut)]` (part of `#[warn(unused)]`) on by default
[INFO] [stdout] 
[INFO] [stdout] 
[INFO] [stdout] warning: unused variable: `line`
[INFO] [stdout]    --> src/transpiler.rs:295:33
[INFO] [stdout]     |
[INFO] [stdout] 295 |             Statement::Assign { line, target, value, .. } => {
[INFO] [stdout]     |                                 ^^^^ help: try ignoring the field: `line: _`
[INFO] [stdout] 
[INFO] [stdout] 
[INFO] [stdout] warning: unused variable: `line`
[INFO] [stdout]    --> src/transpiler.rs:341:30
[INFO] [stdout]     |
[INFO] [stdout] 341 |             Statement::Let { line, name, type_name, value, .. } => {
[INFO] [stdout]     |                              ^^^^ help: try ignoring the field: `line: _`
[INFO] [stdout] 
[INFO] [stdout] 
[INFO] [stdout] warning: unused variable: `line`
[INFO] [stdout]    --> src/transpiler.rs:397:29
[INFO] [stdout]     |
[INFO] [stdout] 397 |             Statement::Expr(line, expr) => {
[INFO] [stdout]     |                             ^^^^ help: if this is intentional, prefix it with an underscore: `_line`
[INFO] [stdout] 
[INFO] [stdout] 
[INFO] [stdout] warning: unused variable: `line`
[INFO] [stdout]    --> src/transpiler.rs:401:29
[INFO] [stdout]     |
[INFO] [stdout] 401 |             Statement::If { line, condition, consequence, alternative } => {
[INFO] [stdout]     |                             ^^^^ help: try ignoring the field: `line: _`
[INFO] [stdout] 
[INFO] [stdout] 
[INFO] [stdout] warning: unused variable: `line`
[INFO] [stdout]    --> src/transpiler.rs:422:32
[INFO] [stdout]     |
[INFO] [stdout] 422 |             Statement::While { line, condition, body } => {
[INFO] [stdout]     |                                ^^^^ help: try ignoring the field: `line: _`
[INFO] [stdout] 
[INFO] [stdout] 
[INFO] [stdout] warning: unused variable: `line`
[INFO] [stdout]    --> src/transpiler.rs:433:30
[INFO] [stdout]     |
[INFO] [stdout] 433 |             Statement::Break(line) => {
[INFO] [stdout]     |                              ^^^^ help: if this is intentional, prefix it with an underscore: `_line`
[INFO] [stdout] 
[INFO] [stdout] 
[INFO] [stdout] warning: unused variable: `line`
[INFO] [stdout]    --> src/transpiler.rs:436:33
[INFO] [stdout]     |
[INFO] [stdout] 436 |             Statement::Continue(line) => {
[INFO] [stdout]     |                                 ^^^^ help: if this is intentional, prefix it with an underscore: `_line`
[INFO] [stdout] 
[INFO] [stdout] 
[INFO] [stdout] warning: unused variable: `line`
[INFO] [stdout]    --> src/transpiler.rs:439:30
[INFO] [stdout]     |
[INFO] [stdout] 439 |             Statement::For { line, iterator, iterable, body } => {
[INFO] [stdout]     |                              ^^^^ help: try ignoring the field: `line: _`
[INFO] [stdout] 
[INFO] [stdout] 
[INFO] [stdout] warning: unused variable: `line`
[INFO] [stdout]    --> src/transpiler.rs:500:30
[INFO] [stdout]     |
[INFO] [stdout] 500 |             Statement::Throw(line, expr) => {
[INFO] [stdout]     |                              ^^^^ help: if this is intentional, prefix it with an underscore: `_line`
[INFO] [stdout] 
[INFO] [stdout] 
[INFO] [stdout] warning: unused variable: `line`
[INFO] [stdout]    --> src/transpiler.rs:505:35
[INFO] [stdout]     |
[INFO] [stdout] 505 |             Statement::TryCatch { line, try_body, catches, finally_body } => {
[INFO] [stdout]     |                                   ^^^^ help: try ignoring the field: `line: _`
[INFO] [stdout] 
[INFO] [stdout] 
[INFO] [stdout] warning: unused variable: `line`
[INFO] [stdout]    --> src/transpiler.rs:562:31
[INFO] [stdout]     |
[INFO] [stdout] 562 |             Statement::Return(line, expr) => {
[INFO] [stdout]     |                               ^^^^ help: if this is intentional, prefix it with an underscore: `_line`
[INFO] [stdout] 
[INFO] [stdout] 
[INFO] [stdout] warning: unused variable: `line`
[INFO] [stdout]    --> src/transpiler.rs:567:33
[INFO] [stdout]     |
[INFO] [stdout] 567 |             Statement::Continue(line) => {
[INFO] [stdout]     |                                 ^^^^ help: if this is intentional, prefix it with an underscore: `_line`
[INFO] [stdout] 
[INFO] [stdout] 
[INFO] [stdout] warning: unused variable: `line`
[INFO] [stdout]    --> src/transpiler.rs:570:30
[INFO] [stdout]     |
[INFO] [stdout] 570 |             Statement::Break(line) => {
[INFO] [stdout]     |                              ^^^^ help: if this is intentional, prefix it with an underscore: `_line`
[INFO] [stdout] 
[INFO] [stdout] 
[INFO] [stdout] warning: unused variable: `line`
[INFO] [stdout]    --> src/transpiler.rs:573:31
[INFO] [stdout]     |
[INFO] [stdout] 573 |             Statement::Import(line, items) => {
[INFO] [stdout]     |                               ^^^^ help: if this is intentional, prefix it with an underscore: `_line`
[INFO] [stdout] 
[INFO] [stdout] 
[INFO] [stdout] warning: unreachable pattern
[INFO] [stdout]     --> src/transpiler.rs:1214:13
[INFO] [stdout]      |
[INFO] [stdout]  944 |             Expression::ChainedComparison { operands, operators } => {
[INFO] [stdout]      |             ----------------------------------------------------- matches all the relevant values
[INFO] [stdout] ...
[INFO] [stdout] 1214 |             Expression::ChainedComparison { operands, operators } => {
[INFO] [stdout]      |             ^^^^^^^^^^^^^^^^^^^^^^^^^^^^^^^^^^^^^^^^^^^^^^^^^^^^^ no value can reach this
[INFO] [stdout] 
[INFO] [stdout] 
[INFO] [stdout] warning: unused variable: `step`
[INFO] [stdout]     --> src/transpiler.rs:1036:45
[INFO] [stdout]      |
[INFO] [stdout] 1036 |             Expression::Range { start, end, step, start_inclusive, end_inclusive } => {
[INFO] [stdout]      |                                             ^^^^ help: try ignoring the field: `step: _`
[INFO] [stdout] 
[INFO] [stdout] 
[INFO] [stdout] warning: unused variable: `catch_type`
[INFO] [stdout]     --> src/transpiler.rs:1289:56
[INFO] [stdout]      |
[INFO] [stdout] 1289 |             Expression::CatchPipe { left, catch_param, catch_type, fallback_value } => {
[INFO] [stdout]      |                                                        ^^^^^^^^^^ help: try ignoring the field: `catch_type: _`
[INFO] [stdout] 
[INFO] [stdout] 
[INFO] [stdout] warning: methods `push_scope`, `pop_scope`, and `transpile_method` are never used
[INFO] [stdout]    --> src/transpiler.rs:246:8
[INFO] [stdout]     |
[INFO] [stdout]  15 | impl Transpiler {
[INFO] [stdout]     | --------------- methods in this implementation
[INFO] [stdout] ...
[INFO] [stdout] 246 |     fn push_scope(&mut self) {
[INFO] [stdout]     |        ^^^^^^^^^^
[INFO] [stdout] ...
[INFO] [stdout] 250 |     fn pop_scope(&mut self) {
[INFO] [stdout]     |        ^^^^^^^^^
[INFO] [stdout] ...
[INFO] [stdout] 627 |     fn transpile_method(&mut self, parameters: &Vec<(Option<String>, String, Option<Box<Expression>>)>, body: &crate::ast::BlockSta...
[INFO] [stdout]     |        ^^^^^^^^^^^^^^^^
[INFO] [stdout]     |
[INFO] [stdout]     = note: `#[warn(dead_code)]` (part of `#[warn(unused)]`) on by default
[INFO] [stdout] 
[INFO] [stdout] 
[INFO] [stdout] error[E0432]: unresolved import `y::compiler`
[INFO] [stdout]  --> tests/test_compiler_vm.rs:3:8
[INFO] [stdout]   |
[INFO] [stdout] 3 | use y::compiler::Compiler;
[INFO] [stdout]   |        ^^^^^^^^ could not find `compiler` in `y`
[INFO] [stdout] 
[INFO] [stdout] 
[INFO] [stdout] error[E0432]: unresolved import `y::vm`
[INFO] [stdout]  --> tests/test_compiler_vm.rs:4:8
[INFO] [stdout]   |
[INFO] [stdout] 4 | use y::vm::VM;
[INFO] [stdout]   |        ^^ could not find `vm` in `y`
[INFO] [stdout] 
[INFO] [stdout] 
[INFO] [stdout] error[E0432]: unresolved import `y::vm_object`
[INFO] [stdout]  --> tests/test_compiler_vm.rs:5:8
[INFO] [stdout]   |
[INFO] [stdout] 5 | use y::vm_object::VMObject;
[INFO] [stdout]   |        ^^^^^^^^^ could not find `vm_object` in `y`
[INFO] [stdout] 
[INFO] [stdout] 
[INFO] [stdout] error[E0433]: cannot find `code` in `y`
[INFO] [stdout]  --> tests/test_compiler_vm.rs:7:49
[INFO] [stdout]   |
[INFO] [stdout] 7 | fn parse_and_compile(input: &str) -> Result<(y::code::Instructions, Vec<VMObject>), String> {
[INFO] [stdout]   |                                                 ^^^^ could not find `code` in `y`
[INFO] [stdout] 
[INFO] [stdout] 
[INFO] [stdout] error[E0433]: cannot find `code` in `y`
[INFO] [stdout]    --> tests/test_compiler_vm.rs:139:29
[INFO] [stdout]     |
[INFO] [stdout] 139 |     let mut vm = VM::new(y::code::Instructions(vec![]), vec![]);
[INFO] [stdout]     |                             ^^^^ could not find `code` in `y`
[INFO] [stdout] 
[INFO] [stdout] 
[INFO] [stdout] error[E0433]: cannot find `code` in `y`
[INFO] [stdout]    --> tests/test_compiler_vm.rs:143:36
[INFO] [stdout]     |
[INFO] [stdout] 143 |     let bad_jump_instructions = y::code::Instructions(vec![
[INFO] [stdout]     |                                    ^^^^ could not find `code` in `y`
[INFO] [stdout] 
[INFO] [stdout] 
[INFO] [stdout] error[E0433]: cannot find `opcodes` in `y`
[INFO] [stdout]    --> tests/test_compiler_vm.rs:144:12
[INFO] [stdout]     |
[INFO] [stdout] 144 |         y::opcodes::Opcode::Jump as u8,
[INFO] [stdout]     |            ^^^^^^^ could not find `opcodes` in `y`
[INFO] [stdout] 
[INFO] [stdout] 
[INFO] [stdout] Some errors have detailed explanations: E0432, E0433.
[INFO] [stdout] 
[INFO] [stdout] For more information about an error, try `rustc --explain E0432`.
[INFO] [stdout] 
[INFO] [stdout] warning: unused variable: `stmt_line`
[INFO] [stdout]    --> src/parser.rs:457:13
[INFO] [stdout]     |
[INFO] [stdout] 457 |         let stmt_line = self.cur_token.line;
[INFO] [stdout]     |             ^^^^^^^^^ help: if this is intentional, prefix it with an underscore: `_stmt_line`
[INFO] [stdout]     |
[INFO] [stdout]     = note: `#[warn(unused_variables)]` (part of `#[warn(unused)]`) on by default
[INFO] [stdout] 
[INFO] [stdout] 
[INFO] [stdout] warning: unused variable: `stmt_line`
[INFO] [stdout]    --> src/parser.rs:464:13
[INFO] [stdout]     |
[INFO] [stdout] 464 |         let stmt_line = self.cur_token.line;
[INFO] [stdout]     |             ^^^^^^^^^ help: if this is intentional, prefix it with an underscore: `_stmt_line`
[INFO] [stdout] 
[INFO] [stdout] 
[INFO] [stdout] warning: variable `type_name` is assigned to, but never used
[INFO] [stdout]    --> src/parser.rs:565:17
[INFO] [stdout]     |
[INFO] [stdout] 565 |             let mut type_name = None;
[INFO] [stdout]     |                 ^^^^^^^^^^^^^
[INFO] [stdout]     |
[INFO] [stdout]     = note: consider using `_type_name` instead
[INFO] [stdout] 
[INFO] [stdout] 
[INFO] [stderr] error: could not compile `y` (test "test_compiler_vm") due to 7 previous errors
[INFO] [stdout] warning: value assigned to `type_name` is never read
[INFO] [stdout]    --> src/parser.rs:576:21
[INFO] [stdout]     |
[INFO] [stdout] 576 |                     type_name = Some(k.clone());
[INFO] [stdout]     |                     ^^^^^^^^^
[INFO] [stdout]     |
[INFO] [stdout]     = help: maybe it is overwritten before being read?
[INFO] [stdout]     = note: `#[warn(unused_assignments)]` (part of `#[warn(unused)]`) on by default
[INFO] [stdout] 
[INFO] [stdout] 
[INFO] [stderr] warning: build failed, waiting for other jobs to finish...
[INFO] [stdout] warning: value assigned to `key` is never read
[INFO] [stdout]    --> src/parser.rs:566:27
[INFO] [stdout]     |
[INFO] [stdout] 566 |             let mut key = String::new();
[INFO] [stdout]     |                           ^^^^^^^^^^^^^ this value is reassigned later and never used
[INFO] [stdout] ...
[INFO] [stdout] 577 |                     key = name.clone();
[INFO] [stdout]     |                     --- `key` is overwritten here before the previous value is read
[INFO] [stdout] 
[INFO] [stdout] 
[INFO] [stdout] warning: unreachable pattern
[INFO] [stdout]    --> src/transpiler.rs:567:13
[INFO] [stdout]     |
[INFO] [stdout] 436 |             Statement::Continue(line) => {
[INFO] [stdout]     |             ------------------------- matches all the relevant values
[INFO] [stdout] ...
[INFO] [stdout] 567 |             Statement::Continue(line) => {
[INFO] [stdout]     |             ^^^^^^^^^^^^^^^^^^^^^^^^^ no value can reach this
[INFO] [stdout]     |
[INFO] [stdout]     = note: `#[warn(unreachable_patterns)]` (part of `#[warn(unused)]`) on by default
[INFO] [stdout] 
[INFO] [stdout] 
[INFO] [stdout] warning: unreachable pattern
[INFO] [stdout]    --> src/transpiler.rs:570:13
[INFO] [stdout]     |
[INFO] [stdout] 433 |             Statement::Break(line) => {
[INFO] [stdout]     |             ---------------------- matches all the relevant values
[INFO] [stdout] ...
[INFO] [stdout] 570 |             Statement::Break(line) => {
[INFO] [stdout]     |             ^^^^^^^^^^^^^^^^^^^^^^ no value can reach this
[INFO] [stdout] 
[INFO] [stdout] 
[INFO] [stdout] warning: variable does not need to be mutable
[INFO] [stdout]    --> src/transpiler.rs:582:33
[INFO] [stdout]     |
[INFO] [stdout] 582 | ...                   let mut lexer = crate::lexer::Lexer::new(&content);
[INFO] [stdout]     |                           ----^^^^^
[INFO] [stdout]     |                           |
[INFO] [stdout]     |                           help: remove this `mut`
[INFO] [stdout]     |
[INFO] [stdout]     = note: `#[warn(unused_mut)]` (part of `#[warn(unused)]`) on by default
[INFO] [stdout] 
[INFO] [stdout] 
[INFO] [stdout] warning: unused variable: `line`
[INFO] [stdout]    --> src/transpiler.rs:295:33
[INFO] [stdout]     |
[INFO] [stdout] 295 |             Statement::Assign { line, target, value, .. } => {
[INFO] [stdout]     |                                 ^^^^ help: try ignoring the field: `line: _`
[INFO] [stdout] 
[INFO] [stdout] 
[INFO] [stdout] warning: unused variable: `line`
[INFO] [stdout]    --> src/transpiler.rs:341:30
[INFO] [stdout]     |
[INFO] [stdout] 341 |             Statement::Let { line, name, type_name, value, .. } => {
[INFO] [stdout]     |                              ^^^^ help: try ignoring the field: `line: _`
[INFO] [stdout] 
[INFO] [stdout] 
[INFO] [stdout] warning: unused variable: `line`
[INFO] [stdout]    --> src/transpiler.rs:397:29
[INFO] [stdout]     |
[INFO] [stdout] 397 |             Statement::Expr(line, expr) => {
[INFO] [stdout]     |                             ^^^^ help: if this is intentional, prefix it with an underscore: `_line`
[INFO] [stdout] 
[INFO] [stdout] 
[INFO] [stdout] warning: unused variable: `line`
[INFO] [stdout]    --> src/transpiler.rs:401:29
[INFO] [stdout]     |
[INFO] [stdout] 401 |             Statement::If { line, condition, consequence, alternative } => {
[INFO] [stdout]     |                             ^^^^ help: try ignoring the field: `line: _`
[INFO] [stdout] 
[INFO] [stdout] 
[INFO] [stdout] warning: unused variable: `line`
[INFO] [stdout]    --> src/transpiler.rs:422:32
[INFO] [stdout]     |
[INFO] [stdout] 422 |             Statement::While { line, condition, body } => {
[INFO] [stdout]     |                                ^^^^ help: try ignoring the field: `line: _`
[INFO] [stdout] 
[INFO] [stdout] 
[INFO] [stdout] warning: unused variable: `line`
[INFO] [stdout]    --> src/transpiler.rs:433:30
[INFO] [stdout]     |
[INFO] [stdout] 433 |             Statement::Break(line) => {
[INFO] [stdout]     |                              ^^^^ help: if this is intentional, prefix it with an underscore: `_line`
[INFO] [stdout] 
[INFO] [stdout] 
[INFO] [stdout] warning: unused variable: `line`
[INFO] [stdout]    --> src/transpiler.rs:436:33
[INFO] [stdout]     |
[INFO] [stdout] 436 |             Statement::Continue(line) => {
[INFO] [stdout]     |                                 ^^^^ help: if this is intentional, prefix it with an underscore: `_line`
[INFO] [stdout] 
[INFO] [stdout] 
[INFO] [stdout] warning: unused variable: `line`
[INFO] [stdout]    --> src/transpiler.rs:439:30
[INFO] [stdout]     |
[INFO] [stdout] 439 |             Statement::For { line, iterator, iterable, body } => {
[INFO] [stdout]     |                              ^^^^ help: try ignoring the field: `line: _`
[INFO] [stdout] 
[INFO] [stdout] 
[INFO] [stdout] warning: unused variable: `line`
[INFO] [stdout]    --> src/transpiler.rs:500:30
[INFO] [stdout]     |
[INFO] [stdout] 500 |             Statement::Throw(line, expr) => {
[INFO] [stdout]     |                              ^^^^ help: if this is intentional, prefix it with an underscore: `_line`
[INFO] [stdout] 
[INFO] [stdout] 
[INFO] [stdout] warning: unused variable: `line`
[INFO] [stdout]    --> src/transpiler.rs:505:35
[INFO] [stdout]     |
[INFO] [stdout] 505 |             Statement::TryCatch { line, try_body, catches, finally_body } => {
[INFO] [stdout]     |                                   ^^^^ help: try ignoring the field: `line: _`
[INFO] [stdout] 
[INFO] [stdout] 
[INFO] [stdout] warning: unused variable: `line`
[INFO] [stdout]    --> src/transpiler.rs:562:31
[INFO] [stdout]     |
[INFO] [stdout] 562 |             Statement::Return(line, expr) => {
[INFO] [stdout]     |                               ^^^^ help: if this is intentional, prefix it with an underscore: `_line`
[INFO] [stdout] 
[INFO] [stdout] 
[INFO] [stdout] warning: unused variable: `line`
[INFO] [stdout]    --> src/transpiler.rs:567:33
[INFO] [stdout]     |
[INFO] [stdout] 567 |             Statement::Continue(line) => {
[INFO] [stdout]     |                                 ^^^^ help: if this is intentional, prefix it with an underscore: `_line`
[INFO] [stdout] 
[INFO] [stdout] 
[INFO] [stdout] warning: unused variable: `line`
[INFO] [stdout]    --> src/transpiler.rs:570:30
[INFO] [stdout]     |
[INFO] [stdout] 570 |             Statement::Break(line) => {
[INFO] [stdout]     |                              ^^^^ help: if this is intentional, prefix it with an underscore: `_line`
[INFO] [stdout] 
[INFO] [stdout] 
[INFO] [stdout] warning: unused variable: `line`
[INFO] [stdout]    --> src/transpiler.rs:573:31
[INFO] [stdout]     |
[INFO] [stdout] 573 |             Statement::Import(line, items) => {
[INFO] [stdout]     |                               ^^^^ help: if this is intentional, prefix it with an underscore: `_line`
[INFO] [stdout] 
[INFO] [stdout] 
[INFO] [stdout] warning: unreachable pattern
[INFO] [stdout]     --> src/transpiler.rs:1214:13
[INFO] [stdout]      |
[INFO] [stdout]  944 |             Expression::ChainedComparison { operands, operators } => {
[INFO] [stdout]      |             ----------------------------------------------------- matches all the relevant values
[INFO] [stdout] ...
[INFO] [stdout] 1214 |             Expression::ChainedComparison { operands, operators } => {
[INFO] [stdout]      |             ^^^^^^^^^^^^^^^^^^^^^^^^^^^^^^^^^^^^^^^^^^^^^^^^^^^^^ no value can reach this
[INFO] [stdout] 
[INFO] [stdout] 
[INFO] [stdout] warning: unused variable: `step`
[INFO] [stdout]     --> src/transpiler.rs:1036:45
[INFO] [stdout]      |
[INFO] [stdout] 1036 |             Expression::Range { start, end, step, start_inclusive, end_inclusive } => {
[INFO] [stdout]      |                                             ^^^^ help: try ignoring the field: `step: _`
[INFO] [stdout] 
[INFO] [stdout] 
[INFO] [stdout] warning: unused variable: `catch_type`
[INFO] [stdout]     --> src/transpiler.rs:1289:56
[INFO] [stdout]      |
[INFO] [stdout] 1289 |             Expression::CatchPipe { left, catch_param, catch_type, fallback_value } => {
[INFO] [stdout]      |                                                        ^^^^^^^^^^ help: try ignoring the field: `catch_type: _`
[INFO] [stdout] 
[INFO] [stdout] 
[INFO] [stdout] warning: unused variable: `stmt_line`
[INFO] [stdout]    --> src/parser.rs:457:13
[INFO] [stdout]     |
[INFO] [stdout] 457 |         let stmt_line = self.cur_token.line;
[INFO] [stdout]     |             ^^^^^^^^^ help: if this is intentional, prefix it with an underscore: `_stmt_line`
[INFO] [stdout]     |
[INFO] [stdout]     = note: `#[warn(unused_variables)]` (part of `#[warn(unused)]`) on by default
[INFO] [stdout] 
[INFO] [stdout] 
[INFO] [stdout] warning: unused variable: `stmt_line`
[INFO] [stdout]    --> src/parser.rs:464:13
[INFO] [stdout]     |
[INFO] [stdout] 464 |         let stmt_line = self.cur_token.line;
[INFO] [stdout]     |             ^^^^^^^^^ help: if this is intentional, prefix it with an underscore: `_stmt_line`
[INFO] [stdout] 
[INFO] [stdout] 
[INFO] [stdout] warning: variants `Pipeline` and `Range` are never constructed
[INFO] [stdout]   --> src/parser.rs:11:5
[INFO] [stdout]    |
[INFO] [stdout]  6 | pub enum Precedence {
[INFO] [stdout]    |          ---------- variants in this enum
[INFO] [stdout] ...
[INFO] [stdout] 11 |     Pipeline, // ~ (wait, bitnot is ~ now, pipeline was ~ earlier. Let's keep Pipeline if it was used somewhere, but we removed Pipe...
[INFO] [stdout]    |     ^^^^^^^^
[INFO] [stdout] ...
[INFO] [stdout] 18 |     Range,
[INFO] [stdout]    |     ^^^^^
[INFO] [stdout]    |
[INFO] [stdout]    = note: `Precedence` has derived impls for the traits `Clone` and `Debug`, but these are intentionally ignored during dead code analysis
[INFO] [stdout]    = note: `#[warn(dead_code)]` (part of `#[warn(unused)]`) on by default
[INFO] [stdout] 
[INFO] [stdout] 
[INFO] [stdout] warning: methods `push_scope`, `pop_scope`, and `transpile_method` are never used
[INFO] [stdout]    --> src/transpiler.rs:246:8
[INFO] [stdout]     |
[INFO] [stdout]  15 | impl Transpiler {
[INFO] [stdout]     | --------------- methods in this implementation
[INFO] [stdout] ...
[INFO] [stdout] 246 |     fn push_scope(&mut self) {
[INFO] [stdout]     |        ^^^^^^^^^^
[INFO] [stdout] ...
[INFO] [stdout] 250 |     fn pop_scope(&mut self) {
[INFO] [stdout]     |        ^^^^^^^^^
[INFO] [stdout] ...
[INFO] [stdout] 627 |     fn transpile_method(&mut self, parameters: &Vec<(Option<String>, String, Option<Box<Expression>>)>, body: &crate::ast::BlockSta...
[INFO] [stdout]     |        ^^^^^^^^^^^^^^^^
[INFO] [stdout] 
[INFO] [stdout] 
[INFO] [stdout] warning: variable `type_name` is assigned to, but never used
[INFO] [stdout]    --> src/parser.rs:565:17
[INFO] [stdout]     |
[INFO] [stdout] 565 |             let mut type_name = None;
[INFO] [stdout]     |                 ^^^^^^^^^^^^^
[INFO] [stdout]     |
[INFO] [stdout]     = note: consider using `_type_name` instead
[INFO] [stdout] 
[INFO] [stdout] 
[INFO] [stdout] warning: value assigned to `type_name` is never read
[INFO] [stdout]    --> src/parser.rs:576:21
[INFO] [stdout]     |
[INFO] [stdout] 576 |                     type_name = Some(k.clone());
[INFO] [stdout]     |                     ^^^^^^^^^
[INFO] [stdout]     |
[INFO] [stdout]     = help: maybe it is overwritten before being read?
[INFO] [stdout]     = note: `#[warn(unused_assignments)]` (part of `#[warn(unused)]`) on by default
[INFO] [stdout] 
[INFO] [stdout] 
[INFO] [stdout] warning: value assigned to `key` is never read
[INFO] [stdout]    --> src/parser.rs:566:27
[INFO] [stdout]     |
[INFO] [stdout] 566 |             let mut key = String::new();
[INFO] [stdout]     |                           ^^^^^^^^^^^^^ this value is reassigned later and never used
[INFO] [stdout] ...
[INFO] [stdout] 577 |                     key = name.clone();
[INFO] [stdout]     |                     --- `key` is overwritten here before the previous value is read
[INFO] [stdout] 
[INFO] [stdout] 
[INFO] [stdout] warning: unreachable pattern
[INFO] [stdout]    --> src/transpiler.rs:567:13
[INFO] [stdout]     |
[INFO] [stdout] 436 |             Statement::Continue(line) => {
[INFO] [stdout]     |             ------------------------- matches all the relevant values
[INFO] [stdout] ...
[INFO] [stdout] 567 |             Statement::Continue(line) => {
[INFO] [stdout]     |             ^^^^^^^^^^^^^^^^^^^^^^^^^ no value can reach this
[INFO] [stdout]     |
[INFO] [stdout]     = note: `#[warn(unreachable_patterns)]` (part of `#[warn(unused)]`) on by default
[INFO] [stdout] 
[INFO] [stdout] 
[INFO] [stdout] warning: unreachable pattern
[INFO] [stdout]    --> src/transpiler.rs:570:13
[INFO] [stdout]     |
[INFO] [stdout] 433 |             Statement::Break(line) => {
[INFO] [stdout]     |             ---------------------- matches all the relevant values
[INFO] [stdout] ...
[INFO] [stdout] 570 |             Statement::Break(line) => {
[INFO] [stdout]     |             ^^^^^^^^^^^^^^^^^^^^^^ no value can reach this
[INFO] [stdout] 
[INFO] [stdout] 
[INFO] [stdout] warning: variable does not need to be mutable
[INFO] [stdout]    --> src/transpiler.rs:582:33
[INFO] [stdout]     |
[INFO] [stdout] 582 | ...                   let mut lexer = crate::lexer::Lexer::new(&content);
[INFO] [stdout]     |                           ----^^^^^
[INFO] [stdout]     |                           |
[INFO] [stdout]     |                           help: remove this `mut`
[INFO] [stdout]     |
[INFO] [stdout]     = note: `#[warn(unused_mut)]` (part of `#[warn(unused)]`) on by default
[INFO] [stdout] 
[INFO] [stdout] 
[INFO] [stdout] warning: unused variable: `line`
[INFO] [stdout]    --> src/transpiler.rs:295:33
[INFO] [stdout]     |
[INFO] [stdout] 295 |             Statement::Assign { line, target, value, .. } => {
[INFO] [stdout]     |                                 ^^^^ help: try ignoring the field: `line: _`
[INFO] [stdout] 
[INFO] [stdout] 
[INFO] [stdout] warning: unused variable: `line`
[INFO] [stdout]    --> src/transpiler.rs:341:30
[INFO] [stdout]     |
[INFO] [stdout] 341 |             Statement::Let { line, name, type_name, value, .. } => {
[INFO] [stdout]     |                              ^^^^ help: try ignoring the field: `line: _`
[INFO] [stdout] 
[INFO] [stdout] 
[INFO] [stdout] warning: unused variable: `line`
[INFO] [stdout]    --> src/transpiler.rs:397:29
[INFO] [stdout]     |
[INFO] [stdout] 397 |             Statement::Expr(line, expr) => {
[INFO] [stdout]     |                             ^^^^ help: if this is intentional, prefix it with an underscore: `_line`
[INFO] [stdout] 
[INFO] [stdout] 
[INFO] [stdout] warning: unused variable: `line`
[INFO] [stdout]    --> src/transpiler.rs:401:29
[INFO] [stdout]     |
[INFO] [stdout] 401 |             Statement::If { line, condition, consequence, alternative } => {
[INFO] [stdout]     |                             ^^^^ help: try ignoring the field: `line: _`
[INFO] [stdout] 
[INFO] [stdout] 
[INFO] [stdout] warning: unused variable: `line`
[INFO] [stdout]    --> src/transpiler.rs:422:32
[INFO] [stdout]     |
[INFO] [stdout] 422 |             Statement::While { line, condition, body } => {
[INFO] [stdout]     |                                ^^^^ help: try ignoring the field: `line: _`
[INFO] [stdout] 
[INFO] [stdout] 
[INFO] [stdout] warning: unused variable: `line`
[INFO] [stdout]    --> src/transpiler.rs:433:30
[INFO] [stdout]     |
[INFO] [stdout] 433 |             Statement::Break(line) => {
[INFO] [stdout]     |                              ^^^^ help: if this is intentional, prefix it with an underscore: `_line`
[INFO] [stdout] 
[INFO] [stdout] 
[INFO] [stdout] warning: unused variable: `line`
[INFO] [stdout]    --> src/transpiler.rs:436:33
[INFO] [stdout]     |
[INFO] [stdout] 436 |             Statement::Continue(line) => {
[INFO] [stdout]     |                                 ^^^^ help: if this is intentional, prefix it with an underscore: `_line`
[INFO] [stdout] 
[INFO] [stdout] 
[INFO] [stdout] warning: unused variable: `line`
[INFO] [stdout]    --> src/transpiler.rs:439:30
[INFO] [stdout]     |
[INFO] [stdout] 439 |             Statement::For { line, iterator, iterable, body } => {
[INFO] [stdout]     |                              ^^^^ help: try ignoring the field: `line: _`
[INFO] [stdout] 
[INFO] [stdout] 
[INFO] [stdout] warning: unused variable: `line`
[INFO] [stdout]    --> src/transpiler.rs:500:30
[INFO] [stdout]     |
[INFO] [stdout] 500 |             Statement::Throw(line, expr) => {
[INFO] [stdout]     |                              ^^^^ help: if this is intentional, prefix it with an underscore: `_line`
[INFO] [stdout] 
[INFO] [stdout] 
[INFO] [stdout] warning: unused variable: `line`
[INFO] [stdout]    --> src/transpiler.rs:505:35
[INFO] [stdout]     |
[INFO] [stdout] 505 |             Statement::TryCatch { line, try_body, catches, finally_body } => {
[INFO] [stdout]     |                                   ^^^^ help: try ignoring the field: `line: _`
[INFO] [stdout] 
[INFO] [stdout] 
[INFO] [stdout] warning: unused variable: `line`
[INFO] [stdout]    --> src/transpiler.rs:562:31
[INFO] [stdout]     |
[INFO] [stdout] 562 |             Statement::Return(line, expr) => {
[INFO] [stdout]     |                               ^^^^ help: if this is intentional, prefix it with an underscore: `_line`
[INFO] [stdout] 
[INFO] [stdout] 
[INFO] [stdout] warning: unused variable: `line`
[INFO] [stdout]    --> src/transpiler.rs:567:33
[INFO] [stdout]     |
[INFO] [stdout] 567 |             Statement::Continue(line) => {
[INFO] [stdout]     |                                 ^^^^ help: if this is intentional, prefix it with an underscore: `_line`
[INFO] [stdout] 
[INFO] [stdout] 
[INFO] [stdout] warning: unused variable: `line`
[INFO] [stdout]    --> src/transpiler.rs:570:30
[INFO] [stdout]     |
[INFO] [stdout] 570 |             Statement::Break(line) => {
[INFO] [stdout]     |                              ^^^^ help: if this is intentional, prefix it with an underscore: `_line`
[INFO] [stdout] 
[INFO] [stdout] 
[INFO] [stdout] warning: unused variable: `line`
[INFO] [stdout]    --> src/transpiler.rs:573:31
[INFO] [stdout]     |
[INFO] [stdout] 573 |             Statement::Import(line, items) => {
[INFO] [stdout]     |                               ^^^^ help: if this is intentional, prefix it with an underscore: `_line`
[INFO] [stdout] 
[INFO] [stdout] 
[INFO] [stdout] warning: unreachable pattern
[INFO] [stdout]     --> src/transpiler.rs:1214:13
[INFO] [stdout]      |
[INFO] [stdout]  944 |             Expression::ChainedComparison { operands, operators } => {
[INFO] [stdout]      |             ----------------------------------------------------- matches all the relevant values
[INFO] [stdout] ...
[INFO] [stdout] 1214 |             Expression::ChainedComparison { operands, operators } => {
[INFO] [stdout]      |             ^^^^^^^^^^^^^^^^^^^^^^^^^^^^^^^^^^^^^^^^^^^^^^^^^^^^^ no value can reach this
[INFO] [stdout] 
[INFO] [stdout] 
[INFO] [stdout] warning: unused variable: `step`
[INFO] [stdout]     --> src/transpiler.rs:1036:45
[INFO] [stdout]      |
[INFO] [stdout] 1036 |             Expression::Range { start, end, step, start_inclusive, end_inclusive } => {
[INFO] [stdout]      |                                             ^^^^ help: try ignoring the field: `step: _`
[INFO] [stdout] 
[INFO] [stdout] 
[INFO] [stdout] warning: unused variable: `catch_type`
[INFO] [stdout]     --> src/transpiler.rs:1289:56
[INFO] [stdout]      |
[INFO] [stdout] 1289 |             Expression::CatchPipe { left, catch_param, catch_type, fallback_value } => {
[INFO] [stdout]      |                                                        ^^^^^^^^^^ help: try ignoring the field: `catch_type: _`
[INFO] [stdout] 
[INFO] [stdout] 
[INFO] [stdout] warning: variants `Pipeline` and `Range` are never constructed
[INFO] [stdout]   --> src/parser.rs:11:5
[INFO] [stdout]    |
[INFO] [stdout]  6 | pub enum Precedence {
[INFO] [stdout]    |          ---------- variants in this enum
[INFO] [stdout] ...
[INFO] [stdout] 11 |     Pipeline, // ~ (wait, bitnot is ~ now, pipeline was ~ earlier. Let's keep Pipeline if it was used somewhere, but we removed Pipe...
[INFO] [stdout]    |     ^^^^^^^^
[INFO] [stdout] ...
[INFO] [stdout] 18 |     Range,
[INFO] [stdout]    |     ^^^^^
[INFO] [stdout]    |
[INFO] [stdout]    = note: `Precedence` has derived impls for the traits `Clone` and `Debug`, but these are intentionally ignored during dead code analysis
[INFO] [stdout]    = note: `#[warn(dead_code)]` (part of `#[warn(unused)]`) on by default
[INFO] [stdout] 
[INFO] [stdout] 
[INFO] [stdout] warning: methods `push_scope`, `pop_scope`, and `transpile_method` are never used
[INFO] [stdout]    --> src/transpiler.rs:246:8
[INFO] [stdout]     |
[INFO] [stdout]  15 | impl Transpiler {
[INFO] [stdout]     | --------------- methods in this implementation
[INFO] [stdout] ...
[INFO] [stdout] 246 |     fn push_scope(&mut self) {
[INFO] [stdout]     |        ^^^^^^^^^^
[INFO] [stdout] ...
[INFO] [stdout] 250 |     fn pop_scope(&mut self) {
[INFO] [stdout]     |        ^^^^^^^^^
[INFO] [stdout] ...
[INFO] [stdout] 627 |     fn transpile_method(&mut self, parameters: &Vec<(Option<String>, String, Option<Box<Expression>>)>, body: &crate::ast::BlockSta...
[INFO] [stdout]     |        ^^^^^^^^^^^^^^^^
[INFO] [stdout] 
[INFO] [stdout] 
[INFO] [stderr] warning: unused dependency `clap`
[INFO] [stderr]  --> Cargo.toml:4:15
[INFO] [stderr]   |
[INFO] [stderr] 4 | [dependencies.clap]
[INFO] [stderr]   |               ^^^^^
[INFO] [stderr]   |
[INFO] [stderr]   = note: `cargo::unused_dependencies` is set to `warn` by default
[INFO] [stderr] help: consider removing the dependency on `clap`
[INFO] [stderr] warning: unused dependency `reqwest`
[INFO] [stderr]  --> Cargo.toml:8:15
[INFO] [stderr]   |
[INFO] [stderr] 8 | [dependencies.reqwest]
[INFO] [stderr]   |               ^^^^^^^^
[INFO] [stderr]   |
[INFO] [stderr] help: consider removing the dependency on `reqwest`
[INFO] [stderr] warning: unused dependency `serde_json`
[INFO] [stderr]  --> Cargo.toml:2:1
[INFO] [stderr]   |
[INFO] [stderr] 2 | serde_json = "1.0.151"
[INFO] [stderr]   | ^^^^^^^^^^^^^^^^^^^^^^
[INFO] [stderr]   |
[INFO] [stderr] help: consider removing the dependency on `serde_json`
[INFO] [stderr] warning: `y` (manifest) generated 3 warnings
[INFO] running `Command { std: "docker" "inspect" "3e895d43d91dcadd42cf4b9b4302761cf1487cd02e610b5941dcf114490a76e2", kill_on_drop: false }`
[INFO] running `Command { std: "docker" "rm" "-f" "3e895d43d91dcadd42cf4b9b4302761cf1487cd02e610b5941dcf114490a76e2", kill_on_drop: false }`
[INFO] [stdout] 3e895d43d91dcadd42cf4b9b4302761cf1487cd02e610b5941dcf114490a76e2
