[INFO] cloning repository https://github.com/Jef-Infojef/omen-led
[INFO] running `Command { std: "git" "-c" "credential.helper=" "-c" "credential.helper=/workspace/cargo-home/bin/git-credential-null" "clone" "--bare" "https://github.com/Jef-Infojef/omen-led" "/workspace/cache/git-repos/https%3A%2F%2Fgithub.com%2FJef-Infojef%2Fomen-led", kill_on_drop: false }`
[INFO] [stderr] Cloning into bare repository '/workspace/cache/git-repos/https%3A%2F%2Fgithub.com%2FJef-Infojef%2Fomen-led'...
[INFO] running `Command { std: "git" "rev-parse" "HEAD", kill_on_drop: false }`
[INFO] [stdout] 25459568722448fc6b856578467ed30231eabde9
[INFO] checking Jef-Infojef/omen-led against 3154cc1a3e6424e44f438a95007d043ed5ceaaf6 for pr-133502-30
[INFO] running `Command { std: "git" "clone" "/workspace/cache/git-repos/https%3A%2F%2Fgithub.com%2FJef-Infojef%2Fomen-led" "/workspace/builds/worker-2-tc2/source", kill_on_drop: false }`
[INFO] [stderr] Cloning into '/workspace/builds/worker-2-tc2/source'...
[INFO] [stderr] done.
[INFO] started tweaking git repo https://github.com/Jef-Infojef/omen-led
[INFO] finished tweaking git repo https://github.com/Jef-Infojef/omen-led
[INFO] tweaked toml for git repo https://github.com/Jef-Infojef/omen-led written to /workspace/builds/worker-2-tc2/source/Cargo.toml
[INFO] validating manifest of git repo https://github.com/Jef-Infojef/omen-led on toolchain 3154cc1a3e6424e44f438a95007d043ed5ceaaf6
[INFO] running `Command { std: CARGO_HOME="/workspace/cargo-home" RUSTUP_HOME="/workspace/rustup-home" "/workspace/cargo-home/bin/cargo" "+3154cc1a3e6424e44f438a95007d043ed5ceaaf6" "metadata" "--manifest-path" "Cargo.toml" "--no-deps", kill_on_drop: false }`
[INFO] crate git repo https://github.com/Jef-Infojef/omen-led already has a lockfile, it will not be regenerated
[INFO] running `Command { std: CARGO_HOME="/workspace/cargo-home" RUSTUP_HOME="/workspace/rustup-home" "/workspace/cargo-home/bin/cargo" "+3154cc1a3e6424e44f438a95007d043ed5ceaaf6" "fetch" "--manifest-path" "Cargo.toml", kill_on_drop: false }`
[INFO] running `Command { std: "docker" "create" "-v" "/var/lib/crater-agent-workspace/builds/worker-2-tc2/source:/opt/rustwide/workdir:ro,Z" "-v" "/var/lib/crater-agent-workspace/builds/worker-2-tc2/target:/opt/rustwide/target:rw,Z" "-v" "/var/lib/crater-agent-workspace/cargo-home:/opt/rustwide/cargo-home:ro,Z" "-v" "/var/lib/crater-agent-workspace/rustup-home:/opt/rustwide/rustup-home:ro,Z" "-m" "1610612736" "--network" "none" "ghcr.io/rust-lang/crates-build-env/linux@sha256:77db811e55d90add9212f6832c23229e3de5f1c1f9905e8cb07319ea15df73ac" "sleep" "infinity", kill_on_drop: false }`
[INFO] [stdout] 4c6d75a2185124ff03651caa25358ac765adb680227ca00e5b2dc4f24ff7c8d5
[INFO] running `Command { std: "docker" "start" "4c6d75a2185124ff03651caa25358ac765adb680227ca00e5b2dc4f24ff7c8d5", kill_on_drop: false }`
[INFO] running `Command { std: "docker" "inspect" "4c6d75a2185124ff03651caa25358ac765adb680227ca00e5b2dc4f24ff7c8d5", kill_on_drop: false }`
[INFO] running `Command { std: "docker" "exec" "-e" "SOURCE_DIR=/opt/rustwide/workdir" "-e" "CARGO_HOME=/opt/rustwide/cargo-home" "-e" "RUSTUP_HOME=/opt/rustwide/rustup-home" "-e" "CARGO_TARGET_DIR=/opt/rustwide/target" "-w" "/opt/rustwide/workdir" "--user" "0:0" "4c6d75a2185124ff03651caa25358ac765adb680227ca00e5b2dc4f24ff7c8d5" "/opt/rustwide/cargo-home/bin/cargo" "+3154cc1a3e6424e44f438a95007d043ed5ceaaf6" "metadata" "--no-deps" "--format-version=1", kill_on_drop: false }`
[INFO] running `Command { std: "docker" "inspect" "4c6d75a2185124ff03651caa25358ac765adb680227ca00e5b2dc4f24ff7c8d5", kill_on_drop: false }`
[INFO] running `Command { std: "docker" "exec" "-e" "SOURCE_DIR=/opt/rustwide/workdir" "-e" "CARGO_HOME=/opt/rustwide/cargo-home" "-e" "RUSTUP_HOME=/opt/rustwide/rustup-home" "-e" "CARGO_TARGET_DIR=/opt/rustwide/target" "-e" "CARGO_INCREMENTAL=0" "-e" "RUST_BACKTRACE=full" "-e" "RUSTFLAGS=--cap-lints=forbid" "-e" "RUSTDOCFLAGS=--cap-lints=forbid" "-w" "/opt/rustwide/workdir" "--user" "0:0" "4c6d75a2185124ff03651caa25358ac765adb680227ca00e5b2dc4f24ff7c8d5" "/opt/rustwide/cargo-home/bin/cargo" "+3154cc1a3e6424e44f438a95007d043ed5ceaaf6" "check" "--frozen" "--all" "--all-targets" "--message-format=json", kill_on_drop: false }`
[INFO] [stderr]     Checking log v0.4.34
[INFO] [stderr]     Checking bitflags v2.13.1
[INFO] [stderr]     Checking smallvec v1.15.2
[INFO] [stderr]    Compiling pkg-config v0.3.34
[INFO] [stderr]    Compiling rustix v1.1.4
[INFO] [stderr]     Checking linux-raw-sys v0.12.1
[INFO] [stderr]     Checking libloading v0.8.9
[INFO] [stderr]    Compiling syn v3.0.4
[INFO] [stderr]    Compiling syn v2.0.119
[INFO] [stderr]    Compiling find-msvc-tools v0.1.11
[INFO] [stderr]     Checking dlib v0.5.3
[INFO] [stderr]    Compiling cc v1.4.4
[INFO] [stderr]     Checking scoped-tls v1.0.1
[INFO] [stderr]     Checking downcast-rs v1.2.1
[INFO] [stderr]    Compiling quick-xml v0.41.0
[INFO] [stderr]    Compiling wayland-client v0.31.15
[INFO] [stderr]    Compiling khronos_api v3.1.0
[INFO] [stderr]     Checking slab v0.4.12
[INFO] [stderr]    Compiling cfg_aliases v0.2.2
[INFO] [stderr]    Compiling wayland-sys v0.31.11
[INFO] [stderr]    Compiling getrandom v0.3.4
[INFO] [stderr]     Checking litemap v0.8.3
[INFO] [stderr]    Compiling xml-rs v0.8.29
[INFO] [stderr]     Checking writeable v0.6.4
[INFO] [stderr]    Compiling ahash v0.8.12
[INFO] [stderr]    Compiling icu_properties_data v2.3.0
[INFO] [stderr]    Compiling rustix v0.38.44
[INFO] [stderr]    Compiling icu_normalizer_data v2.3.0
[INFO] [stderr]     Checking tracing-core v0.1.36
[INFO] [stderr]    Compiling gl_generator v0.14.0
[INFO] [stderr]    Compiling wayland-scanner v0.31.11
[INFO] [stderr]     Checking tracing v0.1.44
[INFO] [stderr]    Compiling x11-dl v2.21.0
[INFO] [stderr]     Checking linux-raw-sys v0.4.15
[INFO] [stderr]     Checking cursor-icon v1.2.0
[INFO] [stderr]     Checking xcursor v0.3.11
[INFO] [stderr]     Checking xkeysym v0.2.1
[INFO] [stderr]    Compiling wayland-backend v0.3.17
[INFO] [stderr]     Checking parking_lot_core v0.9.12
[INFO] [stderr]     Checking memmap2 v0.9.11
[INFO] [stderr]     Checking ttf-parser v0.25.1
[INFO] [stderr]     Checking parking_lot v0.12.5
[INFO] [stderr]    Compiling thiserror v2.0.20
[INFO] [stderr]    Compiling crc32fast v1.5.1
[INFO] [stderr]    Compiling synstructure v0.13.2
[INFO] [stderr]     Checking x11rb-protocol v0.13.2
[INFO] [stderr]     Checking simd-adler32 v0.3.10
[INFO] [stderr]     Checking as-raw-xcb-connection v1.0.1
[INFO] [stderr]    Compiling smithay-client-toolkit v0.19.2
[INFO] [stderr]     Checking ab_glyph_rasterizer v0.1.10
[INFO] [stderr]    Compiling glutin_glx_sys v0.6.1
[INFO] [stderr]    Compiling zerofrom-derive v0.1.7
[INFO] [stderr]    Compiling yoke-derive v0.8.2
[INFO] [stderr]     Checking zerofrom v0.1.8
[INFO] [stderr]    Compiling thiserror-impl v1.0.69
[INFO] [stderr]     Checking owned_ttf_parser v0.25.1
[INFO] [stderr]     Checking yoke v0.8.3
[INFO] [stderr]     Checking ab_glyph v0.2.32
[INFO] [stderr]    Compiling glutin_egl_sys v0.7.1
[INFO] [stderr]    Compiling num-traits v0.2.19
[INFO] [stderr]    Compiling winit v0.30.13
[INFO] [stderr]    Compiling smithay-client-toolkit v0.20.0
[INFO] [stderr]     Checking nohash-hasher v0.2.0
[INFO] [stderr]     Checking raw-window-handle v0.6.2
[INFO] [stderr]     Checking epaint_default_fonts v0.29.1
[INFO] [stderr]     Checking miniz_oxide v0.8.9
[INFO] [stderr]     Checking thiserror v1.0.69
[INFO] [stderr]     Checking xkbcommon-dl v0.4.2
[INFO] [stderr]     Checking form_urlencoded v1.2.2
[INFO] [stderr]    Compiling memoffset v0.9.1
[INFO] [stderr]    Compiling glutin v0.32.3
[INFO] [stderr]     Checking dpi v0.1.2
[INFO] [stderr]     Checking smol_str v0.2.2
[INFO] [stderr]    Compiling windows_x86_64_gnu v0.52.6
[INFO] [stderr]     Checking flate2 v1.1.9
[INFO] [stderr]     Checking fdeflate v0.3.7
[INFO] [stderr]    Compiling glutin-winit v0.5.0
[INFO] [stderr]    Compiling zerovec-derive v0.11.6
[INFO] [stderr]    Compiling displaydoc v0.2.7
[INFO] [stderr]     Checking polling v3.11.0
[INFO] [stderr]    Compiling bytemuck_derive v1.12.0
[INFO] [stderr]     Checking gethostname v1.1.0
[INFO] [stderr]    Compiling thiserror-impl v2.0.20
[INFO] [stderr]     Checking calloop v0.13.0
[INFO] [stderr]     Checking zerotrie v0.2.5
[INFO] [stderr]     Checking wayland-csd-frame v0.3.0
[INFO] [stderr]     Checking calloop v0.14.4
[INFO] [stderr]     Checking pxfm v0.1.30
[INFO] [stderr]     Checking zerovec v0.11.8
[INFO] [stderr]     Checking png v0.18.1
[INFO] [stderr]     Checking bytemuck v1.25.2
[INFO] [stderr]     Checking web-time v1.1.0
[INFO] [stderr]    Compiling litrs v1.0.0
[INFO] [stderr]     Checking glow v0.14.2
[INFO] [stderr]     Checking emath v0.29.1
[INFO] [stderr]     Checking tinystr v0.8.4
[INFO] [stderr]     Checking icu_locale_core v2.3.0
[INFO] [stderr]     Checking potential_utf v0.1.6
[INFO] [stderr]     Checking wayland-protocols v0.32.13
[INFO] [stderr]     Checking icu_collections v2.3.0
[INFO] [stderr]     Checking wayland-cursor v0.31.14
[INFO] [stderr]     Checking calloop-wayland-source v0.3.0
[INFO] [stderr]     Checking ecolor v0.29.1
[INFO] [stderr]     Checking calloop-wayland-source v0.4.1
[INFO] [stderr]     Checking epaint v0.29.1
[INFO] [stderr]    Compiling document-features v0.2.12
[INFO] [stderr]    Compiling clap_derive v4.6.4
[INFO] [stderr]     Checking icu_provider v2.3.1
[INFO] [stderr]     Checking windows-targets v0.52.6
[INFO] [stderr]    Compiling serde_derive v1.0.229
[INFO] [stderr]     Checking icu_normalizer v2.3.0
[INFO] [stderr]     Checking icu_properties v2.3.0
[INFO] [stderr]     Checking static_assertions v1.1.0
[INFO] [stderr]     Checking ascii v1.1.0
[INFO] [stderr]     Checking moxcms v0.8.1
[INFO] [stderr]     Checking egui v0.29.1
[INFO] [stderr]     Checking chunked_transfer v1.5.0
[INFO] [stderr]     Checking tiny_http v0.12.0
[INFO] [stderr]     Checking windows-sys v0.59.0
[INFO] [stderr]     Checking idna_adapter v1.2.2
[INFO] [stderr]     Checking idna v1.1.0
[INFO] [stderr]     Checking clap v4.6.6
[INFO] [stderr]     Checking url v2.5.8
[INFO] [stderr]     Checking webbrowser v1.2.4
[INFO] [stderr]     Checking serde v1.0.229
[INFO] [stderr]     Checking egui_glow v0.29.1
[INFO] [stderr]     Checking image v0.25.10
[INFO] [stderr]     Checking wayland-protocols-wlr v0.3.12
[INFO] [stderr]     Checking wayland-protocols-experimental v20250721.0.1
[INFO] [stderr]     Checking wayland-protocols-plasma v0.3.12
[INFO] [stderr]     Checking wayland-protocols-misc v0.3.12
[INFO] [stderr]     Checking x11rb v0.13.2
[INFO] [stderr]     Checking arboard v3.6.1
[INFO] [stderr]     Checking smithay-clipboard v0.7.3
[INFO] [stderr]     Checking egui-winit v0.29.1
[INFO] [stderr]     Checking eframe v0.29.1
[INFO] [stderr]     Checking omen-led v0.1.0 (/opt/rustwide/workdir)
[INFO] [stdout] error[E0433]: cannot find `windows` in `os`
[INFO] [stdout]   --> src/main.rs:11:14
[INFO] [stdout]    |
[INFO] [stdout] 11 | use std::os::windows::ffi::OsStrExt;
[INFO] [stdout]    |              ^^^^^^^ could not find `windows` in `os`
[INFO] [stdout]    |
[INFO] [stdout] note: found an item that was configured out
[INFO] [stdout]   --> /rustc/3154cc1a3e6424e44f438a95007d043ed5ceaaf6/library/std/src/os/mod.rs:62:4
[INFO] [stdout]    |
[INFO] [stdout]    = note: the item is gated behind the `windows` feature
[INFO] [stdout] 
[INFO] [stdout] 
[INFO] [stdout] error[E0433]: cannot find `windows` in `os`
[INFO] [stdout]   --> src/main.rs:11:14
[INFO] [stdout]    |
[INFO] [stdout] 11 | use std::os::windows::ffi::OsStrExt;
[INFO] [stdout]    |              ^^^^^^^ could not find `windows` in `os`
[INFO] [stdout]    |
[INFO] [stdout] note: found an item that was configured out
[INFO] [stdout]   --> /rustc/3154cc1a3e6424e44f438a95007d043ed5ceaaf6/library/std/src/os/mod.rs:62:4
[INFO] [stdout]    |
[INFO] [stdout]    = note: the item is gated behind the `windows` feature
[INFO] [stdout] 
[INFO] [stdout] 
[INFO] [stdout] error[E0433]: cannot find `windows` in `os`
[INFO] [stdout]   --> src/main.rs:12:14
[INFO] [stdout]    |
[INFO] [stdout] 12 | use std::os::windows::process::CommandExt;
[INFO] [stdout]    |              ^^^^^^^ could not find `windows` in `os`
[INFO] [stdout]    |
[INFO] [stdout] note: found an item that was configured out
[INFO] [stdout]   --> /rustc/3154cc1a3e6424e44f438a95007d043ed5ceaaf6/library/std/src/os/mod.rs:62:4
[INFO] [stdout]    |
[INFO] [stdout]    = note: the item is gated behind the `windows` feature
[INFO] [stdout] 
[INFO] [stdout] 
[INFO] [stdout] error[E0433]: cannot find `windows` in `os`
[INFO] [stdout]   --> src/main.rs:12:14
[INFO] [stdout]    |
[INFO] [stdout] 12 | use std::os::windows::process::CommandExt;
[INFO] [stdout]    |              ^^^^^^^ could not find `windows` in `os`
[INFO] [stdout]    |
[INFO] [stdout] note: found an item that was configured out
[INFO] [stdout]   --> /rustc/3154cc1a3e6424e44f438a95007d043ed5ceaaf6/library/std/src/os/mod.rs:62:4
[INFO] [stdout]    |
[INFO] [stdout]    = note: the item is gated behind the `windows` feature
[INFO] [stdout] 
[INFO] [stdout] 
[INFO] [stdout] error[E0599]: no method named `encode_wide` found for reference `&std::ffi::OsStr` in the current scope
[INFO] [stdout]    --> src/main.rs:139:19
[INFO] [stdout]     |
[INFO] [stdout] 139 |     OsStr::new(s).encode_wide().chain(std::iter::once(0)).collect()
[INFO] [stdout]     |                   ^^^^^^^^^^^ method not found in `&std::ffi::OsStr`
[INFO] [stdout] 
[INFO] [stdout] 
[INFO] [stdout] error[E0599]: no method named `encode_wide` found for reference `&std::ffi::OsStr` in the current scope
[INFO] [stdout]    --> src/main.rs:139:19
[INFO] [stdout]     |
[INFO] [stdout] 139 |     OsStr::new(s).encode_wide().chain(std::iter::once(0)).collect()
[INFO] [stdout]     |                   ^^^^^^^^^^^ method not found in `&std::ffi::OsStr`
[INFO] [stdout] 
[INFO] [stdout] 
[INFO] [stdout] error[E0599]: no method named `creation_flags` found for mutable reference `&mut std::process::Command` in the current scope
[INFO] [stdout]    --> src/main.rs:146:10
[INFO] [stdout]     |
[INFO] [stdout] 144 |     let _ = std::process::Command::new("taskkill")
[INFO] [stdout] 145 |         .args(["/F", "/IM", "HPCpuUsage.exe"])
[INFO] [stdout] 146 |         .creation_flags(CREATE_NO_WINDOW)
[INFO] [stdout]     |          ^^^^^^^^^^^^^^ method not found in `&mut std::process::Command`
[INFO] [stdout] 
[INFO] [stdout] 
[INFO] [stdout] error[E0599]: no method named `creation_flags` found for mutable reference `&mut std::process::Command` in the current scope
[INFO] [stdout]    --> src/main.rs:146:10
[INFO] [stdout]     |
[INFO] [stdout] 144 |     let _ = std::process::Command::new("taskkill")
[INFO] [stdout] 145 |         .args(["/F", "/IM", "HPCpuUsage.exe"])
[INFO] [stdout] 146 |         .creation_flags(CREATE_NO_WINDOW)
[INFO] [stdout]     |          ^^^^^^^^^^^^^^ method not found in `&mut std::process::Command`
[INFO] [stdout] 
[INFO] [stdout] 
[INFO] [stdout] error[E0599]: no method named `creation_flags` found for struct `std::process::Command` in the current scope
[INFO] [stdout]    --> src/main.rs:358:26
[INFO] [stdout]     |
[INFO] [stdout] 357 |                     let _ = std::process::Command::new(cpu_exe)
[INFO] [stdout] 358 |                         .creation_flags(CREATE_NO_WINDOW)
[INFO] [stdout]     |                          ^^^^^^^^^^^^^^ method not found in `std::process::Command`
[INFO] [stdout] 
[INFO] [stdout] 
[INFO] [stdout] error[E0599]: no method named `creation_flags` found for struct `std::process::Command` in the current scope
[INFO] [stdout]    --> src/main.rs:358:26
[INFO] [stdout]     |
[INFO] [stdout] 357 |                     let _ = std::process::Command::new(cpu_exe)
[INFO] [stdout] 358 |                         .creation_flags(CREATE_NO_WINDOW)
[INFO] [stdout]     |                          ^^^^^^^^^^^^^^ method not found in `std::process::Command`
[INFO] [stdout] 
[INFO] [stdout] 
[INFO] [stdout] Some errors have detailed explanations: E0433, E0599.
[INFO] [stdout] 
[INFO] [stdout] For more information about an error, try `rustc --explain E0433`.
[INFO] [stdout] 
[INFO] [stderr] error: could not compile `omen-led` (bin "omen-led") due to 5 previous errors
[INFO] [stderr] warning: build failed, waiting for other jobs to finish...
[INFO] [stdout] Some errors have detailed explanations: E0433, E0599.
[INFO] [stdout] 
[INFO] [stdout] For more information about an error, try `rustc --explain E0433`.
[INFO] [stdout] 
[INFO] [stderr] error: could not compile `omen-led` (bin "omen-led" test) due to 5 previous errors
[INFO] running `Command { std: "docker" "inspect" "4c6d75a2185124ff03651caa25358ac765adb680227ca00e5b2dc4f24ff7c8d5", kill_on_drop: false }`
[INFO] running `Command { std: "docker" "rm" "-f" "4c6d75a2185124ff03651caa25358ac765adb680227ca00e5b2dc4f24ff7c8d5", kill_on_drop: false }`
[INFO] [stdout] 4c6d75a2185124ff03651caa25358ac765adb680227ca00e5b2dc4f24ff7c8d5
