[INFO] cloning repository https://github.com/Jdreioe/Flow
[INFO] running `Command { std: "git" "-c" "credential.helper=" "-c" "credential.helper=/workspace/cargo-home/bin/git-credential-null" "clone" "--bare" "https://github.com/Jdreioe/Flow" "/workspace/cache/git-repos/https%3A%2F%2Fgithub.com%2FJdreioe%2FFlow", kill_on_drop: false }`
[INFO] [stderr] Cloning into bare repository '/workspace/cache/git-repos/https%3A%2F%2Fgithub.com%2FJdreioe%2FFlow'...
[INFO] running `Command { std: "git" "rev-parse" "HEAD", kill_on_drop: false }`
[INFO] [stdout] 7351e8ad8ae63a943acc93dd10fc7318125d8088
[INFO] checking Jdreioe/Flow against 3154cc1a3e6424e44f438a95007d043ed5ceaaf6 for pr-133502-30
[INFO] running `Command { std: "git" "clone" "/workspace/cache/git-repos/https%3A%2F%2Fgithub.com%2FJdreioe%2FFlow" "/workspace/builds/worker-7-tc2/source", kill_on_drop: false }`
[INFO] [stderr] Cloning into '/workspace/builds/worker-7-tc2/source'...
[INFO] [stderr] done.
[INFO] [stderr] Updating files:  21% (477/2229)
Updating files:  22% (491/2229)
Updating files:  23% (513/2229)
Updating files:  24% (535/2229)
Updating files:  25% (558/2229)
Updating files:  26% (580/2229)
Updating files:  26% (601/2229)
Updating files:  27% (602/2229)
Updating files:  28% (625/2229)
Updating files:  29% (647/2229)
Updating files:  30% (669/2229)
Updating files:  31% (691/2229)
Updating files:  32% (714/2229)
Updating files:  33% (736/2229)
Updating files:  34% (758/2229)
Updating files:  35% (781/2229)
Updating files:  36% (803/2229)
Updating files:  37% (825/2229)
Updating files:  38% (848/2229)
Updating files:  39% (870/2229)
Updating files:  40% (892/2229)
Updating files:  41% (914/2229)
Updating files:  42% (937/2229)
Updating files:  43% (959/2229)
Updating files:  44% (981/2229)
Updating files:  45% (1004/2229)
Updating files:  46% (1026/2229)
Updating files:  47% (1048/2229)
Updating files:  48% (1070/2229)
Updating files:  49% (1093/2229)
Updating files:  50% (1115/2229)
Updating files:  51% (1137/2229)
Updating files:  52% (1160/2229)
Updating files:  53% (1182/2229)
Updating files:  54% (1204/2229)
Updating files:  55% (1226/2229)
Updating files:  56% (1249/2229)
Updating files:  57% (1271/2229)
Updating files:  58% (1293/2229)
Updating files:  59% (1316/2229)
Updating files:  60% (1338/2229)
Updating files:  61% (1360/2229)
Updating files:  62% (1382/2229)
Updating files:  63% (1405/2229)
Updating files:  64% (1427/2229)
Updating files:  65% (1449/2229)
Updating files:  66% (1472/2229)
Updating files:  67% (1494/2229)
Updating files:  68% (1516/2229)
Updating files:  69% (1539/2229)
Updating files:  70% (1561/2229)
Updating files:  71% (1583/2229)
Updating files:  72% (1605/2229)
Updating files:  73% (1628/2229)
Updating files:  74% (1650/2229)
Updating files:  75% (1672/2229)
Updating files:  76% (1695/2229)
Updating files:  77% (1717/2229)
Updating files:  78% (1739/2229)
Updating files:  79% (1761/2229)
Updating files:  80% (1784/2229)
Updating files:  81% (1806/2229)
Updating files:  82% (1828/2229)
Updating files:  83% (1851/2229)
Updating files:  84% (1873/2229)
Updating files:  85% (1895/2229)
Updating files:  86% (1917/2229)
Updating files:  87% (1940/2229)
Updating files:  88% (1962/2229)
Updating files:  89% (1984/2229)
Updating files:  90% (2007/2229)
Updating files:  91% (2029/2229)
Updating files:  92% (2051/2229)
Updating files:  93% (2073/2229)
Updating files:  94% (2096/2229)
Updating files:  95% (2118/2229)
Updating files:  96% (2140/2229)
Updating files:  97% (2163/2229)
Updating files:  98% (2185/2229)
Updating files:  99% (2207/2229)
Updating files: 100% (2229/2229)
Updating files: 100% (2229/2229), done.
[INFO] started tweaking git repo https://github.com/Jdreioe/Flow
[INFO] finished tweaking git repo https://github.com/Jdreioe/Flow
[INFO] tweaked toml for git repo https://github.com/Jdreioe/Flow written to /workspace/builds/worker-7-tc2/source/Cargo.toml
[INFO] validating manifest of git repo https://github.com/Jdreioe/Flow on toolchain 3154cc1a3e6424e44f438a95007d043ed5ceaaf6
[INFO] running `Command { std: CARGO_HOME="/workspace/cargo-home" RUSTUP_HOME="/workspace/rustup-home" "/workspace/cargo-home/bin/cargo" "+3154cc1a3e6424e44f438a95007d043ed5ceaaf6" "metadata" "--manifest-path" "Cargo.toml" "--no-deps", kill_on_drop: false }`
[INFO] crate git repo https://github.com/Jdreioe/Flow already has a lockfile, it will not be regenerated
[INFO] running `Command { std: CARGO_HOME="/workspace/cargo-home" RUSTUP_HOME="/workspace/rustup-home" "/workspace/cargo-home/bin/cargo" "+3154cc1a3e6424e44f438a95007d043ed5ceaaf6" "fetch" "--manifest-path" "Cargo.toml", kill_on_drop: false }`
[INFO] [stderr]     Blocking waiting for file lock on package cache
[INFO] [stderr]     Blocking waiting for file lock on package cache
[INFO] running `Command { std: "docker" "create" "-v" "/var/lib/crater-agent-workspace/builds/worker-7-tc2/source:/opt/rustwide/workdir:ro,Z" "-v" "/var/lib/crater-agent-workspace/builds/worker-7-tc2/target:/opt/rustwide/target:rw,Z" "-v" "/var/lib/crater-agent-workspace/cargo-home:/opt/rustwide/cargo-home:ro,Z" "-v" "/var/lib/crater-agent-workspace/rustup-home:/opt/rustwide/rustup-home:ro,Z" "-m" "1610612736" "--network" "none" "ghcr.io/rust-lang/crates-build-env/linux@sha256:77db811e55d90add9212f6832c23229e3de5f1c1f9905e8cb07319ea15df73ac" "sleep" "infinity", kill_on_drop: false }`
[INFO] [stdout] b9479f370ffeadef8b3ad56d30a3c7434b943b9060fd58bb31be30ee420da52b
[INFO] running `Command { std: "docker" "start" "b9479f370ffeadef8b3ad56d30a3c7434b943b9060fd58bb31be30ee420da52b", kill_on_drop: false }`
[INFO] running `Command { std: "docker" "inspect" "b9479f370ffeadef8b3ad56d30a3c7434b943b9060fd58bb31be30ee420da52b", kill_on_drop: false }`
[INFO] running `Command { std: "docker" "exec" "-e" "SOURCE_DIR=/opt/rustwide/workdir" "-e" "CARGO_HOME=/opt/rustwide/cargo-home" "-e" "RUSTUP_HOME=/opt/rustwide/rustup-home" "-e" "CARGO_TARGET_DIR=/opt/rustwide/target" "-w" "/opt/rustwide/workdir" "--user" "0:0" "b9479f370ffeadef8b3ad56d30a3c7434b943b9060fd58bb31be30ee420da52b" "/opt/rustwide/cargo-home/bin/cargo" "+3154cc1a3e6424e44f438a95007d043ed5ceaaf6" "metadata" "--no-deps" "--format-version=1", kill_on_drop: false }`
[INFO] running `Command { std: "docker" "inspect" "b9479f370ffeadef8b3ad56d30a3c7434b943b9060fd58bb31be30ee420da52b", kill_on_drop: false }`
[INFO] running `Command { std: "docker" "exec" "-e" "SOURCE_DIR=/opt/rustwide/workdir" "-e" "CARGO_HOME=/opt/rustwide/cargo-home" "-e" "RUSTUP_HOME=/opt/rustwide/rustup-home" "-e" "CARGO_TARGET_DIR=/opt/rustwide/target" "-e" "CARGO_INCREMENTAL=0" "-e" "RUST_BACKTRACE=full" "-e" "RUSTFLAGS=--cap-lints=forbid" "-e" "RUSTDOCFLAGS=--cap-lints=forbid" "-w" "/opt/rustwide/workdir" "--user" "0:0" "b9479f370ffeadef8b3ad56d30a3c7434b943b9060fd58bb31be30ee420da52b" "/opt/rustwide/cargo-home/bin/cargo" "+3154cc1a3e6424e44f438a95007d043ed5ceaaf6" "check" "--frozen" "--all" "--all-targets" "--message-format=json", kill_on_drop: false }`
[INFO] [stderr]    Compiling proc-macro2 v1.0.107
[INFO] [stderr]    Compiling quote v1.0.47
[INFO] [stderr]    Compiling find-msvc-tools v0.1.11
[INFO] [stderr]    Compiling shlex v2.0.1
[INFO] [stderr]    Compiling serde v1.0.229
[INFO] [stderr]     Checking futures-core v0.3.34
[INFO] [stderr]    Compiling jobserver v0.1.35
[INFO] [stderr]    Compiling winnow v1.0.4
[INFO] [stderr]     Checking bitflags v2.13.1
[INFO] [stderr]    Compiling toml_datetime v1.1.1+spec-1.1.0
[INFO] [stderr]    Compiling crossbeam-utils v0.8.22
[INFO] [stderr]    Compiling rustix v1.1.4
[INFO] [stderr]    Compiling serde_core v1.0.229
[INFO] [stderr]     Checking linux-raw-sys v0.12.1
[INFO] [stderr]    Compiling cc v1.4.3
[INFO] [stderr]     Checking bytes v1.12.1
[INFO] [stderr]    Compiling memchr v2.8.3
[INFO] [stderr]     Checking typenum v1.20.1
[INFO] [stderr]    Compiling syn v2.0.119
[INFO] [stderr]    Compiling syn v3.0.3
[INFO] [stderr]    Compiling pkg-config v0.3.34
[INFO] [stderr]    Compiling toml_parser v1.1.3+spec-1.1.0
[INFO] [stderr]    Compiling hashbrown v0.17.1
[INFO] [stderr]     Checking errno v0.3.14
[INFO] [stderr]     Checking futures-io v0.3.34
[INFO] [stderr]     Checking signal-hook-registry v1.4.8
[INFO] [stderr]     Checking smallvec v1.15.2
[INFO] [stderr]     Checking fastrand v2.5.0
[INFO] [stderr]     Checking parking v2.2.1
[INFO] [stderr]     Checking socket2 v0.6.5
[INFO] [stderr]     Checking mio v1.2.2
[INFO] [stderr]    Compiling indexmap v2.14.0
[INFO] [stderr]    Compiling aho-corasick v1.1.5
[INFO] [stderr]    Compiling num-traits v0.2.19
[INFO] [stderr]     Checking generic-array v0.14.7
[INFO] [stderr]     Checking event-listener v5.4.2
[INFO] [stderr]    Compiling cmake v0.1.58
[INFO] [stderr]    Compiling include_dir_macros v0.7.4
[INFO] [stderr]     Checking concurrent-queue v2.5.0
[INFO] [stderr]     Checking log v0.4.33
[INFO] [stderr]    Compiling endi v1.1.1
[INFO] [stderr]    Compiling toml_edit v0.25.13+spec-1.1.0
[INFO] [stderr]    Compiling aws-lc-sys v0.44.0
[INFO] [stderr]     Checking include_dir v0.7.4
[INFO] [stderr]     Checking event-listener-strategy v0.5.4
[INFO] [stderr]    Compiling proc-macro-crate v3.5.0
[INFO] [stderr]     Checking chacha20 v0.10.1
[INFO] [stderr]     Checking futures-lite v2.6.1
[INFO] [stderr]    Compiling regex-syntax v0.8.11
[INFO] [stderr]     Checking futures-sink v0.3.34
[INFO] [stderr]    Compiling synstructure v0.13.2
[INFO] [stderr]    Compiling cpp_common v0.5.11
[INFO] [stderr]     Checking rand v0.10.2
[INFO] [stderr]    Compiling async-io v2.6.0
[INFO] [stderr]     Checking zeroize v1.9.0
[INFO] [stderr]     Checking polling v3.11.0
[INFO] [stderr]    Compiling ring v0.17.14
[INFO] [stderr]     Checking async-task v4.7.1
[INFO] [stderr]     Checking uuid v1.24.1
[INFO] [stderr]     Checking http v1.5.0
[INFO] [stderr]    Compiling serde_derive v1.0.229
[INFO] [stderr]    Compiling tokio-macros v2.7.2
[INFO] [stderr]    Compiling zerovec-derive v0.11.5
[INFO] [stderr]    Compiling displaydoc v0.2.7
[INFO] [stderr]    Compiling enumflags2_derive v0.7.12
[INFO] [stderr]     Checking tokio v1.53.1
[INFO] [stderr]    Compiling zerofrom-derive v0.1.7
[INFO] [stderr]    Compiling yoke-derive v0.8.2
[INFO] [stderr]    Compiling tracing-attributes v0.1.31
[INFO] [stderr]    Compiling regex-automata v0.4.18
[INFO] [stderr]     Checking tracing v0.1.44
[INFO] [stderr]    Compiling futures-macro v0.3.34
[INFO] [stderr]     Checking zerofrom v0.1.8
[INFO] [stderr]     Checking rustls-pki-types v1.15.1
[INFO] [stderr]     Checking yoke v0.8.3
[INFO] [stderr]     Checking zerovec v0.11.8
[INFO] [stderr]     Checking async-channel v2.5.0
[INFO] [stderr]     Checking crypto-common v0.1.7
[INFO] [stderr]     Checking litemap v0.8.3
[INFO] [stderr]     Checking writeable v0.6.4
[INFO] [stderr]     Checking futures-task v0.3.34
[INFO] [stderr]     Checking futures-util v0.3.34
[INFO] [stderr]     Checking zerotrie v0.2.5
[INFO] [stderr]     Checking tinystr v0.8.4
[INFO] [stderr]     Checking potential_utf v0.1.6
[INFO] [stderr]     Checking async-signal v0.2.14
[INFO] [stderr]     Checking icu_locale_core v2.3.0
[INFO] [stderr]     Checking async-lock v3.4.2
[INFO] [stderr]    Compiling regex v1.13.1
[INFO] [stderr]     Checking enumflags2 v0.7.12
[INFO] [stderr]    Compiling zvariant_utils v4.2.0
[INFO] [stderr]    Compiling zcheapstr v1.1.0
[INFO] [stderr]    Compiling cpp_build v0.5.11
[INFO] [stderr]     Checking piper v0.2.5
[INFO] [stderr]    Compiling icu_properties_data v2.3.0
[INFO] [stderr]    Compiling icu_normalizer_data v2.3.0
[INFO] [stderr]     Checking icu_collections v2.3.0
[INFO] [stderr]     Checking blocking v1.6.2
[INFO] [stderr]     Checking icu_provider v2.3.0
[INFO] [stderr]     Checking async-process v2.5.0
[INFO] [stderr]    Compiling async-recursion v1.1.1
[INFO] [stderr]    Compiling serde_repr v0.1.21
[INFO] [stderr]    Compiling async-trait v0.1.92
[INFO] [stderr]    Compiling zvariant_derive v5.15.0
[INFO] [stderr]     Checking async-executor v1.14.0
[INFO] [stderr]     Checking async-broadcast v0.7.2
[INFO] [stderr]    Compiling zvariant v5.15.0
[INFO] [stderr]     Checking ordered-stream v0.2.0
[INFO] [stderr]     Checking hex v0.4.3
[INFO] [stderr]    Compiling crossbeam-epoch v0.9.20
[INFO] [stderr]    Compiling rustls v0.23.43
[INFO] [stderr]     Checking num-integer v0.1.47
[INFO] [stderr]     Checking block-padding v0.3.3
[INFO] [stderr]     Checking block-buffer v0.10.4
[INFO] [stderr]    Compiling crossbeam-deque v0.8.7
[INFO] [stderr]    Compiling semver v1.0.28
[INFO] [stderr]     Checking icu_properties v2.3.0
[INFO] [stderr]     Checking inout v0.1.4
[INFO] [stderr]     Checking digest v0.10.7
[INFO] [stderr]     Checking icu_normalizer v2.3.0
[INFO] [stderr]     Checking http-body v1.1.0
[INFO] [stderr]    Compiling syn v1.0.109
[INFO] [stderr]     Checking windows-link v0.2.1
[INFO] [stderr]     Checking num-bigint v0.4.8
[INFO] [stderr]    Compiling qttypes v0.2.12
[INFO] [stderr]     Checking idna_adapter v1.2.2
[INFO] [stderr]     Checking cipher v0.4.4
[INFO] [stderr]    Compiling wayland-sys v0.31.11
[INFO] [stderr]     Checking either v1.17.0
[INFO] [stderr]    Compiling zmij v1.0.23
[INFO] [stderr]    Compiling fst v0.4.7
[INFO] [stderr]    Compiling crc32fast v1.5.1
[INFO] [stderr]     Checking idna v1.1.0
[INFO] [stderr]     Checking num-rational v0.4.2
[INFO] [stderr]    Compiling zbus_names v4.3.4
[INFO] [stderr]     Checking rayon-core v1.13.0
[INFO] [stderr]     Checking parking_lot_core v0.9.12
[INFO] [stderr]     Checking num-iter v0.1.46
[INFO] [stderr]     Checking hmac v0.12.1
[INFO] [stderr]     Checking form_urlencoded v1.2.2
[INFO] [stderr]     Checking futures-channel v0.3.34
[INFO] [stderr]     Checking num-complex v0.4.6
[INFO] [stderr]     Checking hybrid-array v0.4.14
[INFO] [stderr]    Compiling wayland-backend v0.3.17
[INFO] [stderr]    Compiling zbus_macros v5.19.0
[INFO] [stderr]    Compiling thiserror v2.0.20
[INFO] [stderr]     Checking simd-adler32 v0.3.10
[INFO] [stderr]     Checking hashbrown v0.14.5
[INFO] [stderr]    Compiling byteorder v1.5.0
[INFO] [stderr]    Compiling strum_macros v0.27.2
[INFO] [stderr]    Compiling cpp_macros v0.5.11
[INFO] [stderr]     Checking dashmap v6.2.1
[INFO] [stderr]     Checking num v0.4.3
[INFO] [stderr]    Compiling serde_json v1.0.151
[INFO] [stderr]     Checking hyper v1.11.0
[INFO] [stderr]     Checking url v2.5.8
[INFO] [stderr]     Checking hkdf v0.12.4
[INFO] [stderr]     Checking rayon v1.12.0
[INFO] [stderr]    Compiling zbus_xml v5.2.1
[INFO] [stderr]     Checking aes v0.8.4
[INFO] [stderr]     Checking sha2 v0.10.9
[INFO] [stderr]     Checking itertools v0.14.0
[INFO] [stderr]     Checking cbc v0.1.2
[INFO] [stderr]     Checking windows-result v0.4.1
[INFO] [stderr]     Checking windows-strings v0.5.1
[INFO] [stderr]     Checking zbus v5.19.0
[INFO] [stderr]    Compiling windows-interface v0.59.3
[INFO] [stderr]    Compiling windows-implement v0.60.2
[INFO] [stderr]    Compiling thiserror-impl v2.0.20
[INFO] [stderr]     Checking counter v0.7.1
[INFO] [stderr]     Checking lingua-spanish-language-model v1.3.0
[INFO] [stderr]     Checking lingua-english-language-model v1.3.0
[INFO] [stderr]     Checking lingua-italian-language-model v1.3.0
[INFO] [stderr]     Checking lingua-danish-language-model v1.3.0
[INFO] [stderr]     Checking lingua-swedish-language-model v1.3.0
[INFO] [stderr]     Checking lingua-french-language-model v1.3.0
[INFO] [stderr]     Checking lingua-portuguese-language-model v1.3.0
[INFO] [stderr]     Checking lingua-dutch-language-model v1.3.0
[INFO] [stderr]     Checking lingua-german-language-model v1.3.0
[INFO] [stderr]     Checking lingua-bokmal-language-model v1.3.0
[INFO] [stderr]    Compiling quick-xml v0.41.0
[INFO] [stderr]     Checking sync_wrapper v1.0.2
[INFO] [stderr]    Compiling wayland-client v0.31.15
[INFO] [stderr]     Checking downcast-rs v1.2.1
[INFO] [stderr]     Checking ipnet v2.12.1
[INFO] [stderr]     Checking maplit v1.0.2
[INFO] [stderr]     Checking strum v0.27.2
[INFO] [stderr]     Checking miniz_oxide v0.8.9
[INFO] [stderr]     Checking hyper-util v0.1.20
[INFO] [stderr]     Checking tower v0.5.3
[INFO] [stderr]     Checking lingua v1.8.0
[INFO] [stderr]     Checking rustls-native-certs v0.8.4
[INFO] [stderr]     Checking windows-core v0.62.2
[INFO] [stderr]    Compiling wayland-scanner v0.31.11
[INFO] [stderr]    Compiling zbus-lockstep v0.5.2
[INFO] [stderr]     Checking cpp v0.5.11
[INFO] [stderr]     Checking crypto-common v0.2.2
[INFO] [stderr]     Checking block-buffer v0.12.1
[INFO] [stderr]    Compiling qmetaobject v0.2.10
[INFO] [stderr]     Checking keyring-core v1.0.0
[INFO] [stderr]    Compiling serde_spanned v1.1.1
[INFO] [stderr]     Checking zlib-rs v0.6.7
[INFO] [stderr]     Checking unicode-segmentation v1.13.3
[INFO] [stderr]     Checking digest v0.11.3
[INFO] [stderr]     Checking hashbrown v0.15.5
[INFO] [stderr]    Compiling toml v1.1.4+spec-1.1.0
[INFO] [stderr]    Compiling zbus-lockstep-macros v0.5.2
[INFO] [stderr]     Checking tower-http v0.6.11
[INFO] [stderr]    Compiling qmetaobject_impl v0.2.10
[INFO] [stderr]     Checking http-body-util v0.1.5
[INFO] [stderr]     Checking flate2 v1.1.9
[INFO] [stderr]     Checking tokio-util v0.7.19
[INFO] [stderr]    Compiling anyhow v1.0.104
[INFO] [stderr]     Checking bumpalo v3.20.3
[INFO] [stderr]     Checking base64 v0.23.1
[INFO] [stderr]     Checking fixedbitset v0.5.7
[INFO] [stderr]     Checking static_assertions v1.1.0
[INFO] [stderr]     Checking ureq-proto v0.6.1
[INFO] [stderr]     Checking zopfli v0.8.3
[INFO] [stderr]     Checking petgraph v0.8.3
[INFO] [stderr]    Compiling winresource v0.1.31
[INFO] [stderr]     Checking flow-core v0.1.0 (/opt/rustwide/workdir/core)
[INFO] [stderr]     Checking windows-threading v0.2.1
[INFO] [stderr]     Checking webpki-roots v1.0.9
[INFO] [stderr]     Checking gethostname v1.1.0
[INFO] [stderr]     Checking tempfile v3.27.0
[INFO] [stderr]     Checking wayland-protocols v0.32.13
[INFO] [stderr]     Checking secret-service v5.1.0
[INFO] [stderr]     Checking atspi-common v0.14.0
[INFO] [stderr]     Checking nom v8.0.0
[INFO] [stderr]    Compiling cstr v0.2.12
[INFO] [stderr]     Checking typed-path v0.12.3
[INFO] [stderr]     Checking zbus-secret-service-keyring-store v1.0.1
[INFO] [stderr]     Checking keyring v4.1.6
[INFO] [stderr]     Checking utf8-zero v0.8.1
[INFO] [stderr]     Checking x11rb-protocol v0.13.2
[INFO] [stderr]     Checking zip v8.6.0
[INFO] [stderr]    Compiling flow-windows v0.1.0 (/opt/rustwide/workdir/windows)
[INFO] [stderr]     Checking windows-future v0.3.2
[INFO] [stdout] error[E0425]: cannot find type `IMarshal` in module `windows_core::imp`
[INFO] [stdout]   --> /opt/rustwide/cargo-home/registry/src/index.crates.io-1949cf8c6b5b557f/windows-future-0.3.2/src/bindings.rs:87:51
[INFO] [stdout]    |
[INFO] [stdout] 87 |             } else if *iid == <windows_core::imp::IMarshal as windows_core::Interface>::IID {
[INFO] [stdout]    |                                                   ^^^^^^^^ not found in `windows_core::imp`
[INFO] [stdout] 
[INFO] [stdout] 
[INFO] [stdout] error[E0425]: cannot find function `marshaler` in module `windows_core::imp`
[INFO] [stdout]   --> /opt/rustwide/cargo-home/registry/src/index.crates.io-1949cf8c6b5b557f/windows-future-0.3.2/src/bindings.rs:89:43
[INFO] [stdout]    |
[INFO] [stdout] 89 |                 return windows_core::imp::marshaler(
[INFO] [stdout]    |                                           ^^^^^^^^^ not found in `windows_core::imp`
[INFO] [stdout] 
[INFO] [stdout] 
[INFO] [stdout] error[E0425]: cannot find type `IMarshal` in module `windows_core::imp`
[INFO] [stdout]    --> /opt/rustwide/cargo-home/registry/src/index.crates.io-1949cf8c6b5b557f/windows-future-0.3.2/src/bindings.rs:255:51
[INFO] [stdout]     |
[INFO] [stdout] 255 |             } else if *iid == <windows_core::imp::IMarshal as windows_core::Interface>::IID {
[INFO] [stdout]     |                                                   ^^^^^^^^ not found in `windows_core::imp`
[INFO] [stdout] 
[INFO] [stdout] 
[INFO] [stdout] error[E0425]: cannot find function `marshaler` in module `windows_core::imp`
[INFO] [stdout]    --> /opt/rustwide/cargo-home/registry/src/index.crates.io-1949cf8c6b5b557f/windows-future-0.3.2/src/bindings.rs:257:43
[INFO] [stdout]     |
[INFO] [stdout] 257 |                 return windows_core::imp::marshaler(
[INFO] [stdout]     |                                           ^^^^^^^^^ not found in `windows_core::imp`
[INFO] [stdout] 
[INFO] [stdout] 
[INFO] [stdout] error[E0425]: cannot find type `IMarshal` in module `windows_core::imp`
[INFO] [stdout]    --> /opt/rustwide/cargo-home/registry/src/index.crates.io-1949cf8c6b5b557f/windows-future-0.3.2/src/bindings.rs:422:364
[INFO] [stdout]     |
[INFO] [stdout] 422 | ... _ } else if * iid == < windows_core::imp::IMarshal as windows_core::Interface >::IID { ( * this ) . count . add_ref ( ) ; retur...
[INFO] [stdout]     |                                               ^^^^^^^^ not found in `windows_core::imp`
[INFO] [stdout] 
[INFO] [stdout] 
[INFO] [stdout] error[E0425]: cannot find function `marshaler` in module `windows_core::imp`
[INFO] [stdout]    --> /opt/rustwide/cargo-home/registry/src/index.crates.io-1949cf8c6b5b557f/windows-future-0.3.2/src/bindings.rs:422:470
[INFO] [stdout]     |
[INFO] [stdout] 422 | ... . add_ref ( ) ; return windows_core::imp::marshaler ( core::mem::transmute ( & mut ( * this ) . vtable as * mut _ as * mut core...
[INFO] [stdout]     |                                               ^^^^^^^^^ not found in `windows_core::imp`
[INFO] [stdout] 
[INFO] [stdout] 
[INFO] [stdout] error[E0425]: cannot find type `IMarshal` in module `windows_core::imp`
[INFO] [stdout]    --> /opt/rustwide/cargo-home/registry/src/index.crates.io-1949cf8c6b5b557f/windows-future-0.3.2/src/bindings.rs:572:51
[INFO] [stdout]     |
[INFO] [stdout] 572 |             } else if *iid == <windows_core::imp::IMarshal as windows_core::Interface>::IID {
[INFO] [stdout]     |                                                   ^^^^^^^^ not found in `windows_core::imp`
[INFO] [stdout] 
[INFO] [stdout] 
[INFO] [stdout] error[E0425]: cannot find function `marshaler` in module `windows_core::imp`
[INFO] [stdout]    --> /opt/rustwide/cargo-home/registry/src/index.crates.io-1949cf8c6b5b557f/windows-future-0.3.2/src/bindings.rs:574:43
[INFO] [stdout]     |
[INFO] [stdout] 574 |                 return windows_core::imp::marshaler(
[INFO] [stdout]     |                                           ^^^^^^^^^ not found in `windows_core::imp`
[INFO] [stdout] 
[INFO] [stdout] 
[INFO] [stdout] error[E0425]: cannot find type `IMarshal` in module `windows_core::imp`
[INFO] [stdout]    --> /opt/rustwide/cargo-home/registry/src/index.crates.io-1949cf8c6b5b557f/windows-future-0.3.2/src/bindings.rs:752:364
[INFO] [stdout]     |
[INFO] [stdout] 752 | ... _ } else if * iid == < windows_core::imp::IMarshal as windows_core::Interface >::IID { ( * this ) . count . add_ref ( ) ; retur...
[INFO] [stdout]     |                                               ^^^^^^^^ not found in `windows_core::imp`
[INFO] [stdout] 
[INFO] [stdout] 
[INFO] [stdout] error[E0425]: cannot find function `marshaler` in module `windows_core::imp`
[INFO] [stdout]    --> /opt/rustwide/cargo-home/registry/src/index.crates.io-1949cf8c6b5b557f/windows-future-0.3.2/src/bindings.rs:752:470
[INFO] [stdout]     |
[INFO] [stdout] 752 | ... . add_ref ( ) ; return windows_core::imp::marshaler ( core::mem::transmute ( & mut ( * this ) . vtable as * mut _ as * mut core...
[INFO] [stdout]     |                                               ^^^^^^^^^ not found in `windows_core::imp`
[INFO] [stdout] 
[INFO] [stdout] 
[INFO] [stdout] error[E0425]: cannot find type `IMarshal` in module `windows_core::imp`
[INFO] [stdout]    --> /opt/rustwide/cargo-home/registry/src/index.crates.io-1949cf8c6b5b557f/windows-future-0.3.2/src/bindings.rs:927:377
[INFO] [stdout]     |
[INFO] [stdout] 927 | ... _ } else if * iid == < windows_core::imp::IMarshal as windows_core::Interface >::IID { ( * this ) . count . add_ref ( ) ; retur...
[INFO] [stdout]     |                                               ^^^^^^^^ not found in `windows_core::imp`
[INFO] [stdout] 
[INFO] [stdout] 
[INFO] [stdout] error[E0425]: cannot find function `marshaler` in module `windows_core::imp`
[INFO] [stdout]    --> /opt/rustwide/cargo-home/registry/src/index.crates.io-1949cf8c6b5b557f/windows-future-0.3.2/src/bindings.rs:927:483
[INFO] [stdout]     |
[INFO] [stdout] 927 | ... . add_ref ( ) ; return windows_core::imp::marshaler ( core::mem::transmute ( & mut ( * this ) . vtable as * mut _ as * mut core...
[INFO] [stdout]     |                                               ^^^^^^^^^ not found in `windows_core::imp`
[INFO] [stdout] 
[INFO] [stdout] 
[INFO] [stdout] error[E0425]: cannot find function `submit` in crate `windows_threading`
[INFO] [stdout]    --> /opt/rustwide/cargo-home/registry/src/index.crates.io-1949cf8c6b5b557f/windows-future-0.3.2/src/async_spawn.rs:264:28
[INFO] [stdout]     |
[INFO] [stdout] 264 |         windows_threading::submit(move || {
[INFO] [stdout]     |                            ^^^^^^ not found in `windows_threading`
[INFO] [stdout] 
[INFO] [stdout] 
[INFO] [stdout] error[E0425]: cannot find function `submit` in crate `windows_threading`
[INFO] [stdout]    --> /opt/rustwide/cargo-home/registry/src/index.crates.io-1949cf8c6b5b557f/windows-future-0.3.2/src/async_spawn.rs:281:28
[INFO] [stdout]     |
[INFO] [stdout] 281 |         windows_threading::submit(move || {
[INFO] [stdout]     |                            ^^^^^^ not found in `windows_threading`
[INFO] [stdout] 
[INFO] [stdout] 
[INFO] [stdout] error[E0425]: cannot find function `submit` in crate `windows_threading`
[INFO] [stdout]    --> /opt/rustwide/cargo-home/registry/src/index.crates.io-1949cf8c6b5b557f/windows-future-0.3.2/src/async_spawn.rs:298:28
[INFO] [stdout]     |
[INFO] [stdout] 298 |         windows_threading::submit(move || {
[INFO] [stdout]     |                            ^^^^^^ not found in `windows_threading`
[INFO] [stdout] 
[INFO] [stdout] 
[INFO] [stdout] error[E0425]: cannot find function `submit` in crate `windows_threading`
[INFO] [stdout]    --> /opt/rustwide/cargo-home/registry/src/index.crates.io-1949cf8c6b5b557f/windows-future-0.3.2/src/async_spawn.rs:315:28
[INFO] [stdout]     |
[INFO] [stdout] 315 |         windows_threading::submit(move || {
[INFO] [stdout]     |                            ^^^^^^ not found in `windows_threading`
[INFO] [stdout] 
[INFO] [stdout] 
[INFO] [stdout] For more information about this error, try `rustc --explain E0425`.
[INFO] [stdout] 
[INFO] [stderr] error: could not compile `windows-future` (lib) due to 16 previous errors
[INFO] [stderr] warning: build failed, waiting for other jobs to finish...
[INFO] [stderr] error: could not compile `wayland-protocols` (lib)
[INFO] [stderr] 
[INFO] [stderr] Caused by:
[INFO] [stderr]   process didn't exit successfully: `/opt/rustwide/rustup-home/toolchains/3154cc1a3e6424e44f438a95007d043ed5ceaaf6/bin/rustc --crate-name wayland_protocols --edition=2024 /opt/rustwide/cargo-home/registry/src/index.crates.io-1949cf8c6b5b557f/wayland-protocols-0.32.13/src/lib.rs --error-format=json --json=diagnostic-rendered-ansi,artifacts,future-incompat,unused-externs-silent --crate-type lib --emit=dep-info,metadata -C embed-bitcode=no -C debuginfo=2 --cfg 'feature="client"' --cfg 'feature="staging"' --cfg 'feature="wayland-client"' --check-cfg 'cfg(docsrs,test)' --check-cfg 'cfg(feature, values("client", "server", "staging", "unstable", "wayland-client", "wayland-server"))' -C metadata=780252c823e7a6e9 -C extra-filename=-357296ba026c7adf --out-dir /opt/rustwide/target/debug/build/wayland-protocols/357296ba026c7adf/out -L dependency=/opt/rustwide/target/debug/build/bitflags/12164dedcc9c97c0/out -L dependency=/opt/rustwide/target/debug/build/downcast-rs/e66389dcb14c8a87/out -L dependency=/opt/rustwide/target/debug/build/linux-raw-sys/ff271329eb221e3a/out -L dependency=/opt/rustwide/target/debug/build/rustix/3daabeb03297f3b6/out -L dependency=/opt/rustwide/target/debug/build/smallvec/4f8e4a825041d312/out -L dependency=/opt/rustwide/target/debug/build/wayland-backend/10bd84c4abdddc4b/out -L dependency=/opt/rustwide/target/debug/build/wayland-scanner/ec805309f1a0efd1/out -L dependency=/opt/rustwide/target/debug/build/wayland-sys/2698b38c3e47d85f/out --extern bitflags=/opt/rustwide/target/debug/build/bitflags/12164dedcc9c97c0/out/libbitflags-12164dedcc9c97c0.rmeta --extern wayland_backend=/opt/rustwide/target/debug/build/wayland-backend/10bd84c4abdddc4b/out/libwayland_backend-10bd84c4abdddc4b.rmeta --extern wayland_client=/opt/rustwide/target/debug/build/wayland-client/68ebe06741403ed3/out/libwayland_client-68ebe06741403ed3.rmeta --extern wayland_scanner=/opt/rustwide/target/debug/build/wayland-scanner/ec805309f1a0efd1/out/libwayland_scanner-ec805309f1a0efd1.so --cap-lints allow --cap-lints=forbid --force-warn=unused_crate_dependencies` (signal: 9, SIGKILL: kill)
[INFO] [stderr] warning: qmetaobject@0.2.10: c++: fatal error: Killed signal terminated program cc1plus
[INFO] [stderr] warning: qmetaobject@0.2.10: compilation terminated.
[INFO] [stderr] error: failed to run custom build command for `qmetaobject v0.2.10`
[INFO] [stderr] note: To improve backtraces for build dependencies, set the CARGO_PROFILE_DEV_BUILD_OVERRIDE_DEBUG=true environment variable to enable debug information generation.
[INFO] [stderr] 
[INFO] [stderr] Caused by:
[INFO] [stderr]   process didn't exit successfully: `/opt/rustwide/target/debug/build/qmetaobject/e541041c57994f3c/out/build_script_build` (exit status: 1)
[INFO] [stderr]   --- stdout
[INFO] [stderr]   cargo:rerun-if-env-changed=CC_FORCE_DISABLE
[INFO] [stderr]   CC_FORCE_DISABLE = None
[INFO] [stderr]   cargo:rerun-if-env-changed=CXX_x86_64-unknown-linux-gnu
[INFO] [stderr]   CXX_x86_64-unknown-linux-gnu = None
[INFO] [stderr]   cargo:rerun-if-env-changed=CXX_x86_64_unknown_linux_gnu
[INFO] [stderr]   CXX_x86_64_unknown_linux_gnu = None
[INFO] [stderr]   cargo:rerun-if-env-changed=HOST_CXX
[INFO] [stderr]   HOST_CXX = None
[INFO] [stderr]   cargo:rerun-if-env-changed=CXX
[INFO] [stderr]   CXX = None
[INFO] [stderr]   cargo:rerun-if-env-changed=CC_ENABLE_DEBUG_OUTPUT
[INFO] [stderr]   cargo:rerun-if-env-changed=CRATE_CC_NO_DEFAULTS
[INFO] [stderr]   CRATE_CC_NO_DEFAULTS = None
[INFO] [stderr]   cargo:rerun-if-env-changed=CC_ENABLE_DEBUG_OUTPUT
[INFO] [stderr]   cargo:rerun-if-env-changed=CRATE_CC_NO_DEFAULTS
[INFO] [stderr]   CRATE_CC_NO_DEFAULTS = None
[INFO] [stderr]   cargo:rerun-if-env-changed=CXXFLAGS
[INFO] [stderr]   CXXFLAGS = None
[INFO] [stderr]   cargo:rerun-if-env-changed=HOST_CXXFLAGS
[INFO] [stderr]   HOST_CXXFLAGS = None
[INFO] [stderr]   cargo:rerun-if-env-changed=CXXFLAGS_x86_64_unknown_linux_gnu
[INFO] [stderr]   CXXFLAGS_x86_64_unknown_linux_gnu = None
[INFO] [stderr]   cargo:rerun-if-env-changed=CXXFLAGS_x86_64-unknown-linux-gnu
[INFO] [stderr]   CXXFLAGS_x86_64-unknown-linux-gnu = None
[INFO] [stderr]   cargo:rerun-if-env-changed=CXXFLAGS
[INFO] [stderr]   CXXFLAGS = None
[INFO] [stderr]   cargo:rerun-if-env-changed=HOST_CXXFLAGS
[INFO] [stderr]   HOST_CXXFLAGS = None
[INFO] [stderr]   cargo:rerun-if-env-changed=CXXFLAGS_x86_64_unknown_linux_gnu
[INFO] [stderr]   CXXFLAGS_x86_64_unknown_linux_gnu = None
[INFO] [stderr]   cargo:rerun-if-env-changed=CXXFLAGS_x86_64-unknown-linux-gnu
[INFO] [stderr]   CXXFLAGS_x86_64-unknown-linux-gnu = None
[INFO] [stderr]   cargo:rerun-if-env-changed=CC_ENABLE_DEBUG_OUTPUT
[INFO] [stderr]   cargo:rerun-if-env-changed=CRATE_CC_NO_DEFAULTS
[INFO] [stderr]   CRATE_CC_NO_DEFAULTS = None
[INFO] [stderr]   cargo:rerun-if-env-changed=CXXFLAGS
[INFO] [stderr]   CXXFLAGS = None
[INFO] [stderr]   cargo:rerun-if-env-changed=HOST_CXXFLAGS
[INFO] [stderr]   HOST_CXXFLAGS = None
[INFO] [stderr]   cargo:rerun-if-env-changed=CXXFLAGS_x86_64_unknown_linux_gnu
[INFO] [stderr]   CXXFLAGS_x86_64_unknown_linux_gnu = None
[INFO] [stderr]   cargo:rerun-if-env-changed=CXXFLAGS_x86_64-unknown-linux-gnu
[INFO] [stderr]   CXXFLAGS_x86_64-unknown-linux-gnu = None
[INFO] [stderr]   cargo:warning=c++: fatal error: Killed signal terminated program cc1plus
[INFO] [stderr]   cargo:warning=compilation terminated.
[INFO] [stderr] 
[INFO] [stderr]   --- stderr
[INFO] [stderr] 
[INFO] [stderr] 
[INFO] [stderr]   error occurred: ToolExecError: command did not execute successfully (status code exit status: 1): LC_ALL="C" "c++" "-O0" "-ffunction-sections" "-fdata-sections" "-fPIC" "-g" "-gdwarf-4" "-fno-omit-frame-pointer" "-mno-omit-leaf-frame-pointer" "-m64" "-I" "/opt/rustwide/cargo-home/registry/src/index.crates.io-1949cf8c6b5b557f/qmetaobject-0.2.10" "-I" "/usr/include/x86_64-linux-gnu/qt6" "-Wall" "-Wextra" "-std=c++17" "-fno-lto" "-o" "/opt/rustwide/target/debug/build/qmetaobject/f2dd0b1de999f474/out/70f7b3e037e051af-cpp_closures.o" "-c" "/opt/rustwide/target/debug/build/qmetaobject/f2dd0b1de999f474/out/rust_cpp/cpp_closures.cpp"
[INFO] [stderr] 
[INFO] [stderr] 
[INFO] running `Command { std: "docker" "inspect" "b9479f370ffeadef8b3ad56d30a3c7434b943b9060fd58bb31be30ee420da52b", kill_on_drop: false }`
[INFO] running `Command { std: "docker" "rm" "-f" "b9479f370ffeadef8b3ad56d30a3c7434b943b9060fd58bb31be30ee420da52b", kill_on_drop: false }`
[INFO] [stdout] b9479f370ffeadef8b3ad56d30a3c7434b943b9060fd58bb31be30ee420da52b
