[INFO] cloning repository https://github.com/JawairiaKalim/nids_dashboard
[INFO] running `Command { std: "git" "-c" "credential.helper=" "-c" "credential.helper=/workspace/cargo-home/bin/git-credential-null" "clone" "--bare" "https://github.com/JawairiaKalim/nids_dashboard" "/workspace/cache/git-repos/https%3A%2F%2Fgithub.com%2FJawairiaKalim%2Fnids_dashboard", kill_on_drop: false }`
[INFO] [stderr] Cloning into bare repository '/workspace/cache/git-repos/https%3A%2F%2Fgithub.com%2FJawairiaKalim%2Fnids_dashboard'...
[INFO] running `Command { std: "git" "rev-parse" "HEAD", kill_on_drop: false }`
[INFO] [stdout] 010964b3f9fe4c583e0f503bb5742329a9c87640
[INFO] checking JawairiaKalim/nids_dashboard against 3154cc1a3e6424e44f438a95007d043ed5ceaaf6+rustflags=-Znext-solver=coherence for pr-133502-30
[INFO] running `Command { std: "git" "clone" "/workspace/cache/git-repos/https%3A%2F%2Fgithub.com%2FJawairiaKalim%2Fnids_dashboard" "/workspace/builds/worker-3-tc1/source", kill_on_drop: false }`
[INFO] [stderr] Cloning into '/workspace/builds/worker-3-tc1/source'...
[INFO] [stderr] done.
[INFO] started tweaking git repo https://github.com/JawairiaKalim/nids_dashboard
[INFO] finished tweaking git repo https://github.com/JawairiaKalim/nids_dashboard
[INFO] tweaked toml for git repo https://github.com/JawairiaKalim/nids_dashboard written to /workspace/builds/worker-3-tc1/source/Cargo.toml
[INFO] validating manifest of git repo https://github.com/JawairiaKalim/nids_dashboard on toolchain 3154cc1a3e6424e44f438a95007d043ed5ceaaf6
[INFO] running `Command { std: CARGO_HOME="/workspace/cargo-home" RUSTUP_HOME="/workspace/rustup-home" "/workspace/cargo-home/bin/cargo" "+3154cc1a3e6424e44f438a95007d043ed5ceaaf6" "metadata" "--manifest-path" "Cargo.toml" "--no-deps", kill_on_drop: false }`
[INFO] crate git repo https://github.com/JawairiaKalim/nids_dashboard already has a lockfile, it will not be regenerated
[INFO] running `Command { std: CARGO_HOME="/workspace/cargo-home" RUSTUP_HOME="/workspace/rustup-home" "/workspace/cargo-home/bin/cargo" "+3154cc1a3e6424e44f438a95007d043ed5ceaaf6" "fetch" "--manifest-path" "Cargo.toml", kill_on_drop: false }`
[INFO] [stderr]     Updating crates.io index
[INFO] [stderr]  Downloading crates ...
[INFO] [stderr]   Downloaded pnet_sys v0.35.0
[INFO] [stderr]   Downloaded pnet_transport v0.35.0
[INFO] [stderr]   Downloaded pnet v0.35.0
[INFO] [stderr]   Downloaded pnet_packet v0.35.0
[INFO] [stderr]   Downloaded pnet_macros_support v0.35.0
[INFO] [stderr]   Downloaded no-std-net v0.6.0
[INFO] [stderr]   Downloaded ipnetwork v0.20.0
[INFO] [stderr]   Downloaded pnet_datalink v0.35.0
[INFO] [stderr]   Downloaded gloo-timers v0.4.0
[INFO] [stderr]   Downloaded wasm_split_macros v0.2.2
[INFO] [stderr]   Downloaded pnet_base v0.35.0
[INFO] [stderr]   Downloaded leptos_axum v0.8.10
[INFO] [stderr]   Downloaded default-struct-builder v0.5.1
[INFO] [stderr]   Downloaded errno v0.2.8
[INFO] [stderr]   Downloaded reactive_stores_macro v0.4.3
[INFO] [stderr]   Downloaded wasm_split_helpers v0.2.3
[INFO] [stderr]   Downloaded hydration_context v0.3.1
[INFO] [stderr]   Downloaded config v0.15.25
[INFO] [stderr]   Downloaded xxhash-rust v0.8.18
[INFO] [stderr]   Downloaded pnet_macros v0.35.0
[INFO] [stderr]   Downloaded ort-sys v2.0.0-rc.13
[INFO] [stderr]   Downloaded leptos_macro v0.8.17
[INFO] [stderr]   Downloaded leptos_router v0.8.15
[INFO] [stderr]   Downloaded server_fn v0.8.13
[INFO] [stderr]   Downloaded pcap v1.3.0
[INFO] [stderr]   Downloaded leptos v0.8.20
[INFO] [stderr]   Downloaded der v0.8.1
[INFO] [stderr]   Downloaded ort v2.0.0-rc.13
[INFO] [stderr]   Downloaded tachys v0.2.18
[INFO] [stderr]   Downloaded leptos-use v0.19.0
[INFO] running `Command { std: "docker" "create" "-v" "/var/lib/crater-agent-workspace/builds/worker-3-tc1/source:/opt/rustwide/workdir:ro,Z" "-v" "/var/lib/crater-agent-workspace/builds/worker-3-tc1/target:/opt/rustwide/target:rw,Z" "-v" "/var/lib/crater-agent-workspace/cargo-home:/opt/rustwide/cargo-home:ro,Z" "-v" "/var/lib/crater-agent-workspace/rustup-home:/opt/rustwide/rustup-home:ro,Z" "-m" "1610612736" "--network" "none" "ghcr.io/rust-lang/crates-build-env/linux@sha256:77db811e55d90add9212f6832c23229e3de5f1c1f9905e8cb07319ea15df73ac" "sleep" "infinity", kill_on_drop: false }`
[INFO] [stdout] f0aeaecd946ae8588d40cebabc2dfe2d8743991a6264ced6c691150b45844201
[INFO] running `Command { std: "docker" "start" "f0aeaecd946ae8588d40cebabc2dfe2d8743991a6264ced6c691150b45844201", kill_on_drop: false }`
[INFO] running `Command { std: "docker" "inspect" "f0aeaecd946ae8588d40cebabc2dfe2d8743991a6264ced6c691150b45844201", kill_on_drop: false }`
[INFO] running `Command { std: "docker" "exec" "-e" "SOURCE_DIR=/opt/rustwide/workdir" "-e" "CARGO_HOME=/opt/rustwide/cargo-home" "-e" "RUSTUP_HOME=/opt/rustwide/rustup-home" "-e" "CARGO_TARGET_DIR=/opt/rustwide/target" "-w" "/opt/rustwide/workdir" "--user" "0:0" "f0aeaecd946ae8588d40cebabc2dfe2d8743991a6264ced6c691150b45844201" "/opt/rustwide/cargo-home/bin/cargo" "+3154cc1a3e6424e44f438a95007d043ed5ceaaf6" "metadata" "--no-deps" "--format-version=1", kill_on_drop: false }`
[INFO] running `Command { std: "docker" "inspect" "f0aeaecd946ae8588d40cebabc2dfe2d8743991a6264ced6c691150b45844201", kill_on_drop: false }`
[INFO] running `Command { std: "docker" "exec" "-e" "SOURCE_DIR=/opt/rustwide/workdir" "-e" "CARGO_HOME=/opt/rustwide/cargo-home" "-e" "RUSTUP_HOME=/opt/rustwide/rustup-home" "-e" "CARGO_TARGET_DIR=/opt/rustwide/target" "-e" "CARGO_INCREMENTAL=0" "-e" "RUST_BACKTRACE=full" "-e" "RUSTFLAGS=--cap-lints=forbid -Znext-solver=coherence" "-e" "RUSTDOCFLAGS=--cap-lints=forbid" "-w" "/opt/rustwide/workdir" "--user" "0:0" "f0aeaecd946ae8588d40cebabc2dfe2d8743991a6264ced6c691150b45844201" "/opt/rustwide/cargo-home/bin/cargo" "+3154cc1a3e6424e44f438a95007d043ed5ceaaf6" "check" "--frozen" "--all" "--all-targets" "--message-format=json", kill_on_drop: false }`
[INFO] [stderr]    Compiling proc-macro2 v1.0.107
[INFO] [stderr]    Compiling serde_core v1.0.229
[INFO] [stderr]    Compiling quote v1.0.47
[INFO] [stderr]    Compiling wasm-bindgen-shared v0.2.127
[INFO] [stderr]     Checking futures-core v0.3.33
[INFO] [stderr]     Checking futures-sink v0.3.33
[INFO] [stderr]     Checking futures-task v0.3.33
[INFO] [stderr]     Checking futures-io v0.3.33
[INFO] [stderr]    Compiling serde v1.0.229
[INFO] [stderr]    Compiling wasm-bindgen v0.2.127
[INFO] [stderr]     Checking futures-channel v0.3.33
[INFO] [stderr]     Checking once_cell v1.21.4
[INFO] [stderr]    Compiling unicode-segmentation v1.13.3
[INFO] [stderr]     Checking writeable v0.6.3
[INFO] [stderr]     Checking litemap v0.8.2
[INFO] [stderr]    Compiling proc-macro2-diagnostics v0.10.1
[INFO] [stderr]    Compiling icu_normalizer_data v2.2.0
[INFO] [stderr]     Checking or_poisoned v0.1.0
[INFO] [stderr]    Compiling icu_properties_data v2.2.0
[INFO] [stderr]     Checking event-listener v5.4.2
[INFO] [stderr]     Checking throw_error v0.3.1
[INFO] [stderr]    Compiling slotmap v1.1.1
[INFO] [stderr]    Compiling serde_json v1.0.151
[INFO] [stderr]     Checking indexmap v2.14.0
[INFO] [stderr]    Compiling convert_case v0.11.0
[INFO] [stderr]     Checking send_wrapper v0.6.0
[INFO] [stderr]     Checking event-listener-strategy v0.5.4
[INFO] [stderr]    Compiling server_fn_macro v0.8.10
[INFO] [stderr]    Compiling reactive_graph v0.2.14
[INFO] [stderr]    Compiling camino v1.2.5
[INFO] [stderr]     Checking smallvec v1.15.2
[INFO] [stderr]     Checking async-lock v3.4.2
[INFO] [stderr]     Checking guardian v1.3.0
[INFO] [stderr]    Compiling libc v0.2.189
[INFO] [stderr]     Checking either v1.17.0
[INFO] [stderr]    Compiling xxhash-rust v0.8.18
[INFO] [stderr]     Checking itertools v0.14.0
[INFO] [stderr]    Compiling crypto-common v0.1.7
[INFO] [stderr]    Compiling syn v2.0.119
[INFO] [stderr]    Compiling syn v3.0.3
[INFO] [stderr]    Compiling proc-macro-utils v0.10.0
[INFO] [stderr]    Compiling proc-macro-error-attr2 v2.0.0
[INFO] [stderr]    Compiling const_format_proc_macros v0.2.34
[INFO] [stderr]    Compiling tachys v0.2.18
[INFO] [stderr]    Compiling yansi v1.0.1
[INFO] [stderr]     Checking winnow v1.0.4
[INFO] [stderr]    Compiling getrandom v0.4.3
[INFO] [stderr]    Compiling manyhow-macros v0.11.4
[INFO] [stderr]    Compiling const_format v0.2.36
[INFO] [stderr]    Compiling digest v0.10.7
[INFO] [stderr]     Checking toml_datetime v1.1.1+spec-1.1.0
[INFO] [stderr]     Checking toml_parser v1.1.3+spec-1.1.0
[INFO] [stderr]     Checking serde_spanned v1.1.1
[INFO] [stderr]     Checking form_urlencoded v1.2.2
[INFO] [stderr]     Checking either_of v0.1.9
[INFO] [stderr]    Compiling server_fn v0.8.13
[INFO] [stderr]    Compiling interpolator v0.5.0
[INFO] [stderr]    Compiling collection_literals v1.0.3
[INFO] [stderr]     Checking next_tuple v0.1.0
[INFO] [stderr]     Checking const_str_slice_concat v0.1.0
[INFO] [stderr]     Checking html-escape v0.2.15
[INFO] [stderr]     Checking erased v0.1.2
[INFO] [stderr]     Checking drain_filter_polyfill v0.1.3
[INFO] [stderr]     Checking regex-automata v0.4.18
[INFO] [stderr]    Compiling sha2 v0.10.9
[INFO] [stderr]     Checking convert_case v0.6.0
[INFO] [stderr]     Checking toml v1.1.4+spec-1.1.0
[INFO] [stderr]    Compiling anyhow v1.0.104
[INFO] [stderr]    Compiling leptos_macro v0.8.17
[INFO] [stderr]    Compiling base16 v0.2.1
[INFO] [stderr]     Checking pathdiff v0.2.3
[INFO] [stderr]     Checking const-str v1.1.0
[INFO] [stderr]     Checking config v0.15.25
[INFO] [stderr]    Compiling uuid v1.24.0
[INFO] [stderr]    Compiling convert_case_extras v0.2.0
[INFO] [stderr]     Checking regex v1.13.1
[INFO] [stderr]    Compiling leptos v0.8.20
[INFO] [stderr]     Checking async-once-cell v0.5.4
[INFO] [stderr]    Compiling synstructure v0.13.2
[INFO] [stderr]    Compiling wasm-bindgen-macro-support v0.2.127
[INFO] [stderr]    Compiling proc-macro-error2 v2.0.1
[INFO] [stderr]    Compiling serde_derive v1.0.229
[INFO] [stderr]    Compiling thiserror-impl v2.0.20
[INFO] [stderr]    Compiling displaydoc v0.2.7
[INFO] [stderr]    Compiling async-trait v0.1.92
[INFO] [stderr]    Compiling manyhow v0.11.4
[INFO] [stderr]    Compiling prettyplease v0.2.37
[INFO] [stderr]    Compiling darling_core v0.20.11
[INFO] [stderr]    Compiling num-traits v0.2.19
[INFO] [stderr]    Compiling cookie v0.18.2
[INFO] [stderr]    Compiling leptos_router v0.8.15
[INFO] [stderr]    Compiling leptos-use v0.19.0
[INFO] [stderr]     Checking thiserror v2.0.20
[INFO] [stderr]    Compiling futures-macro v0.3.33
[INFO] [stderr]    Compiling zerofrom-derive v0.1.7
[INFO] [stderr]    Compiling yoke-derive v0.8.2
[INFO] [stderr]    Compiling zerovec-derive v0.11.3
[INFO] [stderr]    Compiling derive-where v1.6.1
[INFO] [stderr]     Checking futures-util v0.3.33
[INFO] [stderr]    Compiling syn_derive v0.2.0
[INFO] [stderr]     Checking zerofrom v0.1.8
[INFO] [stderr]    Compiling quote-use-macros v0.8.4
[INFO] [stderr]     Checking yoke v0.8.3
[INFO] [stderr]     Checking zerovec v0.11.6
[INFO] [stderr]     Checking zerotrie v0.2.4
[INFO] [stderr]    Compiling thiserror-impl v1.0.69
[INFO] [stderr]    Compiling reactive_stores_macro v0.4.3
[INFO] [stderr]    Compiling pin-project-internal v1.1.13
[INFO] [stderr]    Compiling quote-use v0.8.4
[INFO] [stderr]    Compiling attribute-derive-macro v0.10.5
[INFO] [stderr]     Checking tinystr v0.8.3
[INFO] [stderr]     Checking icu_locale_core v2.2.0
[INFO] [stderr]     Checking potential_utf v0.1.5
[INFO] [stderr]     Checking icu_collections v2.2.0
[INFO] [stderr]     Checking pin-project v1.1.13
[INFO] [stderr]     Checking thiserror v1.0.69
[INFO] [stderr]     Checking oco_ref v0.2.1
[INFO] [stderr]     Checking serde_qs v0.15.0
[INFO] [stderr]    Compiling rstml v0.12.1
[INFO] [stderr]    Compiling server_fn_macro_default v0.8.5
[INFO] [stderr]    Compiling typed-builder-macro v0.23.2
[INFO] [stderr]    Compiling wasm-bindgen-macro v0.2.127
[INFO] [stderr]     Checking codee v0.3.5
[INFO] [stderr]     Checking icu_provider v2.2.0
[INFO] [stderr]    Compiling wasm_split_macros v0.2.2
[INFO] [stderr]     Checking icu_normalizer v2.2.0
[INFO] [stderr]     Checking icu_properties v2.2.0
[INFO] [stderr]    Compiling attribute-derive v0.10.5
[INFO] [stderr]    Compiling leptos_hot_reload v0.8.6
[INFO] [stderr]     Checking wasm_split_helpers v0.2.3
[INFO] [stderr]    Compiling darling_macro v0.20.11
[INFO] [stderr]     Checking futures-executor v0.3.33
[INFO] [stderr]     Checking futures v0.3.33
[INFO] [stderr]     Checking hydration_context v0.3.1
[INFO] [stderr]    Compiling darling v0.20.11
[INFO] [stderr]     Checking unic-langid-impl v0.9.6
[INFO] [stderr]    Compiling default-struct-builder v0.5.1
[INFO] [stderr]     Checking chrono v0.4.45
[INFO] [stderr]     Checking unic-langid v0.9.6
[INFO] [stderr]    Compiling leptos_router_macro v0.8.6
[INFO] [stderr]     Checking js-sys v0.3.104
[INFO] [stderr]     Checking typed-builder v0.23.2
[INFO] [stderr]     Checking leptos_config v0.8.10
[INFO] [stderr]     Checking idna_adapter v1.2.2
[INFO] [stderr]     Checking idna v1.1.0
[INFO] [stderr]     Checking url v2.5.8
[INFO] [stderr]     Checking wasm-bindgen-futures v0.4.77
[INFO] [stderr]     Checking web-sys v0.3.104
[INFO] [stderr]     Checking gloo-timers v0.4.0
[INFO] [stderr]     Checking any_spawner v0.3.0
[INFO] [stderr]     Checking reactive_stores v0.4.3
[INFO] [stderr]     Checking gloo-utils v0.2.0
[INFO] [stderr]     Checking wasm-streams v0.5.0
[INFO] [stderr]     Checking gloo-net v0.6.0
[INFO] [stderr]     Checking leptos_dom v0.8.8
[INFO] [stderr]     Checking leptos_server v0.8.7
[INFO] [stderr]     Checking leptos_meta v0.8.6
[INFO] [stderr]     Checking nids_dashboard v0.1.0 (/opt/rustwide/workdir)
[INFO] [stdout] error[E0433]: cannot find module or crate `ort` in this scope
[INFO] [stdout]  --> src/inference/onnx_model.rs:1:5
[INFO] [stdout]   |
[INFO] [stdout] 1 | use ort::{
[INFO] [stdout]   |     ^^^ use of unresolved module or unlinked crate `ort`
[INFO] [stdout]   |
[INFO] [stdout]   = help: if you wanted to use a crate named `ort`, use `cargo add ort` to add it to your `Cargo.toml`
[INFO] [stdout] 
[INFO] [stdout] 
[INFO] [stdout] error[E0433]: cannot find module or crate `ort` in this scope
[INFO] [stdout]  --> src/inference/onnx_model.rs:1:5
[INFO] [stdout]   |
[INFO] [stdout] 1 | use ort::{
[INFO] [stdout]   |     ^^^ use of unresolved module or unlinked crate `ort`
[INFO] [stdout]   |
[INFO] [stdout]   = help: if you wanted to use a crate named `ort`, use `cargo add ort` to add it to your `Cargo.toml`
[INFO] [stdout] 
[INFO] [stdout] 
[INFO] [stdout] error[E0433]: cannot find module or crate `pnet` in this scope
[INFO] [stdout]  --> src/parser/packet_parser.rs:1:5
[INFO] [stdout]   |
[INFO] [stdout] 1 | use pnet::packet::ethernet::{EtherTypes, EthernetPacket};
[INFO] [stdout]   |     ^^^^ use of unresolved module or unlinked crate `pnet`
[INFO] [stdout]   |
[INFO] [stdout]   = help: if you wanted to use a crate named `pnet`, use `cargo add pnet` to add it to your `Cargo.toml`
[INFO] [stdout] 
[INFO] [stdout] 
[INFO] [stdout] error[E0433]: cannot find module or crate `pnet` in this scope
[INFO] [stdout]  --> src/parser/packet_parser.rs:2:5
[INFO] [stdout]   |
[INFO] [stdout] 2 | use pnet::packet::ip::IpNextHeaderProtocols;
[INFO] [stdout]   |     ^^^^ use of unresolved module or unlinked crate `pnet`
[INFO] [stdout]   |
[INFO] [stdout]   = help: if you wanted to use a crate named `pnet`, use `cargo add pnet` to add it to your `Cargo.toml`
[INFO] [stdout] 
[INFO] [stdout] 
[INFO] [stdout] error[E0433]: cannot find module or crate `pnet` in this scope
[INFO] [stdout]  --> src/parser/packet_parser.rs:3:5
[INFO] [stdout]   |
[INFO] [stdout] 3 | use pnet::packet::ipv4::Ipv4Packet;
[INFO] [stdout]   |     ^^^^ use of unresolved module or unlinked crate `pnet`
[INFO] [stdout]   |
[INFO] [stdout]   = help: if you wanted to use a crate named `pnet`, use `cargo add pnet` to add it to your `Cargo.toml`
[INFO] [stdout] 
[INFO] [stdout] 
[INFO] [stdout] error[E0433]: cannot find module or crate `pnet` in this scope
[INFO] [stdout]  --> src/parser/packet_parser.rs:4:5
[INFO] [stdout]   |
[INFO] [stdout] 4 | use pnet::packet::ipv6::Ipv6Packet;
[INFO] [stdout]   |     ^^^^ use of unresolved module or unlinked crate `pnet`
[INFO] [stdout]   |
[INFO] [stdout]   = help: if you wanted to use a crate named `pnet`, use `cargo add pnet` to add it to your `Cargo.toml`
[INFO] [stdout] 
[INFO] [stdout] 
[INFO] [stdout] error[E0433]: cannot find module or crate `pnet` in this scope
[INFO] [stdout]  --> src/parser/packet_parser.rs:5:5
[INFO] [stdout]   |
[INFO] [stdout] 5 | use pnet::packet::tcp::TcpPacket;
[INFO] [stdout]   |     ^^^^ use of unresolved module or unlinked crate `pnet`
[INFO] [stdout]   |
[INFO] [stdout]   = help: if you wanted to use a crate named `pnet`, use `cargo add pnet` to add it to your `Cargo.toml`
[INFO] [stdout] 
[INFO] [stdout] 
[INFO] [stdout] error[E0433]: cannot find module or crate `pnet` in this scope
[INFO] [stdout]  --> src/parser/packet_parser.rs:6:5
[INFO] [stdout]   |
[INFO] [stdout] 6 | use pnet::packet::udp::UdpPacket;
[INFO] [stdout]   |     ^^^^ use of unresolved module or unlinked crate `pnet`
[INFO] [stdout]   |
[INFO] [stdout]   = help: if you wanted to use a crate named `pnet`, use `cargo add pnet` to add it to your `Cargo.toml`
[INFO] [stdout] 
[INFO] [stdout] 
[INFO] [stdout] error[E0433]: cannot find module or crate `pnet` in this scope
[INFO] [stdout]  --> src/parser/packet_parser.rs:7:5
[INFO] [stdout]   |
[INFO] [stdout] 7 | use pnet::packet::Packet;
[INFO] [stdout]   |     ^^^^ use of unresolved module or unlinked crate `pnet`
[INFO] [stdout]   |
[INFO] [stdout]   = help: if you wanted to use a crate named `pnet`, use `cargo add pnet` to add it to your `Cargo.toml`
[INFO] [stdout] 
[INFO] [stdout] 
[INFO] [stdout] error[E0433]: cannot find module or crate `pnet` in this scope
[INFO] [stdout]  --> src/parser/packet_parser.rs:1:5
[INFO] [stdout]   |
[INFO] [stdout] 1 | use pnet::packet::ethernet::{EtherTypes, EthernetPacket};
[INFO] [stdout]   |     ^^^^ use of unresolved module or unlinked crate `pnet`
[INFO] [stdout]   |
[INFO] [stdout]   = help: if you wanted to use a crate named `pnet`, use `cargo add pnet` to add it to your `Cargo.toml`
[INFO] [stdout] 
[INFO] [stdout] 
[INFO] [stdout] error[E0433]: cannot find module or crate `pnet` in this scope
[INFO] [stdout]  --> src/parser/packet_parser.rs:2:5
[INFO] [stdout]   |
[INFO] [stdout] 2 | use pnet::packet::ip::IpNextHeaderProtocols;
[INFO] [stdout]   |     ^^^^ use of unresolved module or unlinked crate `pnet`
[INFO] [stdout]   |
[INFO] [stdout]   = help: if you wanted to use a crate named `pnet`, use `cargo add pnet` to add it to your `Cargo.toml`
[INFO] [stdout] 
[INFO] [stdout] 
[INFO] [stdout] error[E0433]: cannot find module or crate `pnet` in this scope
[INFO] [stdout]  --> src/parser/packet_parser.rs:3:5
[INFO] [stdout]   |
[INFO] [stdout] 3 | use pnet::packet::ipv4::Ipv4Packet;
[INFO] [stdout]   |     ^^^^ use of unresolved module or unlinked crate `pnet`
[INFO] [stdout]   |
[INFO] [stdout]   = help: if you wanted to use a crate named `pnet`, use `cargo add pnet` to add it to your `Cargo.toml`
[INFO] [stdout] 
[INFO] [stdout] 
[INFO] [stdout] error[E0433]: cannot find module or crate `pnet` in this scope
[INFO] [stdout]  --> src/parser/packet_parser.rs:4:5
[INFO] [stdout]   |
[INFO] [stdout] 4 | use pnet::packet::ipv6::Ipv6Packet;
[INFO] [stdout]   |     ^^^^ use of unresolved module or unlinked crate `pnet`
[INFO] [stdout]   |
[INFO] [stdout]   = help: if you wanted to use a crate named `pnet`, use `cargo add pnet` to add it to your `Cargo.toml`
[INFO] [stdout] 
[INFO] [stdout] 
[INFO] [stdout] error[E0433]: cannot find module or crate `pnet` in this scope
[INFO] [stdout]  --> src/parser/packet_parser.rs:5:5
[INFO] [stdout]   |
[INFO] [stdout] 5 | use pnet::packet::tcp::TcpPacket;
[INFO] [stdout]   |     ^^^^ use of unresolved module or unlinked crate `pnet`
[INFO] [stdout]   |
[INFO] [stdout]   = help: if you wanted to use a crate named `pnet`, use `cargo add pnet` to add it to your `Cargo.toml`
[INFO] [stdout] 
[INFO] [stdout] 
[INFO] [stdout] error[E0433]: cannot find module or crate `pnet` in this scope
[INFO] [stdout]  --> src/parser/packet_parser.rs:6:5
[INFO] [stdout]   |
[INFO] [stdout] 6 | use pnet::packet::udp::UdpPacket;
[INFO] [stdout]   |     ^^^^ use of unresolved module or unlinked crate `pnet`
[INFO] [stdout]   |
[INFO] [stdout]   = help: if you wanted to use a crate named `pnet`, use `cargo add pnet` to add it to your `Cargo.toml`
[INFO] [stdout] 
[INFO] [stdout] 
[INFO] [stdout] error[E0433]: cannot find module or crate `pnet` in this scope
[INFO] [stdout]  --> src/parser/packet_parser.rs:7:5
[INFO] [stdout]   |
[INFO] [stdout] 7 | use pnet::packet::Packet;
[INFO] [stdout]   |     ^^^^ use of unresolved module or unlinked crate `pnet`
[INFO] [stdout]   |
[INFO] [stdout]   = help: if you wanted to use a crate named `pnet`, use `cargo add pnet` to add it to your `Cargo.toml`
[INFO] [stdout] 
[INFO] [stdout] 
[INFO] [stdout] error[E0433]: cannot find module or crate `tokio` in this scope
[INFO] [stdout]  --> src/capture/packet_capture.rs:4:5
[INFO] [stdout]   |
[INFO] [stdout] 4 | use tokio::sync::mpsc;
[INFO] [stdout]   |     ^^^^^ use of unresolved module or unlinked crate `tokio`
[INFO] [stdout]   |
[INFO] [stdout]   = help: if you wanted to use a crate named `tokio`, use `cargo add tokio` to add it to your `Cargo.toml`
[INFO] [stdout] 
[INFO] [stdout] 
[INFO] [stdout] error[E0433]: cannot find module or crate `tokio` in this scope
[INFO] [stdout]  --> src/alerts/broadcaster.rs:1:5
[INFO] [stdout]   |
[INFO] [stdout] 1 | use tokio::sync::broadcast;
[INFO] [stdout]   |     ^^^^^ use of unresolved module or unlinked crate `tokio`
[INFO] [stdout]   |
[INFO] [stdout]   = help: if you wanted to use a crate named `tokio`, use `cargo add tokio` to add it to your `Cargo.toml`
[INFO] [stdout] 
[INFO] [stdout] 
[INFO] [stdout] error[E0433]: cannot find module or crate `axum` in this scope
[INFO] [stdout]  --> src/alerts/websocket.rs:1:5
[INFO] [stdout]   |
[INFO] [stdout] 1 | use axum::{
[INFO] [stdout]   |     ^^^^ use of unresolved module or unlinked crate `axum`
[INFO] [stdout]   |
[INFO] [stdout]   = help: if you wanted to use a crate named `axum`, use `cargo add axum` to add it to your `Cargo.toml`
[INFO] [stdout] 
[INFO] [stdout] 
[INFO] [stdout] error[E0433]: cannot find module or crate `tokio` in this scope
[INFO] [stdout]  --> src/pipeline/processor.rs:3:5
[INFO] [stdout]   |
[INFO] [stdout] 3 | use tokio::sync::mpsc;
[INFO] [stdout]   |     ^^^^^ use of unresolved module or unlinked crate `tokio`
[INFO] [stdout]   |
[INFO] [stdout]   = help: if you wanted to use a crate named `tokio`, use `cargo add tokio` to add it to your `Cargo.toml`
[INFO] [stdout] 
[INFO] [stdout] 
[INFO] [stdout] error[E0433]: cannot find module or crate `axum` in this scope
[INFO] [stdout]   --> src/main.rs:11:5
[INFO] [stdout]    |
[INFO] [stdout] 11 | use axum::{
[INFO] [stdout]    |     ^^^^ use of unresolved module or unlinked crate `axum`
[INFO] [stdout]    |
[INFO] [stdout]    = help: if you wanted to use a crate named `axum`, use `cargo add axum` to add it to your `Cargo.toml`
[INFO] [stdout] 
[INFO] [stdout] 
[INFO] [stdout] error[E0432]: unresolved import `pcap`
[INFO] [stdout]  --> src/capture/packet_capture.rs:3:5
[INFO] [stdout]   |
[INFO] [stdout] 3 | use pcap::Device;
[INFO] [stdout]   |     ^^^^ use of unresolved module or unlinked crate `pcap`
[INFO] [stdout]   |
[INFO] [stdout]   = help: if you wanted to use a crate named `pcap`, use `cargo add pcap` to add it to your `Cargo.toml`
[INFO] [stdout] 
[INFO] [stdout] 
[INFO] [stdout] error[E0432]: unresolved import `axum`
[INFO] [stdout]   --> src/main.rs:11:5
[INFO] [stdout]    |
[INFO] [stdout] 11 | use axum::{
[INFO] [stdout]    |     ^^^^ use of unresolved module or unlinked crate `axum`
[INFO] [stdout]    |
[INFO] [stdout]    = help: if you wanted to use a crate named `axum`, use `cargo add axum` to add it to your `Cargo.toml`
[INFO] [stdout] 
[INFO] [stdout] 
[INFO] [stdout] error[E0433]: cannot find module or crate `tokio` in this scope
[INFO] [stdout]   --> src/main.rs:19:5
[INFO] [stdout]    |
[INFO] [stdout] 19 | use tokio::sync::mpsc;
[INFO] [stdout]    |     ^^^^^ use of unresolved module or unlinked crate `tokio`
[INFO] [stdout]    |
[INFO] [stdout]    = help: if you wanted to use a crate named `tokio`, use `cargo add tokio` to add it to your `Cargo.toml`
[INFO] [stdout] 
[INFO] [stdout] 
[INFO] [stdout] error[E0432]: unresolved import `clap`
[INFO] [stdout]   --> src/main.rs:17:5
[INFO] [stdout]    |
[INFO] [stdout] 17 | use clap::Parser;
[INFO] [stdout]    |     ^^^^ use of unresolved module or unlinked crate `clap`
[INFO] [stdout]    |
[INFO] [stdout]    = help: if you wanted to use a crate named `clap`, use `cargo add clap` to add it to your `Cargo.toml`
[INFO] [stdout] 
[INFO] [stdout] 
[INFO] [stdout] error[E0432]: unresolved import `leptos_axum`
[INFO] [stdout]   --> src/main.rs:29:5
[INFO] [stdout]    |
[INFO] [stdout] 29 | use leptos_axum::LeptosRoutes;
[INFO] [stdout]    |     ^^^^^^^^^^^ use of unresolved module or unlinked crate `leptos_axum`
[INFO] [stdout]    |
[INFO] [stdout]    = help: if you wanted to use a crate named `leptos_axum`, use `cargo add leptos_axum` to add it to your `Cargo.toml`
[INFO] [stdout] 
[INFO] [stdout] 
[INFO] [stdout] error[E0433]: cannot find module or crate `ort` in this scope
[INFO] [stdout]    --> src/inference/onnx_model.rs:156:13
[INFO] [stdout]     |
[INFO] [stdout] 156 |             ort::inputs![input_tensor],
[INFO] [stdout]     |             ^^^ use of unresolved module or unlinked crate `ort`
[INFO] [stdout] 
[INFO] [stdout] 
[INFO] [stdout] error[E0433]: cannot find module or crate `tokio` in this scope
[INFO] [stdout]   --> src/main.rs:65:3
[INFO] [stdout]    |
[INFO] [stdout] 65 | #[tokio::main]
[INFO] [stdout]    |   ^^^^^ use of unresolved module or unlinked crate `tokio`
[INFO] [stdout] 
[INFO] [stdout] 
[INFO] [stdout] error[E0433]: cannot find module or crate `tracing` in this scope
[INFO] [stdout]    --> src/main.rs:238:5
[INFO] [stdout]     |
[INFO] [stdout] 238 |     tracing::info!(
[INFO] [stdout]     |     ^^^^^^^ use of unresolved module or unlinked crate `tracing`
[INFO] [stdout] 
[INFO] [stdout] 
[INFO] [stdout] error[E0433]: cannot find module or crate `tokio` in this scope
[INFO] [stdout]  --> src/capture/packet_capture.rs:4:5
[INFO] [stdout]   |
[INFO] [stdout] 4 | use tokio::sync::mpsc;
[INFO] [stdout]   |     ^^^^^ use of unresolved module or unlinked crate `tokio`
[INFO] [stdout]   |
[INFO] [stdout]   = help: if you wanted to use a crate named `tokio`, use `cargo add tokio` to add it to your `Cargo.toml`
[INFO] [stdout] 
[INFO] [stdout] 
[INFO] [stdout] error[E0433]: cannot find module or crate `tokio` in this scope
[INFO] [stdout]  --> src/alerts/broadcaster.rs:1:5
[INFO] [stdout]   |
[INFO] [stdout] 1 | use tokio::sync::broadcast;
[INFO] [stdout]   |     ^^^^^ use of unresolved module or unlinked crate `tokio`
[INFO] [stdout]   |
[INFO] [stdout]   = help: if you wanted to use a crate named `tokio`, use `cargo add tokio` to add it to your `Cargo.toml`
[INFO] [stdout] 
[INFO] [stdout] 
[INFO] [stdout] error[E0433]: cannot find module or crate `axum` in this scope
[INFO] [stdout]  --> src/alerts/websocket.rs:1:5
[INFO] [stdout]   |
[INFO] [stdout] 1 | use axum::{
[INFO] [stdout]   |     ^^^^ use of unresolved module or unlinked crate `axum`
[INFO] [stdout]   |
[INFO] [stdout]   = help: if you wanted to use a crate named `axum`, use `cargo add axum` to add it to your `Cargo.toml`
[INFO] [stdout] 
[INFO] [stdout] 
[INFO] [stdout] error[E0433]: cannot find module or crate `tokio` in this scope
[INFO] [stdout]  --> src/pipeline/processor.rs:3:5
[INFO] [stdout]   |
[INFO] [stdout] 3 | use tokio::sync::mpsc;
[INFO] [stdout]   |     ^^^^^ use of unresolved module or unlinked crate `tokio`
[INFO] [stdout]   |
[INFO] [stdout]   = help: if you wanted to use a crate named `tokio`, use `cargo add tokio` to add it to your `Cargo.toml`
[INFO] [stdout] 
[INFO] [stdout] 
[INFO] [stdout] error[E0433]: cannot find module or crate `axum` in this scope
[INFO] [stdout]   --> src/main.rs:11:5
[INFO] [stdout]    |
[INFO] [stdout] 11 | use axum::{
[INFO] [stdout]    |     ^^^^ use of unresolved module or unlinked crate `axum`
[INFO] [stdout]    |
[INFO] [stdout]    = help: if you wanted to use a crate named `axum`, use `cargo add axum` to add it to your `Cargo.toml`
[INFO] [stdout] 
[INFO] [stdout] 
[INFO] [stdout] error[E0432]: unresolved import `pcap`
[INFO] [stdout]  --> src/capture/packet_capture.rs:3:5
[INFO] [stdout]   |
[INFO] [stdout] 3 | use pcap::Device;
[INFO] [stdout]   |     ^^^^ use of unresolved module or unlinked crate `pcap`
[INFO] [stdout]   |
[INFO] [stdout]   = help: if you wanted to use a crate named `pcap`, use `cargo add pcap` to add it to your `Cargo.toml`
[INFO] [stdout] 
[INFO] [stdout] 
[INFO] [stdout] error[E0432]: unresolved import `axum`
[INFO] [stdout]   --> src/main.rs:11:5
[INFO] [stdout]    |
[INFO] [stdout] 11 | use axum::{
[INFO] [stdout]    |     ^^^^ use of unresolved module or unlinked crate `axum`
[INFO] [stdout]    |
[INFO] [stdout]    = help: if you wanted to use a crate named `axum`, use `cargo add axum` to add it to your `Cargo.toml`
[INFO] [stdout] 
[INFO] [stdout] 
[INFO] [stdout] error[E0433]: cannot find module or crate `tokio` in this scope
[INFO] [stdout]   --> src/main.rs:19:5
[INFO] [stdout]    |
[INFO] [stdout] 19 | use tokio::sync::mpsc;
[INFO] [stdout]    |     ^^^^^ use of unresolved module or unlinked crate `tokio`
[INFO] [stdout]    |
[INFO] [stdout]    = help: if you wanted to use a crate named `tokio`, use `cargo add tokio` to add it to your `Cargo.toml`
[INFO] [stdout] 
[INFO] [stdout] 
[INFO] [stdout] error[E0432]: unresolved import `clap`
[INFO] [stdout]   --> src/main.rs:17:5
[INFO] [stdout]    |
[INFO] [stdout] 17 | use clap::Parser;
[INFO] [stdout]    |     ^^^^ use of unresolved module or unlinked crate `clap`
[INFO] [stdout]    |
[INFO] [stdout]    = help: if you wanted to use a crate named `clap`, use `cargo add clap` to add it to your `Cargo.toml`
[INFO] [stdout] 
[INFO] [stdout] 
[INFO] [stdout] error[E0432]: unresolved import `leptos_axum`
[INFO] [stdout]   --> src/main.rs:29:5
[INFO] [stdout]    |
[INFO] [stdout] 29 | use leptos_axum::LeptosRoutes;
[INFO] [stdout]    |     ^^^^^^^^^^^ use of unresolved module or unlinked crate `leptos_axum`
[INFO] [stdout]    |
[INFO] [stdout]    = help: if you wanted to use a crate named `leptos_axum`, use `cargo add leptos_axum` to add it to your `Cargo.toml`
[INFO] [stdout] 
[INFO] [stdout] 
[INFO] [stdout] error[E0433]: cannot find module or crate `ort` in this scope
[INFO] [stdout]    --> src/inference/onnx_model.rs:156:13
[INFO] [stdout]     |
[INFO] [stdout] 156 |             ort::inputs![input_tensor],
[INFO] [stdout]     |             ^^^ use of unresolved module or unlinked crate `ort`
[INFO] [stdout] 
[INFO] [stdout] 
[INFO] [stdout] error[E0433]: cannot find module or crate `tokio` in this scope
[INFO] [stdout]   --> src/main.rs:65:3
[INFO] [stdout]    |
[INFO] [stdout] 65 | #[tokio::main]
[INFO] [stdout]    |   ^^^^^ use of unresolved module or unlinked crate `tokio`
[INFO] [stdout] 
[INFO] [stdout] 
[INFO] [stdout] error[E0433]: cannot find module or crate `tracing` in this scope
[INFO] [stdout]    --> src/main.rs:238:5
[INFO] [stdout]     |
[INFO] [stdout] 238 |     tracing::info!(
[INFO] [stdout]     |     ^^^^^^^ use of unresolved module or unlinked crate `tracing`
[INFO] [stdout] 
[INFO] [stdout] 
[INFO] [stdout] error: cannot find attribute `command` in this scope
[INFO] [stdout]   --> src/main.rs:34:3
[INFO] [stdout]    |
[INFO] [stdout] 34 | #[command(
[INFO] [stdout]    |   ^^^^^^^
[INFO] [stdout] 
[INFO] [stdout] 
[INFO] [stdout] error: cannot find attribute `arg` in this scope
[INFO] [stdout]   --> src/main.rs:42:7
[INFO] [stdout]    |
[INFO] [stdout] 42 |     #[arg(short, long)]
[INFO] [stdout]    |       ^^^
[INFO] [stdout] 
[INFO] [stdout] 
[INFO] [stdout] error: cannot find attribute `arg` in this scope
[INFO] [stdout]   --> src/main.rs:46:7
[INFO] [stdout]    |
[INFO] [stdout] 46 |     #[arg(short, long, default_value_t = false)]
[INFO] [stdout]    |       ^^^
[INFO] [stdout] 
[INFO] [stdout] 
[INFO] [stdout] error[E0433]: cannot find module or crate `tokio` in this scope
[INFO] [stdout]   --> src/capture/packet_capture.rs:11:5
[INFO] [stdout]    |
[INFO] [stdout] 11 |     tokio::task::spawn_blocking(move || {
[INFO] [stdout]    |     ^^^^^ use of unresolved module or unlinked crate `tokio`
[INFO] [stdout]    |
[INFO] [stdout]    = help: if you wanted to use a crate named `tokio`, use `cargo add tokio` to add it to your `Cargo.toml`
[INFO] [stdout] 
[INFO] [stdout] 
[INFO] [stdout] error: cannot find attribute `command` in this scope
[INFO] [stdout]   --> src/main.rs:34:3
[INFO] [stdout]    |
[INFO] [stdout] 34 | #[command(
[INFO] [stdout]    |   ^^^^^^^
[INFO] [stdout] 
[INFO] [stdout] 
[INFO] [stdout] error: cannot find attribute `arg` in this scope
[INFO] [stdout]   --> src/main.rs:42:7
[INFO] [stdout]    |
[INFO] [stdout] 42 |     #[arg(short, long)]
[INFO] [stdout]    |       ^^^
[INFO] [stdout] 
[INFO] [stdout] 
[INFO] [stdout] error: cannot find attribute `arg` in this scope
[INFO] [stdout]   --> src/main.rs:46:7
[INFO] [stdout]    |
[INFO] [stdout] 46 |     #[arg(short, long, default_value_t = false)]
[INFO] [stdout]    |       ^^^
[INFO] [stdout] 
[INFO] [stdout] 
[INFO] [stdout] error[E0433]: cannot find module or crate `tokio` in this scope
[INFO] [stdout]   --> src/pipeline/processor.rs:44:13
[INFO] [stdout]    |
[INFO] [stdout] 44 |             tokio::task::spawn_blocking(move || {
[INFO] [stdout]    |             ^^^^^ use of unresolved module or unlinked crate `tokio`
[INFO] [stdout]    |
[INFO] [stdout]    = help: if you wanted to use a crate named `tokio`, use `cargo add tokio` to add it to your `Cargo.toml`
[INFO] [stdout] 
[INFO] [stdout] 
[INFO] [stdout] error[E0433]: cannot find module or crate `tracing_subscriber` in this scope
[INFO] [stdout]   --> src/main.rs:67:5
[INFO] [stdout]    |
[INFO] [stdout] 67 |     tracing_subscriber::fmt::init();
[INFO] [stdout]    |     ^^^^^^^^^^^^^^^^^^ use of unresolved module or unlinked crate `tracing_subscriber`
[INFO] [stdout]    |
[INFO] [stdout]    = help: if you wanted to use a crate named `tracing_subscriber`, use `cargo add tracing_subscriber` to add it to your `Cargo.toml`
[INFO] [stdout] 
[INFO] [stdout] 
[INFO] [stdout] error[E0433]: cannot find module or crate `tokio` in this scope
[INFO] [stdout]   --> src/main.rs:94:9
[INFO] [stdout]    |
[INFO] [stdout] 94 |         tokio::time::sleep(
[INFO] [stdout]    |         ^^^^^ use of unresolved module or unlinked crate `tokio`
[INFO] [stdout]    |
[INFO] [stdout]    = help: if you wanted to use a crate named `tokio`, use `cargo add tokio` to add it to your `Cargo.toml`
[INFO] [stdout] 
[INFO] [stdout] 
[INFO] [stdout] error[E0433]: cannot find module or crate `tokio` in this scope
[INFO] [stdout]   --> src/capture/packet_capture.rs:11:5
[INFO] [stdout]    |
[INFO] [stdout] 11 |     tokio::task::spawn_blocking(move || {
[INFO] [stdout]    |     ^^^^^ use of unresolved module or unlinked crate `tokio`
[INFO] [stdout]    |
[INFO] [stdout]    = help: if you wanted to use a crate named `tokio`, use `cargo add tokio` to add it to your `Cargo.toml`
[INFO] [stdout] 
[INFO] [stdout] 
[INFO] [stdout] error[E0433]: cannot find module or crate `tower_http` in this scope
[INFO] [stdout]    --> src/main.rs:222:13
[INFO] [stdout]     |
[INFO] [stdout] 222 |             tower_http::services::ServeDir::new(
[INFO] [stdout]     |             ^^^^^^^^^^ use of unresolved module or unlinked crate `tower_http`
[INFO] [stdout]     |
[INFO] [stdout]     = help: if you wanted to use a crate named `tower_http`, use `cargo add tower_http` to add it to your `Cargo.toml`
[INFO] [stdout] 
[INFO] [stdout] 
[INFO] [stdout] error[E0433]: cannot find module or crate `pcap` in this scope
[INFO] [stdout]    --> src/capture/packet_capture.rs:142:21
[INFO] [stdout]     |
[INFO] [stdout] 142 |                     pcap::Capture::from_device(dev)
[INFO] [stdout]     |                     ^^^^ use of unresolved module or unlinked crate `pcap`
[INFO] [stdout]     |
[INFO] [stdout]     = help: if you wanted to use a crate named `pcap`, use `cargo add pcap` to add it to your `Cargo.toml`
[INFO] [stdout] help: consider importing one of these structs
[INFO] [stdout]     |
[INFO] [stdout]   1 + use leptos::attr::Capture;
[INFO] [stdout]     |
[INFO] [stdout]   1 + use leptos::ev::Capture;
[INFO] [stdout]     |
[INFO] [stdout] help: if you import `Capture`, refer to it directly
[INFO] [stdout]     |
[INFO] [stdout] 142 -                     pcap::Capture::from_device(dev)
[INFO] [stdout] 142 +                     Capture::from_device(dev)
[INFO] [stdout]     |
[INFO] [stdout] 
[INFO] [stdout] 
[INFO] [stdout] error[E0433]: cannot find module or crate `pcap` in this scope
[INFO] [stdout]    --> src/capture/packet_capture.rs:194:37
[INFO] [stdout]     |
[INFO] [stdout] 194 | ...                   pcap::Error::TimeoutExpired
[INFO] [stdout]     |                       ^^^^ use of unresolved module or unlinked crate `pcap`
[INFO] [stdout]     |
[INFO] [stdout]     = help: if you wanted to use a crate named `pcap`, use `cargo add pcap` to add it to your `Cargo.toml`
[INFO] [stdout] help: consider importing one of these items
[INFO] [stdout]     |
[INFO] [stdout]   1 + use std::error::Error;
[INFO] [stdout]     |
[INFO] [stdout]   1 + use std::fmt::Error;
[INFO] [stdout]     |
[INFO] [stdout]   1 + use std::io::Error;
[INFO] [stdout]     |
[INFO] [stdout]   1 + use leptos::error::Error;
[INFO] [stdout]     |
[INFO] [stdout]     = and 4 other candidates
[INFO] [stdout] help: if you import `Error`, refer to it directly
[INFO] [stdout]     |
[INFO] [stdout] 194 -                                     pcap::Error::TimeoutExpired
[INFO] [stdout] 194 +                                     Error::TimeoutExpired
[INFO] [stdout]     |
[INFO] [stdout] 
[INFO] [stdout] 
[INFO] [stdout] error[E0433]: cannot find module or crate `tokio` in this scope
[INFO] [stdout]   --> src/alerts/websocket.rs:45:17
[INFO] [stdout]    |
[INFO] [stdout] 45 |                 tokio::sync::broadcast::error::RecvError::Lagged(_)
[INFO] [stdout]    |                 ^^^^^ use of unresolved module or unlinked crate `tokio`
[INFO] [stdout]    |
[INFO] [stdout]    = help: if you wanted to use a crate named `tokio`, use `cargo add tokio` to add it to your `Cargo.toml`
[INFO] [stdout] help: consider importing this struct
[INFO] [stdout]    |
[INFO] [stdout]  1 + use std::sync::mpsc::RecvError;
[INFO] [stdout]    |
[INFO] [stdout] help: if you import `RecvError`, refer to it directly
[INFO] [stdout]    |
[INFO] [stdout] 45 -                 tokio::sync::broadcast::error::RecvError::Lagged(_)
[INFO] [stdout] 45 +                 RecvError::Lagged(_)
[INFO] [stdout]    |
[INFO] [stdout] 
[INFO] [stdout] 
[INFO] [stdout] error[E0433]: cannot find module or crate `tokio` in this scope
[INFO] [stdout]    --> src/main.rs:233:9
[INFO] [stdout]     |
[INFO] [stdout] 233 |         tokio::net::TcpListener::bind(
[INFO] [stdout]     |         ^^^^^ use of unresolved module or unlinked crate `tokio`
[INFO] [stdout]     |
[INFO] [stdout]     = help: if you wanted to use a crate named `tokio`, use `cargo add tokio` to add it to your `Cargo.toml`
[INFO] [stdout] help: consider importing this struct
[INFO] [stdout]     |
[INFO] [stdout]  11 + use std::net::TcpListener;
[INFO] [stdout]     |
[INFO] [stdout] help: if you import `TcpListener`, refer to it directly
[INFO] [stdout]     |
[INFO] [stdout] 233 -         tokio::net::TcpListener::bind(
[INFO] [stdout] 233 +         TcpListener::bind(
[INFO] [stdout]     |
[INFO] [stdout] 
[INFO] [stdout] 
[INFO] [stdout] error[E0433]: cannot find module or crate `tokio` in this scope
[INFO] [stdout]   --> src/pipeline/processor.rs:44:13
[INFO] [stdout]    |
[INFO] [stdout] 44 |             tokio::task::spawn_blocking(move || {
[INFO] [stdout]    |             ^^^^^ use of unresolved module or unlinked crate `tokio`
[INFO] [stdout]    |
[INFO] [stdout]    = help: if you wanted to use a crate named `tokio`, use `cargo add tokio` to add it to your `Cargo.toml`
[INFO] [stdout] 
[INFO] [stdout] 
[INFO] [stdout] error[E0433]: cannot find module or crate `ort` in this scope
[INFO] [stdout]   --> src/inference/onnx_model.rs:26:17
[INFO] [stdout]    |
[INFO] [stdout] 26 |         let _ = ort::init()
[INFO] [stdout]    |                 ^^^ use of unresolved module or unlinked crate `ort`
[INFO] [stdout]    |
[INFO] [stdout]    = help: if you wanted to use a crate named `ort`, use `cargo add ort` to add it to your `Cargo.toml`
[INFO] [stdout] 
[INFO] [stdout] 
[INFO] [stdout] error[E0433]: cannot find module or crate `tokio` in this scope
[INFO] [stdout]   --> src/pipeline/processor.rs:37:5
[INFO] [stdout]    |
[INFO] [stdout] 37 |     tokio::spawn(async move {
[INFO] [stdout]    |     ^^^^^ use of unresolved module or unlinked crate `tokio`
[INFO] [stdout]    |
[INFO] [stdout]    = help: if you wanted to use a crate named `tokio`, use `cargo add tokio` to add it to your `Cargo.toml`
[INFO] [stdout] 
[INFO] [stdout] 
[INFO] [stdout] error[E0433]: cannot find module or crate `leptos_axum` in this scope
[INFO] [stdout]    --> src/main.rs:159:9
[INFO] [stdout]     |
[INFO] [stdout] 159 |         leptos_axum::generate_route_list(
[INFO] [stdout]     |         ^^^^^^^^^^^ use of unresolved module or unlinked crate `leptos_axum`
[INFO] [stdout]     |
[INFO] [stdout]     = help: if you wanted to use a crate named `leptos_axum`, use `cargo add leptos_axum` to add it to your `Cargo.toml`
[INFO] [stdout] 
[INFO] [stdout] 
[INFO] [stdout] error[E0433]: cannot find module or crate `axum` in this scope
[INFO] [stdout]    --> src/main.rs:243:5
[INFO] [stdout]     |
[INFO] [stdout] 243 |     axum::serve(listener, app).await?;
[INFO] [stdout]     |     ^^^^ use of unresolved module or unlinked crate `axum`
[INFO] [stdout]     |
[INFO] [stdout]     = help: if you wanted to use a crate named `axum`, use `cargo add axum` to add it to your `Cargo.toml`
[INFO] [stdout] 
[INFO] [stdout] 
[INFO] [stdout] Some errors have detailed explanations: E0432, E0433.
[INFO] [stdout] 
[INFO] [stdout] For more information about an error, try `rustc --explain E0432`.
[INFO] [stdout] 
[INFO] [stdout] error[E0433]: cannot find module or crate `tracing_subscriber` in this scope
[INFO] [stdout]   --> src/main.rs:67:5
[INFO] [stdout]    |
[INFO] [stdout] 67 |     tracing_subscriber::fmt::init();
[INFO] [stdout]    |     ^^^^^^^^^^^^^^^^^^ use of unresolved module or unlinked crate `tracing_subscriber`
[INFO] [stdout]    |
[INFO] [stdout]    = help: if you wanted to use a crate named `tracing_subscriber`, use `cargo add tracing_subscriber` to add it to your `Cargo.toml`
[INFO] [stdout] 
[INFO] [stdout] 
[INFO] [stderr] error: could not compile `nids_dashboard` (bin "nids_dashboard" test) due to 37 previous errors
[INFO] [stderr] warning: build failed, waiting for other jobs to finish...
[INFO] [stdout] error[E0433]: cannot find module or crate `tokio` in this scope
[INFO] [stdout]   --> src/main.rs:94:9
[INFO] [stdout]    |
[INFO] [stdout] 94 |         tokio::time::sleep(
[INFO] [stdout]    |         ^^^^^ use of unresolved module or unlinked crate `tokio`
[INFO] [stdout]    |
[INFO] [stdout]    = help: if you wanted to use a crate named `tokio`, use `cargo add tokio` to add it to your `Cargo.toml`
[INFO] [stdout] 
[INFO] [stdout] 
[INFO] [stdout] error[E0433]: cannot find module or crate `tower_http` in this scope
[INFO] [stdout]    --> src/main.rs:222:13
[INFO] [stdout]     |
[INFO] [stdout] 222 |             tower_http::services::ServeDir::new(
[INFO] [stdout]     |             ^^^^^^^^^^ use of unresolved module or unlinked crate `tower_http`
[INFO] [stdout]     |
[INFO] [stdout]     = help: if you wanted to use a crate named `tower_http`, use `cargo add tower_http` to add it to your `Cargo.toml`
[INFO] [stdout] 
[INFO] [stdout] 
[INFO] [stdout] error[E0433]: cannot find module or crate `pcap` in this scope
[INFO] [stdout]    --> src/capture/packet_capture.rs:142:21
[INFO] [stdout]     |
[INFO] [stdout] 142 |                     pcap::Capture::from_device(dev)
[INFO] [stdout]     |                     ^^^^ use of unresolved module or unlinked crate `pcap`
[INFO] [stdout]     |
[INFO] [stdout]     = help: if you wanted to use a crate named `pcap`, use `cargo add pcap` to add it to your `Cargo.toml`
[INFO] [stdout] help: consider importing one of these structs
[INFO] [stdout]     |
[INFO] [stdout]   1 + use leptos::attr::Capture;
[INFO] [stdout]     |
[INFO] [stdout]   1 + use leptos::ev::Capture;
[INFO] [stdout]     |
[INFO] [stdout] help: if you import `Capture`, refer to it directly
[INFO] [stdout]     |
[INFO] [stdout] 142 -                     pcap::Capture::from_device(dev)
[INFO] [stdout] 142 +                     Capture::from_device(dev)
[INFO] [stdout]     |
[INFO] [stdout] 
[INFO] [stdout] 
[INFO] [stdout] error[E0433]: cannot find module or crate `pcap` in this scope
[INFO] [stdout]    --> src/capture/packet_capture.rs:194:37
[INFO] [stdout]     |
[INFO] [stdout] 194 | ...                   pcap::Error::TimeoutExpired
[INFO] [stdout]     |                       ^^^^ use of unresolved module or unlinked crate `pcap`
[INFO] [stdout]     |
[INFO] [stdout]     = help: if you wanted to use a crate named `pcap`, use `cargo add pcap` to add it to your `Cargo.toml`
[INFO] [stdout] help: consider importing one of these items
[INFO] [stdout]     |
[INFO] [stdout]   1 + use std::error::Error;
[INFO] [stdout]     |
[INFO] [stdout]   1 + use std::fmt::Error;
[INFO] [stdout]     |
[INFO] [stdout]   1 + use std::io::Error;
[INFO] [stdout]     |
[INFO] [stdout]   1 + use leptos::error::Error;
[INFO] [stdout]     |
[INFO] [stdout]     = and 4 other candidates
[INFO] [stdout] help: if you import `Error`, refer to it directly
[INFO] [stdout]     |
[INFO] [stdout] 194 -                                     pcap::Error::TimeoutExpired
[INFO] [stdout] 194 +                                     Error::TimeoutExpired
[INFO] [stdout]     |
[INFO] [stdout] 
[INFO] [stdout] 
[INFO] [stdout] error[E0433]: cannot find module or crate `tokio` in this scope
[INFO] [stdout]   --> src/alerts/websocket.rs:45:17
[INFO] [stdout]    |
[INFO] [stdout] 45 |                 tokio::sync::broadcast::error::RecvError::Lagged(_)
[INFO] [stdout]    |                 ^^^^^ use of unresolved module or unlinked crate `tokio`
[INFO] [stdout]    |
[INFO] [stdout]    = help: if you wanted to use a crate named `tokio`, use `cargo add tokio` to add it to your `Cargo.toml`
[INFO] [stdout] help: consider importing this struct
[INFO] [stdout]    |
[INFO] [stdout]  1 + use std::sync::mpsc::RecvError;
[INFO] [stdout]    |
[INFO] [stdout] help: if you import `RecvError`, refer to it directly
[INFO] [stdout]    |
[INFO] [stdout] 45 -                 tokio::sync::broadcast::error::RecvError::Lagged(_)
[INFO] [stdout] 45 +                 RecvError::Lagged(_)
[INFO] [stdout]    |
[INFO] [stdout] 
[INFO] [stdout] 
[INFO] [stdout] error[E0433]: cannot find module or crate `tokio` in this scope
[INFO] [stdout]    --> src/main.rs:233:9
[INFO] [stdout]     |
[INFO] [stdout] 233 |         tokio::net::TcpListener::bind(
[INFO] [stdout]     |         ^^^^^ use of unresolved module or unlinked crate `tokio`
[INFO] [stdout]     |
[INFO] [stdout]     = help: if you wanted to use a crate named `tokio`, use `cargo add tokio` to add it to your `Cargo.toml`
[INFO] [stdout] help: consider importing this struct
[INFO] [stdout]     |
[INFO] [stdout]  11 + use std::net::TcpListener;
[INFO] [stdout]     |
[INFO] [stdout] help: if you import `TcpListener`, refer to it directly
[INFO] [stdout]     |
[INFO] [stdout] 233 -         tokio::net::TcpListener::bind(
[INFO] [stdout] 233 +         TcpListener::bind(
[INFO] [stdout]     |
[INFO] [stdout] 
[INFO] [stdout] 
[INFO] [stdout] error[E0433]: cannot find module or crate `ort` in this scope
[INFO] [stdout]   --> src/inference/onnx_model.rs:26:17
[INFO] [stdout]    |
[INFO] [stdout] 26 |         let _ = ort::init()
[INFO] [stdout]    |                 ^^^ use of unresolved module or unlinked crate `ort`
[INFO] [stdout]    |
[INFO] [stdout]    = help: if you wanted to use a crate named `ort`, use `cargo add ort` to add it to your `Cargo.toml`
[INFO] [stdout] 
[INFO] [stdout] 
[INFO] [stdout] error[E0433]: cannot find module or crate `tokio` in this scope
[INFO] [stdout]   --> src/pipeline/processor.rs:37:5
[INFO] [stdout]    |
[INFO] [stdout] 37 |     tokio::spawn(async move {
[INFO] [stdout]    |     ^^^^^ use of unresolved module or unlinked crate `tokio`
[INFO] [stdout]    |
[INFO] [stdout]    = help: if you wanted to use a crate named `tokio`, use `cargo add tokio` to add it to your `Cargo.toml`
[INFO] [stdout] 
[INFO] [stdout] 
[INFO] [stdout] error[E0433]: cannot find module or crate `leptos_axum` in this scope
[INFO] [stdout]    --> src/main.rs:159:9
[INFO] [stdout]     |
[INFO] [stdout] 159 |         leptos_axum::generate_route_list(
[INFO] [stdout]     |         ^^^^^^^^^^^ use of unresolved module or unlinked crate `leptos_axum`
[INFO] [stdout]     |
[INFO] [stdout]     = help: if you wanted to use a crate named `leptos_axum`, use `cargo add leptos_axum` to add it to your `Cargo.toml`
[INFO] [stdout] 
[INFO] [stdout] 
[INFO] [stdout] error[E0433]: cannot find module or crate `axum` in this scope
[INFO] [stdout]    --> src/main.rs:243:5
[INFO] [stdout]     |
[INFO] [stdout] 243 |     axum::serve(listener, app).await?;
[INFO] [stdout]     |     ^^^^ use of unresolved module or unlinked crate `axum`
[INFO] [stdout]     |
[INFO] [stdout]     = help: if you wanted to use a crate named `axum`, use `cargo add axum` to add it to your `Cargo.toml`
[INFO] [stdout] 
[INFO] [stdout] 
[INFO] [stdout] Some errors have detailed explanations: E0432, E0433.
[INFO] [stdout] 
[INFO] [stdout] For more information about an error, try `rustc --explain E0432`.
[INFO] [stdout] 
[INFO] [stderr] error: could not compile `nids_dashboard` (bin "nids_dashboard") due to 37 previous errors
[INFO] [stderr] warning: unused dependency `leptos_meta`
[INFO] [stderr]   --> Cargo.toml:34:15
[INFO] [stderr]    |
[INFO] [stderr] 34 | [dependencies.leptos_meta]
[INFO] [stderr]    |               ^^^^^^^^^^^^
[INFO] [stderr]    |
[INFO] [stderr]    = note: `cargo::unused_dependencies` is set to `warn` by default
[INFO] [stderr] help: consider removing the dependency on `leptos_meta`
[INFO] [stderr] warning: `nids_dashboard` (manifest) generated 1 warning
[INFO] running `Command { std: "docker" "inspect" "f0aeaecd946ae8588d40cebabc2dfe2d8743991a6264ced6c691150b45844201", kill_on_drop: false }`
[INFO] running `Command { std: "docker" "rm" "-f" "f0aeaecd946ae8588d40cebabc2dfe2d8743991a6264ced6c691150b45844201", kill_on_drop: false }`
[INFO] [stdout] f0aeaecd946ae8588d40cebabc2dfe2d8743991a6264ced6c691150b45844201
