[INFO] cloning repository https://github.com/JamesNius/Seer
[INFO] running `Command { std: "git" "-c" "credential.helper=" "-c" "credential.helper=/workspace/cargo-home/bin/git-credential-null" "clone" "--bare" "https://github.com/JamesNius/Seer" "/workspace/cache/git-repos/https%3A%2F%2Fgithub.com%2FJamesNius%2FSeer", kill_on_drop: false }`
[INFO] [stderr] Cloning into bare repository '/workspace/cache/git-repos/https%3A%2F%2Fgithub.com%2FJamesNius%2FSeer'...
[INFO] running `Command { std: "git" "rev-parse" "HEAD", kill_on_drop: false }`
[INFO] [stdout] 1334d8290e57dc88fda2a7f89b3abb7e04816975
[INFO] checking JamesNius/Seer against 3154cc1a3e6424e44f438a95007d043ed5ceaaf6+rustflags=-Znext-solver=coherence for pr-133502-30
[INFO] running `Command { std: "git" "clone" "/workspace/cache/git-repos/https%3A%2F%2Fgithub.com%2FJamesNius%2FSeer" "/workspace/builds/worker-0-tc1/source", kill_on_drop: false }`
[INFO] [stderr] Cloning into '/workspace/builds/worker-0-tc1/source'...
[INFO] [stderr] done.
[INFO] started tweaking git repo https://github.com/JamesNius/Seer
[INFO] finished tweaking git repo https://github.com/JamesNius/Seer
[INFO] tweaked toml for git repo https://github.com/JamesNius/Seer written to /workspace/builds/worker-0-tc1/source/Cargo.toml
[INFO] validating manifest of git repo https://github.com/JamesNius/Seer on toolchain 3154cc1a3e6424e44f438a95007d043ed5ceaaf6
[INFO] running `Command { std: CARGO_HOME="/workspace/cargo-home" RUSTUP_HOME="/workspace/rustup-home" "/workspace/cargo-home/bin/cargo" "+3154cc1a3e6424e44f438a95007d043ed5ceaaf6" "metadata" "--manifest-path" "Cargo.toml" "--no-deps", kill_on_drop: false }`
[INFO] crate git repo https://github.com/JamesNius/Seer already has a lockfile, it will not be regenerated
[INFO] running `Command { std: CARGO_HOME="/workspace/cargo-home" RUSTUP_HOME="/workspace/rustup-home" "/workspace/cargo-home/bin/cargo" "+3154cc1a3e6424e44f438a95007d043ed5ceaaf6" "fetch" "--manifest-path" "Cargo.toml", kill_on_drop: false }`
[INFO] [stderr]     Updating crates.io index
[INFO] [stderr]  Downloading crates ...
[INFO] [stderr]   Downloaded serde_with_macros v3.12.0
[INFO] [stderr]   Downloaded inventory v0.3.20
[INFO] [stderr]   Downloaded number_prefix v0.4.0
[INFO] [stderr]   Downloaded pyo3-macros v0.25.0
[INFO] [stderr]   Downloaded wyhash v0.5.0
[INFO] [stderr]   Downloaded boomphf v0.6.0
[INFO] [stderr]   Downloaded mimalloc v0.1.46
[INFO] [stderr]   Downloaded rustversion v1.0.21
[INFO] [stderr]   Downloaded parking_lot v0.12.4
[INFO] [stderr]   Downloaded indoc v2.0.6
[INFO] [stderr]   Downloaded lock_api v0.4.13
[INFO] [stderr]   Downloaded clap_lex v0.7.4
[INFO] [stderr]   Downloaded pyo3-log v0.12.4
[INFO] [stderr]   Downloaded target-lexicon v0.13.2
[INFO] [stderr]   Downloaded serde_with v3.12.0
[INFO] [stderr]   Downloaded pyo3-build-config v0.25.0
[INFO] [stderr]   Downloaded parking_lot_core v0.9.11
[INFO] [stderr]   Downloaded matrixmultiply v0.3.10
[INFO] [stderr]   Downloaded clap v4.5.39
[INFO] [stderr]   Downloaded indicatif v0.17.11
[INFO] [stderr]   Downloaded tinyvec v1.9.0
[INFO] [stderr]   Downloaded pyo3-macros-backend v0.25.0
[INFO] [stderr]   Downloaded pyo3-ffi v0.25.0
[INFO] [stderr]   Downloaded numpy v0.25.0
[INFO] [stderr]   Downloaded cc v1.2.25
[INFO] [stderr]   Downloaded clap_builder v4.5.39
[INFO] [stderr]   Downloaded portable-atomic v1.11.0
[INFO] [stderr]   Downloaded libmimalloc-sys v0.1.42
[INFO] [stderr]   Downloaded ndarray v0.16.1
[INFO] [stderr]   Downloaded pyo3 v0.25.0
[INFO] running `Command { std: "docker" "create" "-v" "/var/lib/crater-agent-workspace/builds/worker-0-tc1/source:/opt/rustwide/workdir:ro,Z" "-v" "/var/lib/crater-agent-workspace/builds/worker-0-tc1/target:/opt/rustwide/target:rw,Z" "-v" "/var/lib/crater-agent-workspace/cargo-home:/opt/rustwide/cargo-home:ro,Z" "-v" "/var/lib/crater-agent-workspace/rustup-home:/opt/rustwide/rustup-home:ro,Z" "-m" "1610612736" "--network" "none" "ghcr.io/rust-lang/crates-build-env/linux@sha256:77db811e55d90add9212f6832c23229e3de5f1c1f9905e8cb07319ea15df73ac" "sleep" "infinity", kill_on_drop: false }`
[INFO] [stdout] b698dd8e80ac68ae72291a4dd1e321dd68a290baac6c2d7e85a0f398765ba7c0
[INFO] running `Command { std: "docker" "start" "b698dd8e80ac68ae72291a4dd1e321dd68a290baac6c2d7e85a0f398765ba7c0", kill_on_drop: false }`
[INFO] running `Command { std: "docker" "inspect" "b698dd8e80ac68ae72291a4dd1e321dd68a290baac6c2d7e85a0f398765ba7c0", kill_on_drop: false }`
[INFO] running `Command { std: "docker" "exec" "-e" "SOURCE_DIR=/opt/rustwide/workdir" "-e" "CARGO_HOME=/opt/rustwide/cargo-home" "-e" "RUSTUP_HOME=/opt/rustwide/rustup-home" "-e" "CARGO_TARGET_DIR=/opt/rustwide/target" "-w" "/opt/rustwide/workdir" "--user" "0:0" "b698dd8e80ac68ae72291a4dd1e321dd68a290baac6c2d7e85a0f398765ba7c0" "/opt/rustwide/cargo-home/bin/cargo" "+3154cc1a3e6424e44f438a95007d043ed5ceaaf6" "metadata" "--no-deps" "--format-version=1", kill_on_drop: false }`
[INFO] running `Command { std: "docker" "inspect" "b698dd8e80ac68ae72291a4dd1e321dd68a290baac6c2d7e85a0f398765ba7c0", kill_on_drop: false }`
[INFO] running `Command { std: "docker" "exec" "-e" "SOURCE_DIR=/opt/rustwide/workdir" "-e" "CARGO_HOME=/opt/rustwide/cargo-home" "-e" "RUSTUP_HOME=/opt/rustwide/rustup-home" "-e" "CARGO_TARGET_DIR=/opt/rustwide/target" "-e" "CARGO_INCREMENTAL=0" "-e" "RUST_BACKTRACE=full" "-e" "RUSTFLAGS=--cap-lints=forbid -Znext-solver=coherence" "-e" "RUSTDOCFLAGS=--cap-lints=forbid" "-w" "/opt/rustwide/workdir" "--user" "0:0" "b698dd8e80ac68ae72291a4dd1e321dd68a290baac6c2d7e85a0f398765ba7c0" "/opt/rustwide/cargo-home/bin/cargo" "+3154cc1a3e6424e44f438a95007d043ed5ceaaf6" "check" "--frozen" "--all" "--all-targets" "--message-format=json", kill_on_drop: false }`
[INFO] [stderr]    Compiling proc-macro2 v1.0.95
[INFO] [stderr]    Compiling unicode-ident v1.0.18
[INFO] [stderr]    Compiling autocfg v1.4.0
[INFO] [stderr]    Compiling target-lexicon v0.13.2
[INFO] [stderr]    Compiling libc v0.2.172
[INFO] [stderr]    Compiling once_cell v1.21.3
[INFO] [stderr]     Checking cfg-if v1.0.0
[INFO] [stderr]    Compiling crossbeam-utils v0.8.21
[INFO] [stderr]    Compiling serde v1.0.219
[INFO] [stderr]     Checking either v1.15.0
[INFO] [stderr]    Compiling typenum v1.18.0
[INFO] [stderr]    Compiling anyhow v1.0.98
[INFO] [stderr]    Compiling getrandom v0.3.3
[INFO] [stderr]    Compiling rayon-core v1.12.1
[INFO] [stderr]    Compiling num-traits v0.2.19
[INFO] [stderr]    Compiling zerocopy v0.8.25
[INFO] [stderr]     Checking crossbeam-epoch v0.9.18
[INFO] [stderr]    Compiling memoffset v0.9.1
[INFO] [stderr]    Compiling quote v1.0.40
[INFO] [stderr]     Checking crossbeam-deque v0.8.6
[INFO] [stderr]    Compiling fnv v1.0.7
[INFO] [stderr]    Compiling pyo3-build-config v0.25.0
[INFO] [stderr]    Compiling strsim v0.11.1
[INFO] [stderr]    Compiling ident_case v1.0.1
[INFO] [stderr]    Compiling cc v1.2.25
[INFO] [stderr]    Compiling syn v2.0.101
[INFO] [stderr]    Compiling matrixmultiply v0.3.10
[INFO] [stderr]    Compiling serde_json v1.0.140
[INFO] [stderr]     Checking rayon v1.10.0
[INFO] [stderr]    Compiling lock_api v0.4.13
[INFO] [stderr]     Checking rawpointer v0.2.1
[INFO] [stderr]     Checking generic-array v0.14.7
[INFO] [stderr]     Checking itoa v1.0.15
[INFO] [stderr]    Compiling indoc v2.0.6
[INFO] [stderr]    Compiling parking_lot_core v0.9.11
[INFO] [stderr]     Checking inventory v0.3.20
[INFO] [stderr]     Checking unindent v0.2.4
[INFO] [stderr]     Checking memchr v2.7.4
[INFO] [stderr]    Compiling portable-atomic v1.11.0
[INFO] [stderr]    Compiling syn v1.0.109
[INFO] [stderr]     Checking ryu v1.0.20
[INFO] [stderr]     Checking crypto-common v0.1.6
[INFO] [stderr]     Checking block-buffer v0.10.4
[INFO] [stderr]     Checking num-integer v0.1.46
[INFO] [stderr]     Checking num-complex v0.4.6
[INFO] [stderr]    Compiling pyo3-ffi v0.25.0
[INFO] [stderr]    Compiling pyo3-macros-backend v0.25.0
[INFO] [stderr]    Compiling pyo3 v0.25.0
[INFO] [stderr]    Compiling numpy v0.25.0
[INFO] [stderr]     Checking ppv-lite86 v0.2.21
[INFO] [stderr]     Checking rand_core v0.9.3
[INFO] [stderr]    Compiling ahash v0.8.12
[INFO] [stderr]    Compiling libmimalloc-sys v0.1.42
[INFO] [stderr]     Checking unicode-width v0.2.0
[INFO] [stderr]     Checking adler2 v2.0.0
[INFO] [stderr]     Checking log v0.4.27
[INFO] [stderr]     Checking rand_core v0.6.4
[INFO] [stderr]     Checking smallvec v1.15.0
[INFO] [stderr]     Checking wyhash v0.5.0
[INFO] [stderr]     Checking console v0.15.11
[INFO] [stderr]     Checking miniz_oxide v0.8.8
[INFO] [stderr]     Checking rand_chacha v0.9.0
[INFO] [stderr]     Checking ndarray v0.16.1
[INFO] [stderr]    Compiling libriichi v0.1.0 (/opt/rustwide/workdir/libriichi)
[INFO] [stderr]     Checking digest v0.10.7
[INFO] [stderr]     Checking crossbeam-queue v0.3.12
[INFO] [stderr]     Checking crossbeam-channel v0.5.15
[INFO] [stderr]     Checking crc32fast v1.4.2
[INFO] [stderr]     Checking keccak v0.1.5
[INFO] [stderr]     Checking arc-swap v1.7.1
[INFO] [stderr]     Checking rustc-hash v2.1.1
[INFO] [stderr]     Checking number_prefix v0.4.0
[INFO] [stderr]     Checking sha3 v0.10.8
[INFO] [stderr]     Checking indicatif v0.17.11
[INFO] [stderr]     Checking flate2 v1.1.1
[INFO] [stderr]     Checking boomphf v0.6.0
[INFO] [stderr]     Checking crossbeam v0.8.4
[INFO] [stderr]     Checking parking_lot v0.12.4
[INFO] [stderr]     Checking rand v0.9.1
[INFO] [stderr]     Checking half v2.6.0
[INFO] [stderr]     Checking glob v0.3.2
[INFO] [stderr]     Checking mimalloc v0.1.46
[INFO] [stderr]     Checking regex-syntax v0.8.5
[INFO] [stderr]     Checking ciborium-io v0.2.2
[INFO] [stderr]     Checking anstyle v1.0.10
[INFO] [stderr]     Checking plotters-backend v0.3.7
[INFO] [stderr]     Checking clap_lex v0.7.4
[INFO] [stderr]     Checking byteorder v1.5.0
[INFO] [stderr]     Checking clap_builder v4.5.39
[INFO] [stderr]     Checking plotters-svg v0.3.7
[INFO] [stderr]     Checking ciborium-ll v0.2.2
[INFO] [stderr]     Checking itertools v0.10.5
[INFO] [stderr]     Checking cast v0.3.0
[INFO] [stderr]     Checking same-file v1.0.6
[INFO] [stderr]     Checking plotters v0.3.7
[INFO] [stderr]     Checking walkdir v2.5.0
[INFO] [stderr]     Checking itertools v0.13.0
[INFO] [stderr]    Compiling darling_core v0.20.11
[INFO] [stderr]     Checking regex-automata v0.4.9
[INFO] [stderr]     Checking clap v4.5.39
[INFO] [stderr]     Checking criterion-plot v0.5.0
[INFO] [stderr]     Checking oorandom v11.1.5
[INFO] [stderr]     Checking anes v0.1.6
[INFO] [stderr]     Checking dunce v1.0.5
[INFO] [stderr]     Checking exe-wrapper v0.1.0 (/opt/rustwide/workdir/exe-wrapper)
[INFO] [stderr]    Compiling derivative v2.2.0
[INFO] [stderr]    Compiling serde_derive v1.0.219
[INFO] [stderr]    Compiling derive_more-impl v2.0.1
[INFO] [stderr]     Checking regex v1.11.1
[INFO] [stderr]     Checking derive_more v2.0.1
[INFO] [stderr]    Compiling darling_macro v0.20.11
[INFO] [stderr]    Compiling darling v0.20.11
[INFO] [stderr]    Compiling serde_with_macros v3.12.0
[INFO] [stderr]    Compiling pyo3-macros v0.25.0
[INFO] [stderr]     Checking pyo3-log v0.12.4
[INFO] [stderr]     Checking serde_with v3.12.0
[INFO] [stderr]     Checking tinyvec v1.9.0
[INFO] [stderr]     Checking ciborium v0.2.2
[INFO] [stderr]     Checking tinytemplate v1.2.1
[INFO] [stderr]     Checking criterion v0.6.0
[INFO] [stdout] error[E0433]: cannot find module or crate `riichi` in this scope
[INFO] [stdout]  --> libriichi/src/bin/stat.rs:4:5
[INFO] [stdout]   |
[INFO] [stdout] 4 | use riichi::stat::Stat;
[INFO] [stdout]   |     ^^^^^^ use of unresolved module or unlinked crate `riichi`
[INFO] [stdout]   |
[INFO] [stdout]   = help: if you wanted to use a crate named `riichi`, use `cargo add riichi` to add it to your `Cargo.toml`
[INFO] [stdout] 
[INFO] [stdout] 
[INFO] [stdout] error[E0433]: cannot find module or crate `riichi` in this scope
[INFO] [stdout]  --> libriichi/src/bin/stat.rs:4:5
[INFO] [stdout]   |
[INFO] [stdout] 4 | use riichi::stat::Stat;
[INFO] [stdout]   |     ^^^^^^ use of unresolved module or unlinked crate `riichi`
[INFO] [stdout]   |
[INFO] [stdout]   = help: if you wanted to use a crate named `riichi`, use `cargo add riichi` to add it to your `Cargo.toml`
[INFO] [stdout] 
[INFO] [stdout] 
[INFO] [stdout] error[E0433]: cannot find module or crate `riichi` in this scope
[INFO] [stdout]  --> libriichi/src/bin/validate_logs.rs:1:5
[INFO] [stdout]   |
[INFO] [stdout] 1 | use riichi::chi_type::ChiType;
[INFO] [stdout]   |     ^^^^^^ use of unresolved module or unlinked crate `riichi`
[INFO] [stdout]   |
[INFO] [stdout]   = help: if you wanted to use a crate named `riichi`, use `cargo add riichi` to add it to your `Cargo.toml`
[INFO] [stdout] 
[INFO] [stdout] 
[INFO] [stdout] error[E0433]: cannot find module or crate `riichi` in this scope
[INFO] [stdout]  --> libriichi/src/bin/validate_logs.rs:2:5
[INFO] [stdout]   |
[INFO] [stdout] 2 | use riichi::mjai::Event;
[INFO] [stdout]   |     ^^^^^^ use of unresolved module or unlinked crate `riichi`
[INFO] [stdout]   |
[INFO] [stdout]   = help: if you wanted to use a crate named `riichi`, use `cargo add riichi` to add it to your `Cargo.toml`
[INFO] [stdout] 
[INFO] [stdout] 
[INFO] [stdout] error[E0433]: cannot find module or crate `riichi` in this scope
[INFO] [stdout]  --> libriichi/src/bin/validate_logs.rs:3:5
[INFO] [stdout]   |
[INFO] [stdout] 3 | use riichi::state::{ActionCandidate, PlayerState};
[INFO] [stdout]   |     ^^^^^^ use of unresolved module or unlinked crate `riichi`
[INFO] [stdout]   |
[INFO] [stdout]   = help: if you wanted to use a crate named `riichi`, use `cargo add riichi` to add it to your `Cargo.toml`
[INFO] [stdout] 
[INFO] [stdout] 
[INFO] [stdout] error[E0433]: cannot find module or crate `riichi` in this scope
[INFO] [stdout]  --> libriichi/src/bin/validate_logs.rs:1:5
[INFO] [stdout]   |
[INFO] [stdout] 1 | use riichi::chi_type::ChiType;
[INFO] [stdout]   |     ^^^^^^ use of unresolved module or unlinked crate `riichi`
[INFO] [stdout]   |
[INFO] [stdout]   = help: if you wanted to use a crate named `riichi`, use `cargo add riichi` to add it to your `Cargo.toml`
[INFO] [stdout] 
[INFO] [stdout] 
[INFO] [stdout] error[E0433]: cannot find module or crate `riichi` in this scope
[INFO] [stdout]  --> libriichi/src/bin/validate_logs.rs:2:5
[INFO] [stdout]   |
[INFO] [stdout] 2 | use riichi::mjai::Event;
[INFO] [stdout]   |     ^^^^^^ use of unresolved module or unlinked crate `riichi`
[INFO] [stdout]   |
[INFO] [stdout]   = help: if you wanted to use a crate named `riichi`, use `cargo add riichi` to add it to your `Cargo.toml`
[INFO] [stdout] 
[INFO] [stdout] 
[INFO] [stdout] error[E0433]: cannot find module or crate `riichi` in this scope
[INFO] [stdout]  --> libriichi/src/bin/validate_logs.rs:3:5
[INFO] [stdout]   |
[INFO] [stdout] 3 | use riichi::state::{ActionCandidate, PlayerState};
[INFO] [stdout]   |     ^^^^^^ use of unresolved module or unlinked crate `riichi`
[INFO] [stdout]   |
[INFO] [stdout]   = help: if you wanted to use a crate named `riichi`, use `cargo add riichi` to add it to your `Cargo.toml`
[INFO] [stdout] 
[INFO] [stdout] 
[INFO] [stdout] For more information about this error, try `rustc --explain E0433`.
[INFO] [stdout] 
[INFO] [stdout] For more information about this error, try `rustc --explain E0433`.
[INFO] [stdout] 
[INFO] [stdout] error[E0433]: cannot find module or crate `riichi` in this scope
[INFO] [stdout]  --> libriichi/benches/bench.rs:1:5
[INFO] [stdout]   |
[INFO] [stdout] 1 | use riichi::algo::agari::{self, AgariCalculator};
[INFO] [stdout]   |     ^^^^^^ use of unresolved module or unlinked crate `riichi`
[INFO] [stdout]   |
[INFO] [stdout]   = help: if you wanted to use a crate named `riichi`, use `cargo add riichi` to add it to your `Cargo.toml`
[INFO] [stdout] 
[INFO] [stdout] 
[INFO] [stdout] error[E0433]: cannot find module or crate `riichi` in this scope
[INFO] [stdout]  --> libriichi/benches/bench.rs:2:5
[INFO] [stdout]   |
[INFO] [stdout] 2 | use riichi::algo::shanten;
[INFO] [stdout]   |     ^^^^^^ use of unresolved module or unlinked crate `riichi`
[INFO] [stdout]   |
[INFO] [stdout]   = help: if you wanted to use a crate named `riichi`, use `cargo add riichi` to add it to your `Cargo.toml`
[INFO] [stdout] 
[INFO] [stdout] 
[INFO] [stdout] error[E0433]: cannot find module or crate `riichi` in this scope
[INFO] [stdout]  --> libriichi/benches/bench.rs:3:5
[INFO] [stdout]   |
[INFO] [stdout] 3 | use riichi::algo::sp::{InitState, SPCalculator};
[INFO] [stdout]   |     ^^^^^^ use of unresolved module or unlinked crate `riichi`
[INFO] [stdout]   |
[INFO] [stdout]   = help: if you wanted to use a crate named `riichi`, use `cargo add riichi` to add it to your `Cargo.toml`
[INFO] [stdout] 
[INFO] [stdout] 
[INFO] [stdout] error[E0433]: cannot find module or crate `riichi` in this scope
[INFO] [stdout]  --> libriichi/benches/bench.rs:4:5
[INFO] [stdout]   |
[INFO] [stdout] 4 | use riichi::hand::hand;
[INFO] [stdout]   |     ^^^^^^ use of unresolved module or unlinked crate `riichi`
[INFO] [stdout]   |
[INFO] [stdout]   = help: if you wanted to use a crate named `riichi`, use `cargo add riichi` to add it to your `Cargo.toml`
[INFO] [stdout] 
[INFO] [stdout] 
[INFO] [stdout] error[E0433]: cannot find module or crate `riichi` in this scope
[INFO] [stdout]  --> libriichi/benches/bench.rs:5:5
[INFO] [stdout]   |
[INFO] [stdout] 5 | use riichi::state::PlayerState;
[INFO] [stdout]   |     ^^^^^^ use of unresolved module or unlinked crate `riichi`
[INFO] [stdout]   |
[INFO] [stdout]   = help: if you wanted to use a crate named `riichi`, use `cargo add riichi` to add it to your `Cargo.toml`
[INFO] [stdout] 
[INFO] [stdout] 
[INFO] [stderr] error: could not compile `libriichi` (bin "stat") due to 1 previous error
[INFO] [stderr] warning: build failed, waiting for other jobs to finish...
[INFO] [stderr] error: could not compile `libriichi` (bin "stat" test) due to 1 previous error
[INFO] [stdout] error[E0432]: unresolved import `riichi`
[INFO] [stdout]  --> libriichi/benches/bench.rs:6:5
[INFO] [stdout]   |
[INFO] [stdout] 6 | use riichi::{t, tu8};
[INFO] [stdout]   |     ^^^^^^ use of unresolved module or unlinked crate `riichi`
[INFO] [stdout]   |
[INFO] [stdout]   = help: if you wanted to use a crate named `riichi`, use `cargo add riichi` to add it to your `Cargo.toml`
[INFO] [stdout] 
[INFO] [stdout] 
[INFO] [stdout] Some errors have detailed explanations: E0432, E0433.
[INFO] [stdout] 
[INFO] [stdout] For more information about an error, try `rustc --explain E0432`.
[INFO] [stdout] 
[INFO] [stderr] error: could not compile `libriichi` (bench "bench") due to 6 previous errors
[INFO] [stdout] For more information about this error, try `rustc --explain E0433`.
[INFO] [stdout] 
[INFO] [stdout] For more information about this error, try `rustc --explain E0433`.
[INFO] [stdout] 
[INFO] [stderr] error: could not compile `libriichi` (bin "validate_logs") due to 3 previous errors
[INFO] [stderr] error: could not compile `libriichi` (bin "validate_logs" test) due to 3 previous errors
[INFO] running `Command { std: "docker" "inspect" "b698dd8e80ac68ae72291a4dd1e321dd68a290baac6c2d7e85a0f398765ba7c0", kill_on_drop: false }`
[INFO] running `Command { std: "docker" "rm" "-f" "b698dd8e80ac68ae72291a4dd1e321dd68a290baac6c2d7e85a0f398765ba7c0", kill_on_drop: false }`
[INFO] [stdout] b698dd8e80ac68ae72291a4dd1e321dd68a290baac6c2d7e85a0f398765ba7c0
