[INFO] cloning repository https://github.com/JStruk/airules
[INFO] running `Command { std: "git" "-c" "credential.helper=" "-c" "credential.helper=/workspace/cargo-home/bin/git-credential-null" "clone" "--bare" "https://github.com/JStruk/airules" "/workspace/cache/git-repos/https%3A%2F%2Fgithub.com%2FJStruk%2Fairules", kill_on_drop: false }`
[INFO] [stderr] Cloning into bare repository '/workspace/cache/git-repos/https%3A%2F%2Fgithub.com%2FJStruk%2Fairules'...
[INFO] running `Command { std: "git" "rev-parse" "HEAD", kill_on_drop: false }`
[INFO] [stdout] be5d5e30d4c6f83fd1d15b635ead36ddf07b1778
[INFO] checking JStruk/airules against 3154cc1a3e6424e44f438a95007d043ed5ceaaf6 for pr-133502-30
[INFO] running `Command { std: "git" "clone" "/workspace/cache/git-repos/https%3A%2F%2Fgithub.com%2FJStruk%2Fairules" "/workspace/builds/worker-5-tc2/source", kill_on_drop: false }`
[INFO] [stderr] Cloning into '/workspace/builds/worker-5-tc2/source'...
[INFO] [stderr] done.
[INFO] started tweaking git repo https://github.com/JStruk/airules
[INFO] finished tweaking git repo https://github.com/JStruk/airules
[INFO] tweaked toml for git repo https://github.com/JStruk/airules written to /workspace/builds/worker-5-tc2/source/Cargo.toml
[INFO] validating manifest of git repo https://github.com/JStruk/airules on toolchain 3154cc1a3e6424e44f438a95007d043ed5ceaaf6
[INFO] running `Command { std: CARGO_HOME="/workspace/cargo-home" RUSTUP_HOME="/workspace/rustup-home" "/workspace/cargo-home/bin/cargo" "+3154cc1a3e6424e44f438a95007d043ed5ceaaf6" "metadata" "--manifest-path" "Cargo.toml" "--no-deps", kill_on_drop: false }`
[INFO] crate git repo https://github.com/JStruk/airules already has a lockfile, it will not be regenerated
[INFO] running `Command { std: CARGO_HOME="/workspace/cargo-home" RUSTUP_HOME="/workspace/rustup-home" "/workspace/cargo-home/bin/cargo" "+3154cc1a3e6424e44f438a95007d043ed5ceaaf6" "fetch" "--manifest-path" "Cargo.toml", kill_on_drop: false }`
[INFO] running `Command { std: "docker" "create" "-v" "/var/lib/crater-agent-workspace/builds/worker-5-tc2/source:/opt/rustwide/workdir:ro,Z" "-v" "/var/lib/crater-agent-workspace/builds/worker-5-tc2/target:/opt/rustwide/target:rw,Z" "-v" "/var/lib/crater-agent-workspace/cargo-home:/opt/rustwide/cargo-home:ro,Z" "-v" "/var/lib/crater-agent-workspace/rustup-home:/opt/rustwide/rustup-home:ro,Z" "-m" "1610612736" "--network" "none" "ghcr.io/rust-lang/crates-build-env/linux@sha256:77db811e55d90add9212f6832c23229e3de5f1c1f9905e8cb07319ea15df73ac" "sleep" "infinity", kill_on_drop: false }`
[INFO] [stdout] 4709cae0028d69ac51e54539e96907cb16150b94223b8da8ddaaba922051b01a
[INFO] running `Command { std: "docker" "start" "4709cae0028d69ac51e54539e96907cb16150b94223b8da8ddaaba922051b01a", kill_on_drop: false }`
[INFO] running `Command { std: "docker" "inspect" "4709cae0028d69ac51e54539e96907cb16150b94223b8da8ddaaba922051b01a", kill_on_drop: false }`
[INFO] running `Command { std: "docker" "exec" "-e" "SOURCE_DIR=/opt/rustwide/workdir" "-e" "CARGO_HOME=/opt/rustwide/cargo-home" "-e" "RUSTUP_HOME=/opt/rustwide/rustup-home" "-e" "CARGO_TARGET_DIR=/opt/rustwide/target" "-w" "/opt/rustwide/workdir" "--user" "0:0" "4709cae0028d69ac51e54539e96907cb16150b94223b8da8ddaaba922051b01a" "/opt/rustwide/cargo-home/bin/cargo" "+3154cc1a3e6424e44f438a95007d043ed5ceaaf6" "metadata" "--no-deps" "--format-version=1", kill_on_drop: false }`
[INFO] running `Command { std: "docker" "inspect" "4709cae0028d69ac51e54539e96907cb16150b94223b8da8ddaaba922051b01a", kill_on_drop: false }`
[INFO] running `Command { std: "docker" "exec" "-e" "SOURCE_DIR=/opt/rustwide/workdir" "-e" "CARGO_HOME=/opt/rustwide/cargo-home" "-e" "RUSTUP_HOME=/opt/rustwide/rustup-home" "-e" "CARGO_TARGET_DIR=/opt/rustwide/target" "-e" "CARGO_INCREMENTAL=0" "-e" "RUST_BACKTRACE=full" "-e" "RUSTFLAGS=--cap-lints=forbid" "-e" "RUSTDOCFLAGS=--cap-lints=forbid" "-w" "/opt/rustwide/workdir" "--user" "0:0" "4709cae0028d69ac51e54539e96907cb16150b94223b8da8ddaaba922051b01a" "/opt/rustwide/cargo-home/bin/cargo" "+3154cc1a3e6424e44f438a95007d043ed5ceaaf6" "check" "--frozen" "--all" "--all-targets" "--message-format=json", kill_on_drop: false }`
[INFO] [stderr]    Compiling syn v3.0.3
[INFO] [stderr]    Compiling syn v2.0.119
[INFO] [stderr]    Compiling writeable v0.6.3
[INFO] [stderr]    Compiling litemap v0.8.2
[INFO] [stderr]     Checking futures-core v0.3.33
[INFO] [stderr]    Compiling icu_normalizer_data v2.2.0
[INFO] [stderr]    Compiling icu_properties_data v2.2.0
[INFO] [stderr]    Compiling log v0.4.33
[INFO] [stderr]    Compiling uuid v1.24.0
[INFO] [stderr]    Compiling gtk v0.18.2
[INFO] [stderr]    Compiling find-msvc-tools v0.1.10
[INFO] [stderr]    Compiling x11 v2.21.0
[INFO] [stderr]    Compiling rustix v1.1.4
[INFO] [stderr]     Checking linux-raw-sys v0.12.1
[INFO] [stderr]    Compiling crc32fast v1.5.0
[INFO] [stderr]    Compiling libdbus-sys v0.2.7
[INFO] [stderr]    Compiling x11-dl v2.21.0
[INFO] [stderr]     Checking futures-channel v0.3.33
[INFO] [stderr]    Compiling flate2 v1.1.9
[INFO] [stderr]     Checking brotli v8.0.4
[INFO] [stderr]     Checking sha2 v0.10.9
[INFO] [stderr]     Checking fs2 v0.4.3
[INFO] [stderr]    Compiling cc v1.4.2
[INFO] [stderr]     Checking dbus v0.9.12
[INFO] [stderr]     Checking bytemuck v1.25.2
[INFO] [stderr]    Compiling cfb v0.7.3
[INFO] [stderr]     Checking tokio v1.53.1
[INFO] [stderr]    Compiling rfd v0.16.0
[INFO] [stderr]    Compiling png v0.17.16
[INFO] [stderr]     Checking clap_builder v4.6.6
[INFO] [stderr]     Checking ppv-lite86 v0.2.21
[INFO] [stderr]     Checking rand v0.9.5
[INFO] [stderr]     Checking rand_chacha v0.9.0
[INFO] [stderr]     Checking png v0.18.1
[INFO] [stderr]    Compiling ico v0.5.0
[INFO] [stderr]     Checking infer v0.19.0
[INFO] [stderr]    Compiling embed-resource v3.0.11
[INFO] [stderr]    Compiling tauri-winres v0.3.6
[INFO] [stderr]     Checking image v0.25.10
[INFO] [stderr]    Compiling serde_derive v1.0.229
[INFO] [stderr]    Compiling displaydoc v0.2.7
[INFO] [stderr]    Compiling thiserror-impl v2.0.20
[INFO] [stderr]    Compiling serde_repr v0.1.21
[INFO] [stderr]    Compiling clap_derive v4.6.4
[INFO] [stderr]     Checking tempfile v3.27.0
[INFO] [stderr]     Checking rusty-fork v0.3.1
[INFO] [stderr]     Checking proptest v1.11.0
[INFO] [stderr]    Compiling thiserror v2.0.20
[INFO] [stderr]    Compiling synstructure v0.13.2
[INFO] [stderr]    Compiling darling_core v0.23.0
[INFO] [stderr]    Compiling serde_derive_internals v0.29.1
[INFO] [stderr]     Checking clap v4.6.6
[INFO] [stderr]    Compiling zerovec-derive v0.11.3
[INFO] [stderr]    Compiling thiserror-impl v1.0.69
[INFO] [stderr]    Compiling phf_macros v0.13.1
[INFO] [stderr]    Compiling futures-macro v0.3.33
[INFO] [stderr]    Compiling cssparser-macros v0.6.1
[INFO] [stderr]    Compiling derive_more-impl v2.1.1
[INFO] [stderr]    Compiling schemars_derive v0.8.22
[INFO] [stderr]    Compiling dlopen2_derive v0.4.3
[INFO] [stderr]    Compiling serialize-to-javascript-impl v0.1.2
[INFO] [stderr]    Compiling zerofrom-derive v0.1.7
[INFO] [stderr]    Compiling yoke-derive v0.8.2
[INFO] [stderr]     Checking dlopen2 v0.8.2
[INFO] [stderr]     Checking futures-util v0.3.33
[INFO] [stderr]    Compiling phf v0.13.1
[INFO] [stderr]    Compiling web_atoms v0.2.6
[INFO] [stderr]    Compiling cssparser v0.36.0
[INFO] [stderr]    Compiling zerofrom v0.1.8
[INFO] [stderr]     Checking thiserror v1.0.69
[INFO] [stderr]    Compiling derive_more v2.1.1
[INFO] [stderr]    Compiling yoke v0.8.3
[INFO] [stderr]    Compiling zerovec v0.11.6
[INFO] [stderr]    Compiling zerotrie v0.2.4
[INFO] [stderr]    Compiling serde v1.0.229
[INFO] [stderr]    Compiling markup5ever v0.38.0
[INFO] [stderr]    Compiling html5ever v0.38.0
[INFO] [stderr]    Compiling selectors v0.36.1
[INFO] [stderr]    Compiling toml_datetime v0.6.3
[INFO] [stderr]    Compiling serde_spanned v0.6.9
[INFO] [stderr]    Compiling indexmap v1.9.3
[INFO] [stderr]    Compiling jsonptr v0.6.3
[INFO] [stderr]    Compiling cargo-platform v0.1.9
[INFO] [stderr]    Compiling plist v1.10.0
[INFO] [stderr]    Compiling cargo_toml v0.22.3
[INFO] [stderr]     Checking dpi v0.1.2
[INFO] [stderr]     Checking keyboard-types v0.7.0
[INFO] [stderr]    Compiling toml_edit v0.20.2
[INFO] [stderr]    Compiling cargo_metadata v0.19.2
[INFO] [stderr]    Compiling tinystr v0.8.3
[INFO] [stderr]    Compiling potential_utf v0.1.5
[INFO] [stderr]    Compiling icu_collections v2.2.0
[INFO] [stderr]    Compiling icu_locale_core v2.2.0
[INFO] [stderr]    Compiling json-patch v3.0.1
[INFO] [stderr]    Compiling toml_edit v0.19.15
[INFO] [stderr]     Checking chrono v0.4.45
[INFO] [stderr]     Checking serialize-to-javascript v0.1.2
[INFO] [stderr]     Checking futures-executor v0.3.33
[INFO] [stderr]    Compiling dom_query v0.27.0
[INFO] [stderr]    Compiling darling_macro v0.23.0
[INFO] [stderr]     Checking airules-core v0.1.1 (/opt/rustwide/workdir/crates/airules-core)
[INFO] [stderr]     Checking icu_provider v2.2.0
[INFO] [stderr]    Compiling darling v0.23.0
[INFO] [stderr]    Compiling serde_with_macros v3.22.0
[INFO] [stderr]     Checking icu_normalizer v2.2.0
[INFO] [stderr]     Checking icu_properties v2.2.0
[INFO] [stdout] error[E0599]: no method named `cast_unsigned` found for type `u64` in the current scope
[INFO] [stdout]     --> crates/airules-core/src/storage.rs:1033:48
[INFO] [stdout]      |
[INFO] [stdout] 1033 |     if before.dev() != u64::from(opened.st_dev.cast_unsigned()) || before.ino() != opened.st_ino {
[INFO] [stdout]      |                                                ^^^^^^^^^^^^^
[INFO] [stdout]      |
[INFO] [stdout] help: there is a method `as_unsigned` with a similar name
[INFO] [stdout]      |
[INFO] [stdout] 1033 -     if before.dev() != u64::from(opened.st_dev.cast_unsigned()) || before.ino() != opened.st_ino {
[INFO] [stdout] 1033 +     if before.dev() != u64::from(opened.st_dev.as_unsigned()) || before.ino() != opened.st_ino {
[INFO] [stdout]      |
[INFO] [stdout] 
[INFO] [stdout] 
[INFO] [stderr]    Compiling serde_with v3.22.0
[INFO] [stdout] error[E0599]: no method named `cast_unsigned` found for type `u64` in the current scope
[INFO] [stdout]     --> crates/airules-core/src/targets.rs:1265:50
[INFO] [stdout]      |
[INFO] [stdout] 1265 |     if expected.dev() != u64::from(opened.st_dev.cast_unsigned()) || expected.ino() != opened.st_ino
[INFO] [stdout]      |                                                  ^^^^^^^^^^^^^
[INFO] [stdout]      |
[INFO] [stdout] help: there is a method `as_unsigned` with a similar name
[INFO] [stdout]      |
[INFO] [stdout] 1265 -     if expected.dev() != u64::from(opened.st_dev.cast_unsigned()) || expected.ino() != opened.st_ino
[INFO] [stdout] 1265 +     if expected.dev() != u64::from(opened.st_dev.as_unsigned()) || expected.ino() != opened.st_ino
[INFO] [stdout]      |
[INFO] [stdout] 
[INFO] [stdout] 
[INFO] [stdout] error[E0599]: no method named `cast_unsigned` found for type `u64` in the current scope
[INFO] [stdout]     --> crates/airules-core/src/storage.rs:1033:48
[INFO] [stdout]      |
[INFO] [stdout] 1033 |     if before.dev() != u64::from(opened.st_dev.cast_unsigned()) || before.ino() != opened.st_ino {
[INFO] [stdout]      |                                                ^^^^^^^^^^^^^
[INFO] [stdout]      |
[INFO] [stdout] help: there is a method `as_unsigned` with a similar name
[INFO] [stdout]      |
[INFO] [stdout] 1033 -     if before.dev() != u64::from(opened.st_dev.cast_unsigned()) || before.ino() != opened.st_ino {
[INFO] [stdout] 1033 +     if before.dev() != u64::from(opened.st_dev.as_unsigned()) || before.ino() != opened.st_ino {
[INFO] [stdout]      |
[INFO] [stdout] 
[INFO] [stdout] 
[INFO] [stderr]    Compiling proc-macro-crate v1.3.1
[INFO] [stdout] error[E0599]: no method named `cast_unsigned` found for type `u64` in the current scope
[INFO] [stdout]     --> crates/airules-core/src/targets.rs:1265:50
[INFO] [stdout]      |
[INFO] [stdout] 1265 |     if expected.dev() != u64::from(opened.st_dev.cast_unsigned()) || expected.ino() != opened.st_ino
[INFO] [stdout]      |                                                  ^^^^^^^^^^^^^
[INFO] [stdout]      |
[INFO] [stdout] help: there is a method `as_unsigned` with a similar name
[INFO] [stdout]      |
[INFO] [stdout] 1265 -     if expected.dev() != u64::from(opened.st_dev.cast_unsigned()) || expected.ino() != opened.st_ino
[INFO] [stdout] 1265 +     if expected.dev() != u64::from(opened.st_dev.as_unsigned()) || expected.ino() != opened.st_ino
[INFO] [stdout]      |
[INFO] [stdout] 
[INFO] [stdout] 
[INFO] [stderr]    Compiling toml v0.8.2
[INFO] [stderr]    Compiling proc-macro-crate v2.0.2
[INFO] [stderr]    Compiling gtk3-macros v0.18.2
[INFO] [stdout] For more information about this error, try `rustc --explain E0599`.
[INFO] [stdout] 
[INFO] [stderr] error: could not compile `airules-core` (lib test) due to 2 previous errors
[INFO] [stderr] warning: build failed, waiting for other jobs to finish...
[INFO] [stdout] For more information about this error, try `rustc --explain E0599`.
[INFO] [stdout] 
[INFO] [stderr] error: could not compile `airules-core` (lib) due to 2 previous errors
[INFO] running `Command { std: "docker" "inspect" "4709cae0028d69ac51e54539e96907cb16150b94223b8da8ddaaba922051b01a", kill_on_drop: false }`
[INFO] running `Command { std: "docker" "rm" "-f" "4709cae0028d69ac51e54539e96907cb16150b94223b8da8ddaaba922051b01a", kill_on_drop: false }`
[INFO] [stdout] 4709cae0028d69ac51e54539e96907cb16150b94223b8da8ddaaba922051b01a
