[INFO] cloning repository https://github.com/JSBtechnologies/freehold
[INFO] running `Command { std: "git" "-c" "credential.helper=" "-c" "credential.helper=/workspace/cargo-home/bin/git-credential-null" "clone" "--bare" "https://github.com/JSBtechnologies/freehold" "/workspace/cache/git-repos/https%3A%2F%2Fgithub.com%2FJSBtechnologies%2Ffreehold", kill_on_drop: false }`
[INFO] [stderr] Cloning into bare repository '/workspace/cache/git-repos/https%3A%2F%2Fgithub.com%2FJSBtechnologies%2Ffreehold'...
[INFO] running `Command { std: "git" "rev-parse" "HEAD", kill_on_drop: false }`
[INFO] [stdout] fc6141ad66d996bcdb910e6a6a2149c73ae53643
[INFO] checking JSBtechnologies/freehold against 3154cc1a3e6424e44f438a95007d043ed5ceaaf6+rustflags=-Znext-solver=coherence for pr-133502-30
[INFO] running `Command { std: "git" "clone" "/workspace/cache/git-repos/https%3A%2F%2Fgithub.com%2FJSBtechnologies%2Ffreehold" "/workspace/builds/worker-7-tc1/source", kill_on_drop: false }`
[INFO] [stderr] Cloning into '/workspace/builds/worker-7-tc1/source'...
[INFO] [stderr] done.
[INFO] started tweaking git repo https://github.com/JSBtechnologies/freehold
[INFO] finished tweaking git repo https://github.com/JSBtechnologies/freehold
[INFO] tweaked toml for git repo https://github.com/JSBtechnologies/freehold written to /workspace/builds/worker-7-tc1/source/Cargo.toml
[INFO] validating manifest of git repo https://github.com/JSBtechnologies/freehold on toolchain 3154cc1a3e6424e44f438a95007d043ed5ceaaf6
[INFO] running `Command { std: CARGO_HOME="/workspace/cargo-home" RUSTUP_HOME="/workspace/rustup-home" "/workspace/cargo-home/bin/cargo" "+3154cc1a3e6424e44f438a95007d043ed5ceaaf6" "metadata" "--manifest-path" "Cargo.toml" "--no-deps", kill_on_drop: false }`
[INFO] crate git repo https://github.com/JSBtechnologies/freehold already has a lockfile, it will not be regenerated
[INFO] running `Command { std: CARGO_HOME="/workspace/cargo-home" RUSTUP_HOME="/workspace/rustup-home" "/workspace/cargo-home/bin/cargo" "+3154cc1a3e6424e44f438a95007d043ed5ceaaf6" "fetch" "--manifest-path" "Cargo.toml", kill_on_drop: false }`
[INFO] running `Command { std: "docker" "create" "-v" "/var/lib/crater-agent-workspace/builds/worker-7-tc1/source:/opt/rustwide/workdir:ro,Z" "-v" "/var/lib/crater-agent-workspace/builds/worker-7-tc1/target:/opt/rustwide/target:rw,Z" "-v" "/var/lib/crater-agent-workspace/cargo-home:/opt/rustwide/cargo-home:ro,Z" "-v" "/var/lib/crater-agent-workspace/rustup-home:/opt/rustwide/rustup-home:ro,Z" "-m" "1610612736" "--network" "none" "ghcr.io/rust-lang/crates-build-env/linux@sha256:77db811e55d90add9212f6832c23229e3de5f1c1f9905e8cb07319ea15df73ac" "sleep" "infinity", kill_on_drop: false }`
[INFO] [stdout] 0064c854d192e4b3b0dc091f28c5c9c6032a2238417493d00d8c965af200a1e4
[INFO] running `Command { std: "docker" "start" "0064c854d192e4b3b0dc091f28c5c9c6032a2238417493d00d8c965af200a1e4", kill_on_drop: false }`
[INFO] running `Command { std: "docker" "inspect" "0064c854d192e4b3b0dc091f28c5c9c6032a2238417493d00d8c965af200a1e4", kill_on_drop: false }`
[INFO] running `Command { std: "docker" "exec" "-e" "SOURCE_DIR=/opt/rustwide/workdir" "-e" "CARGO_HOME=/opt/rustwide/cargo-home" "-e" "RUSTUP_HOME=/opt/rustwide/rustup-home" "-e" "CARGO_TARGET_DIR=/opt/rustwide/target" "-w" "/opt/rustwide/workdir" "--user" "0:0" "0064c854d192e4b3b0dc091f28c5c9c6032a2238417493d00d8c965af200a1e4" "/opt/rustwide/cargo-home/bin/cargo" "+3154cc1a3e6424e44f438a95007d043ed5ceaaf6" "metadata" "--no-deps" "--format-version=1", kill_on_drop: false }`
[INFO] running `Command { std: "docker" "inspect" "0064c854d192e4b3b0dc091f28c5c9c6032a2238417493d00d8c965af200a1e4", kill_on_drop: false }`
[INFO] running `Command { std: "docker" "exec" "-e" "SOURCE_DIR=/opt/rustwide/workdir" "-e" "CARGO_HOME=/opt/rustwide/cargo-home" "-e" "RUSTUP_HOME=/opt/rustwide/rustup-home" "-e" "CARGO_TARGET_DIR=/opt/rustwide/target" "-e" "CARGO_INCREMENTAL=0" "-e" "RUST_BACKTRACE=full" "-e" "RUSTFLAGS=--cap-lints=forbid -Znext-solver=coherence" "-e" "RUSTDOCFLAGS=--cap-lints=forbid" "-w" "/opt/rustwide/workdir" "--user" "0:0" "0064c854d192e4b3b0dc091f28c5c9c6032a2238417493d00d8c965af200a1e4" "/opt/rustwide/cargo-home/bin/cargo" "+3154cc1a3e6424e44f438a95007d043ed5ceaaf6" "check" "--frozen" "--all" "--all-targets" "--message-format=json", kill_on_drop: false }`
[INFO] [stderr]    Compiling wasm-bindgen-shared v0.2.127
[INFO] [stderr]     Checking once_cell v1.21.4
[INFO] [stderr]     Checking futures-util v0.3.34
[INFO] [stderr]     Checking hashbrown v0.16.1
[INFO] [stderr]     Checking tokio v1.53.1
[INFO] [stderr]     Checking getrandom v0.2.17
[INFO] [stderr]    Compiling wasm-bindgen v0.2.127
[INFO] [stderr]    Compiling sqlite-wasm-rs v0.5.5
[INFO] [stderr]    Compiling syn v2.0.119
[INFO] [stderr]    Compiling thiserror-impl v2.0.20
[INFO] [stderr]     Checking rand_core v0.6.4
[INFO] [stderr]     Checking crypto-common v0.1.7
[INFO] [stderr]     Checking password-hash v0.5.0
[INFO] [stderr]     Checking digest v0.10.7
[INFO] [stderr]     Checking universal-hash v0.5.1
[INFO] [stderr]     Checking cipher v0.4.4
[INFO] [stderr]     Checking aead v0.5.2
[INFO] [stderr] warning: sqlite-wasm-rs@0.5.5: In file included from /usr/include/stdint.h:26,
[INFO] [stderr] warning: sqlite-wasm-rs@0.5.5:                  from /usr/lib/gcc/x86_64-linux-gnu/15/include/stdint.h:11,
[INFO] [stderr] warning: sqlite-wasm-rs@0.5.5:                  from ./shim/wasm-shim.h:2,
[INFO] [stderr] warning: sqlite-wasm-rs@0.5.5:                  from <command-line>:
[INFO] [stderr] warning: sqlite-wasm-rs@0.5.5: /usr/include/x86_64-linux-gnu/bits/libc-header-start.h:74:17: error: missing binary operator before token '('
[INFO] [stderr] warning: sqlite-wasm-rs@0.5.5:    74 | #if __GLIBC_USE (IEC_60559_BFP_EXT) || __GLIBC_USE (ISOC23)
[INFO] [stderr] warning: sqlite-wasm-rs@0.5.5:       |                 ^
[INFO] [stderr] warning: sqlite-wasm-rs@0.5.5: /usr/include/x86_64-linux-gnu/bits/libc-header-start.h:80:17: error: missing binary operator before token '('
[INFO] [stderr] warning: sqlite-wasm-rs@0.5.5:    80 | #if __GLIBC_USE (IEC_60559_BFP_EXT) || defined __STDC_WANT_IEC_60559_EXT__
[INFO] [stderr] warning: sqlite-wasm-rs@0.5.5:       |                 ^
[INFO] [stderr] warning: sqlite-wasm-rs@0.5.5: /usr/include/x86_64-linux-gnu/bits/libc-header-start.h:97:17: error: missing binary operator before token '('
[INFO] [stderr] warning: sqlite-wasm-rs@0.5.5:    97 | #if __GLIBC_USE (IEC_60559_FUNCS_EXT) || __GLIBC_USE (ISOC23)
[INFO] [stderr] warning: sqlite-wasm-rs@0.5.5:       |                 ^
[INFO] [stderr] warning: sqlite-wasm-rs@0.5.5: /usr/include/stdint.h:31:17: error: missing binary operator before token '('
[INFO] [stderr] warning: sqlite-wasm-rs@0.5.5:    31 | #if __GLIBC_USE (ISOC23)
[INFO] [stderr] warning: sqlite-wasm-rs@0.5.5:       |                 ^
[INFO] [stderr] warning: sqlite-wasm-rs@0.5.5: /usr/include/stdint.h:271:17: error: missing binary operator before token '('
[INFO] [stderr] warning: sqlite-wasm-rs@0.5.5:   271 | #if __GLIBC_USE (IEC_60559_BFP_EXT_C23)
[INFO] [stderr] warning: sqlite-wasm-rs@0.5.5:       |                 ^
[INFO] [stderr] warning: sqlite-wasm-rs@0.5.5: In file included from /usr/include/limits.h:26,
[INFO] [stderr] warning: sqlite-wasm-rs@0.5.5:                  from /usr/lib/gcc/x86_64-linux-gnu/15/include/limits.h:210,
[INFO] [stderr] warning: sqlite-wasm-rs@0.5.5:                  from /usr/lib/gcc/x86_64-linux-gnu/15/include/syslimits.h:9,
[INFO] [stderr] warning: sqlite-wasm-rs@0.5.5:                  from /usr/lib/gcc/x86_64-linux-gnu/15/include/limits.h:34,
[INFO] [stderr] warning: sqlite-wasm-rs@0.5.5:                  from shim/printf/printf.c:55:
[INFO] [stderr] warning: sqlite-wasm-rs@0.5.5: /usr/include/x86_64-linux-gnu/bits/libc-header-start.h:74:17: error: missing binary operator before token '('
[INFO] [stderr] warning: sqlite-wasm-rs@0.5.5:    74 | #if __GLIBC_USE (IEC_60559_BFP_EXT) || __GLIBC_USE (ISOC23)
[INFO] [stderr] warning: sqlite-wasm-rs@0.5.5:       |                 ^
[INFO] [stderr] warning: sqlite-wasm-rs@0.5.5: /usr/include/x86_64-linux-gnu/bits/libc-header-start.h:80:17: error: missing binary operator before token '('
[INFO] [stderr] warning: sqlite-wasm-rs@0.5.5:    80 | #if __GLIBC_USE (IEC_60559_BFP_EXT) || defined __STDC_WANT_IEC_60559_EXT__
[INFO] [stderr] warning: sqlite-wasm-rs@0.5.5:       |                 ^
[INFO] [stderr] warning: sqlite-wasm-rs@0.5.5: /usr/include/x86_64-linux-gnu/bits/libc-header-start.h:97:17: error: missing binary operator before token '('
[INFO] [stderr] warning: sqlite-wasm-rs@0.5.5:    97 | #if __GLIBC_USE (IEC_60559_FUNCS_EXT) || __GLIBC_USE (ISOC23)
[INFO] [stderr] warning: sqlite-wasm-rs@0.5.5:       |                 ^
[INFO] [stderr] warning: sqlite-wasm-rs@0.5.5: /usr/include/limits.h:145:17: error: missing binary operator before token '('
[INFO] [stderr] warning: sqlite-wasm-rs@0.5.5:   145 | #if __GLIBC_USE (IEC_60559_BFP_EXT_C23)
[INFO] [stderr] warning: sqlite-wasm-rs@0.5.5:       |                 ^
[INFO] [stderr] warning: sqlite-wasm-rs@0.5.5: /usr/include/limits.h:184:17: error: missing binary operator before token '('
[INFO] [stderr] warning: sqlite-wasm-rs@0.5.5:   184 | #if __GLIBC_USE (ISOC23)
[INFO] [stderr] warning: sqlite-wasm-rs@0.5.5:       |                 ^
[INFO] [stderr] warning: sqlite-wasm-rs@0.5.5: cc1: note: unrecognized command-line option '-Wno-macro-redefined' may have been intended to silence earlier diagnostics
[INFO] [stderr] error: failed to run custom build command for `sqlite-wasm-rs v0.5.5`
[INFO] [stderr] note: To improve backtraces for build dependencies, set the CARGO_PROFILE_DEV_BUILD_OVERRIDE_DEBUG=true environment variable to enable debug information generation.
[INFO] [stderr] 
[INFO] [stderr] Caused by:
[INFO] [stderr]   process didn't exit successfully: `/opt/rustwide/target/debug/build/sqlite-wasm-rs/dce4cebd066e171d/out/build_script_build` (exit status: 1)
[INFO] [stderr]   --- stdout
[INFO] [stderr]   cargo::rerun-if-env-changed=SQLITE_WASM_RS_UPDATE_BINDGEN
[INFO] [stderr]   cargo::rerun-if-changed=shim
[INFO] [stderr]   cargo::rerun-if-changed=sqlite3
[INFO] [stderr]   cargo:rerun-if-env-changed=CC_FORCE_DISABLE
[INFO] [stderr]   CC_FORCE_DISABLE = None
[INFO] [stderr]   cargo:rerun-if-env-changed=CC_x86_64-unknown-linux-gnu
[INFO] [stderr]   CC_x86_64-unknown-linux-gnu = None
[INFO] [stderr]   cargo:rerun-if-env-changed=CC_x86_64_unknown_linux_gnu
[INFO] [stderr]   CC_x86_64_unknown_linux_gnu = None
[INFO] [stderr]   cargo:rerun-if-env-changed=HOST_CC
[INFO] [stderr]   HOST_CC = None
[INFO] [stderr]   cargo:rerun-if-env-changed=CC
[INFO] [stderr]   CC = None
[INFO] [stderr]   cargo:rerun-if-env-changed=CC_ENABLE_DEBUG_OUTPUT
[INFO] [stderr]   cargo:rerun-if-env-changed=CRATE_CC_NO_DEFAULTS
[INFO] [stderr]   CRATE_CC_NO_DEFAULTS = None
[INFO] [stderr]   cargo:rerun-if-env-changed=CRATE_CC_NO_DEFAULTS
[INFO] [stderr]   CRATE_CC_NO_DEFAULTS = None
[INFO] [stderr]   cargo:rerun-if-env-changed=CFLAGS
[INFO] [stderr]   CFLAGS = None
[INFO] [stderr]   cargo:rerun-if-env-changed=HOST_CFLAGS
[INFO] [stderr]   HOST_CFLAGS = None
[INFO] [stderr]   cargo:rerun-if-env-changed=CFLAGS_x86_64_unknown_linux_gnu
[INFO] [stderr]   CFLAGS_x86_64_unknown_linux_gnu = None
[INFO] [stderr]   cargo:rerun-if-env-changed=CFLAGS_x86_64-unknown-linux-gnu
[INFO] [stderr]   CFLAGS_x86_64-unknown-linux-gnu = None
[INFO] [stderr]   cargo:rerun-if-env-changed=CFLAGS
[INFO] [stderr]   CFLAGS = None
[INFO] [stderr]   cargo:rerun-if-env-changed=HOST_CFLAGS
[INFO] [stderr]   HOST_CFLAGS = None
[INFO] [stderr]   cargo:rerun-if-env-changed=CFLAGS_x86_64_unknown_linux_gnu
[INFO] [stderr]   CFLAGS_x86_64_unknown_linux_gnu = None
[INFO] [stderr]   cargo:rerun-if-env-changed=CFLAGS_x86_64-unknown-linux-gnu
[INFO] [stderr]   CFLAGS_x86_64-unknown-linux-gnu = None
[INFO] [stderr]   cargo:warning=In file included from /usr/include/stdint.h:26,
[INFO] [stderr]   cargo:warning=                 from /usr/lib/gcc/x86_64-linux-gnu/15/include/stdint.h:11,
[INFO] [stderr]   cargo:warning=                 from ./shim/wasm-shim.h:2,
[INFO] [stderr]   cargo:warning=                 from <command-line>:
[INFO] [stderr]   cargo:warning=/usr/include/x86_64-linux-gnu/bits/libc-header-start.h:74:17: error: missing binary operator before token '('
[INFO] [stderr]   cargo:warning=   74 | #if __GLIBC_USE (IEC_60559_BFP_EXT) || __GLIBC_USE (ISOC23)
[INFO] [stderr]   cargo:warning=      |                 ^
[INFO] [stderr]   cargo:warning=/usr/include/x86_64-linux-gnu/bits/libc-header-start.h:80:17: error: missing binary operator before token '('
[INFO] [stderr]   cargo:warning=   80 | #if __GLIBC_USE (IEC_60559_BFP_EXT) || defined __STDC_WANT_IEC_60559_EXT__
[INFO] [stderr]   cargo:warning=      |                 ^
[INFO] [stderr]   cargo:warning=/usr/include/x86_64-linux-gnu/bits/libc-header-start.h:97:17: error: missing binary operator before token '('
[INFO] [stderr]   cargo:warning=   97 | #if __GLIBC_USE (IEC_60559_FUNCS_EXT) || __GLIBC_USE (ISOC23)
[INFO] [stderr]   cargo:warning=      |                 ^
[INFO] [stderr]   cargo:warning=/usr/include/stdint.h:31:17: error: missing binary operator before token '('
[INFO] [stderr]   cargo:warning=   31 | #if __GLIBC_USE (ISOC23)
[INFO] [stderr]   cargo:warning=      |                 ^
[INFO] [stderr]   cargo:warning=/usr/include/stdint.h:271:17: error: missing binary operator before token '('
[INFO] [stderr]   cargo:warning=  271 | #if __GLIBC_USE (IEC_60559_BFP_EXT_C23)
[INFO] [stderr]   cargo:warning=      |                 ^
[INFO] [stderr]   cargo:warning=In file included from /usr/include/limits.h:26,
[INFO] [stderr]   cargo:warning=                 from /usr/lib/gcc/x86_64-linux-gnu/15/include/limits.h:210,
[INFO] [stderr]   cargo:warning=                 from /usr/lib/gcc/x86_64-linux-gnu/15/include/syslimits.h:9,
[INFO] [stderr]   cargo:warning=                 from /usr/lib/gcc/x86_64-linux-gnu/15/include/limits.h:34,
[INFO] [stderr]   cargo:warning=                 from shim/printf/printf.c:55:
[INFO] [stderr]   cargo:warning=/usr/include/x86_64-linux-gnu/bits/libc-header-start.h:74:17: error: missing binary operator before token '('
[INFO] [stderr]   cargo:warning=   74 | #if __GLIBC_USE (IEC_60559_BFP_EXT) || __GLIBC_USE (ISOC23)
[INFO] [stderr]   cargo:warning=      |                 ^
[INFO] [stderr]   cargo:warning=/usr/include/x86_64-linux-gnu/bits/libc-header-start.h:80:17: error: missing binary operator before token '('
[INFO] [stderr]   cargo:warning=   80 | #if __GLIBC_USE (IEC_60559_BFP_EXT) || defined __STDC_WANT_IEC_60559_EXT__
[INFO] [stderr]   cargo:warning=      |                 ^
[INFO] [stderr]   cargo:warning=/usr/include/x86_64-linux-gnu/bits/libc-header-start.h:97:17: error: missing binary operator before token '('
[INFO] [stderr]   cargo:warning=   97 | #if __GLIBC_USE (IEC_60559_FUNCS_EXT) || __GLIBC_USE (ISOC23)
[INFO] [stderr]   cargo:warning=      |                 ^
[INFO] [stderr]   cargo:warning=/usr/include/limits.h:145:17: error: missing binary operator before token '('
[INFO] [stderr]   cargo:warning=  145 | #if __GLIBC_USE (IEC_60559_BFP_EXT_C23)
[INFO] [stderr]   cargo:warning=      |                 ^
[INFO] [stderr]   cargo:warning=/usr/include/limits.h:184:17: error: missing binary operator before token '('
[INFO] [stderr]   cargo:warning=  184 | #if __GLIBC_USE (ISOC23)
[INFO] [stderr]   cargo:warning=      |                 ^
[INFO] [stderr]   cargo:warning=cc1: note: unrecognized command-line option '-Wno-macro-redefined' may have been intended to silence earlier diagnostics
[INFO] [stderr] 
[INFO] [stderr]   --- stderr
[INFO] [stderr] 
[INFO] [stderr] 
[INFO] [stderr]   error occurred in cc-rs: command did not execute successfully (status code exit status: 1): LC_ALL="C" "cc" "-O0" "-ffunction-sections" "-fdata-sections" "-fPIC" "-g" "-gdwarf-4" "-fno-omit-frame-pointer" "-mno-omit-leaf-frame-pointer" "-m64" "-I" "shim" "-I" "shim/musl/arch/generic" "-I" "shim/musl/include" "-w" "-Wno-macro-redefined" "-DPRINTF_ALIAS_STANDARD_FUNCTION_NAMES_HARD" "-include" "shim/wasm-shim.h" "-DSQLITE_OS_OTHER" "-DSQLITE_USE_URI" "-DSQLITE_THREADSAFE=0" "-DSQLITE_TEMP_STORE=2" "-DSQLITE_DEFAULT_CACHE_SIZE=-16384" "-DSQLITE_DEFAULT_PAGE_SIZE=8192" "-DSQLITE_OMIT_DEPRECATED" "-DSQLITE_OMIT_LOAD_EXTENSION" "-DSQLITE_OMIT_SHARED_CACHE" "-DSQLITE_ENABLE_UNLOCK_NOTIFY" "-DSQLITE_ENABLE_API_ARMOR" "-DSQLITE_ENABLE_BYTECODE_VTAB" "-DSQLITE_ENABLE_DBPAGE_VTAB" "-DSQLITE_ENABLE_DBSTAT_VTAB" "-DSQLITE_ENABLE_FTS5" "-DSQLITE_ENABLE_MATH_FUNCTIONS" "-DSQLITE_ENABLE_OFFSET_SQL_FUNC" "-DSQLITE_ENABLE_PREUPDATE_HOOK" "-DSQLITE_ENABLE_RTREE" "-DSQLITE_ENABLE_SESSION" "-DSQLITE_ENABLE_STMTVTAB" "-DSQLITE_ENABLE_UNKNOWN_SQL_FUNCTION" "-DSQLITE_ENABLE_COLUMN_METADATA" "-o" "/opt/rustwide/target/debug/build/sqlite-wasm-rs/91bff712abe1ec62/out/00ab591a9268141a-printf.o" "-c" "shim/printf/printf.c"
[INFO] [stderr] 
[INFO] [stderr] 
[INFO] [stderr] warning: build failed, waiting for other jobs to finish...
[INFO] running `Command { std: "docker" "inspect" "0064c854d192e4b3b0dc091f28c5c9c6032a2238417493d00d8c965af200a1e4", kill_on_drop: false }`
[INFO] running `Command { std: "docker" "rm" "-f" "0064c854d192e4b3b0dc091f28c5c9c6032a2238417493d00d8c965af200a1e4", kill_on_drop: false }`
[INFO] [stdout] 0064c854d192e4b3b0dc091f28c5c9c6032a2238417493d00d8c965af200a1e4
