[INFO] cloning repository https://github.com/IvGeniy04/grabby-bot-koyeb-deploy
[INFO] running `Command { std: "git" "-c" "credential.helper=" "-c" "credential.helper=/workspace/cargo-home/bin/git-credential-null" "clone" "--bare" "https://github.com/IvGeniy04/grabby-bot-koyeb-deploy" "/workspace/cache/git-repos/https%3A%2F%2Fgithub.com%2FIvGeniy04%2Fgrabby-bot-koyeb-deploy", kill_on_drop: false }`
[INFO] [stderr] Cloning into bare repository '/workspace/cache/git-repos/https%3A%2F%2Fgithub.com%2FIvGeniy04%2Fgrabby-bot-koyeb-deploy'...
[INFO] running `Command { std: "git" "rev-parse" "HEAD", kill_on_drop: false }`
[INFO] [stdout] 24dddf5424fc9d7f3893abcb107861f962fa5604
[INFO] checking IvGeniy04/grabby-bot-koyeb-deploy against 3154cc1a3e6424e44f438a95007d043ed5ceaaf6+rustflags=-Znext-solver=coherence for pr-133502-30
[INFO] running `Command { std: "git" "clone" "/workspace/cache/git-repos/https%3A%2F%2Fgithub.com%2FIvGeniy04%2Fgrabby-bot-koyeb-deploy" "/workspace/builds/worker-3-tc1/source", kill_on_drop: false }`
[INFO] [stderr] Cloning into '/workspace/builds/worker-3-tc1/source'...
[INFO] [stderr] done.
[INFO] started tweaking git repo https://github.com/IvGeniy04/grabby-bot-koyeb-deploy
[INFO] finished tweaking git repo https://github.com/IvGeniy04/grabby-bot-koyeb-deploy
[INFO] tweaked toml for git repo https://github.com/IvGeniy04/grabby-bot-koyeb-deploy written to /workspace/builds/worker-3-tc1/source/Cargo.toml
[INFO] validating manifest of git repo https://github.com/IvGeniy04/grabby-bot-koyeb-deploy on toolchain 3154cc1a3e6424e44f438a95007d043ed5ceaaf6
[INFO] running `Command { std: CARGO_HOME="/workspace/cargo-home" RUSTUP_HOME="/workspace/rustup-home" "/workspace/cargo-home/bin/cargo" "+3154cc1a3e6424e44f438a95007d043ed5ceaaf6" "metadata" "--manifest-path" "Cargo.toml" "--no-deps", kill_on_drop: false }`
[INFO] crate git repo https://github.com/IvGeniy04/grabby-bot-koyeb-deploy already has a lockfile, it will not be regenerated
[INFO] running `Command { std: CARGO_HOME="/workspace/cargo-home" RUSTUP_HOME="/workspace/rustup-home" "/workspace/cargo-home/bin/cargo" "+3154cc1a3e6424e44f438a95007d043ed5ceaaf6" "fetch" "--manifest-path" "Cargo.toml", kill_on_drop: false }`
[INFO] [stderr]     Blocking waiting for file lock on package cache
[INFO] [stderr]     Updating crates.io index
[INFO] [stderr]     Blocking waiting for file lock on package cache
[INFO] [stderr]      Locking 54 packages to highest compatible versions
[INFO] [stderr]       Adding actix-codec v0.5.4
[INFO] [stderr]       Adding actix-http v3.18.12
[INFO] [stderr]       Adding actix-macros v0.2.5
[INFO] [stderr]       Adding actix-router v0.5.4
[INFO] [stderr]       Adding actix-rt v2.15.0
[INFO] [stderr]       Adding actix-server v2.8.0 (available: v2.9.8)
[INFO] [stderr]       Adding actix-service v2.0.3
[INFO] [stderr]       Adding actix-utils v3.0.2
[INFO] [stderr]       Adding actix-web v4.15.0
[INFO] [stderr]       Adding actix-web-codegen v4.4.0
[INFO] [stderr]       Adding adler2 v2.0.1
[INFO] [stderr]       Adding block-buffer v0.12.1
[INFO] [stderr]       Adding brotli v8.0.4
[INFO] [stderr]       Adding bytestring v1.5.1
[INFO] [stderr]       Adding chacha20 v0.10.2
[INFO] [stderr]       Adding const-oid v0.10.2
[INFO] [stderr]       Adding convert_case v0.10.0
[INFO] [stderr]       Adding cookie v0.16.2
[INFO] [stderr]       Adding cpufeatures v0.3.1
[INFO] [stderr]       Adding crc32fast v1.5.2
[INFO] [stderr]       Adding crypto-common v0.2.2
[INFO] [stderr]       Adding derive_more v2.1.1
[INFO] [stderr]       Adding derive_more-impl v2.1.1
[INFO] [stderr]       Adding digest v0.11.3
[INFO] [stderr]       Adding flate2 v1.1.10
[INFO] [stderr]       Adding foldhash v0.2.0
[INFO] [stderr]       Adding getrandom v0.4.3
[INFO] [stderr]       Adding h2 v0.3.27
[INFO] [stderr]       Adding http v0.2.12
[INFO] [stderr]       Adding httpdate v1.0.3
[INFO] [stderr]       Adding hybrid-array v0.4.15
[INFO] [stderr]       Adding impl-more v0.3.10
[INFO] [stderr]       Adding language-tags v0.3.2
[INFO] [stderr]       Adding local-channel v0.1.5
[INFO] [stderr]       Adding local-waker v0.1.4
[INFO] [stderr]       Adding miniz_oxide v0.9.1
[INFO] [stderr]       Adding r-efi v6.0.0
[INFO] [stderr]       Adding rand v0.10.3
[INFO] [stderr]       Adding rand_core v0.10.1
[INFO] [stderr]       Adding regex v1.12.3 (available: v1.13.1)
[INFO] [stderr]       Adding regex-lite v0.1.9
[INFO] [stderr]       Adding rustc_version v0.4.1
[INFO] [stderr]       Adding ryu v1.0.23
[INFO] [stderr]       Adding semver v1.0.28
[INFO] [stderr]       Adding serde_urlencoded v0.7.1
[INFO] [stderr]       Adding sha1 v0.11.0
[INFO] [stderr]       Adding simd-adler32 v0.3.10
[INFO] [stderr]       Adding syn v3.0.7
[INFO] [stderr]       Adding typenum v1.20.1
[INFO] [stderr]       Adding unicode-segmentation v1.13.3
[INFO] [stderr]       Adding unicode-xid v0.2.6
[INFO] [stderr]       Adding version_check v0.9.5
[INFO] [stderr]       Adding zlib-rs v0.6.8
[INFO] [stderr]       Adding zstd v0.13.3
[INFO] [stderr]  Downloading crates ...
[INFO] [stderr]   Downloaded twilight-validate v0.17.0
[INFO] [stderr]   Downloaded openssl-probe v0.2.0
[INFO] [stderr]   Downloaded twilight-standby v0.17.0
[INFO] [stderr]   Downloaded twilight-http-ratelimiting v0.17.1
[INFO] [stderr]   Downloaded twilight-util v0.17.0
[INFO] [stderr]   Downloaded zmij v1.0.13
[INFO] [stderr]   Downloaded twilight-gateway-queue v0.17.0
[INFO] [stderr]   Downloaded twilight-http v0.17.1
[INFO] [stderr]   Downloaded twilight-gateway v0.17.1
[INFO] [stderr]   Downloaded twilight-cache-inmemory v0.17.1
[INFO] [stderr]   Downloaded webpki-root-certs v1.0.5
[INFO] [stderr]   Downloaded rand_core v0.9.4
[INFO] [stderr]   Downloaded twilight-model v0.17.1
[INFO] [stderr]   Downloaded aws-lc-rs v1.15.2
[INFO] [stderr]   Downloaded tokio-websockets v0.13.1
[INFO] [stderr]   Downloaded impl-more v0.3.10
[INFO] [stderr]   Downloaded actix-web-codegen v4.4.0
[INFO] [stderr]   Downloaded actix-rt v2.15.0
[INFO] [stderr]   Downloaded actix-macros v0.2.5
[INFO] [stderr]   Downloaded actix-utils v3.0.2
[INFO] [stderr]   Downloaded actix-http v3.18.12
[INFO] [stderr]   Downloaded actix-server v2.8.0
[INFO] [stderr]   Downloaded actix-codec v0.5.4
[INFO] [stderr]   Downloaded aws-lc-sys v0.35.0
[INFO] running `Command { std: "docker" "create" "-v" "/var/lib/crater-agent-workspace/builds/worker-3-tc1/source:/opt/rustwide/workdir:ro,Z" "-v" "/var/lib/crater-agent-workspace/builds/worker-3-tc1/target:/opt/rustwide/target:rw,Z" "-v" "/var/lib/crater-agent-workspace/cargo-home:/opt/rustwide/cargo-home:ro,Z" "-v" "/var/lib/crater-agent-workspace/rustup-home:/opt/rustwide/rustup-home:ro,Z" "-m" "1610612736" "--network" "none" "ghcr.io/rust-lang/crates-build-env/linux@sha256:77db811e55d90add9212f6832c23229e3de5f1c1f9905e8cb07319ea15df73ac" "sleep" "infinity", kill_on_drop: false }`
[INFO] [stdout] 590c5b2fb59a478dd4b454cf0f0e9ba77204686bfedb0897416f3728c474fbcf
[INFO] running `Command { std: "docker" "start" "590c5b2fb59a478dd4b454cf0f0e9ba77204686bfedb0897416f3728c474fbcf", kill_on_drop: false }`
[INFO] running `Command { std: "docker" "inspect" "590c5b2fb59a478dd4b454cf0f0e9ba77204686bfedb0897416f3728c474fbcf", kill_on_drop: false }`
[INFO] running `Command { std: "docker" "exec" "-e" "SOURCE_DIR=/opt/rustwide/workdir" "-e" "CARGO_HOME=/opt/rustwide/cargo-home" "-e" "RUSTUP_HOME=/opt/rustwide/rustup-home" "-e" "CARGO_TARGET_DIR=/opt/rustwide/target" "-w" "/opt/rustwide/workdir" "--user" "0:0" "590c5b2fb59a478dd4b454cf0f0e9ba77204686bfedb0897416f3728c474fbcf" "/opt/rustwide/cargo-home/bin/cargo" "+3154cc1a3e6424e44f438a95007d043ed5ceaaf6" "metadata" "--no-deps" "--format-version=1", kill_on_drop: false }`
[INFO] running `Command { std: "docker" "inspect" "590c5b2fb59a478dd4b454cf0f0e9ba77204686bfedb0897416f3728c474fbcf", kill_on_drop: false }`
[INFO] running `Command { std: "docker" "exec" "-e" "SOURCE_DIR=/opt/rustwide/workdir" "-e" "CARGO_HOME=/opt/rustwide/cargo-home" "-e" "RUSTUP_HOME=/opt/rustwide/rustup-home" "-e" "CARGO_TARGET_DIR=/opt/rustwide/target" "-e" "CARGO_INCREMENTAL=0" "-e" "RUST_BACKTRACE=full" "-e" "RUSTFLAGS=--cap-lints=forbid -Znext-solver=coherence" "-e" "RUSTDOCFLAGS=--cap-lints=forbid" "-w" "/opt/rustwide/workdir" "--user" "0:0" "590c5b2fb59a478dd4b454cf0f0e9ba77204686bfedb0897416f3728c474fbcf" "/opt/rustwide/cargo-home/bin/cargo" "+3154cc1a3e6424e44f438a95007d043ed5ceaaf6" "check" "--frozen" "--all" "--all-targets" "--message-format=json", kill_on_drop: false }`
[INFO] [stderr]    Compiling proc-macro2 v1.0.105
[INFO] [stderr]    Compiling unicode-ident v1.0.22
[INFO] [stderr]    Compiling quote v1.0.43
[INFO] [stderr]    Compiling libc v0.2.180
[INFO] [stderr]     Checking bytes v1.11.0
[INFO] [stderr]    Compiling find-msvc-tools v0.1.7
[INFO] [stderr]     Checking slab v0.4.11
[INFO] [stderr]     Checking bitflags v2.10.0
[INFO] [stderr]     Checking memchr v2.7.6
[INFO] [stderr]    Compiling aws-lc-rs v1.15.2
[INFO] [stderr]     Checking hashbrown v0.16.1
[INFO] [stderr]    Compiling num-traits v0.2.19
[INFO] [stderr]    Compiling time-core v0.1.6
[INFO] [stderr]     Checking deranged v0.5.5
[INFO] [stderr]    Compiling time-macros v0.2.24
[INFO] [stderr]     Checking http v1.4.0
[INFO] [stderr]     Checking rustls-pki-types v1.13.2
[INFO] [stderr]     Checking indexmap v2.13.0
[INFO] [stderr]    Compiling syn v2.0.114
[INFO] [stderr]    Compiling jobserver v0.1.34
[INFO] [stderr]     Checking parking_lot_core v0.9.12
[INFO] [stderr]     Checking errno v0.3.14
[INFO] [stderr]     Checking socket2 v0.6.1
[INFO] [stderr]     Checking signal-hook-registry v1.4.8
[INFO] [stderr]     Checking parking_lot v0.12.5
[INFO] [stderr]     Checking mio v1.1.1
[INFO] [stderr]    Compiling cc v1.2.52
[INFO] [stderr]    Compiling rustls v0.23.36
[INFO] [stderr]     Checking litemap v0.8.1
[INFO] [stderr]     Checking writeable v0.6.2
[INFO] [stderr]     Checking time v0.3.44
[INFO] [stderr]     Checking http-body v1.0.1
[INFO] [stderr]    Compiling zmij v1.0.13
[INFO] [stderr]    Compiling icu_normalizer_data v2.1.1
[INFO] [stderr]    Compiling icu_properties_data v2.1.2
[INFO] [stderr]     Checking openssl-probe v0.2.0
[INFO] [stderr]     Checking rustls-native-certs v0.8.3
[INFO] [stderr]     Checking aho-corasick v1.1.4
[INFO] [stderr]     Checking ordered-float v2.10.1
[INFO] [stderr]    Compiling zstd-safe v7.2.4
[INFO] [stderr]     Checking regex-syntax v0.8.8
[INFO] [stderr]    Compiling serde_core v1.0.228
[INFO] [stderr]     Checking local-waker v0.1.4
[INFO] [stderr]    Compiling serde v1.0.228
[INFO] [stderr]     Checking serde_json v1.0.149
[INFO] [stderr]    Compiling crc32fast v1.5.2
[INFO] [stderr]     Checking http v0.2.12
[INFO] [stderr]    Compiling cmake v0.1.57
[INFO] [stderr]     Checking simd-adler32 v0.3.10
[INFO] [stderr]    Compiling tracing-core v0.1.36
[INFO] [stderr]     Checking miniz_oxide v0.9.1
[INFO] [stderr]    Compiling cookie v0.16.2
[INFO] [stderr]     Checking digest v0.11.3
[INFO] [stderr]    Compiling aws-lc-sys v0.35.0
[INFO] [stderr]    Compiling zstd-sys v2.0.16+zstd.1.5.7
[INFO] [stderr]    Compiling tracing v0.1.44
[INFO] [stderr]    Compiling bytestring v1.5.1
[INFO] [stderr]     Checking getrandom v0.4.3
[INFO] [stderr]     Checking actix-utils v3.0.2
[INFO] [stderr]     Checking regex-automata v0.4.13
[INFO] [stderr]     Checking http-body-util v0.1.3
[INFO] [stderr]    Compiling syn v3.0.7
[INFO] [stderr]     Checking actix-service v2.0.3
[INFO] [stderr]    Compiling regex-lite v0.1.9
[INFO] [stderr]    Compiling rustix v1.1.3
[INFO] [stderr]     Checking dashmap v6.1.0
[INFO] [stderr]     Checking rand v0.10.3
[INFO] [stderr]    Compiling synstructure v0.13.2
[INFO] [stderr]     Checking flate2 v1.1.10
[INFO] [stderr]     Checking sha1 v0.11.0
[INFO] [stderr]     Checking local-channel v0.1.5
[INFO] [stderr]    Compiling actix-router v0.5.4
[INFO] [stderr]     Checking brotli v8.0.4
[INFO] [stderr]     Checking simdutf8 v0.1.5
[INFO] [stderr]     Checking iri-string v0.7.10
[INFO] [stderr]     Checking regex v1.12.3
[INFO] [stderr]     Checking clap_lex v0.7.6
[INFO] [stderr]     Checking language-tags v0.3.2
[INFO] [stderr]     Checking foldhash v0.2.0
[INFO] [stderr]    Compiling tokio-macros v2.6.0
[INFO] [stderr]    Compiling tracing-attributes v0.1.31
[INFO] [stderr]    Compiling zerofrom-derive v0.1.6
[INFO] [stderr]    Compiling serde_derive v1.0.228
[INFO] [stderr]     Checking tokio v1.49.0
[INFO] [stderr]     Checking zerofrom v0.1.6
[INFO] [stderr]    Compiling yoke-derive v0.8.1
[INFO] [stderr]    Compiling zerovec-derive v0.11.2
[INFO] [stderr]    Compiling displaydoc v0.2.5
[INFO] [stderr]    Compiling serde_repr v0.1.20
[INFO] [stderr]     Checking yoke v0.8.1
[INFO] [stderr]    Compiling derive_more-impl v2.1.1
[INFO] [stderr]     Checking zerovec v0.11.5
[INFO] [stderr]     Checking winnow v0.7.14
[INFO] [stderr]     Checking zerotrie v0.2.3
[INFO] [stderr]     Checking linux-raw-sys v0.11.0
[INFO] [stderr]     Checking tinystr v0.8.2
[INFO] [stderr]     Checking icu_locale_core v2.1.1
[INFO] [stderr]     Checking potential_utf v0.1.4
[INFO] [stderr]     Checking icu_collections v2.1.1
[INFO] [stderr]     Checking icu_provider v2.1.1
[INFO] [stderr]     Checking dirs-sys v0.5.0
[INFO] [stderr]    Compiling clap_derive v4.5.49
[INFO] [stderr]     Checking toml_parser v1.0.6+spec-1.1.0
[INFO] [stderr]     Checking icu_properties v2.1.2
[INFO] [stderr]     Checking icu_normalizer v2.1.1
[INFO] [stderr]     Checking serde-value v0.7.0
[INFO] [stderr]     Checking tokio-util v0.7.18
[INFO] [stderr]     Checking twilight-model v0.17.1
[INFO] [stderr]     Checking tower v0.5.2
[INFO] [stderr]     Checking actix-rt v2.15.0
[INFO] [stderr]     Checking idna_adapter v1.2.1
[INFO] [stderr]     Checking h2 v0.4.13
[INFO] [stderr]     Checking idna v1.1.0
[INFO] [stderr]     Checking h2 v0.3.27
[INFO] [stderr]     Checking url v2.5.8
[INFO] [stderr]     Checking derive_more v2.1.1
[INFO] [stderr]     Checking twilight-http-ratelimiting v0.17.1
[INFO] [stderr]     Checking actix-codec v0.5.4
[INFO] [stderr]     Checking actix-server v2.8.0
[INFO] [stderr]     Checking tower-http v0.6.8
[INFO] [stdout] error[E0432]: unresolved import `actix_rt::net`
[INFO] [stdout]   --> /opt/rustwide/cargo-home/registry/src/index.crates.io-1949cf8c6b5b557f/actix-server-2.8.0/src/builder.rs:3:15
[INFO] [stdout]    |
[INFO] [stdout]  3 | use actix_rt::net::TcpStream;
[INFO] [stdout]    |               ^^^ could not find `net` in `actix_rt`
[INFO] [stdout]    |
[INFO] [stdout] note: found an item that was configured out
[INFO] [stdout]   --> /opt/rustwide/cargo-home/registry/src/index.crates.io-1949cf8c6b5b557f/actix-rt-2.15.0/src/lib.rs:82:9
[INFO] [stdout]    |
[INFO] [stdout] 81 | #[cfg(feature = "net")]
[INFO] [stdout]    |       --------------- the item is gated behind the `net` feature
[INFO] [stdout] 82 | pub mod net {
[INFO] [stdout]    |         ^^^
[INFO] [stdout] 
[INFO] [stdout] 
[INFO] [stdout] error[E0432]: unresolved import `actix_rt::signal`
[INFO] [stdout]   --> /opt/rustwide/cargo-home/registry/src/index.crates.io-1949cf8c6b5b557f/actix-server-2.8.0/src/signals.rs:82:27
[INFO] [stdout]    |
[INFO] [stdout] 82 |             use actix_rt::signal::unix;
[INFO] [stdout]    |                           ^^^^^^ could not find `signal` in `actix_rt`
[INFO] [stdout]    |
[INFO] [stdout] note: found an item that was configured out
[INFO] [stdout]   --> /opt/rustwide/cargo-home/registry/src/index.crates.io-1949cf8c6b5b557f/actix-rt-2.15.0/src/lib.rs:70:9
[INFO] [stdout]    |
[INFO] [stdout] 69 | #[cfg(feature = "signal")]
[INFO] [stdout]    |       ------------------ the item is gated behind the `signal` feature
[INFO] [stdout] 70 | pub mod signal {
[INFO] [stdout]    |         ^^^^^^
[INFO] [stdout] 
[INFO] [stdout] 
[INFO] [stdout] error[E0432]: unresolved import `actix_rt::net`
[INFO] [stdout]   --> /opt/rustwide/cargo-home/registry/src/index.crates.io-1949cf8c6b5b557f/actix-server-2.8.0/src/socket.rs:6:15
[INFO] [stdout]    |
[INFO] [stdout]  6 | use actix_rt::net::TcpStream;
[INFO] [stdout]    |               ^^^ could not find `net` in `actix_rt`
[INFO] [stdout]    |
[INFO] [stdout] note: found an item that was configured out
[INFO] [stdout]   --> /opt/rustwide/cargo-home/registry/src/index.crates.io-1949cf8c6b5b557f/actix-rt-2.15.0/src/lib.rs:82:9
[INFO] [stdout]    |
[INFO] [stdout] 81 | #[cfg(feature = "net")]
[INFO] [stdout]    |       --------------- the item is gated behind the `net` feature
[INFO] [stdout] 82 | pub mod net {
[INFO] [stdout]    |         ^^^
[INFO] [stdout] 
[INFO] [stdout] 
[INFO] [stdout] error[E0432]: unresolved import `actix_rt::net`
[INFO] [stdout]    --> /opt/rustwide/cargo-home/registry/src/index.crates.io-1949cf8c6b5b557f/actix-server-2.8.0/src/socket.rs:181:19
[INFO] [stdout]     |
[INFO] [stdout] 181 |     use actix_rt::net::UnixStream;
[INFO] [stdout]     |                   ^^^ could not find `net` in `actix_rt`
[INFO] [stdout]     |
[INFO] [stdout] note: found an item that was configured out
[INFO] [stdout]    --> /opt/rustwide/cargo-home/registry/src/index.crates.io-1949cf8c6b5b557f/actix-rt-2.15.0/src/lib.rs:82:9
[INFO] [stdout]     |
[INFO] [stdout]  81 | #[cfg(feature = "net")]
[INFO] [stdout]     |       --------------- the item is gated behind the `net` feature
[INFO] [stdout]  82 | pub mod net {
[INFO] [stdout]     |         ^^^
[INFO] [stdout] 
[INFO] [stdout] 
[INFO] [stdout] error[E0432]: unresolved import `actix_rt::net`
[INFO] [stdout]   --> /opt/rustwide/cargo-home/registry/src/index.crates.io-1949cf8c6b5b557f/actix-server-2.8.0/src/test_server.rs:3:16
[INFO] [stdout]    |
[INFO] [stdout]  3 | use actix_rt::{net::TcpStream, System};
[INFO] [stdout]    |                ^^^ could not find `net` in `actix_rt`
[INFO] [stdout]    |
[INFO] [stdout] note: found an item that was configured out
[INFO] [stdout]   --> /opt/rustwide/cargo-home/registry/src/index.crates.io-1949cf8c6b5b557f/actix-rt-2.15.0/src/lib.rs:82:9
[INFO] [stdout]    |
[INFO] [stdout] 81 | #[cfg(feature = "net")]
[INFO] [stdout]    |       --------------- the item is gated behind the `net` feature
[INFO] [stdout] 82 | pub mod net {
[INFO] [stdout]    |         ^^^
[INFO] [stdout] 
[INFO] [stdout] 
[INFO] [stdout] error[E0433]: cannot find `net` in `actix_rt`
[INFO] [stdout]    --> /opt/rustwide/cargo-home/registry/src/index.crates.io-1949cf8c6b5b557f/actix-server-2.8.0/src/builder.rs:346:43
[INFO] [stdout]     |
[INFO] [stdout] 346 |         F: ServerServiceFactory<actix_rt::net::UnixStream>,
[INFO] [stdout]     |                                           ^^^ could not find `net` in `actix_rt`
[INFO] [stdout]     |
[INFO] [stdout] note: found an item that was configured out
[INFO] [stdout]    --> /opt/rustwide/cargo-home/registry/src/index.crates.io-1949cf8c6b5b557f/actix-rt-2.15.0/src/lib.rs:82:9
[INFO] [stdout]     |
[INFO] [stdout]  81 | #[cfg(feature = "net")]
[INFO] [stdout]     |       --------------- the item is gated behind the `net` feature
[INFO] [stdout]  82 | pub mod net {
[INFO] [stdout]     |         ^^^
[INFO] [stdout] help: consider importing one of these modules
[INFO] [stdout]     |
[INFO] [stdout]   1 + use std::os::unix::net;
[INFO] [stdout]     |
[INFO] [stdout]   1 + use mio::net;
[INFO] [stdout]     |
[INFO] [stdout]   1 + use tokio::net;
[INFO] [stdout]     |
[INFO] [stdout] help: if you import `net`, refer to it directly
[INFO] [stdout]     |
[INFO] [stdout] 346 -         F: ServerServiceFactory<actix_rt::net::UnixStream>,
[INFO] [stdout] 346 +         F: ServerServiceFactory<net::UnixStream>,
[INFO] [stdout]     |
[INFO] [stdout] 
[INFO] [stdout] 
[INFO] [stdout] error[E0433]: cannot find `net` in `actix_rt`
[INFO] [stdout]    --> /opt/rustwide/cargo-home/registry/src/index.crates.io-1949cf8c6b5b557f/actix-server-2.8.0/src/builder.rs:378:43
[INFO] [stdout]     |
[INFO] [stdout] 378 |         F: ServerServiceFactory<actix_rt::net::UnixStream>,
[INFO] [stdout]     |                                           ^^^ could not find `net` in `actix_rt`
[INFO] [stdout]     |
[INFO] [stdout] note: found an item that was configured out
[INFO] [stdout]    --> /opt/rustwide/cargo-home/registry/src/index.crates.io-1949cf8c6b5b557f/actix-rt-2.15.0/src/lib.rs:82:9
[INFO] [stdout]     |
[INFO] [stdout]  81 | #[cfg(feature = "net")]
[INFO] [stdout]     |       --------------- the item is gated behind the `net` feature
[INFO] [stdout]  82 | pub mod net {
[INFO] [stdout]     |         ^^^
[INFO] [stdout] help: consider importing one of these modules
[INFO] [stdout]     |
[INFO] [stdout]   1 + use std::os::unix::net;
[INFO] [stdout]     |
[INFO] [stdout]   1 + use mio::net;
[INFO] [stdout]     |
[INFO] [stdout]   1 + use tokio::net;
[INFO] [stdout]     |
[INFO] [stdout] help: if you import `net`, refer to it directly
[INFO] [stdout]     |
[INFO] [stdout] 378 -         F: ServerServiceFactory<actix_rt::net::UnixStream>,
[INFO] [stdout] 378 +         F: ServerServiceFactory<net::UnixStream>,
[INFO] [stdout]     |
[INFO] [stdout] 
[INFO] [stdout] 
[INFO] [stdout] error[E0433]: cannot find `signal` in `actix_rt`
[INFO] [stdout]   --> /opt/rustwide/cargo-home/registry/src/index.crates.io-1949cf8c6b5b557f/actix-server-2.8.0/src/signals.rs:65:41
[INFO] [stdout]    |
[INFO] [stdout] 65 |     signals: Vec<(SignalKind, actix_rt::signal::unix::Signal)>,
[INFO] [stdout]    |                                         ^^^^^^ could not find `signal` in `actix_rt`
[INFO] [stdout]    |
[INFO] [stdout] note: found an item that was configured out
[INFO] [stdout]   --> /opt/rustwide/cargo-home/registry/src/index.crates.io-1949cf8c6b5b557f/actix-rt-2.15.0/src/lib.rs:70:9
[INFO] [stdout]    |
[INFO] [stdout] 69 | #[cfg(feature = "signal")]
[INFO] [stdout]    |       ------------------ the item is gated behind the `signal` feature
[INFO] [stdout] 70 | pub mod signal {
[INFO] [stdout]    |         ^^^^^^
[INFO] [stdout] help: consider importing this module
[INFO] [stdout]    |
[INFO] [stdout]  1 + use tokio::signal::unix;
[INFO] [stdout]    |
[INFO] [stdout] help: if you import `unix`, refer to it directly
[INFO] [stdout]    |
[INFO] [stdout] 65 -     signals: Vec<(SignalKind, actix_rt::signal::unix::Signal)>,
[INFO] [stdout] 65 +     signals: Vec<(SignalKind, unix::Signal)>,
[INFO] [stdout]    |
[INFO] [stdout] 
[INFO] [stdout] 
[INFO] [stderr]     Checking twilight-gateway-queue v0.17.0
[INFO] [stderr]     Checking serde_urlencoded v0.7.1
[INFO] [stderr]     Checking tracing-serde v0.2.0
[INFO] [stdout] Some errors have detailed explanations: E0432, E0433.
[INFO] [stdout] 
[INFO] [stdout] For more information about an error, try `rustc --explain E0432`.
[INFO] [stdout] 
[INFO] [stderr] error: could not compile `actix-server` (lib) due to 8 previous errors
[INFO] [stderr] warning: build failed, waiting for other jobs to finish...
[INFO] running `Command { std: "docker" "inspect" "590c5b2fb59a478dd4b454cf0f0e9ba77204686bfedb0897416f3728c474fbcf", kill_on_drop: false }`
[INFO] running `Command { std: "docker" "rm" "-f" "590c5b2fb59a478dd4b454cf0f0e9ba77204686bfedb0897416f3728c474fbcf", kill_on_drop: false }`
[INFO] [stdout] 590c5b2fb59a478dd4b454cf0f0e9ba77204686bfedb0897416f3728c474fbcf
