[INFO] cloning repository https://github.com/IsraelJP/FKDeck
[INFO] running `Command { std: "git" "-c" "credential.helper=" "-c" "credential.helper=/workspace/cargo-home/bin/git-credential-null" "clone" "--bare" "https://github.com/IsraelJP/FKDeck" "/workspace/cache/git-repos/https%3A%2F%2Fgithub.com%2FIsraelJP%2FFKDeck", kill_on_drop: false }`
[INFO] [stderr] Cloning into bare repository '/workspace/cache/git-repos/https%3A%2F%2Fgithub.com%2FIsraelJP%2FFKDeck'...
[INFO] running `Command { std: "git" "rev-parse" "HEAD", kill_on_drop: false }`
[INFO] [stdout] 227e9d882aaba9e455f80e24b4a37d3cbdb00fe8
[INFO] checking IsraelJP/FKDeck against 3154cc1a3e6424e44f438a95007d043ed5ceaaf6+rustflags=-Znext-solver=coherence for pr-133502-30
[INFO] running `Command { std: "git" "clone" "/workspace/cache/git-repos/https%3A%2F%2Fgithub.com%2FIsraelJP%2FFKDeck" "/workspace/builds/worker-0-tc1/source", kill_on_drop: false }`
[INFO] [stderr] Cloning into '/workspace/builds/worker-0-tc1/source'...
[INFO] [stderr] done.
[INFO] started tweaking git repo https://github.com/IsraelJP/FKDeck
[INFO] finished tweaking git repo https://github.com/IsraelJP/FKDeck
[INFO] tweaked toml for git repo https://github.com/IsraelJP/FKDeck written to /workspace/builds/worker-0-tc1/source/Cargo.toml
[INFO] validating manifest of git repo https://github.com/IsraelJP/FKDeck on toolchain 3154cc1a3e6424e44f438a95007d043ed5ceaaf6
[INFO] running `Command { std: CARGO_HOME="/workspace/cargo-home" RUSTUP_HOME="/workspace/rustup-home" "/workspace/cargo-home/bin/cargo" "+3154cc1a3e6424e44f438a95007d043ed5ceaaf6" "metadata" "--manifest-path" "Cargo.toml" "--no-deps", kill_on_drop: false }`
[INFO] crate git repo https://github.com/IsraelJP/FKDeck already has a lockfile, it will not be regenerated
[INFO] running `Command { std: CARGO_HOME="/workspace/cargo-home" RUSTUP_HOME="/workspace/rustup-home" "/workspace/cargo-home/bin/cargo" "+3154cc1a3e6424e44f438a95007d043ed5ceaaf6" "fetch" "--manifest-path" "Cargo.toml", kill_on_drop: false }`
[INFO] [stderr]     Updating crates.io index
[INFO] [stderr]  Downloading crates ...
[INFO] [stderr]   Downloaded tokio-tungstenite v0.29.0
[INFO] [stderr]   Downloaded hybrid-array v0.4.14
[INFO] [stderr]   Downloaded rust-embed-utils v8.12.0
[INFO] [stderr]   Downloaded self-replace v1.5.0
[INFO] [stderr]   Downloaded neli-proc-macros v0.2.2
[INFO] [stderr]   Downloaded rust-embed-impl v8.12.0
[INFO] [stderr]   Downloaded qrcode v0.14.1
[INFO] [stderr]   Downloaded mach2 v0.5.0
[INFO] [stderr]   Downloaded objc2-core-audio-types v0.3.2
[INFO] [stderr]   Downloaded objc2-core-audio v0.3.2
[INFO] [stderr]   Downloaded alsa-sys v0.4.0
[INFO] [stderr]   Downloaded local-ip-address v0.6.13
[INFO] [stderr]   Downloaded coreaudio-rs v0.14.2
[INFO] [stderr]   Downloaded xkbcommon v0.9.0
[INFO] [stderr]   Downloaded alsa v0.11.0
[INFO] [stderr]   Downloaded neli v0.7.4
[INFO] [stderr]   Downloaded enigo v0.6.1
[INFO] [stderr]   Downloaded objc2-avf-audio v0.3.2
[INFO] [stderr]   Downloaded cpal v0.17.3
[INFO] [stderr]   Downloaded rodio v0.22.2
[INFO] [stderr]   Downloaded objc2-audio-toolbox v0.3.2
[INFO] [stderr]   Downloaded rust-embed v8.12.0
[INFO] running `Command { std: "docker" "create" "-v" "/var/lib/crater-agent-workspace/builds/worker-0-tc1/source:/opt/rustwide/workdir:ro,Z" "-v" "/var/lib/crater-agent-workspace/builds/worker-0-tc1/target:/opt/rustwide/target:rw,Z" "-v" "/var/lib/crater-agent-workspace/cargo-home:/opt/rustwide/cargo-home:ro,Z" "-v" "/var/lib/crater-agent-workspace/rustup-home:/opt/rustwide/rustup-home:ro,Z" "-m" "1610612736" "--network" "none" "ghcr.io/rust-lang/crates-build-env/linux@sha256:77db811e55d90add9212f6832c23229e3de5f1c1f9905e8cb07319ea15df73ac" "sleep" "infinity", kill_on_drop: false }`
[INFO] [stdout] b572f6bd9f6d5728d7365f7bda1a0a0a8189c1776fdd9af11c0e91be69553efd
[INFO] running `Command { std: "docker" "start" "b572f6bd9f6d5728d7365f7bda1a0a0a8189c1776fdd9af11c0e91be69553efd", kill_on_drop: false }`
[INFO] running `Command { std: "docker" "inspect" "b572f6bd9f6d5728d7365f7bda1a0a0a8189c1776fdd9af11c0e91be69553efd", kill_on_drop: false }`
[INFO] running `Command { std: "docker" "exec" "-e" "SOURCE_DIR=/opt/rustwide/workdir" "-e" "CARGO_HOME=/opt/rustwide/cargo-home" "-e" "RUSTUP_HOME=/opt/rustwide/rustup-home" "-e" "CARGO_TARGET_DIR=/opt/rustwide/target" "-w" "/opt/rustwide/workdir" "--user" "0:0" "b572f6bd9f6d5728d7365f7bda1a0a0a8189c1776fdd9af11c0e91be69553efd" "/opt/rustwide/cargo-home/bin/cargo" "+3154cc1a3e6424e44f438a95007d043ed5ceaaf6" "metadata" "--no-deps" "--format-version=1", kill_on_drop: false }`
[INFO] running `Command { std: "docker" "inspect" "b572f6bd9f6d5728d7365f7bda1a0a0a8189c1776fdd9af11c0e91be69553efd", kill_on_drop: false }`
[INFO] running `Command { std: "docker" "exec" "-e" "SOURCE_DIR=/opt/rustwide/workdir" "-e" "CARGO_HOME=/opt/rustwide/cargo-home" "-e" "RUSTUP_HOME=/opt/rustwide/rustup-home" "-e" "CARGO_TARGET_DIR=/opt/rustwide/target" "-e" "CARGO_INCREMENTAL=0" "-e" "RUST_BACKTRACE=full" "-e" "RUSTFLAGS=--cap-lints=forbid -Znext-solver=coherence" "-e" "RUSTDOCFLAGS=--cap-lints=forbid" "-w" "/opt/rustwide/workdir" "--user" "0:0" "b572f6bd9f6d5728d7365f7bda1a0a0a8189c1776fdd9af11c0e91be69553efd" "/opt/rustwide/cargo-home/bin/cargo" "+3154cc1a3e6424e44f438a95007d043ed5ceaaf6" "check" "--frozen" "--all" "--all-targets" "--message-format=json", kill_on_drop: false }`
[INFO] [stderr]     Checking log v0.4.34
[INFO] [stderr]     Checking typenum v1.20.1
[INFO] [stderr]     Checking arrayvec v0.7.8
[INFO] [stderr]    Compiling syn v3.0.3
[INFO] [stderr]    Compiling syn v2.0.119
[INFO] [stderr]     Checking smallvec v1.15.2
[INFO] [stderr]    Compiling rustix v1.1.4
[INFO] [stderr]     Checking mio v1.2.2
[INFO] [stderr]     Checking symphonia-core v0.5.5
[INFO] [stderr]    Compiling unicase v2.9.0
[INFO] [stderr]     Checking linux-raw-sys v0.12.1
[INFO] [stderr]    Compiling mime_guess v2.0.5
[INFO] [stderr]    Compiling serde_core v1.0.229
[INFO] [stderr]    Compiling alsa-sys v0.4.0
[INFO] [stderr]    Compiling const-oid v0.10.2
[INFO] [stderr]     Checking slab v0.4.12
[INFO] [stderr]    Compiling hybrid-array v0.4.14
[INFO] [stderr]     Checking symphonia-metadata v0.5.5
[INFO] [stderr]    Compiling inotify-sys v0.1.8
[INFO] [stderr]     Checking generic-array v0.14.7
[INFO] [stderr]     Checking symphonia-utils-xiph v0.5.5
[INFO] [stderr]     Checking futures-sink v0.3.34
[INFO] [stderr]    Compiling cpufeatures v0.3.0
[INFO] [stderr]    Compiling crypto-common v0.2.2
[INFO] [stderr]    Compiling block-buffer v0.12.1
[INFO] [stderr]    Compiling getrandom v0.4.3
[INFO] [stderr]     Checking crypto-common v0.1.7
[INFO] [stderr]     Checking block-buffer v0.10.4
[INFO] [stderr]     Checking digest v0.10.7
[INFO] [stderr]     Checking ring v0.17.14
[INFO] [stderr]     Checking sha1 v0.10.7
[INFO] [stderr]     Checking tracing v0.1.44
[INFO] [stderr]     Checking digest v0.11.3
[INFO] [stderr]     Checking rand v0.9.5
[INFO] [stderr]    Compiling sha2 v0.11.0
[INFO] [stderr]     Checking num-integer v0.1.47
[INFO] [stderr]     Checking parking_lot_core v0.9.12
[INFO] [stderr]     Checking futures-channel v0.3.34
[INFO] [stderr]     Checking extended v0.1.0
[INFO] [stderr]    Compiling cpal v0.17.3
[INFO] [stderr]    Compiling either v1.18.0
[INFO] [stderr]    Compiling mime v0.3.17
[INFO] [stderr]     Checking sync_wrapper v1.0.2
[INFO] [stderr]     Checking rustls-webpki v0.103.15
[INFO] [stderr]    Compiling darling_core v0.20.11
[INFO] [stderr]    Compiling rust-embed-utils v8.12.0
[INFO] [stderr]     Checking parking_lot v0.12.5
[INFO] [stderr]     Checking symphonia-format-riff v0.5.5
[INFO] [stderr]     Checking num-bigint v0.4.8
[INFO] [stderr]     Checking alsa v0.11.0
[INFO] [stderr]     Checking symphonia-codec-vorbis v0.5.5
[INFO] [stderr]     Checking symphonia-bundle-flac v0.5.5
[INFO] [stderr]     Checking symphonia-format-ogg v0.5.5
[INFO] [stderr]     Checking symphonia-bundle-mp3 v0.5.5
[INFO] [stderr]    Compiling serde_derive v1.0.229
[INFO] [stderr]    Compiling tokio-macros v2.7.2
[INFO] [stderr]    Compiling thiserror-impl v2.0.20
[INFO] [stderr]    Compiling futures-macro v0.3.34
[INFO] [stderr]     Checking gethostname v1.1.0
[INFO] [stderr]     Checking symphonia-codec-pcm v0.5.5
[INFO] [stderr]     Checking memmap2 v0.9.11
[INFO] [stderr]     Checking base64 v0.23.1
[INFO] [stderr]     Checking x11rb-protocol v0.13.2
[INFO] [stderr]     Checking tokio v1.53.1
[INFO] [stderr]    Compiling getset v0.1.7
[INFO] [stderr]     Checking winnow v1.0.4
[INFO] [stderr]     Checking futures-util v0.3.34
[INFO] [stderr]     Checking dasp_sample v0.11.0
[INFO] [stderr]     Checking toml_parser v1.1.3+spec-1.1.0
[INFO] [stderr]     Checking xkbcommon v0.9.0
[INFO] [stderr]     Checking thiserror v2.0.20
[INFO] [stderr]     Checking ureq-proto v0.6.1
[INFO] [stderr]     Checking tungstenite v0.29.0
[INFO] [stderr]    Compiling rust-embed-impl v8.12.0
[INFO] [stderr]     Checking rustls v0.23.43
[INFO] [stderr]     Checking tempfile v3.27.0
[INFO] [stderr]    Compiling darling_macro v0.20.11
[INFO] [stderr]     Checking symphonia v0.5.5
[INFO] [stderr]     Checking axum-core v0.5.6
[INFO] [stderr]     Checking num-rational v0.4.2
[INFO] [stderr]    Compiling darling v0.20.11
[INFO] [stderr]    Compiling derive_builder_core v0.20.2
[INFO] [stderr]     Checking inotify v0.11.5
[INFO] [stderr]     Checking nom v8.0.0
[INFO] [stderr]    Compiling derive_builder_macro v0.20.2
[INFO] [stderr]     Checking serde_spanned v1.1.1
[INFO] [stderr]     Checking derive_builder v0.20.2
[INFO] [stderr]     Checking toml_datetime v1.1.1+spec-1.1.0
[INFO] [stderr]     Checking serde_path_to_error v0.1.20
[INFO] [stderr]    Compiling serde v1.0.229
[INFO] [stderr]     Checking notify-types v2.1.0
[INFO] [stderr]     Checking matchit v0.8.4
[INFO] [stderr]     Checking utf8-zero v0.8.1
[INFO] [stderr]     Checking toml_writer v1.1.2+spec-1.1.0
[INFO] [stderr]    Compiling fkdeck v0.1.0 (/opt/rustwide/workdir)
[INFO] [stderr]     Checking toml v1.1.4+spec-1.1.0
[INFO] [stderr]     Checking serde_urlencoded v0.7.1
[INFO] [stderr] warning: fkdeck@0.1.0: no se pudo compilar el cliente web automáticamente; ejecuta `npm install && npm run build` dentro de web/
[INFO] [stderr]    Compiling neli-proc-macros v0.2.2
[INFO] [stderr]     Checking notify v8.2.0
[INFO] [stderr]     Checking hyper v1.11.0
[INFO] [stderr]     Checking tokio-tungstenite v0.29.0
[INFO] [stderr]     Checking tower v0.5.3
[INFO] [stderr]     Checking rust-embed v8.12.0
[INFO] [stderr]     Checking rodio v0.22.2
[INFO] [stderr]     Checking self-replace v1.5.0
[INFO] [stderr]     Checking ureq v3.4.0
[INFO] [stderr]     Checking directories v6.0.0
[INFO] [stderr]     Checking qrcode v0.14.1
[INFO] [stderr]     Checking neli v0.7.4
[INFO] [stderr]     Checking hyper-util v0.1.20
[INFO] [stderr]     Checking axum v0.8.9
[INFO] [stderr]     Checking local-ip-address v0.6.13
[INFO] [stderr]     Checking x11rb v0.13.2
[INFO] [stderr]     Checking enigo v0.6.1
[INFO] [stdout] error: #[derive(RustEmbed)] folder '/opt/rustwide/workdir/web/dist' does not exist. cwd: '/opt/rustwide/workdir'
[INFO] [stdout]   --> src/server.rs:33:1
[INFO] [stdout]    |
[INFO] [stdout] 33 | / #[folder = "web/dist"]
[INFO] [stdout] 34 | | struct WebAssets;
[INFO] [stdout]    | |_________________^
[INFO] [stdout] 
[INFO] [stdout] 
[INFO] [stdout] error: #[derive(RustEmbed)] folder '/opt/rustwide/workdir/web/dist' does not exist. cwd: '/opt/rustwide/workdir'
[INFO] [stdout]   --> src/server.rs:33:1
[INFO] [stdout]    |
[INFO] [stdout] 33 | / #[folder = "web/dist"]
[INFO] [stdout] 34 | | struct WebAssets;
[INFO] [stdout]    | |_________________^
[INFO] [stdout] 
[INFO] [stdout] 
[INFO] [stdout] error[E0599]: no associated function or constant named `get` found for struct `WebAssets` in the current scope
[INFO] [stdout]    --> src/server.rs:497:22
[INFO] [stdout]     |
[INFO] [stdout]  34 | struct WebAssets;
[INFO] [stdout]     | ---------------- associated function or constant `get` not found for this struct
[INFO] [stdout] ...
[INFO] [stdout] 497 |     match WebAssets::get(path).or_else(|| WebAssets::get("index.html")) {
[INFO] [stdout]     |                      ^^^ associated function or constant not found in `WebAssets`
[INFO] [stdout]     |
[INFO] [stdout]     = help: items from traits can only be used if the trait is implemented and in scope
[INFO] [stdout]     = note: the following traits define an item `get`, perhaps you need to implement one of them:
[INFO] [stdout]             candidate #1: `Embed`
[INFO] [stdout]             candidate #2: `SliceIndex`
[INFO] [stdout]             candidate #3: `alsa::poll::Descriptors`
[INFO] [stdout]             candidate #4: `rustls::server::server_conn::StoresServerSessions`
[INFO] [stdout]             candidate #5: `toml_parser::source::SourceIndex`
[INFO] [stdout] 
[INFO] [stdout] 
[INFO] [stdout] error[E0599]: no associated function or constant named `get` found for struct `WebAssets` in the current scope
[INFO] [stdout]    --> src/server.rs:497:54
[INFO] [stdout]     |
[INFO] [stdout]  34 | struct WebAssets;
[INFO] [stdout]     | ---------------- associated function or constant `get` not found for this struct
[INFO] [stdout] ...
[INFO] [stdout] 497 |     match WebAssets::get(path).or_else(|| WebAssets::get("index.html")) {
[INFO] [stdout]     |                                                      ^^^ associated function or constant not found in `WebAssets`
[INFO] [stdout]     |
[INFO] [stdout]     = help: items from traits can only be used if the trait is implemented and in scope
[INFO] [stdout]     = note: the following traits define an item `get`, perhaps you need to implement one of them:
[INFO] [stdout]             candidate #1: `Embed`
[INFO] [stdout]             candidate #2: `SliceIndex`
[INFO] [stdout]             candidate #3: `alsa::poll::Descriptors`
[INFO] [stdout]             candidate #4: `rustls::server::server_conn::StoresServerSessions`
[INFO] [stdout]             candidate #5: `toml_parser::source::SourceIndex`
[INFO] [stdout] 
[INFO] [stdout] 
[INFO] [stdout] error[E0599]: no associated function or constant named `get` found for struct `WebAssets` in the current scope
[INFO] [stdout]    --> src/server.rs:497:22
[INFO] [stdout]     |
[INFO] [stdout]  34 | struct WebAssets;
[INFO] [stdout]     | ---------------- associated function or constant `get` not found for this struct
[INFO] [stdout] ...
[INFO] [stdout] 497 |     match WebAssets::get(path).or_else(|| WebAssets::get("index.html")) {
[INFO] [stdout]     |                      ^^^ associated function or constant not found in `WebAssets`
[INFO] [stdout]     |
[INFO] [stdout]     = help: items from traits can only be used if the trait is implemented and in scope
[INFO] [stdout]     = note: the following traits define an item `get`, perhaps you need to implement one of them:
[INFO] [stdout]             candidate #1: `Embed`
[INFO] [stdout]             candidate #2: `SliceIndex`
[INFO] [stdout]             candidate #3: `alsa::poll::Descriptors`
[INFO] [stdout]             candidate #4: `rustls::server::server_conn::StoresServerSessions`
[INFO] [stdout]             candidate #5: `toml_parser::source::SourceIndex`
[INFO] [stdout] 
[INFO] [stdout] 
[INFO] [stdout] error[E0599]: no associated function or constant named `get` found for struct `WebAssets` in the current scope
[INFO] [stdout]    --> src/server.rs:497:54
[INFO] [stdout]     |
[INFO] [stdout]  34 | struct WebAssets;
[INFO] [stdout]     | ---------------- associated function or constant `get` not found for this struct
[INFO] [stdout] ...
[INFO] [stdout] 497 |     match WebAssets::get(path).or_else(|| WebAssets::get("index.html")) {
[INFO] [stdout]     |                                                      ^^^ associated function or constant not found in `WebAssets`
[INFO] [stdout]     |
[INFO] [stdout]     = help: items from traits can only be used if the trait is implemented and in scope
[INFO] [stdout]     = note: the following traits define an item `get`, perhaps you need to implement one of them:
[INFO] [stdout]             candidate #1: `Embed`
[INFO] [stdout]             candidate #2: `SliceIndex`
[INFO] [stdout]             candidate #3: `alsa::poll::Descriptors`
[INFO] [stdout]             candidate #4: `rustls::server::server_conn::StoresServerSessions`
[INFO] [stdout]             candidate #5: `toml_parser::source::SourceIndex`
[INFO] [stdout] 
[INFO] [stdout] 
[INFO] [stdout] For more information about this error, try `rustc --explain E0599`.
[INFO] [stdout] 
[INFO] [stderr] warning: fkdeck@0.1.0: no se pudo compilar el cliente web automáticamente; ejecuta `npm install && npm run build` dentro de web/
[INFO] [stderr] error: could not compile `fkdeck` (bin "fkdeck") due to 3 previous errors
[INFO] [stderr] warning: build failed, waiting for other jobs to finish...
[INFO] [stdout] For more information about this error, try `rustc --explain E0599`.
[INFO] [stdout] 
[INFO] [stderr] warning: fkdeck@0.1.0: no se pudo compilar el cliente web automáticamente; ejecuta `npm install && npm run build` dentro de web/
[INFO] [stderr] error: could not compile `fkdeck` (bin "fkdeck" test) due to 3 previous errors
[INFO] running `Command { std: "docker" "inspect" "b572f6bd9f6d5728d7365f7bda1a0a0a8189c1776fdd9af11c0e91be69553efd", kill_on_drop: false }`
[INFO] running `Command { std: "docker" "rm" "-f" "b572f6bd9f6d5728d7365f7bda1a0a0a8189c1776fdd9af11c0e91be69553efd", kill_on_drop: false }`
[INFO] [stdout] b572f6bd9f6d5728d7365f7bda1a0a0a8189c1776fdd9af11c0e91be69553efd
