[INFO] cloning repository https://github.com/Iron-E/winvoice-server
[INFO] running `Command { std: "git" "-c" "credential.helper=" "-c" "credential.helper=/workspace/cargo-home/bin/git-credential-null" "clone" "--bare" "https://github.com/Iron-E/winvoice-server" "/workspace/cache/git-repos/https%3A%2F%2Fgithub.com%2FIron-E%2Fwinvoice-server", kill_on_drop: false }`
[INFO] [stderr] Cloning into bare repository '/workspace/cache/git-repos/https%3A%2F%2Fgithub.com%2FIron-E%2Fwinvoice-server'...
[INFO] running `Command { std: "git" "rev-parse" "HEAD", kill_on_drop: false }`
[INFO] [stdout] 7bbf83a7d448300e7feac8bc2858453f9d010660
[INFO] checking Iron-E/winvoice-server against 3154cc1a3e6424e44f438a95007d043ed5ceaaf6+rustflags=-Znext-solver=coherence for pr-133502-30
[INFO] running `Command { std: "git" "clone" "/workspace/cache/git-repos/https%3A%2F%2Fgithub.com%2FIron-E%2Fwinvoice-server" "/workspace/builds/worker-2-tc1/source", kill_on_drop: false }`
[INFO] [stderr] Cloning into '/workspace/builds/worker-2-tc1/source'...
[INFO] [stderr] done.
[INFO] removed /workspace/builds/worker-2-tc1/source/rust-toolchain.toml
[INFO] started tweaking git repo https://github.com/Iron-E/winvoice-server
[INFO] finished tweaking git repo https://github.com/Iron-E/winvoice-server
[INFO] tweaked toml for git repo https://github.com/Iron-E/winvoice-server written to /workspace/builds/worker-2-tc1/source/Cargo.toml
[INFO] validating manifest of git repo https://github.com/Iron-E/winvoice-server on toolchain 3154cc1a3e6424e44f438a95007d043ed5ceaaf6
[INFO] running `Command { std: CARGO_HOME="/workspace/cargo-home" RUSTUP_HOME="/workspace/rustup-home" "/workspace/cargo-home/bin/cargo" "+3154cc1a3e6424e44f438a95007d043ed5ceaaf6" "metadata" "--manifest-path" "Cargo.toml" "--no-deps", kill_on_drop: false }`
[INFO] crate git repo https://github.com/Iron-E/winvoice-server already has a lockfile, it will not be regenerated
[INFO] running `Command { std: CARGO_HOME="/workspace/cargo-home" RUSTUP_HOME="/workspace/rustup-home" "/workspace/cargo-home/bin/cargo" "+3154cc1a3e6424e44f438a95007d043ed5ceaaf6" "fetch" "--manifest-path" "Cargo.toml", kill_on_drop: false }`
[INFO] [stderr]     Blocking waiting for file lock on package cache
[INFO] [stderr]     Updating git repository `https://github.com/Iron-E/sqlx`
[INFO] [stderr]     Updating crates.io index
[INFO] [stderr]     Updating git repository `https://github.com/Iron-E/winvoice-adapter`
[INFO] [stderr]     Updating git repository `https://github.com/Iron-E/winvoice-adapter-postgres`
[INFO] [stderr]     Updating git repository `https://github.com/Iron-E/winvoice-export`
[INFO] [stderr]     Updating git repository `https://github.com/Iron-E/winvoice-match`
[INFO] [stderr]     Updating git repository `https://github.com/Iron-E/winvoice-schema`
[INFO] [stderr]     Blocking waiting for file lock on package cache
[INFO] [stderr]  Downloading crates ...
[INFO] [stderr]   Downloaded num-conv v0.1.0
[INFO] [stderr]   Downloaded time-core v0.1.2
[INFO] [stderr]   Downloaded heck v0.4.1
[INFO] [stderr]   Downloaded subtle v2.4.1
[INFO] [stderr]   Downloaded adler v1.0.2
[INFO] [stderr]   Downloaded untrusted v0.7.1
[INFO] [stderr]   Downloaded spin v0.5.2
[INFO] [stderr]   Downloaded iovec v0.1.4
[INFO] [stderr]   Downloaded tower-layer v0.3.2
[INFO] [stderr]   Downloaded version_check v0.9.4
[INFO] [stderr]   Downloaded cpufeatures v0.2.12
[INFO] [stderr]   Downloaded pbkdf2 v0.11.0
[INFO] [stderr]   Downloaded constant_time_eq v0.1.5
[INFO] [stderr]   Downloaded inout v0.1.3
[INFO] [stderr]   Downloaded windows-targets v0.48.5
[INFO] [stderr]   Downloaded windows-targets v0.52.5
[INFO] [stderr]   Downloaded wasite v0.1.0
[INFO] [stderr]   Downloaded hex v0.4.3
[INFO] [stderr]   Downloaded instant v0.1.12
[INFO] [stderr]   Downloaded event-listener v2.5.3
[INFO] [stderr]   Downloaded dirs v4.0.0
[INFO] [stderr]   Downloaded crossbeam-queue v0.3.11
[INFO] [stderr]   Downloaded crc v3.2.1
[INFO] [stderr]   Downloaded atoi v1.0.0
[INFO] [stderr]   Downloaded simplerand v1.3.0
[INFO] [stderr]   Downloaded libmath v0.2.1
[INFO] [stderr]   Downloaded rand v0.3.23
[INFO] [stderr]   Downloaded maplit v1.0.2
[INFO] [stderr]   Downloaded tracing-test v0.2.4
[INFO] [stderr]   Downloaded tracing-test-macro v0.2.4
[INFO] [stderr]   Downloaded thread_local v1.1.8
[INFO] [stderr]   Downloaded matchers v0.1.0
[INFO] [stderr]   Downloaded alloc-stdlib v0.2.2
[INFO] [stderr]   Downloaded dirs v5.0.1
[INFO] [stderr]   Downloaded thiserror-impl v1.0.59
[INFO] [stderr]   Downloaded num_cpus v1.16.0
[INFO] [stderr]   Downloaded hermit-abi v0.3.9
[INFO] [stderr]   Downloaded strum v0.24.1
[INFO] [stderr]   Downloaded humantime-serde v1.1.1
[INFO] [stderr]   Downloaded dirs-sys v0.3.7
[INFO] [stderr]   Downloaded redox_users v0.4.5
[INFO] [stderr]   Downloaded libredox v0.1.3
[INFO] [stderr]   Downloaded crc-catalog v2.4.0
[INFO] [stderr]   Downloaded async-trait v0.1.80
[INFO] [stderr]   Downloaded rdrand v0.4.0
[INFO] [stderr]   Downloaded fuchsia-cprng v0.1.1
[INFO] [stderr]   Downloaded overload v0.1.1
[INFO] [stderr]   Downloaded tracing-appender v0.2.3
[INFO] [stderr]   Downloaded http-range-header v0.3.1
[INFO] [stderr]   Downloaded zstd-safe v7.1.0
[INFO] [stderr]   Downloaded zstd v0.13.1
[INFO] [stderr]   Downloaded alloc-no-stdlib v2.0.4
[INFO] [stderr]   Downloaded yansi v0.5.1
[INFO] [stderr]   Downloaded dirs-sys v0.4.1
[INFO] [stderr]   Downloaded unicode-ident v1.0.12
[INFO] [stderr]   Downloaded wasm-bindgen-macro v0.2.92
[INFO] [stderr]   Downloaded wasm-bindgen-shared v0.2.92
[INFO] [stderr]   Downloaded cfg-if v1.0.0
[INFO] [stderr]   Downloaded money2 v1.4.0
[INFO] [stderr]   Downloaded time-macros v0.2.18
[INFO] [stderr]   Downloaded itoa v1.0.11
[INFO] [stderr]   Downloaded sha1 v0.10.6
[INFO] [stderr]   Downloaded sha2 v0.10.8
[INFO] [stderr]   Downloaded cipher v0.4.4
[INFO] [stderr]   Downloaded tokio-macros v2.2.0
[INFO] [stderr]   Downloaded signal-hook-registry v1.4.2
[INFO] [stderr]   Downloaded pin-project-lite v0.2.14
[INFO] [stderr]   Downloaded parking_lot_core v0.9.9
[INFO] [stderr]   Downloaded redox_syscall v0.4.1
[INFO] [stderr]   Downloaded lock_api v0.4.11
[INFO] [stderr]   Downloaded autocfg v1.2.0
[INFO] [stderr]   Downloaded rustc-demangle v0.1.23
[INFO] [stderr]   Downloaded strum_macros v0.24.3
[INFO] [stderr]   Downloaded rustversion v1.0.15
[INFO] [stderr]   Downloaded winreg v0.50.0
[INFO] [stderr]   Downloaded futures-macro v0.3.30
[INFO] [stderr]   Downloaded form_urlencoded v1.2.1
[INFO] [stderr]   Downloaded tower-service v0.3.2
[INFO] [stderr]   Downloaded cookie v0.17.0
[INFO] [stderr]   Downloaded iana-time-zone v0.1.60
[INFO] [stderr]   Downloaded humantime v2.1.0
[INFO] [stderr]   Downloaded futures-executor v0.3.30
[INFO] [stderr]   Downloaded tokio-rustls v0.23.4
[INFO] [stderr]   Downloaded sct v0.7.1
[INFO] [stderr]   Downloaded whoami v1.5.1
[INFO] [stderr]   Downloaded tokio-stream v0.1.15
[INFO] [stderr]   Downloaded stringprep v0.1.4
[INFO] [stderr]   Downloaded sqlformat v0.2.3
[INFO] [stderr]   Downloaded either v1.11.0
[INFO] [stderr]   Downloaded hashlink v0.8.4
[INFO] [stderr]   Downloaded parking_lot v0.11.2
[INFO] [stderr]   Downloaded parking_lot_core v0.8.6
[INFO] [stderr]   Downloaded redox_syscall v0.2.16
[INFO] [stderr]   Downloaded dotenvy v0.15.7
[INFO] [stderr]   Downloaded shellexpand v2.1.2
[INFO] [stderr]   Downloaded rand_core v0.3.1
[INFO] [stderr]   Downloaded rand_core v0.4.2
[INFO] [stderr]   Downloaded watchman_client v0.8.0
[INFO] [stderr]   Downloaded serde_bser v0.3.1
[INFO] [stderr]   Downloaded bytes v0.4.12
[INFO] [stderr]   Downloaded anyhow v1.0.82
[INFO] [stderr]   Downloaded nu-ansi-term v0.46.0
[INFO] [stderr]   Downloaded pin-project-internal v1.1.5
[INFO] [stderr]   Downloaded semver v1.0.22
[INFO] [stderr]   Downloaded diff v0.1.13
[INFO] [stderr]   Downloaded uuid v1.8.0
[INFO] [stderr]   Downloaded serde_derive v1.0.198
[INFO] [stderr]   Downloaded quote v1.0.36
[INFO] [stderr]   Downloaded wasm-bindgen-macro-support v0.2.92
[INFO] [stderr]   Downloaded wasm-bindgen-backend v0.2.92
[INFO] [stderr]   Downloaded once_cell v1.19.0
[INFO] [stderr]   Downloaded wasi v0.11.0+wasi-snapshot-preview1
[INFO] [stderr]   Downloaded thiserror v1.0.59
[INFO] [stderr]   Downloaded zstd v0.11.2+zstd.1.5.2
[INFO] [stderr]   Downloaded zstd-safe v5.0.2+zstd.1.5.2
[INFO] [stderr]   Downloaded pkg-config v0.3.30
[INFO] [stderr]   Downloaded jobserver v0.1.31
[INFO] [stderr]   Downloaded deranged v0.3.11
[INFO] [stderr]   Downloaded typenum v1.17.0
[INFO] [stderr]   Downloaded password-hash v0.4.2
[INFO] [stderr]   Downloaded base64ct v1.6.0
[INFO] [stderr]   Downloaded hmac v0.12.1
[INFO] [stderr]   Downloaded miniz_oxide v0.7.2
[INFO] [stderr]   Downloaded crc32fast v1.4.0
[INFO] [stderr]   Downloaded crossbeam-utils v0.8.19
[INFO] [stderr]   Downloaded bzip2 v0.4.4
[INFO] [stderr]   Downloaded unicase v2.7.0
[INFO] [stderr]   Downloaded socket2 v0.5.6
[INFO] [stderr]   Downloaded parking_lot v0.12.1
[INFO] [stderr]   Downloaded smallvec v1.13.2
[INFO] [stderr]   Downloaded bytes v1.6.0
[INFO] [stderr]   Downloaded addr2line v0.21.0
[INFO] [stderr]   Downloaded tracing-core v0.1.32
[INFO] [stderr]   Downloaded lazy_static v1.4.0
[INFO] [stderr]   Downloaded system-configuration v0.5.1
[INFO] [stderr]   Downloaded system-configuration-sys v0.5.0
[INFO] [stderr]   Downloaded sync_wrapper v0.1.2
[INFO] [stderr]   Downloaded windows-core v0.52.0
[INFO] [stderr]   Downloaded futures v0.3.30
[INFO] [stderr]   Downloaded webpki v0.22.4
[INFO] [stderr]   Downloaded unicode_categories v0.1.1
[INFO] [stderr]   Downloaded paste v1.0.14
[INFO] [stderr]   Downloaded num-bigint v0.4.4
[INFO] [stderr]   Downloaded futures-intrusive v0.4.2
[INFO] [stderr]   Downloaded base64 v0.13.1
[INFO] [stderr]   Downloaded mockd v0.4.3
[INFO] [stderr]   Downloaded rand v0.4.6
[INFO] [stderr]   Downloaded tokio-util v0.6.10
[INFO] [stderr]   Downloaded regex-automata v0.1.10
[INFO] [stderr]   Downloaded crossbeam-channel v0.5.12
[INFO] [stderr]   Downloaded async-compression v0.4.8
[INFO] [stderr]   Downloaded pin-project v1.1.5
[INFO] [stderr]   Downloaded pretty_assertions v1.4.0
[INFO] [stderr]   Downloaded anstyle v1.0.6
[INFO] [stderr]   Downloaded utf8parse v0.2.1
[INFO] [stderr]   Downloaded serde v1.0.198
[INFO] [stderr]   Downloaded proc-macro2 v1.0.81
[INFO] [stderr]   Downloaded getrandom v0.2.14
[INFO] [stderr]   Downloaded log v0.4.21
[INFO] [stderr]   Downloaded bumpalo v3.16.0
[INFO] [stderr]   Downloaded js-sys v0.3.69
[INFO] [stderr]   Downloaded zip v0.6.6
[INFO] [stderr]   Downloaded cc v1.0.95
[INFO] [stderr]   Downloaded flate2 v1.0.28
[INFO] [stderr]   Downloaded mio v0.8.11
[INFO] [stderr]   Downloaded backtrace v0.3.71
[INFO] [stderr]   Downloaded memchr v2.7.2
[INFO] [stderr]   Downloaded url v2.5.0
[INFO] [stderr]   Downloaded tokio-util v0.7.10
[INFO] [stderr]   Downloaded tracing v0.1.40
[INFO] [stderr]   Downloaded rustls-pemfile v1.0.4
[INFO] [stderr]   Downloaded idna v0.3.0
[INFO] [stderr]   Downloaded itertools v0.12.1
[INFO] [stderr]   Downloaded hkdf v0.12.4
[INFO] [stderr]   Downloaded tracing-subscriber v0.3.18
[INFO] [stderr]   Downloaded tower-http v0.4.4
[INFO] [stderr]   Downloaded tower v0.4.13
[INFO] [stderr]   Downloaded clap v4.5.4
[INFO] [stderr]   Downloaded clap_derive v4.5.4
[INFO] [stderr]   Downloaded clap_lex v0.7.0
[INFO] [stderr]   Downloaded anstream v0.6.13
[INFO] [stderr]   Downloaded colorchoice v1.0.0
[INFO] [stderr]   Downloaded anstyle-wincon v3.0.2
[INFO] [stderr]   Downloaded anstyle-query v1.0.2
[INFO] [stderr]   Downloaded anstyle-parse v0.2.3
[INFO] [stderr]   Downloaded thin-vec v0.2.13
[INFO] [stderr]   Downloaded time v0.3.36
[INFO] [stderr]   Downloaded aes v0.8.4
[INFO] [stderr]   Downloaded ryu v1.0.17
[INFO] [stderr]   Downloaded futures-util v0.3.30
[INFO] [stderr]   Downloaded futures v0.1.31
[INFO] [stderr]   Downloaded base64 v0.21.7
[INFO] [stderr]   Downloaded chrono v0.4.38
[INFO] [stderr]   Downloaded rustls v0.20.9
[INFO] [stderr]   Downloaded webpki-roots v0.22.6
[INFO] [stderr]   Downloaded regex v1.10.4
[INFO] [stderr]   Downloaded regex-syntax v0.6.29
[INFO] [stderr]   Downloaded brotli-decompressor v3.0.0
[INFO] [stderr]   Downloaded csv-core v0.1.11
[INFO] [stderr]   Downloaded clap_builder v4.5.2
[INFO] [stderr]   Downloaded ritelinked v0.3.2
[INFO] [stderr]   Downloaded password-hash v0.5.0
[INFO] [stderr]   Downloaded blake2 v0.10.6
[INFO] [stderr]   Downloaded wasm-bindgen v0.2.92
[INFO] [stderr]   Downloaded unicode-segmentation v1.11.0
[INFO] [stderr]   Downloaded rust_decimal v1.35.0
[INFO] [stderr]   Downloaded serde_json v1.0.116
[INFO] [stderr]   Downloaded regex-syntax v0.8.3
[INFO] [stderr]   Downloaded casbin v2.2.0
[INFO] [stderr]   Downloaded hashbrown v0.11.2
[INFO] [stderr]   Downloaded syn v2.0.60
[INFO] [stderr]   Downloaded object v0.32.2
[INFO] [stderr]   Downloaded gimli v0.28.1
[INFO] [stderr]   Downloaded rhai v1.18.0
[INFO] [stderr]   Downloaded finl_unicode v1.2.0
[INFO] [stderr]   Downloaded regex-automata v0.4.6
[INFO] [stderr]   Downloaded windows_x86_64_gnullvm v0.48.5
[INFO] [stderr]   Downloaded windows_aarch64_gnullvm v0.48.5
[INFO] [stderr]   Downloaded windows_x86_64_gnullvm v0.52.5
[INFO] [stderr]   Downloaded windows_i686_gnullvm v0.52.5
[INFO] [stderr]   Downloaded windows_aarch64_gnullvm v0.52.5
[INFO] [stderr]   Downloaded equivalent v1.0.1
[INFO] [stderr]   Downloaded arrayvec v0.7.4
[INFO] [stderr]   Downloaded csv v1.3.0
[INFO] [stderr]   Downloaded ahash v0.8.11
[INFO] [stderr]   Downloaded const-random v0.1.18
[INFO] [stderr]   Downloaded const-random-macro v0.1.16
[INFO] [stderr]   Downloaded tiny-keccak v2.0.2
[INFO] [stderr]   Downloaded crunchy v0.2.2
[INFO] [stderr]   Downloaded wasm-streams v0.4.0
[INFO] [stderr]   Downloaded wasm-bindgen-futures v0.4.42
[INFO] [stderr]   Downloaded futures-task v0.3.30
[INFO] [stderr]   Downloaded futures-sink v0.3.30
[INFO] [stderr]   Downloaded futures-io v0.3.30
[INFO] [stderr]   Downloaded futures-core v0.3.30
[INFO] [stderr]   Downloaded brotli v4.0.0
[INFO] [stderr]   Downloaded allocator-api2 v0.2.18
[INFO] [stderr]   Downloaded zerocopy-derive v0.7.32
[INFO] [stderr]   Downloaded slab v0.4.9
[INFO] [stderr]   Downloaded futures-channel v0.3.30
[INFO] [stderr]   Downloaded valuable v0.1.0
[INFO] [stderr]   Downloaded bzip2-sys v0.1.11+1.0.8
[INFO] [stderr]   Downloaded zerocopy v0.7.32
[INFO] [stderr]   Downloaded reqwest v0.11.27
[INFO] [stderr]   Downloaded percent-encoding v2.3.1
[INFO] [stderr]   Downloaded unicode-bidi v0.3.15
[INFO] [stderr]   Downloaded tracing-attributes v0.1.27
[INFO] [stderr]   Downloaded native-tls v0.2.11
[INFO] [stderr]   Downloaded libc v0.2.153
[INFO] [stderr]   Downloaded zstd-sys v2.0.10+zstd.1.5.6
[INFO] [stderr]   Downloaded idna v0.5.0
[INFO] [stderr]   Downloaded unicode-normalization v0.1.23
[INFO] [stderr]   Downloaded tempfile v3.10.1
[INFO] [stderr]   Downloaded errno v0.3.8
[INFO] [stderr]   Downloaded bitflags v2.5.0
[INFO] [stderr]   Downloaded fastrand v2.0.2
[INFO] [stderr]   Downloaded security-framework-sys v2.10.0
[INFO] [stderr]   Downloaded core-foundation-sys v0.8.6
[INFO] [stderr]   Downloaded security-framework v2.10.0
[INFO] [stderr]   Downloaded schannel v0.1.23
[INFO] [stderr]   Downloaded openssl-sys v0.9.102
[INFO] [stderr]   Downloaded rhai_codegen v2.1.0
[INFO] [stderr]   Downloaded dyn-clone v1.0.17
[INFO] [stderr]   Downloaded axum-sessions v0.5.0
[INFO] [stderr]   Downloaded async-session v3.0.0
[INFO] [stderr]   Downloaded opaque-debug v0.3.1
[INFO] [stderr]   Downloaded tokio v1.37.0
[INFO] [stderr]   Downloaded windows_x86_64_msvc v0.48.5
[INFO] [stderr]   Downloaded windows_x86_64_gnu v0.48.5
[INFO] [stderr]   Downloaded windows_aarch64_msvc v0.48.5
[INFO] [stderr]   Downloaded windows_x86_64_msvc v0.52.5
[INFO] [stderr]   Downloaded windows_aarch64_msvc v0.52.5
[INFO] [stderr]   Downloaded fixedbitset v0.4.2
[INFO] [stderr]   Downloaded axum-test-helper v0.3.0
[INFO] [stderr]   Downloaded serde_path_to_error v0.1.16
[INFO] [stderr]   Downloaded headers-core v0.2.0
[INFO] [stderr]   Downloaded axum-core v0.3.4
[INFO] [stderr]   Downloaded axum-login v0.5.0
[INFO] [stderr]   Downloaded secrecy v0.8.0
[INFO] [stderr]   Downloaded zeroize v1.8.0
[INFO] [stderr]   Downloaded indenter v0.3.3
[INFO] [stderr]   Downloaded axum-extra v0.7.7
[INFO] [stderr]   Downloaded sha2 v0.9.9
[INFO] [stderr]   Downloaded windows_i686_msvc v0.48.5
[INFO] [stderr]   Downloaded windows_i686_gnu v0.48.5
[INFO] [stderr]   Downloaded windows_x86_64_gnu v0.52.5
[INFO] [stderr]   Downloaded windows_i686_msvc v0.52.5
[INFO] [stderr]   Downloaded windows_i686_gnu v0.52.5
[INFO] [stderr]   Downloaded web-sys v0.3.69
[INFO] [stderr]   Downloaded smartstring v1.0.1
[INFO] [stderr]   Downloaded matchit v0.7.3
[INFO] [stderr]   Downloaded axum-server v0.5.1
[INFO] [stderr]   Downloaded tokio-rustls v0.24.1
[INFO] [stderr]   Downloaded eyre v0.6.12
[INFO] [stderr]   Downloaded openssl-probe v0.1.5
[INFO] [stderr]   Downloaded headers v0.3.9
[INFO] [stderr]   Downloaded tower-http v0.3.5
[INFO] [stderr]   Downloaded rend v0.4.2
[INFO] [stderr]   Downloaded bytecheck v0.6.12
[INFO] [stderr]   Downloaded tap v1.0.1
[INFO] [stderr]   Downloaded axum v0.6.20
[INFO] [stderr]   Downloaded windows-sys v0.48.0
[INFO] [stderr]   Downloaded rkyv v0.7.44
[INFO] [stderr]   Downloaded tinyvec v1.6.0
[INFO] [stderr]   Downloaded seahash v4.1.0
[INFO] [stderr]   Downloaded rkyv_derive v0.7.44
[INFO] [stderr]   Downloaded simdutf8 v0.1.4
[INFO] [stderr]   Downloaded ptr_meta v0.1.4
[INFO] [stderr]   Downloaded ptr_meta_derive v0.1.4
[INFO] [stderr]   Downloaded bytecheck_derive v0.6.12
[INFO] [stderr]   Downloaded ahash v0.7.8
[INFO] [stderr]   Downloaded wyz v0.5.1
[INFO] [stderr]   Downloaded radium v0.7.0
[INFO] [stderr]   Downloaded funty v2.0.0
[INFO] [stderr]   Downloaded ppv-lite86 v0.2.17
[INFO] [stderr]   Downloaded num-traits v0.2.18
[INFO] [stderr]   Downloaded cfg_aliases v0.1.1
[INFO] [stderr]   Downloaded proc-macro-error v1.0.4
[INFO] [stderr]   Downloaded proc-macro-error-attr v1.0.4
[INFO] [stderr]   Downloaded proc-macro-crate v3.1.0
[INFO] [stderr]   Downloaded hyper-tls v0.5.0
[INFO] [stderr]   Downloaded petgraph v0.6.4
[INFO] [stderr]   Downloaded rustls-webpki v0.101.7
[INFO] [stderr]   Downloaded digest v0.9.0
[INFO] [stderr]   Downloaded hmac v0.11.0
[INFO] [stderr]   Downloaded crypto-mac v0.11.1
[INFO] [stderr]   Downloaded arrayref v0.3.7
[INFO] [stderr]   Downloaded bitvec v1.0.1
[INFO] [stderr]   Downloaded borsh v1.4.0
[INFO] [stderr]   Downloaded borsh-derive v1.4.0
[INFO] [stderr]   Downloaded syn_derive v0.1.8
[INFO] [stderr]   Downloaded toml_edit v0.21.1
[INFO] [stderr]   Downloaded winnow v0.5.40
[INFO] [stderr]   Downloaded block-buffer v0.9.0
[INFO] [stderr]   Downloaded crypto-mac v0.8.0
[INFO] [stderr]   Downloaded async-lock v2.8.0
[INFO] [stderr]   Downloaded argon2 v0.5.3
[INFO] [stderr]   Downloaded toml_datetime v0.6.5
[INFO] [stderr]   Downloaded rustix v0.38.34
[INFO] [stderr]   Downloaded mime_guess v2.0.4
[INFO] [stderr]   Downloaded ipnet v2.9.0
[INFO] [stderr]   Downloaded hyper v0.14.28
[INFO] [stderr]   Downloaded hashbrown v0.14.3
[INFO] [stderr]   Downloaded httparse v1.8.0
[INFO] [stderr]   Downloaded http-body v0.4.6
[INFO] [stderr]   Downloaded psl-types v2.0.11
[INFO] [stderr]   Downloaded indexmap v2.2.6
[INFO] [stderr]   Downloaded rustls v0.21.11
[INFO] [stderr]   Downloaded publicsuffix v2.2.3
[INFO] [stderr]   Downloaded http v0.2.12
[INFO] [stderr]   Downloaded blake3 v0.3.8
[INFO] [stderr]   Downloaded openssl v0.10.64
[INFO] [stderr]   Downloaded cfg-if v0.1.10
[INFO] [stderr]   Downloaded cookie_store v0.20.0
[INFO] [stderr]   Downloaded h2 v0.3.26
[INFO] [stderr]   Downloaded linux-raw-sys v0.4.13
[INFO] [stderr]   Downloaded encoding_rs v0.8.34
[INFO] [stderr]   Downloaded ring v0.17.8
[INFO] [stderr]   Downloaded ring v0.16.20
[INFO] running `Command { std: "docker" "create" "-v" "/var/lib/crater-agent-workspace/builds/worker-2-tc1/source:/opt/rustwide/workdir:ro,Z" "-v" "/var/lib/crater-agent-workspace/builds/worker-2-tc1/target:/opt/rustwide/target:rw,Z" "-v" "/var/lib/crater-agent-workspace/cargo-home:/opt/rustwide/cargo-home:ro,Z" "-v" "/var/lib/crater-agent-workspace/rustup-home:/opt/rustwide/rustup-home:ro,Z" "-m" "1610612736" "--network" "none" "ghcr.io/rust-lang/crates-build-env/linux@sha256:77db811e55d90add9212f6832c23229e3de5f1c1f9905e8cb07319ea15df73ac" "sleep" "infinity", kill_on_drop: false }`
[INFO] [stdout] 43672e60ca439488b4a9d379deaf648a73c256ab3472710893b4419cfb975bc2
[INFO] running `Command { std: "docker" "start" "43672e60ca439488b4a9d379deaf648a73c256ab3472710893b4419cfb975bc2", kill_on_drop: false }`
[INFO] running `Command { std: "docker" "inspect" "43672e60ca439488b4a9d379deaf648a73c256ab3472710893b4419cfb975bc2", kill_on_drop: false }`
[INFO] running `Command { std: "docker" "exec" "-e" "SOURCE_DIR=/opt/rustwide/workdir" "-e" "CARGO_HOME=/opt/rustwide/cargo-home" "-e" "RUSTUP_HOME=/opt/rustwide/rustup-home" "-e" "CARGO_TARGET_DIR=/opt/rustwide/target" "-w" "/opt/rustwide/workdir" "--user" "0:0" "43672e60ca439488b4a9d379deaf648a73c256ab3472710893b4419cfb975bc2" "/opt/rustwide/cargo-home/bin/cargo" "+3154cc1a3e6424e44f438a95007d043ed5ceaaf6" "metadata" "--no-deps" "--format-version=1", kill_on_drop: false }`
[INFO] running `Command { std: "docker" "inspect" "43672e60ca439488b4a9d379deaf648a73c256ab3472710893b4419cfb975bc2", kill_on_drop: false }`
[INFO] running `Command { std: "docker" "exec" "-e" "SOURCE_DIR=/opt/rustwide/workdir" "-e" "CARGO_HOME=/opt/rustwide/cargo-home" "-e" "RUSTUP_HOME=/opt/rustwide/rustup-home" "-e" "CARGO_TARGET_DIR=/opt/rustwide/target" "-e" "CARGO_INCREMENTAL=0" "-e" "RUST_BACKTRACE=full" "-e" "RUSTFLAGS=--cap-lints=forbid -Znext-solver=coherence" "-e" "RUSTDOCFLAGS=--cap-lints=forbid" "-w" "/opt/rustwide/workdir" "--user" "0:0" "43672e60ca439488b4a9d379deaf648a73c256ab3472710893b4419cfb975bc2" "/opt/rustwide/cargo-home/bin/cargo" "+3154cc1a3e6424e44f438a95007d043ed5ceaaf6" "check" "--frozen" "--all" "--all-targets" "--message-format=json", kill_on_drop: false }`
[INFO] [stderr]    Compiling libc v0.2.153
[INFO] [stderr]    Compiling proc-macro2 v1.0.81
[INFO] [stderr]    Compiling unicode-ident v1.0.12
[INFO] [stderr]    Compiling version_check v0.9.4
[INFO] [stderr]    Compiling once_cell v1.19.0
[INFO] [stderr]     Checking cfg-if v1.0.0
[INFO] [stderr]    Compiling autocfg v1.2.0
[INFO] [stderr]    Compiling serde v1.0.198
[INFO] [stderr]    Compiling typenum v1.17.0
[INFO] [stderr]     Checking pin-project-lite v0.2.14
[INFO] [stderr]    Compiling generic-array v0.14.7
[INFO] [stderr]     Checking memchr v2.7.2
[INFO] [stderr]     Checking log v0.4.21
[INFO] [stderr]     Checking scopeguard v1.2.0
[INFO] [stderr]     Checking itoa v1.0.11
[INFO] [stderr]     Checking subtle v2.4.1
[INFO] [stderr]    Compiling lock_api v0.4.11
[INFO] [stderr]    Compiling parking_lot_core v0.9.9
[INFO] [stderr]    Compiling pkg-config v0.3.30
[INFO] [stderr]     Checking futures-core v0.3.30
[INFO] [stderr]    Compiling crunchy v0.2.2
[INFO] [stderr]    Compiling num-traits v0.2.18
[INFO] [stderr]    Compiling slab v0.4.9
[INFO] [stderr]    Compiling jobserver v0.1.31
[INFO] [stderr]    Compiling getrandom v0.2.14
[INFO] [stderr]     Checking futures-sink v0.3.30
[INFO] [stderr]    Compiling tiny-keccak v2.0.2
[INFO] [stderr]    Compiling quote v1.0.36
[INFO] [stderr]    Compiling cc v1.0.95
[INFO] [stderr]     Checking signal-hook-registry v1.4.2
[INFO] [stderr]     Checking num_cpus v1.16.0
[INFO] [stderr]     Checking mio v0.8.11
[INFO] [stderr]     Checking socket2 v0.5.6
[INFO] [stderr]    Compiling syn v2.0.60
[INFO] [stderr]     Checking futures-io v0.3.30
[INFO] [stderr]     Checking futures-channel v0.3.30
[INFO] [stderr]    Compiling ahash v0.8.11
[INFO] [stderr]     Checking pin-utils v0.1.0
[INFO] [stderr]     Checking futures v0.1.31
[INFO] [stderr]    Compiling const-random-macro v0.1.16
[INFO] [stderr]     Checking futures-task v0.3.30
[INFO] [stderr]     Checking cpufeatures v0.2.12
[INFO] [stderr]     Checking zerocopy v0.7.32
[INFO] [stderr]     Checking tracing-core v0.1.32
[INFO] [stderr]     Checking rand_core v0.6.4
[INFO] [stderr]     Checking const-random v0.1.18
[INFO] [stderr]     Checking crypto-common v0.1.6
[INFO] [stderr]     Checking block-buffer v0.10.4
[INFO] [stderr]     Checking allocator-api2 v0.2.18
[INFO] [stderr]     Checking digest v0.10.7
[INFO] [stderr]     Checking fnv v1.0.7
[INFO] [stderr]    Compiling serde_json v1.0.116
[INFO] [stderr]    Compiling rustversion v1.0.15
[INFO] [stderr]     Checking tinyvec_macros v0.1.1
[INFO] [stderr]     Checking equivalent v1.0.1
[INFO] [stderr]     Checking tower-service v0.3.2
[INFO] [stderr]     Checking percent-encoding v2.3.1
[INFO] [stderr]     Checking ryu v1.0.17
[INFO] [stderr]     Checking hashbrown v0.14.3
[INFO] [stderr]     Checking base64 v0.21.7
[INFO] [stderr]     Checking tinyvec v1.6.0
[INFO] [stderr]     Checking hmac v0.12.1
[INFO] [stderr]     Checking ppv-lite86 v0.2.17
[INFO] [stderr]    Compiling thiserror v1.0.59
[INFO] [stderr]    Compiling ring v0.17.8
[INFO] [stderr]    Compiling ring v0.16.20
[INFO] [stderr]    Compiling zstd-sys v2.0.10+zstd.1.5.6
[INFO] [stderr]     Checking rand_chacha v0.3.1
[INFO] [stderr]     Checking indexmap v2.2.6
[INFO] [stderr]     Checking form_urlencoded v1.2.1
[INFO] [stderr]     Checking sha2 v0.10.8
[INFO] [stderr]     Checking unicode-normalization v0.1.23
[INFO] [stderr]    Compiling num-conv v0.1.0
[INFO] [stderr]    Compiling httparse v1.8.0
[INFO] [stderr]     Checking powerfmt v0.2.0
[INFO] [stderr]    Compiling vcpkg v0.2.15
[INFO] [stderr]    Compiling time-core v0.1.2
[INFO] [stderr]     Checking unicode-bidi v0.3.15
[INFO] [stderr]    Compiling time-macros v0.2.18
[INFO] [stderr]     Checking deranged v0.3.11
[INFO] [stderr]     Checking rand v0.8.5
[INFO] [stderr]    Compiling openssl-sys v0.9.102
[INFO] [stderr]     Checking httpdate v1.0.3
[INFO] [stderr]     Checking untrusted v0.9.0
[INFO] [stderr]     Checking spin v0.9.8
[INFO] [stderr]     Checking try-lock v0.2.5
[INFO] [stderr]     Checking want v0.3.1
[INFO] [stderr]     Checking time v0.3.36
[INFO] [stderr]     Checking sha1 v0.10.6
[INFO] [stderr]     Checking mime v0.3.17
[INFO] [stderr]     Checking bitflags v2.5.0
[INFO] [stderr]    Compiling syn v1.0.109
[INFO] [stderr]    Compiling cookie v0.17.0
[INFO] [stderr]    Compiling unicase v2.7.0
[INFO] [stderr]    Compiling crossbeam-utils v0.8.19
[INFO] [stderr]    Compiling rustls v0.20.9
[INFO] [stderr]    Compiling parking_lot_core v0.8.6
[INFO] [stderr]     Checking idna v0.5.0
[INFO] [stderr]    Compiling ahash v0.7.8
[INFO] [stderr]     Checking foreign-types-shared v0.1.1
[INFO] [stderr]     Checking byteorder v1.5.0
[INFO] [stderr]     Checking iana-time-zone v0.1.60
[INFO] [stderr]    Compiling openssl v0.10.64
[INFO] [stderr]     Checking url v2.5.0
[INFO] [stderr]     Checking foreign-types v0.3.2
[INFO] [stderr]     Checking rustls-pemfile v1.0.4
[INFO] [stderr]    Compiling crc32fast v1.4.0
[INFO] [stderr]    Compiling native-tls v0.2.11
[INFO] [stderr]    Compiling unicode-segmentation v1.11.0
[INFO] [stderr]     Checking sync_wrapper v0.1.2
[INFO] [stderr]     Checking openssl-probe v0.1.5
[INFO] [stderr]    Compiling heck v0.4.1
[INFO] [stderr]    Compiling rust_decimal v1.35.0
[INFO] [stderr]    Compiling serde_derive v1.0.198
[INFO] [stderr]    Compiling tokio-macros v2.2.0
[INFO] [stderr]    Compiling futures-macro v0.3.30
[INFO] [stderr]    Compiling tracing-attributes v0.1.27
[INFO] [stderr]    Compiling thiserror-impl v1.0.59
[INFO] [stderr]    Compiling openssl-macros v0.1.1
[INFO] [stderr]     Checking futures-util v0.3.30
[INFO] [stderr]     Checking sct v0.7.1
[INFO] [stderr]     Checking base64ct v1.6.0
[INFO] [stderr]     Checking adler v1.0.2
[INFO] [stderr]     Checking constant_time_eq v0.1.5
[INFO] [stderr]     Checking miniz_oxide v0.7.2
[INFO] [stderr]    Compiling webpki v0.22.4
[INFO] [stderr]     Checking tracing v0.1.40
[INFO] [stderr]    Compiling async-trait v0.1.80
[INFO] [stderr]    Compiling mime_guess v2.0.4
[INFO] [stderr]     Checking idna v0.3.0
[INFO] [stderr]    Compiling bzip2-sys v0.1.11+1.0.8
[INFO] [stderr]    Compiling indexmap v1.9.3
[INFO] [stderr]    Compiling num-bigint v0.4.4
[INFO] [stderr]     Checking arrayvec v0.7.4
[INFO] [stderr]    Compiling spin v0.5.2
[INFO] [stderr]     Checking psl-types v2.0.11
[INFO] [stderr]    Compiling bytes v1.6.0
[INFO] [stderr]    Compiling zstd-safe v5.0.2+zstd.1.5.2
[INFO] [stderr]     Checking bitflags v1.3.2
[INFO] [stderr]    Compiling untrusted v0.7.1
[INFO] [stderr]     Checking publicsuffix v2.2.3
[INFO] [stderr]     Checking futures-executor v0.3.30
[INFO] [stderr]     Checking flate2 v1.0.28
[INFO] [stderr]    Compiling tokio v1.37.0
[INFO] [stderr]     Checking inout v0.1.3
[INFO] [stderr]    Compiling instant v0.1.12
[INFO] [stderr]    Compiling smallvec v1.13.2
[INFO] [stderr]     Checking tower-layer v0.3.2
[INFO] [stderr]    Compiling paste v1.0.14
[INFO] [stderr]     Checking cipher v0.4.4
[INFO] [stderr]     Checking chrono v0.4.38
[INFO] [stderr]     Checking parking_lot v0.12.1
[INFO] [stderr]     Checking serde_urlencoded v0.7.1
[INFO] [stderr]     Checking http v0.2.12
[INFO] [stderr]    Compiling either v1.11.0
[INFO] [stderr]     Checking cookie_store v0.20.0
[INFO] [stderr]     Checking uuid v1.8.0
[INFO] [stderr]     Checking http-body v0.4.6
[INFO] [stderr]     Checking futures v0.3.30
[INFO] [stderr]     Checking password-hash v0.4.2
[INFO] [stderr]     Checking encoding_rs v0.8.34
[INFO] [stderr]     Checking event-listener v2.5.3
[INFO] [stderr]     Checking base64 v0.13.1
[INFO] [stderr]    Compiling minimal-lexical v0.2.1
[INFO] [stderr]     Checking ipnet v2.9.0
[INFO] [stderr]    Compiling nom v7.1.3
[INFO] [stderr]     Checking pbkdf2 v0.11.0
[INFO] [stderr]     Checking bzip2 v0.4.4
[INFO] [stderr]    Compiling itertools v0.12.1
[INFO] [stderr]    Compiling parking_lot v0.11.2
[INFO] [stderr]     Checking aes v0.8.4
[INFO] [stderr]    Compiling tokio-rustls v0.23.4
[INFO] [stderr]    Compiling strum_macros v0.24.3
[INFO] [stderr]    Compiling num-integer v0.1.46
[INFO] [stderr]    Compiling pin-project-internal v1.1.5
[INFO] [stderr]    Compiling axum-core v0.3.4
[INFO] [stderr]     Checking dirs-sys v0.3.7
[INFO] [stderr]    Compiling anyhow v1.0.82
[INFO] [stderr]     Checking tokio-util v0.7.10
[INFO] [stderr]     Checking tokio-native-tls v0.3.1
[INFO] [stderr]    Compiling unicode_categories v0.1.1
[INFO] [stderr]    Compiling crc-catalog v2.4.0
[INFO] [stderr]    Compiling hashbrown v0.12.3
[INFO] [stderr]    Compiling finl_unicode v1.2.0
[INFO] [stderr]     Checking h2 v0.3.26
[INFO] [stderr]    Compiling stringprep v0.1.4
[INFO] [stderr]     Checking strum v0.24.1
[INFO] [stderr]     Checking pin-project v1.1.5
[INFO] [stderr]    Compiling crossbeam-queue v0.3.11
[INFO] [stderr]    Compiling sqlformat v0.2.3
[INFO] [stderr]    Compiling crc v3.2.1
[INFO] [stderr]    Compiling dirs v4.0.0
[INFO] [stderr]    Compiling hkdf v0.12.4
[INFO] [stderr]     Checking zstd v0.11.2+zstd.1.5.2
[INFO] [stderr]    Compiling sqlx-rt v0.6.3 (https://github.com/Iron-E/sqlx?branch=release%2F0.6.3-patched#2fe173b1)
[INFO] [stderr]     Checking zip v0.6.6
[INFO] [stderr]    Compiling tokio-stream v0.1.15
[INFO] [stderr]    Compiling futures-intrusive v0.4.2
[INFO] [stderr]    Compiling hashlink v0.8.4
[INFO] [stderr]     Checking headers-core v0.2.0
[INFO] [stderr]    Compiling webpki-roots v0.22.6
[INFO] [stderr]    Compiling atoi v1.0.0
[INFO] [stderr]    Compiling md-5 v0.10.6
[INFO] [stderr]    Compiling axum v0.6.20
[INFO] [stderr]     Checking digest v0.9.0
[INFO] [stderr]     Checking aho-corasick v1.1.3
[INFO] [stderr]    Compiling hex v0.4.3
[INFO] [stderr]     Checking humantime v2.1.0
[INFO] [stderr]    Compiling dotenvy v0.15.7
[INFO] [stderr]     Checking regex-syntax v0.8.3
[INFO] [stderr]     Checking lazy_static v1.4.0
[INFO] [stderr]    Compiling whoami v1.5.1
[INFO] [stderr]     Checking humantime-serde v1.1.1
[INFO] [stderr]     Checking headers v0.3.9
[INFO] [stderr]     Checking hyper v0.14.28
[INFO] [stderr]     Checking tower v0.4.13
[INFO] [stderr]     Checking serde_path_to_error v0.1.16
[INFO] [stderr]    Compiling blake3 v0.3.8
[INFO] [stderr]     Checking matchit v0.7.3
[INFO] [stderr]     Checking regex-syntax v0.6.29
[INFO] [stderr]     Checking regex-automata v0.4.6
[INFO] [stderr]    Compiling zstd-safe v7.1.0
[INFO] [stderr]     Checking alloc-no-stdlib v2.0.4
[INFO] [stderr]     Checking alloc-stdlib v0.2.2
[INFO] [stderr]     Checking crypto-mac v0.11.1
[INFO] [stderr]    Compiling sqlx-core v0.6.3 (https://github.com/Iron-E/sqlx?branch=release%2F0.6.3-patched#2fe173b1)
[INFO] [stderr]     Checking block-buffer v0.9.0
[INFO] [stderr]     Checking crypto-mac v0.8.0
[INFO] [stderr]    Compiling smartstring v1.0.1
[INFO] [stderr]     Checking overload v0.1.1
[INFO] [stderr]     Checking utf8parse v0.2.1
[INFO] [stderr]     Checking cfg-if v0.1.10
[INFO] [stderr]     Checking arrayvec v0.5.2
[INFO] [stderr]     Checking opaque-debug v0.3.1
[INFO] [stderr]    Compiling rustls v0.21.11
[INFO] [stderr]     Checking arrayref v0.3.7
[INFO] [stderr]     Checking sha2 v0.9.9
[INFO] [stderr]     Checking anstyle-parse v0.2.3
[INFO] [stderr]     Checking nu-ansi-term v0.46.0
[INFO] [stderr]     Checking hmac v0.11.0
[INFO] [stderr]     Checking brotli-decompressor v3.0.0
[INFO] [stderr]     Checking regex-automata v0.1.10
[INFO] [stderr]     Checking sharded-slab v0.1.7
[INFO] [stderr]     Checking async-lock v2.8.0
[INFO] [stderr]     Checking bincode v1.3.3
[INFO] [stderr]     Checking rustls-webpki v0.101.7
[INFO] [stderr]     Checking tracing-log v0.2.0
[INFO] [stderr]     Checking regex v1.10.4
[INFO] [stdout] error[E0277]: the trait bound `!: io::decode::Decode<'_>` is not satisfied
[INFO] [stdout]   --> /opt/rustwide/cargo-home/git/checkouts/sqlx-89db7eea5152fcf4/2fe173b/sqlx-core/src/postgres/connection/executor.rs:68:10
[INFO] [stdout]    |
[INFO] [stdout] 68 |         .recv_expect(MessageFormat::ParseComplete)
[INFO] [stdout]    |          ^^^^^^^^^^^ the trait `io::decode::Decode<'_>` is not implemented for `!`
[INFO] [stdout]    |
[INFO] [stdout]    = help: the following other types implement trait `io::decode::Decode<'de, Context>`:
[INFO] [stdout]              ()
[INFO] [stdout]              Authentication
[INFO] [stdout]              AuthenticationSaslContinue
[INFO] [stdout]              AuthenticationSaslFinal
[INFO] [stdout]              BackendKeyData
[INFO] [stdout]              CommandComplete
[INFO] [stdout]              CopyData<bytes::Bytes>
[INFO] [stdout]              CopyDone
[INFO] [stdout]            and 10 others
[INFO] [stdout]    = note: this error might have been caused by changes to Rust's type-inference algorithm (see issue #148922 <https://github.com/rust-lang/rust/issues/148922> for more information)
[INFO] [stdout]    = help: you might have intended to use the type `()` here instead
[INFO] [stdout] note: required by a bound in `PgStream::recv_expect`
[INFO] [stdout]   --> /opt/rustwide/cargo-home/git/checkouts/sqlx-89db7eea5152fcf4/2fe173b/sqlx-core/src/postgres/connection/stream.rs:64:45
[INFO] [stdout]    |
[INFO] [stdout] 38 | impl PgStream {
[INFO] [stdout] ...
[INFO] [stdout] 64 |     pub(crate) async fn recv_expect<'de, T: Decode<'de>>(
[INFO] [stdout]    |                                             ^^^^^^^^^^^ required by this bound in `PgStream::recv_expect`
[INFO] [stdout] 
[INFO] [stdout] 
[INFO] [stdout] error[E0277]: the trait bound `!: io::decode::Decode<'_>` is not satisfied
[INFO] [stdout]   --> /opt/rustwide/cargo-home/git/checkouts/sqlx-89db7eea5152fcf4/2fe173b/sqlx-core/src/postgres/connection/executor.rs:69:10
[INFO] [stdout]    |
[INFO] [stdout] 69 |         .await?;
[INFO] [stdout]    |          ^^^^^ the trait `io::decode::Decode<'_>` is not implemented for `!`
[INFO] [stdout]    |
[INFO] [stdout]    = help: the following other types implement trait `io::decode::Decode<'de, Context>`:
[INFO] [stdout]              ()
[INFO] [stdout]              Authentication
[INFO] [stdout]              AuthenticationSaslContinue
[INFO] [stdout]              AuthenticationSaslFinal
[INFO] [stdout]              BackendKeyData
[INFO] [stdout]              CommandComplete
[INFO] [stdout]              CopyData<bytes::Bytes>
[INFO] [stdout]              CopyDone
[INFO] [stdout]            and 10 others
[INFO] [stdout]    = note: this error might have been caused by changes to Rust's type-inference algorithm (see issue #148922 <https://github.com/rust-lang/rust/issues/148922> for more information)
[INFO] [stdout]    = help: you might have intended to use the type `()` here instead
[INFO] [stdout] note: required by a bound in `PgStream::recv_expect`
[INFO] [stdout]   --> /opt/rustwide/cargo-home/git/checkouts/sqlx-89db7eea5152fcf4/2fe173b/sqlx-core/src/postgres/connection/stream.rs:64:45
[INFO] [stdout]    |
[INFO] [stdout] 38 | impl PgStream {
[INFO] [stdout] ...
[INFO] [stdout] 64 |     pub(crate) async fn recv_expect<'de, T: Decode<'de>>(
[INFO] [stdout]    |                                             ^^^^^^^^^^^ required by this bound in `PgStream::recv_expect`
[INFO] [stdout] 
[INFO] [stdout] 
[INFO] [stderr]     Checking iovec v0.1.4
[INFO] [stderr]     Checking matchers v0.1.0
[INFO] [stderr]     Checking thread_local v1.1.8
[INFO] [stderr]     Checking http-range-header v0.3.1
[INFO] [stderr]     Checking anstyle v1.0.6
[INFO] [stderr]     Checking anstyle-query v1.0.2
[INFO] [stderr]    Compiling eyre v0.6.12
[INFO] [stderr]     Checking colorchoice v1.0.0
[INFO] [stderr]     Checking static_assertions v1.1.0
[INFO] [stdout] error[E0277]: the trait bound `!: io::decode::Decode<'_>` is not satisfied
[INFO] [stdout]    --> /opt/rustwide/cargo-home/git/checkouts/sqlx-89db7eea5152fcf4/2fe173b/sqlx-core/src/postgres/copy.rs:260:30
[INFO] [stdout]     |
[INFO] [stdout] 260 | ...                   .recv_expect(MessageFormat::ReadyForQuery)
[INFO] [stdout]     |                        ^^^^^^^^^^^ the trait `io::decode::Decode<'_>` is not implemented for `!`
[INFO] [stdout]     |
[INFO] [stdout]     = help: the following other types implement trait `io::decode::Decode<'de, Context>`:
[INFO] [stdout]               ()
[INFO] [stdout]               Authentication
[INFO] [stdout]               AuthenticationSaslContinue
[INFO] [stdout]               AuthenticationSaslFinal
[INFO] [stdout]               BackendKeyData
[INFO] [stdout]               CommandComplete
[INFO] [stdout]               CopyData<bytes::Bytes>
[INFO] [stdout]               CopyDone
[INFO] [stdout]             and 10 others
[INFO] [stdout]     = note: this error might have been caused by changes to Rust's type-inference algorithm (see issue #148922 <https://github.com/rust-lang/rust/issues/148922> for more information)
[INFO] [stdout]     = help: you might have intended to use the type `()` here instead
[INFO] [stdout] note: required by a bound in `PgStream::recv_expect`
[INFO] [stdout]    --> /opt/rustwide/cargo-home/git/checkouts/sqlx-89db7eea5152fcf4/2fe173b/sqlx-core/src/postgres/connection/stream.rs:64:45
[INFO] [stdout]     |
[INFO] [stdout]  38 | impl PgStream {
[INFO] [stdout] ...
[INFO] [stdout]  64 |     pub(crate) async fn recv_expect<'de, T: Decode<'de>>(
[INFO] [stdout]     |                                             ^^^^^^^^^^^ required by this bound in `PgStream::recv_expect`
[INFO] [stdout] 
[INFO] [stdout] 
[INFO] [stdout] error[E0277]: the trait bound `!: io::decode::Decode<'_>` is not satisfied
[INFO] [stdout]    --> /opt/rustwide/cargo-home/git/checkouts/sqlx-89db7eea5152fcf4/2fe173b/sqlx-core/src/postgres/copy.rs:261:30
[INFO] [stdout]     |
[INFO] [stdout] 261 | ...                   .await?;
[INFO] [stdout]     |                        ^^^^^ the trait `io::decode::Decode<'_>` is not implemented for `!`
[INFO] [stdout]     |
[INFO] [stdout]     = help: the following other types implement trait `io::decode::Decode<'de, Context>`:
[INFO] [stdout]               ()
[INFO] [stdout]               Authentication
[INFO] [stdout]               AuthenticationSaslContinue
[INFO] [stdout]               AuthenticationSaslFinal
[INFO] [stdout]               BackendKeyData
[INFO] [stdout]               CommandComplete
[INFO] [stdout]               CopyData<bytes::Bytes>
[INFO] [stdout]               CopyDone
[INFO] [stdout]             and 10 others
[INFO] [stdout]     = note: this error might have been caused by changes to Rust's type-inference algorithm (see issue #148922 <https://github.com/rust-lang/rust/issues/148922> for more information)
[INFO] [stdout]     = help: you might have intended to use the type `()` here instead
[INFO] [stdout] note: required by a bound in `PgStream::recv_expect`
[INFO] [stdout]    --> /opt/rustwide/cargo-home/git/checkouts/sqlx-89db7eea5152fcf4/2fe173b/sqlx-core/src/postgres/connection/stream.rs:64:45
[INFO] [stdout]     |
[INFO] [stdout]  38 | impl PgStream {
[INFO] [stdout] ...
[INFO] [stdout]  64 |     pub(crate) async fn recv_expect<'de, T: Decode<'de>>(
[INFO] [stdout]     |                                             ^^^^^^^^^^^ required by this bound in `PgStream::recv_expect`
[INFO] [stdout] 
[INFO] [stdout] 
[INFO] [stderr]     Checking brotli v4.0.0
[INFO] [stdout] error[E0277]: the trait bound `!: io::decode::Decode<'_>` is not satisfied
[INFO] [stdout]    --> /opt/rustwide/cargo-home/git/checkouts/sqlx-89db7eea5152fcf4/2fe173b/sqlx-core/src/postgres/copy.rs:287:14
[INFO] [stdout]     |
[INFO] [stdout] 287 |             .recv_expect(MessageFormat::ReadyForQuery)
[INFO] [stdout]     |              ^^^^^^^^^^^ the trait `io::decode::Decode<'_>` is not implemented for `!`
[INFO] [stdout]     |
[INFO] [stdout]     = help: the following other types implement trait `io::decode::Decode<'de, Context>`:
[INFO] [stdout]               ()
[INFO] [stdout]               Authentication
[INFO] [stdout]               AuthenticationSaslContinue
[INFO] [stdout]               AuthenticationSaslFinal
[INFO] [stdout]               BackendKeyData
[INFO] [stdout]               CommandComplete
[INFO] [stdout]               CopyData<bytes::Bytes>
[INFO] [stdout]               CopyDone
[INFO] [stdout]             and 10 others
[INFO] [stdout]     = note: this error might have been caused by changes to Rust's type-inference algorithm (see issue #148922 <https://github.com/rust-lang/rust/issues/148922> for more information)
[INFO] [stdout]     = help: you might have intended to use the type `()` here instead
[INFO] [stdout] note: required by a bound in `PgStream::recv_expect`
[INFO] [stdout]    --> /opt/rustwide/cargo-home/git/checkouts/sqlx-89db7eea5152fcf4/2fe173b/sqlx-core/src/postgres/connection/stream.rs:64:45
[INFO] [stdout]     |
[INFO] [stdout]  38 | impl PgStream {
[INFO] [stdout] ...
[INFO] [stdout]  64 |     pub(crate) async fn recv_expect<'de, T: Decode<'de>>(
[INFO] [stdout]     |                                             ^^^^^^^^^^^ required by this bound in `PgStream::recv_expect`
[INFO] [stdout] 
[INFO] [stdout] 
[INFO] [stdout] error[E0277]: the trait bound `!: io::decode::Decode<'_>` is not satisfied
[INFO] [stdout]    --> /opt/rustwide/cargo-home/git/checkouts/sqlx-89db7eea5152fcf4/2fe173b/sqlx-core/src/postgres/copy.rs:288:14
[INFO] [stdout]     |
[INFO] [stdout] 288 |             .await?;
[INFO] [stdout]     |              ^^^^^ the trait `io::decode::Decode<'_>` is not implemented for `!`
[INFO] [stdout]     |
[INFO] [stdout]     = help: the following other types implement trait `io::decode::Decode<'de, Context>`:
[INFO] [stdout]               ()
[INFO] [stdout]               Authentication
[INFO] [stdout]               AuthenticationSaslContinue
[INFO] [stdout]               AuthenticationSaslFinal
[INFO] [stdout]               BackendKeyData
[INFO] [stdout]               CommandComplete
[INFO] [stdout]               CopyData<bytes::Bytes>
[INFO] [stdout]               CopyDone
[INFO] [stdout]             and 10 others
[INFO] [stdout]     = note: this error might have been caused by changes to Rust's type-inference algorithm (see issue #148922 <https://github.com/rust-lang/rust/issues/148922> for more information)
[INFO] [stdout]     = help: you might have intended to use the type `()` here instead
[INFO] [stdout] note: required by a bound in `PgStream::recv_expect`
[INFO] [stdout]    --> /opt/rustwide/cargo-home/git/checkouts/sqlx-89db7eea5152fcf4/2fe173b/sqlx-core/src/postgres/connection/stream.rs:64:45
[INFO] [stdout]     |
[INFO] [stdout]  38 | impl PgStream {
[INFO] [stdout] ...
[INFO] [stdout]  64 |     pub(crate) async fn recv_expect<'de, T: Decode<'de>>(
[INFO] [stdout]     |                                             ^^^^^^^^^^^ required by this bound in `PgStream::recv_expect`
[INFO] [stdout] 
[INFO] [stdout] 
[INFO] [stdout] error[E0277]: the trait bound `!: io::decode::Decode<'_>` is not satisfied
[INFO] [stdout]    --> /opt/rustwide/cargo-home/git/checkouts/sqlx-89db7eea5152fcf4/2fe173b/sqlx-core/src/postgres/copy.rs:323:33
[INFO] [stdout]     |
[INFO] [stdout] 323 |                     conn.stream.recv_expect(MessageFormat::CommandComplete).await?;
[INFO] [stdout]     |                                 ^^^^^^^^^^^ the trait `io::decode::Decode<'_>` is not implemented for `!`
[INFO] [stdout]     |
[INFO] [stdout]     = help: the following other types implement trait `io::decode::Decode<'de, Context>`:
[INFO] [stdout]               ()
[INFO] [stdout]               Authentication
[INFO] [stdout]               AuthenticationSaslContinue
[INFO] [stdout]               AuthenticationSaslFinal
[INFO] [stdout]               BackendKeyData
[INFO] [stdout]               CommandComplete
[INFO] [stdout]               CopyData<bytes::Bytes>
[INFO] [stdout]               CopyDone
[INFO] [stdout]             and 10 others
[INFO] [stdout]     = note: this error might have been caused by changes to Rust's type-inference algorithm (see issue #148922 <https://github.com/rust-lang/rust/issues/148922> for more information)
[INFO] [stdout]     = help: you might have intended to use the type `()` here instead
[INFO] [stdout] note: required by a bound in `PgStream::recv_expect`
[INFO] [stdout]    --> /opt/rustwide/cargo-home/git/checkouts/sqlx-89db7eea5152fcf4/2fe173b/sqlx-core/src/postgres/connection/stream.rs:64:45
[INFO] [stdout]     |
[INFO] [stdout]  38 | impl PgStream {
[INFO] [stdout] ...
[INFO] [stdout]  64 |     pub(crate) async fn recv_expect<'de, T: Decode<'de>>(
[INFO] [stdout]     |                                             ^^^^^^^^^^^ required by this bound in `PgStream::recv_expect`
[INFO] [stdout] 
[INFO] [stdout] 
[INFO] [stdout] error[E0277]: the trait bound `!: io::decode::Decode<'_>` is not satisfied
[INFO] [stdout]    --> /opt/rustwide/cargo-home/git/checkouts/sqlx-89db7eea5152fcf4/2fe173b/sqlx-core/src/postgres/copy.rs:324:33
[INFO] [stdout]     |
[INFO] [stdout] 324 |                     conn.stream.recv_expect(MessageFormat::ReadyForQuery).await?;
[INFO] [stdout]     |                                 ^^^^^^^^^^^ the trait `io::decode::Decode<'_>` is not implemented for `!`
[INFO] [stdout]     |
[INFO] [stdout]     = help: the following other types implement trait `io::decode::Decode<'de, Context>`:
[INFO] [stdout]               ()
[INFO] [stdout]               Authentication
[INFO] [stdout]               AuthenticationSaslContinue
[INFO] [stdout]               AuthenticationSaslFinal
[INFO] [stdout]               BackendKeyData
[INFO] [stdout]               CommandComplete
[INFO] [stdout]               CopyData<bytes::Bytes>
[INFO] [stdout]               CopyDone
[INFO] [stdout]             and 10 others
[INFO] [stdout]     = note: this error might have been caused by changes to Rust's type-inference algorithm (see issue #148922 <https://github.com/rust-lang/rust/issues/148922> for more information)
[INFO] [stdout]     = help: you might have intended to use the type `()` here instead
[INFO] [stdout] note: required by a bound in `PgStream::recv_expect`
[INFO] [stdout]    --> /opt/rustwide/cargo-home/git/checkouts/sqlx-89db7eea5152fcf4/2fe173b/sqlx-core/src/postgres/connection/stream.rs:64:45
[INFO] [stdout]     |
[INFO] [stdout]  38 | impl PgStream {
[INFO] [stdout] ...
[INFO] [stdout]  64 |     pub(crate) async fn recv_expect<'de, T: Decode<'de>>(
[INFO] [stdout]     |                                             ^^^^^^^^^^^ required by this bound in `PgStream::recv_expect`
[INFO] [stdout] 
[INFO] [stdout] 
[INFO] [stdout] error[E0277]: the trait bound `!: io::decode::Decode<'_>` is not satisfied
[INFO] [stdout]    --> /opt/rustwide/cargo-home/git/checkouts/sqlx-89db7eea5152fcf4/2fe173b/sqlx-core/src/postgres/copy.rs:323:77
[INFO] [stdout]     |
[INFO] [stdout] 323 |                     conn.stream.recv_expect(MessageFormat::CommandComplete).await?;
[INFO] [stdout]     |                                                                             ^^^^^ the trait `io::decode::Decode<'_>` is not implemented for `!`
[INFO] [stdout]     |
[INFO] [stdout]     = help: the following other types implement trait `io::decode::Decode<'de, Context>`:
[INFO] [stdout]               ()
[INFO] [stdout]               Authentication
[INFO] [stdout]               AuthenticationSaslContinue
[INFO] [stdout]               AuthenticationSaslFinal
[INFO] [stdout]               BackendKeyData
[INFO] [stdout]               CommandComplete
[INFO] [stdout]               CopyData<bytes::Bytes>
[INFO] [stdout]               CopyDone
[INFO] [stdout]             and 10 others
[INFO] [stdout]     = note: this error might have been caused by changes to Rust's type-inference algorithm (see issue #148922 <https://github.com/rust-lang/rust/issues/148922> for more information)
[INFO] [stdout]     = help: you might have intended to use the type `()` here instead
[INFO] [stdout] note: required by a bound in `PgStream::recv_expect`
[INFO] [stdout]    --> /opt/rustwide/cargo-home/git/checkouts/sqlx-89db7eea5152fcf4/2fe173b/sqlx-core/src/postgres/connection/stream.rs:64:45
[INFO] [stdout]     |
[INFO] [stdout]  38 | impl PgStream {
[INFO] [stdout] ...
[INFO] [stdout]  64 |     pub(crate) async fn recv_expect<'de, T: Decode<'de>>(
[INFO] [stdout]     |                                             ^^^^^^^^^^^ required by this bound in `PgStream::recv_expect`
[INFO] [stdout] 
[INFO] [stdout] 
[INFO] [stdout] error[E0277]: the trait bound `!: io::decode::Decode<'_>` is not satisfied
[INFO] [stdout]    --> /opt/rustwide/cargo-home/git/checkouts/sqlx-89db7eea5152fcf4/2fe173b/sqlx-core/src/postgres/copy.rs:324:75
[INFO] [stdout]     |
[INFO] [stdout] 324 |                     conn.stream.recv_expect(MessageFormat::ReadyForQuery).await?;
[INFO] [stdout]     |                                                                           ^^^^^ the trait `io::decode::Decode<'_>` is not implemented for `!`
[INFO] [stdout]     |
[INFO] [stdout]     = help: the following other types implement trait `io::decode::Decode<'de, Context>`:
[INFO] [stdout]               ()
[INFO] [stdout]               Authentication
[INFO] [stdout]               AuthenticationSaslContinue
[INFO] [stdout]               AuthenticationSaslFinal
[INFO] [stdout]               BackendKeyData
[INFO] [stdout]               CommandComplete
[INFO] [stdout]               CopyData<bytes::Bytes>
[INFO] [stdout]               CopyDone
[INFO] [stdout]             and 10 others
[INFO] [stdout]     = note: this error might have been caused by changes to Rust's type-inference algorithm (see issue #148922 <https://github.com/rust-lang/rust/issues/148922> for more information)
[INFO] [stdout]     = help: you might have intended to use the type `()` here instead
[INFO] [stdout] note: required by a bound in `PgStream::recv_expect`
[INFO] [stdout]    --> /opt/rustwide/cargo-home/git/checkouts/sqlx-89db7eea5152fcf4/2fe173b/sqlx-core/src/postgres/connection/stream.rs:64:45
[INFO] [stdout]     |
[INFO] [stdout]  38 | impl PgStream {
[INFO] [stdout] ...
[INFO] [stdout]  64 |     pub(crate) async fn recv_expect<'de, T: Decode<'de>>(
[INFO] [stdout]     |                                             ^^^^^^^^^^^ required by this bound in `PgStream::recv_expect`
[INFO] [stdout] 
[INFO] [stdout] 
[INFO] [stderr]     Checking anstream v0.6.13
[INFO] [stderr]     Checking tracing-subscriber v0.3.18
[INFO] [stderr]     Checking bytes v0.4.12
[INFO] [stderr]     Checking async-session v3.0.0
[INFO] [stderr]     Checking zstd v0.13.1
[INFO] [stderr]     Checking hashbrown v0.11.2
[INFO] [stderr]     Checking thin-vec v0.2.13
[INFO] [stderr]     Checking hyper-tls v0.5.0
[INFO] [stderr]     Checking reqwest v0.11.27
[INFO] [stderr]    Compiling rhai_codegen v2.1.0
[INFO] [stderr]     Checking option-ext v0.2.0
[INFO] [stderr]     Checking clap_lex v0.7.0
[INFO] [stderr]     Checking strsim v0.11.1
[INFO] [stderr]     Checking indenter v0.3.3
[INFO] [stderr]     Checking fixedbitset v0.4.2
[INFO] [stderr]     Checking money2 v1.4.0
[INFO] [stderr]    Compiling semver v1.0.22
[INFO] [stderr]     Checking winvoice-schema v0.16.4 (https://github.com/Iron-E/winvoice-schema?branch=release%2F0.16#ed22a652)
[INFO] [stderr]    Compiling heck v0.5.0
[INFO] [stderr]     Checking zeroize v1.8.0
[INFO] [stderr]     Checking rhai v1.18.0
[INFO] [stderr]    Compiling clap_derive v4.5.4
[INFO] [stderr]     Checking secrecy v0.8.0
[INFO] [stderr]     Checking tokio-rustls v0.24.1
[INFO] [stderr]     Checking petgraph v0.6.4
[INFO] [stderr]     Checking winvoice-match v0.15.0 (https://github.com/Iron-E/winvoice-match?branch=release%2F0.15#11eaa835)
[INFO] [stdout] For more information about this error, try `rustc --explain E0277`.
[INFO] [stdout] 
[INFO] [stderr] error: could not compile `sqlx-core` (lib) due to 10 previous errors
[INFO] [stderr] warning: build failed, waiting for other jobs to finish...
[INFO] [stdout] error[E0277]: the trait bound `!: io::decode::Decode<'_>` is not satisfied
[INFO] [stdout]   --> /opt/rustwide/cargo-home/git/checkouts/sqlx-89db7eea5152fcf4/2fe173b/sqlx-core/src/postgres/connection/executor.rs:68:10
[INFO] [stdout]    |
[INFO] [stdout] 68 |         .recv_expect(MessageFormat::ParseComplete)
[INFO] [stdout]    |          ^^^^^^^^^^^ the trait `io::decode::Decode<'_>` is not implemented for `!`
[INFO] [stdout]    |
[INFO] [stdout]    = help: the following other types implement trait `io::decode::Decode<'de, Context>`:
[INFO] [stdout]              ()
[INFO] [stdout]              Authentication
[INFO] [stdout]              AuthenticationSaslContinue
[INFO] [stdout]              AuthenticationSaslFinal
[INFO] [stdout]              BackendKeyData
[INFO] [stdout]              CommandComplete
[INFO] [stdout]              CopyData<bytes::Bytes>
[INFO] [stdout]              CopyDone
[INFO] [stdout]            and 10 others
[INFO] [stdout]    = note: this error might have been caused by changes to Rust's type-inference algorithm (see issue #148922 <https://github.com/rust-lang/rust/issues/148922> for more information)
[INFO] [stdout]    = help: you might have intended to use the type `()` here instead
[INFO] [stdout] note: required by a bound in `PgStream::recv_expect`
[INFO] [stdout]   --> /opt/rustwide/cargo-home/git/checkouts/sqlx-89db7eea5152fcf4/2fe173b/sqlx-core/src/postgres/connection/stream.rs:64:45
[INFO] [stdout]    |
[INFO] [stdout] 38 | impl PgStream {
[INFO] [stdout] ...
[INFO] [stdout] 64 |     pub(crate) async fn recv_expect<'de, T: Decode<'de>>(
[INFO] [stdout]    |                                             ^^^^^^^^^^^ required by this bound in `PgStream::recv_expect`
[INFO] [stdout] 
[INFO] [stdout] 
[INFO] [stdout] error[E0277]: the trait bound `!: io::decode::Decode<'_>` is not satisfied
[INFO] [stdout]   --> /opt/rustwide/cargo-home/git/checkouts/sqlx-89db7eea5152fcf4/2fe173b/sqlx-core/src/postgres/connection/executor.rs:69:10
[INFO] [stdout]    |
[INFO] [stdout] 69 |         .await?;
[INFO] [stdout]    |          ^^^^^ the trait `io::decode::Decode<'_>` is not implemented for `!`
[INFO] [stdout]    |
[INFO] [stdout]    = help: the following other types implement trait `io::decode::Decode<'de, Context>`:
[INFO] [stdout]              ()
[INFO] [stdout]              Authentication
[INFO] [stdout]              AuthenticationSaslContinue
[INFO] [stdout]              AuthenticationSaslFinal
[INFO] [stdout]              BackendKeyData
[INFO] [stdout]              CommandComplete
[INFO] [stdout]              CopyData<bytes::Bytes>
[INFO] [stdout]              CopyDone
[INFO] [stdout]            and 10 others
[INFO] [stdout]    = note: this error might have been caused by changes to Rust's type-inference algorithm (see issue #148922 <https://github.com/rust-lang/rust/issues/148922> for more information)
[INFO] [stdout]    = help: you might have intended to use the type `()` here instead
[INFO] [stdout] note: required by a bound in `PgStream::recv_expect`
[INFO] [stdout]   --> /opt/rustwide/cargo-home/git/checkouts/sqlx-89db7eea5152fcf4/2fe173b/sqlx-core/src/postgres/connection/stream.rs:64:45
[INFO] [stdout]    |
[INFO] [stdout] 38 | impl PgStream {
[INFO] [stdout] ...
[INFO] [stdout] 64 |     pub(crate) async fn recv_expect<'de, T: Decode<'de>>(
[INFO] [stdout]    |                                             ^^^^^^^^^^^ required by this bound in `PgStream::recv_expect`
[INFO] [stdout] 
[INFO] [stdout] 
[INFO] [stdout] error[E0277]: the trait bound `!: io::decode::Decode<'_>` is not satisfied
[INFO] [stdout]    --> /opt/rustwide/cargo-home/git/checkouts/sqlx-89db7eea5152fcf4/2fe173b/sqlx-core/src/postgres/copy.rs:260:30
[INFO] [stdout]     |
[INFO] [stdout] 260 | ...                   .recv_expect(MessageFormat::ReadyForQuery)
[INFO] [stdout]     |                        ^^^^^^^^^^^ the trait `io::decode::Decode<'_>` is not implemented for `!`
[INFO] [stdout]     |
[INFO] [stdout]     = help: the following other types implement trait `io::decode::Decode<'de, Context>`:
[INFO] [stdout]               ()
[INFO] [stdout]               Authentication
[INFO] [stdout]               AuthenticationSaslContinue
[INFO] [stdout]               AuthenticationSaslFinal
[INFO] [stdout]               BackendKeyData
[INFO] [stdout]               CommandComplete
[INFO] [stdout]               CopyData<bytes::Bytes>
[INFO] [stdout]               CopyDone
[INFO] [stdout]             and 10 others
[INFO] [stdout]     = note: this error might have been caused by changes to Rust's type-inference algorithm (see issue #148922 <https://github.com/rust-lang/rust/issues/148922> for more information)
[INFO] [stdout]     = help: you might have intended to use the type `()` here instead
[INFO] [stdout] note: required by a bound in `PgStream::recv_expect`
[INFO] [stdout]    --> /opt/rustwide/cargo-home/git/checkouts/sqlx-89db7eea5152fcf4/2fe173b/sqlx-core/src/postgres/connection/stream.rs:64:45
[INFO] [stdout]     |
[INFO] [stdout]  38 | impl PgStream {
[INFO] [stdout] ...
[INFO] [stdout]  64 |     pub(crate) async fn recv_expect<'de, T: Decode<'de>>(
[INFO] [stdout]     |                                             ^^^^^^^^^^^ required by this bound in `PgStream::recv_expect`
[INFO] [stdout] 
[INFO] [stdout] 
[INFO] [stdout] error[E0277]: the trait bound `!: io::decode::Decode<'_>` is not satisfied
[INFO] [stdout]    --> /opt/rustwide/cargo-home/git/checkouts/sqlx-89db7eea5152fcf4/2fe173b/sqlx-core/src/postgres/copy.rs:261:30
[INFO] [stdout]     |
[INFO] [stdout] 261 | ...                   .await?;
[INFO] [stdout]     |                        ^^^^^ the trait `io::decode::Decode<'_>` is not implemented for `!`
[INFO] [stdout]     |
[INFO] [stdout]     = help: the following other types implement trait `io::decode::Decode<'de, Context>`:
[INFO] [stdout]               ()
[INFO] [stdout]               Authentication
[INFO] [stdout]               AuthenticationSaslContinue
[INFO] [stdout]               AuthenticationSaslFinal
[INFO] [stdout]               BackendKeyData
[INFO] [stdout]               CommandComplete
[INFO] [stdout]               CopyData<bytes::Bytes>
[INFO] [stdout]               CopyDone
[INFO] [stdout]             and 10 others
[INFO] [stdout]     = note: this error might have been caused by changes to Rust's type-inference algorithm (see issue #148922 <https://github.com/rust-lang/rust/issues/148922> for more information)
[INFO] [stdout]     = help: you might have intended to use the type `()` here instead
[INFO] [stdout] note: required by a bound in `PgStream::recv_expect`
[INFO] [stdout]    --> /opt/rustwide/cargo-home/git/checkouts/sqlx-89db7eea5152fcf4/2fe173b/sqlx-core/src/postgres/connection/stream.rs:64:45
[INFO] [stdout]     |
[INFO] [stdout]  38 | impl PgStream {
[INFO] [stdout] ...
[INFO] [stdout]  64 |     pub(crate) async fn recv_expect<'de, T: Decode<'de>>(
[INFO] [stdout]     |                                             ^^^^^^^^^^^ required by this bound in `PgStream::recv_expect`
[INFO] [stdout] 
[INFO] [stdout] 
[INFO] [stdout] error[E0277]: the trait bound `!: io::decode::Decode<'_>` is not satisfied
[INFO] [stdout]    --> /opt/rustwide/cargo-home/git/checkouts/sqlx-89db7eea5152fcf4/2fe173b/sqlx-core/src/postgres/copy.rs:287:14
[INFO] [stdout]     |
[INFO] [stdout] 287 |             .recv_expect(MessageFormat::ReadyForQuery)
[INFO] [stdout]     |              ^^^^^^^^^^^ the trait `io::decode::Decode<'_>` is not implemented for `!`
[INFO] [stdout]     |
[INFO] [stdout]     = help: the following other types implement trait `io::decode::Decode<'de, Context>`:
[INFO] [stdout]               ()
[INFO] [stdout]               Authentication
[INFO] [stdout]               AuthenticationSaslContinue
[INFO] [stdout]               AuthenticationSaslFinal
[INFO] [stdout]               BackendKeyData
[INFO] [stdout]               CommandComplete
[INFO] [stdout]               CopyData<bytes::Bytes>
[INFO] [stdout]               CopyDone
[INFO] [stdout]             and 10 others
[INFO] [stdout]     = note: this error might have been caused by changes to Rust's type-inference algorithm (see issue #148922 <https://github.com/rust-lang/rust/issues/148922> for more information)
[INFO] [stdout]     = help: you might have intended to use the type `()` here instead
[INFO] [stdout] note: required by a bound in `PgStream::recv_expect`
[INFO] [stdout]    --> /opt/rustwide/cargo-home/git/checkouts/sqlx-89db7eea5152fcf4/2fe173b/sqlx-core/src/postgres/connection/stream.rs:64:45
[INFO] [stdout]     |
[INFO] [stdout]  38 | impl PgStream {
[INFO] [stdout] ...
[INFO] [stdout]  64 |     pub(crate) async fn recv_expect<'de, T: Decode<'de>>(
[INFO] [stdout]     |                                             ^^^^^^^^^^^ required by this bound in `PgStream::recv_expect`
[INFO] [stdout] 
[INFO] [stdout] 
[INFO] [stdout] error[E0277]: the trait bound `!: io::decode::Decode<'_>` is not satisfied
[INFO] [stdout]    --> /opt/rustwide/cargo-home/git/checkouts/sqlx-89db7eea5152fcf4/2fe173b/sqlx-core/src/postgres/copy.rs:288:14
[INFO] [stdout]     |
[INFO] [stdout] 288 |             .await?;
[INFO] [stdout]     |              ^^^^^ the trait `io::decode::Decode<'_>` is not implemented for `!`
[INFO] [stdout]     |
[INFO] [stdout]     = help: the following other types implement trait `io::decode::Decode<'de, Context>`:
[INFO] [stdout]               ()
[INFO] [stdout]               Authentication
[INFO] [stdout]               AuthenticationSaslContinue
[INFO] [stdout]               AuthenticationSaslFinal
[INFO] [stdout]               BackendKeyData
[INFO] [stdout]               CommandComplete
[INFO] [stdout]               CopyData<bytes::Bytes>
[INFO] [stdout]               CopyDone
[INFO] [stdout]             and 10 others
[INFO] [stdout]     = note: this error might have been caused by changes to Rust's type-inference algorithm (see issue #148922 <https://github.com/rust-lang/rust/issues/148922> for more information)
[INFO] [stdout]     = help: you might have intended to use the type `()` here instead
[INFO] [stdout] note: required by a bound in `PgStream::recv_expect`
[INFO] [stdout]    --> /opt/rustwide/cargo-home/git/checkouts/sqlx-89db7eea5152fcf4/2fe173b/sqlx-core/src/postgres/connection/stream.rs:64:45
[INFO] [stdout]     |
[INFO] [stdout]  38 | impl PgStream {
[INFO] [stdout] ...
[INFO] [stdout]  64 |     pub(crate) async fn recv_expect<'de, T: Decode<'de>>(
[INFO] [stdout]     |                                             ^^^^^^^^^^^ required by this bound in `PgStream::recv_expect`
[INFO] [stdout] 
[INFO] [stdout] 
[INFO] [stdout] error[E0277]: the trait bound `!: io::decode::Decode<'_>` is not satisfied
[INFO] [stdout]    --> /opt/rustwide/cargo-home/git/checkouts/sqlx-89db7eea5152fcf4/2fe173b/sqlx-core/src/postgres/copy.rs:323:33
[INFO] [stdout]     |
[INFO] [stdout] 323 |                     conn.stream.recv_expect(MessageFormat::CommandComplete).await?;
[INFO] [stdout]     |                                 ^^^^^^^^^^^ the trait `io::decode::Decode<'_>` is not implemented for `!`
[INFO] [stdout]     |
[INFO] [stdout]     = help: the following other types implement trait `io::decode::Decode<'de, Context>`:
[INFO] [stdout]               ()
[INFO] [stdout]               Authentication
[INFO] [stdout]               AuthenticationSaslContinue
[INFO] [stdout]               AuthenticationSaslFinal
[INFO] [stdout]               BackendKeyData
[INFO] [stdout]               CommandComplete
[INFO] [stdout]               CopyData<bytes::Bytes>
[INFO] [stdout]               CopyDone
[INFO] [stdout]             and 10 others
[INFO] [stdout]     = note: this error might have been caused by changes to Rust's type-inference algorithm (see issue #148922 <https://github.com/rust-lang/rust/issues/148922> for more information)
[INFO] [stdout]     = help: you might have intended to use the type `()` here instead
[INFO] [stdout] note: required by a bound in `PgStream::recv_expect`
[INFO] [stdout]    --> /opt/rustwide/cargo-home/git/checkouts/sqlx-89db7eea5152fcf4/2fe173b/sqlx-core/src/postgres/connection/stream.rs:64:45
[INFO] [stdout]     |
[INFO] [stdout]  38 | impl PgStream {
[INFO] [stdout] ...
[INFO] [stdout]  64 |     pub(crate) async fn recv_expect<'de, T: Decode<'de>>(
[INFO] [stdout]     |                                             ^^^^^^^^^^^ required by this bound in `PgStream::recv_expect`
[INFO] [stdout] 
[INFO] [stdout] 
[INFO] [stdout] error[E0277]: the trait bound `!: io::decode::Decode<'_>` is not satisfied
[INFO] [stdout]    --> /opt/rustwide/cargo-home/git/checkouts/sqlx-89db7eea5152fcf4/2fe173b/sqlx-core/src/postgres/copy.rs:324:33
[INFO] [stdout]     |
[INFO] [stdout] 324 |                     conn.stream.recv_expect(MessageFormat::ReadyForQuery).await?;
[INFO] [stdout]     |                                 ^^^^^^^^^^^ the trait `io::decode::Decode<'_>` is not implemented for `!`
[INFO] [stdout]     |
[INFO] [stdout]     = help: the following other types implement trait `io::decode::Decode<'de, Context>`:
[INFO] [stdout]               ()
[INFO] [stdout]               Authentication
[INFO] [stdout]               AuthenticationSaslContinue
[INFO] [stdout]               AuthenticationSaslFinal
[INFO] [stdout]               BackendKeyData
[INFO] [stdout]               CommandComplete
[INFO] [stdout]               CopyData<bytes::Bytes>
[INFO] [stdout]               CopyDone
[INFO] [stdout]             and 10 others
[INFO] [stdout]     = note: this error might have been caused by changes to Rust's type-inference algorithm (see issue #148922 <https://github.com/rust-lang/rust/issues/148922> for more information)
[INFO] [stdout]     = help: you might have intended to use the type `()` here instead
[INFO] [stdout] note: required by a bound in `PgStream::recv_expect`
[INFO] [stdout]    --> /opt/rustwide/cargo-home/git/checkouts/sqlx-89db7eea5152fcf4/2fe173b/sqlx-core/src/postgres/connection/stream.rs:64:45
[INFO] [stdout]     |
[INFO] [stdout]  38 | impl PgStream {
[INFO] [stdout] ...
[INFO] [stdout]  64 |     pub(crate) async fn recv_expect<'de, T: Decode<'de>>(
[INFO] [stdout]     |                                             ^^^^^^^^^^^ required by this bound in `PgStream::recv_expect`
[INFO] [stdout] 
[INFO] [stdout] 
[INFO] [stdout] error[E0277]: the trait bound `!: io::decode::Decode<'_>` is not satisfied
[INFO] [stdout]    --> /opt/rustwide/cargo-home/git/checkouts/sqlx-89db7eea5152fcf4/2fe173b/sqlx-core/src/postgres/copy.rs:323:77
[INFO] [stdout]     |
[INFO] [stdout] 323 |                     conn.stream.recv_expect(MessageFormat::CommandComplete).await?;
[INFO] [stdout]     |                                                                             ^^^^^ the trait `io::decode::Decode<'_>` is not implemented for `!`
[INFO] [stdout]     |
[INFO] [stdout]     = help: the following other types implement trait `io::decode::Decode<'de, Context>`:
[INFO] [stdout]               ()
[INFO] [stdout]               Authentication
[INFO] [stdout]               AuthenticationSaslContinue
[INFO] [stdout]               AuthenticationSaslFinal
[INFO] [stdout]               BackendKeyData
[INFO] [stdout]               CommandComplete
[INFO] [stdout]               CopyData<bytes::Bytes>
[INFO] [stdout]               CopyDone
[INFO] [stdout]             and 10 others
[INFO] [stdout]     = note: this error might have been caused by changes to Rust's type-inference algorithm (see issue #148922 <https://github.com/rust-lang/rust/issues/148922> for more information)
[INFO] [stdout]     = help: you might have intended to use the type `()` here instead
[INFO] [stdout] note: required by a bound in `PgStream::recv_expect`
[INFO] [stdout]    --> /opt/rustwide/cargo-home/git/checkouts/sqlx-89db7eea5152fcf4/2fe173b/sqlx-core/src/postgres/connection/stream.rs:64:45
[INFO] [stdout]     |
[INFO] [stdout]  38 | impl PgStream {
[INFO] [stdout] ...
[INFO] [stdout]  64 |     pub(crate) async fn recv_expect<'de, T: Decode<'de>>(
[INFO] [stdout]     |                                             ^^^^^^^^^^^ required by this bound in `PgStream::recv_expect`
[INFO] [stdout] 
[INFO] [stdout] 
[INFO] [stdout] error[E0277]: the trait bound `!: io::decode::Decode<'_>` is not satisfied
[INFO] [stdout]    --> /opt/rustwide/cargo-home/git/checkouts/sqlx-89db7eea5152fcf4/2fe173b/sqlx-core/src/postgres/copy.rs:324:75
[INFO] [stdout]     |
[INFO] [stdout] 324 |                     conn.stream.recv_expect(MessageFormat::ReadyForQuery).await?;
[INFO] [stdout]     |                                                                           ^^^^^ the trait `io::decode::Decode<'_>` is not implemented for `!`
[INFO] [stdout]     |
[INFO] [stdout]     = help: the following other types implement trait `io::decode::Decode<'de, Context>`:
[INFO] [stdout]               ()
[INFO] [stdout]               Authentication
[INFO] [stdout]               AuthenticationSaslContinue
[INFO] [stdout]               AuthenticationSaslFinal
[INFO] [stdout]               BackendKeyData
[INFO] [stdout]               CommandComplete
[INFO] [stdout]               CopyData<bytes::Bytes>
[INFO] [stdout]               CopyDone
[INFO] [stdout]             and 10 others
[INFO] [stdout]     = note: this error might have been caused by changes to Rust's type-inference algorithm (see issue #148922 <https://github.com/rust-lang/rust/issues/148922> for more information)
[INFO] [stdout]     = help: you might have intended to use the type `()` here instead
[INFO] [stdout] note: required by a bound in `PgStream::recv_expect`
[INFO] [stdout]    --> /opt/rustwide/cargo-home/git/checkouts/sqlx-89db7eea5152fcf4/2fe173b/sqlx-core/src/postgres/connection/stream.rs:64:45
[INFO] [stdout]     |
[INFO] [stdout]  38 | impl PgStream {
[INFO] [stdout] ...
[INFO] [stdout]  64 |     pub(crate) async fn recv_expect<'de, T: Decode<'de>>(
[INFO] [stdout]     |                                             ^^^^^^^^^^^ required by this bound in `PgStream::recv_expect`
[INFO] [stdout] 
[INFO] [stdout] 
[INFO] [stdout] For more information about this error, try `rustc --explain E0277`.
[INFO] [stdout] 
[INFO] [stderr] error: could not compile `sqlx-core` (lib) due to 10 previous errors
[INFO] running `Command { std: "docker" "inspect" "43672e60ca439488b4a9d379deaf648a73c256ab3472710893b4419cfb975bc2", kill_on_drop: false }`
[INFO] running `Command { std: "docker" "rm" "-f" "43672e60ca439488b4a9d379deaf648a73c256ab3472710893b4419cfb975bc2", kill_on_drop: false }`
[INFO] [stdout] 43672e60ca439488b4a9d379deaf648a73c256ab3472710893b4419cfb975bc2
