[INFO] cloning repository https://github.com/IoTPanic/faroe
[INFO] running `Command { std: "git" "-c" "credential.helper=" "-c" "credential.helper=/workspace/cargo-home/bin/git-credential-null" "clone" "--bare" "https://github.com/IoTPanic/faroe" "/workspace/cache/git-repos/https%3A%2F%2Fgithub.com%2FIoTPanic%2Ffaroe", kill_on_drop: false }`
[INFO] [stderr] Cloning into bare repository '/workspace/cache/git-repos/https%3A%2F%2Fgithub.com%2FIoTPanic%2Ffaroe'...
[INFO] running `Command { std: "git" "rev-parse" "HEAD", kill_on_drop: false }`
[INFO] [stdout] 3432e3e6d3a8090e4bde3f5891275d5dce480810
[INFO] checking IoTPanic/faroe against 3154cc1a3e6424e44f438a95007d043ed5ceaaf6+rustflags=-Znext-solver=coherence for pr-133502-30
[INFO] running `Command { std: "git" "clone" "/workspace/cache/git-repos/https%3A%2F%2Fgithub.com%2FIoTPanic%2Ffaroe" "/workspace/builds/worker-1-tc1/source", kill_on_drop: false }`
[INFO] [stderr] Cloning into '/workspace/builds/worker-1-tc1/source'...
[INFO] [stderr] done.
[INFO] removed /workspace/builds/worker-1-tc1/source/.cargo/config.toml
[INFO] started tweaking git repo https://github.com/IoTPanic/faroe
[INFO] finished tweaking git repo https://github.com/IoTPanic/faroe
[INFO] tweaked toml for git repo https://github.com/IoTPanic/faroe written to /workspace/builds/worker-1-tc1/source/Cargo.toml
[INFO] validating manifest of git repo https://github.com/IoTPanic/faroe on toolchain 3154cc1a3e6424e44f438a95007d043ed5ceaaf6
[INFO] running `Command { std: CARGO_HOME="/workspace/cargo-home" RUSTUP_HOME="/workspace/rustup-home" "/workspace/cargo-home/bin/cargo" "+3154cc1a3e6424e44f438a95007d043ed5ceaaf6" "metadata" "--manifest-path" "Cargo.toml" "--no-deps", kill_on_drop: false }`
[INFO] crate git repo https://github.com/IoTPanic/faroe already has a lockfile, it will not be regenerated
[INFO] running `Command { std: CARGO_HOME="/workspace/cargo-home" RUSTUP_HOME="/workspace/rustup-home" "/workspace/cargo-home/bin/cargo" "+3154cc1a3e6424e44f438a95007d043ed5ceaaf6" "fetch" "--manifest-path" "Cargo.toml", kill_on_drop: false }`
[INFO] [stderr] warning: unused workspace dependency `crc32fast`
[INFO] [stderr]   --> Cargo.toml:28:25
[INFO] [stderr]    |
[INFO] [stderr] 28 | [workspace.dependencies.crc32fast]
[INFO] [stderr]    |                         ^^^^^^^^^
[INFO] [stderr]    |
[INFO] [stderr]    = note: `cargo::unused_workspace_dependencies` is set to `warn` by default
[INFO] [stderr] help: consider removing the workspace dependency `crc32fast`
[INFO] [stderr] warning: unused workspace dependency `serde`
[INFO] [stderr]   --> Cargo.toml:38:25
[INFO] [stderr]    |
[INFO] [stderr] 38 | [workspace.dependencies.serde]
[INFO] [stderr]    |                         ^^^^^
[INFO] [stderr]    |
[INFO] [stderr] help: consider removing the workspace dependency `serde`
[INFO] [stderr] warning: unused workspace dependency `toml`
[INFO] [stderr]   --> Cargo.toml:22:1
[INFO] [stderr]    |
[INFO] [stderr] 22 | toml = "0.8"
[INFO] [stderr]    | ^^^^
[INFO] [stderr]    |
[INFO] [stderr] help: consider removing the workspace dependency `toml`
[INFO] [stderr] warning: workspace (manifest) generated 3 warnings
[INFO] [stderr]     Updating crates.io index
[INFO] [stderr]  Downloading crates ...
[INFO] [stderr]   Downloaded ihex v3.0.0
[INFO] [stderr]   Downloaded ruzstd v0.7.3
[INFO] running `Command { std: "docker" "create" "-v" "/var/lib/crater-agent-workspace/builds/worker-1-tc1/source:/opt/rustwide/workdir:ro,Z" "-v" "/var/lib/crater-agent-workspace/builds/worker-1-tc1/target:/opt/rustwide/target:rw,Z" "-v" "/var/lib/crater-agent-workspace/cargo-home:/opt/rustwide/cargo-home:ro,Z" "-v" "/var/lib/crater-agent-workspace/rustup-home:/opt/rustwide/rustup-home:ro,Z" "-m" "1610612736" "--network" "none" "ghcr.io/rust-lang/crates-build-env/linux@sha256:77db811e55d90add9212f6832c23229e3de5f1c1f9905e8cb07319ea15df73ac" "sleep" "infinity", kill_on_drop: false }`
[INFO] [stdout] 5a32efdef63f00d0b826052917d8143552431e5a699774a4dd2a092cc9a4278b
[INFO] running `Command { std: "docker" "start" "5a32efdef63f00d0b826052917d8143552431e5a699774a4dd2a092cc9a4278b", kill_on_drop: false }`
[INFO] running `Command { std: "docker" "inspect" "5a32efdef63f00d0b826052917d8143552431e5a699774a4dd2a092cc9a4278b", kill_on_drop: false }`
[INFO] running `Command { std: "docker" "exec" "-e" "SOURCE_DIR=/opt/rustwide/workdir" "-e" "CARGO_HOME=/opt/rustwide/cargo-home" "-e" "RUSTUP_HOME=/opt/rustwide/rustup-home" "-e" "CARGO_TARGET_DIR=/opt/rustwide/target" "-w" "/opt/rustwide/workdir" "--user" "0:0" "5a32efdef63f00d0b826052917d8143552431e5a699774a4dd2a092cc9a4278b" "/opt/rustwide/cargo-home/bin/cargo" "+3154cc1a3e6424e44f438a95007d043ed5ceaaf6" "metadata" "--no-deps" "--format-version=1", kill_on_drop: false }`
[INFO] running `Command { std: "docker" "inspect" "5a32efdef63f00d0b826052917d8143552431e5a699774a4dd2a092cc9a4278b", kill_on_drop: false }`
[INFO] running `Command { std: "docker" "exec" "-e" "SOURCE_DIR=/opt/rustwide/workdir" "-e" "CARGO_HOME=/opt/rustwide/cargo-home" "-e" "RUSTUP_HOME=/opt/rustwide/rustup-home" "-e" "CARGO_TARGET_DIR=/opt/rustwide/target" "-e" "CARGO_INCREMENTAL=0" "-e" "RUST_BACKTRACE=full" "-e" "RUSTFLAGS=--cap-lints=forbid -Znext-solver=coherence" "-e" "RUSTDOCFLAGS=--cap-lints=forbid" "-w" "/opt/rustwide/workdir" "--user" "0:0" "5a32efdef63f00d0b826052917d8143552431e5a699774a4dd2a092cc9a4278b" "/opt/rustwide/cargo-home/bin/cargo" "+3154cc1a3e6424e44f438a95007d043ed5ceaaf6" "check" "--frozen" "--all" "--all-targets" "--message-format=json", kill_on_drop: false }`
[INFO] [stderr] warning: unused workspace dependency `crc32fast`
[INFO] [stderr]   --> Cargo.toml:28:25
[INFO] [stderr]    |
[INFO] [stderr] 28 | [workspace.dependencies.crc32fast]
[INFO] [stderr]    |                         ^^^^^^^^^
[INFO] [stderr]    |
[INFO] [stderr]    = note: `cargo::unused_workspace_dependencies` is set to `warn` by default
[INFO] [stderr] help: consider removing the workspace dependency `crc32fast`
[INFO] [stderr] warning: unused workspace dependency `serde`
[INFO] [stderr]   --> Cargo.toml:38:25
[INFO] [stderr]    |
[INFO] [stderr] 38 | [workspace.dependencies.serde]
[INFO] [stderr]    |                         ^^^^^
[INFO] [stderr]    |
[INFO] [stderr] help: consider removing the workspace dependency `serde`
[INFO] [stderr] warning: unused workspace dependency `toml`
[INFO] [stderr]   --> Cargo.toml:22:1
[INFO] [stderr]    |
[INFO] [stderr] 22 | toml = "0.8"
[INFO] [stderr]    | ^^^^
[INFO] [stderr]    |
[INFO] [stderr] help: consider removing the workspace dependency `toml`
[INFO] [stderr] warning: workspace (manifest) generated 3 warnings
[INFO] [stderr]    Compiling proc-macro2 v1.0.107
[INFO] [stderr]    Compiling quote v1.0.47
[INFO] [stderr]    Compiling serde_core v1.0.229
[INFO] [stderr]    Compiling serde v1.0.229
[INFO] [stderr]    Compiling crc32fast v1.5.1
[INFO] [stderr]    Compiling indexmap v2.14.2
[INFO] [stderr]    Compiling toml_write v0.1.2
[INFO] [stderr]     Checking cfg-if v1.0.4
[INFO] [stderr]    Compiling object v0.36.7
[INFO] [stderr]    Compiling thiserror v2.0.20
[INFO] [stderr]     Checking hashbrown v0.17.1
[INFO] [stderr]     Checking equivalent v1.0.2
[INFO] [stderr]     Checking winnow v0.7.15
[INFO] [stderr]     Checking adler2 v2.0.1
[INFO] [stderr]     Checking static_assertions v1.1.0
[INFO] [stderr]     Checking simd-adler32 v0.3.10
[INFO] [stderr]    Compiling syn v3.0.5
[INFO] [stderr]     Checking miniz_oxide v0.9.1
[INFO] [stderr]     Checking twox-hash v1.6.3
[INFO] [stderr]     Checking ruzstd v0.7.3
[INFO] [stderr]     Checking flate2 v1.1.10
[INFO] [stderr]     Checking memchr v2.8.3
[INFO] [stderr]    Compiling anyhow v1.0.104
[INFO] [stderr]     Checking utf8parse v0.2.2
[INFO] [stderr]     Checking anstyle-parse v1.0.0
[INFO] [stderr]     Checking colorchoice v1.0.5
[INFO] [stderr]     Checking is_terminal_polyfill v1.70.2
[INFO] [stderr]     Checking anstyle v1.0.14
[INFO] [stderr]     Checking anstyle-query v1.1.5
[INFO] [stderr]     Checking anstream v1.0.0
[INFO] [stderr]     Checking clap_lex v1.1.0
[INFO] [stderr]     Checking strsim v0.11.1
[INFO] [stderr]     Checking clap_builder v4.6.6
[INFO] [stderr]     Checking ihex v3.0.0
[INFO] [stderr]     Checking faroe-sys v0.1.0 (/opt/rustwide/workdir/lib/faroe-sys)
[INFO] [stdout] warning: function `neg_to_result` is never used
[INFO] [stdout]    --> lib/faroe-sys/src/lib.rs:105:15
[INFO] [stdout]     |
[INFO] [stdout] 105 | pub(crate) fn neg_to_result(r: i32) -> Result<i32, Errno> {
[INFO] [stdout]     |               ^^^^^^^^^^^^^
[INFO] [stdout]     |
[INFO] [stdout]     = note: `#[warn(dead_code)]` (part of `#[warn(unused)]`) on by default
[INFO] [stdout] 
[INFO] [stdout] 
[INFO] [stdout] warning: function `decode_reply_long` is never used
[INFO] [stdout]    --> lib/faroe-sys/src/lib.rs:175:15
[INFO] [stdout]     |
[INFO] [stdout] 175 | pub(crate) fn decode_reply_long(r0: i32, r1: u32, r2: u32) -> Result<ReplyLong, Errno> {
[INFO] [stdout]     |               ^^^^^^^^^^^^^^^^^
[INFO] [stdout] 
[INFO] [stdout] 
[INFO] [stderr]     Checking critical-section v1.2.0
[INFO] [stdout] warning: function `neg_to_result` is never used
[INFO] [stdout]    --> lib/faroe-sys/src/lib.rs:105:15
[INFO] [stdout]     |
[INFO] [stdout] 105 | pub(crate) fn neg_to_result(r: i32) -> Result<i32, Errno> {
[INFO] [stdout]     |               ^^^^^^^^^^^^^
[INFO] [stdout]     |
[INFO] [stdout]     = note: `#[warn(dead_code)]` (part of `#[warn(unused)]`) on by default
[INFO] [stdout] 
[INFO] [stdout] 
[INFO] [stdout] warning: function `decode_reply_long` is never used
[INFO] [stdout]    --> lib/faroe-sys/src/lib.rs:175:15
[INFO] [stdout]     |
[INFO] [stdout] 175 | pub(crate) fn decode_reply_long(r0: i32, r1: u32, r2: u32) -> Result<ReplyLong, Errno> {
[INFO] [stdout]     |               ^^^^^^^^^^^^^^^^^
[INFO] [stdout] 
[INFO] [stdout] 
[INFO] [stderr]     Checking faroe-async v0.1.0 (/opt/rustwide/workdir/lib/faroe-async)
[INFO] [stdout] error[E0432]: unresolved imports `sys::SUBSCRIBE_RECV_ARRIVAL`, `sys::SUBSCRIBE_SEND_ARRIVAL`
[INFO] [stdout]   --> lib/faroe-async/src/ipc.rs:43:30
[INFO] [stdout]    |
[INFO] [stdout] 43 | use sys::{Errno, RecvResult, SUBSCRIBE_RECV_ARRIVAL, SUBSCRIBE_SEND_ARRIVAL};
[INFO] [stdout]    |                              ^^^^^^^^^^^^^^^^^^^^^^  ^^^^^^^^^^^^^^^^^^^^^^ no `SUBSCRIBE_SEND_ARRIVAL` in the root
[INFO] [stdout]    |                              |
[INFO] [stdout]    |                              no `SUBSCRIBE_RECV_ARRIVAL` in the root
[INFO] [stdout]    |
[INFO] [stdout] note: found an item that was configured out
[INFO] [stdout]   --> lib/faroe-sys/src/lib.rs:34:39
[INFO] [stdout]    |
[INFO] [stdout] 31 | #[cfg(target_arch = "arm")] pub use ipc::{send, try_send, recv, try_recv,
[INFO] [stdout]    |       ------------------- the item is gated behind the `arm` feature
[INFO] [stdout] ...
[INFO] [stdout] 34 |               SUBSCRIBE_SEND_ARRIVAL, SUBSCRIBE_RECV_ARRIVAL};
[INFO] [stdout]    |                                       ^^^^^^^^^^^^^^^^^^^^^^
[INFO] [stdout] note: found an item that was configured out
[INFO] [stdout]   --> lib/faroe-sys/src/lib.rs:34:15
[INFO] [stdout]    |
[INFO] [stdout] 31 | #[cfg(target_arch = "arm")] pub use ipc::{send, try_send, recv, try_recv,
[INFO] [stdout]    |       ------------------- the item is gated behind the `arm` feature
[INFO] [stdout] ...
[INFO] [stdout] 34 |               SUBSCRIBE_SEND_ARRIVAL, SUBSCRIBE_RECV_ARRIVAL};
[INFO] [stdout]    |               ^^^^^^^^^^^^^^^^^^^^^^
[INFO] [stdout] 
[INFO] [stdout] 
[INFO] [stdout] error[E0425]: cannot find function `wait` in crate `sys`
[INFO] [stdout]   --> lib/faroe-async/src/block_on.rs:78:47
[INFO] [stdout]    |
[INFO] [stdout] 78 |                     let _bits = unsafe { sys::wait() };
[INFO] [stdout]    |                                               ^^^^ not found in `sys`
[INFO] [stdout]    |
[INFO] [stdout] note: found an item that was configured out
[INFO] [stdout]   --> lib/faroe-sys/src/lib.rs:30:53
[INFO] [stdout]    |
[INFO] [stdout] 30 | #[cfg(target_arch = "arm")] pub use notif::{signal, wait, try_wait};
[INFO] [stdout]    |       -------------------                           ^^^^
[INFO] [stdout]    |       |
[INFO] [stdout]    |       the item is gated behind the `arm` feature
[INFO] [stdout] 
[INFO] [stdout] 
[INFO] [stdout] error[E0425]: cannot find function `now` in crate `sys`
[INFO] [stdout]   --> lib/faroe-async/src/block_on.rs:80:41
[INFO] [stdout]    |
[INFO] [stdout] 80 |                 let now = unsafe { sys::now() };
[INFO] [stdout]    |                                         ^^^ not found in `sys`
[INFO] [stdout]    |
[INFO] [stdout] note: found an item that was configured out
[INFO] [stdout]   --> lib/faroe-sys/src/lib.rs:38:44
[INFO] [stdout]    |
[INFO] [stdout] 38 | #[cfg(target_arch = "arm")] pub use time::{now, set_wake_at, advance_time, min_wake_at};
[INFO] [stdout]    |       -------------------                  ^^^
[INFO] [stdout]    |       |
[INFO] [stdout]    |       the item is gated behind the `arm` feature
[INFO] [stdout] 
[INFO] [stdout] 
[INFO] [stdout] error[E0425]: cannot find function `wait` in crate `sys`
[INFO] [stdout]    --> lib/faroe-async/src/executor.rs:217:38
[INFO] [stdout]     |
[INFO] [stdout] 217 |             let bits = unsafe { sys::wait() };
[INFO] [stdout]     |                                      ^^^^ not found in `sys`
[INFO] [stdout]     |
[INFO] [stdout] note: found an item that was configured out
[INFO] [stdout]    --> lib/faroe-sys/src/lib.rs:30:53
[INFO] [stdout]     |
[INFO] [stdout]  30 | #[cfg(target_arch = "arm")] pub use notif::{signal, wait, try_wait};
[INFO] [stdout]     |       -------------------                           ^^^^
[INFO] [stdout]     |       |
[INFO] [stdout]     |       the item is gated behind the `arm` feature
[INFO] [stdout] 
[INFO] [stdout] 
[INFO] [stdout] error[E0425]: cannot find function `now` in crate `sys`
[INFO] [stdout]    --> lib/faroe-async/src/executor.rs:236:37
[INFO] [stdout]     |
[INFO] [stdout] 236 |             let now = unsafe { sys::now() };
[INFO] [stdout]     |                                     ^^^ not found in `sys`
[INFO] [stdout]     |
[INFO] [stdout] note: found an item that was configured out
[INFO] [stdout]    --> lib/faroe-sys/src/lib.rs:38:44
[INFO] [stdout]     |
[INFO] [stdout]  38 | #[cfg(target_arch = "arm")] pub use time::{now, set_wake_at, advance_time, min_wake_at};
[INFO] [stdout]     |       -------------------                  ^^^
[INFO] [stdout]     |       |
[INFO] [stdout]     |       the item is gated behind the `arm` feature
[INFO] [stdout] 
[INFO] [stdout] 
[INFO] [stdout] error[E0425]: cannot find function `subscribe_endpoint` in crate `sys`
[INFO] [stdout]    --> lib/faroe-async/src/ipc.rs:116:33
[INFO] [stdout]     |
[INFO] [stdout] 116 |             match unsafe { sys::subscribe_endpoint(this.ep, SUBSCRIBE_SEND_ARRIVAL, bit) } {
[INFO] [stdout]     |                                 ^^^^^^^^^^^^^^^^^^ not found in `sys`
[INFO] [stdout]     |
[INFO] [stdout] note: found an item that was configured out
[INFO] [stdout]    --> lib/faroe-sys/src/lib.rs:33:15
[INFO] [stdout]     |
[INFO] [stdout]  31 | #[cfg(target_arch = "arm")] pub use ipc::{send, try_send, recv, try_recv,
[INFO] [stdout]     |       ------------------- the item is gated behind the `arm` feature
[INFO] [stdout]  32 |               send_long, try_send_long, recv_long, try_recv_long,
[INFO] [stdout]  33 |               subscribe_endpoint, unsubscribe_endpoint,
[INFO] [stdout]     |               ^^^^^^^^^^^^^^^^^^
[INFO] [stdout] 
[INFO] [stdout] 
[INFO] [stdout] error[E0425]: cannot find function `try_recv` in crate `sys`
[INFO] [stdout]    --> lib/faroe-async/src/ipc.rs:122:29
[INFO] [stdout]     |
[INFO] [stdout] 122 |         match unsafe { sys::try_recv(this.ep) } {
[INFO] [stdout]     |                             ^^^^^^^^ not found in `sys`
[INFO] [stdout]     |
[INFO] [stdout] note: found an item that was configured out
[INFO] [stdout]    --> lib/faroe-sys/src/lib.rs:31:65
[INFO] [stdout]     |
[INFO] [stdout]  31 | #[cfg(target_arch = "arm")] pub use ipc::{send, try_send, recv, try_recv,
[INFO] [stdout]     |       -------------------                                       ^^^^^^^^
[INFO] [stdout]     |       |
[INFO] [stdout]     |       the item is gated behind the `arm` feature
[INFO] [stdout] 
[INFO] [stdout] 
[INFO] [stdout] error[E0425]: cannot find function `subscribe_endpoint` in crate `sys`
[INFO] [stdout]    --> lib/faroe-async/src/ipc.rs:163:33
[INFO] [stdout]     |
[INFO] [stdout] 163 |             match unsafe { sys::subscribe_endpoint(this.ep, SUBSCRIBE_SEND_ARRIVAL, bit) } {
[INFO] [stdout]     |                                 ^^^^^^^^^^^^^^^^^^ not found in `sys`
[INFO] [stdout]     |
[INFO] [stdout] note: found an item that was configured out
[INFO] [stdout]    --> lib/faroe-sys/src/lib.rs:33:15
[INFO] [stdout]     |
[INFO] [stdout]  31 | #[cfg(target_arch = "arm")] pub use ipc::{send, try_send, recv, try_recv,
[INFO] [stdout]     |       ------------------- the item is gated behind the `arm` feature
[INFO] [stdout]  32 |               send_long, try_send_long, recv_long, try_recv_long,
[INFO] [stdout]  33 |               subscribe_endpoint, unsubscribe_endpoint,
[INFO] [stdout]     |               ^^^^^^^^^^^^^^^^^^
[INFO] [stdout] 
[INFO] [stdout] 
[INFO] [stdout] error[E0425]: cannot find function `try_recv_long` in crate `sys`
[INFO] [stdout]    --> lib/faroe-async/src/ipc.rs:169:29
[INFO] [stdout]     |
[INFO] [stdout] 169 |         match unsafe { sys::try_recv_long(this.ep, this.dst) } {
[INFO] [stdout]     |                             ^^^^^^^^^^^^^ not found in `sys`
[INFO] [stdout]     |
[INFO] [stdout] note: found an item that was configured out
[INFO] [stdout]    --> lib/faroe-sys/src/lib.rs:32:52
[INFO] [stdout]     |
[INFO] [stdout]  31 | #[cfg(target_arch = "arm")] pub use ipc::{send, try_send, recv, try_recv,
[INFO] [stdout]     |       ------------------- the item is gated behind the `arm` feature
[INFO] [stdout]  32 |               send_long, try_send_long, recv_long, try_recv_long,
[INFO] [stdout]     |                                                    ^^^^^^^^^^^^^
[INFO] [stdout] 
[INFO] [stdout] 
[INFO] [stdout] error[E0425]: cannot find function `subscribe_endpoint` in crate `sys`
[INFO] [stdout]    --> lib/faroe-async/src/ipc.rs:212:33
[INFO] [stdout]     |
[INFO] [stdout] 212 |             match unsafe { sys::subscribe_endpoint(this.ep, SUBSCRIBE_RECV_ARRIVAL, bit) } {
[INFO] [stdout]     |                                 ^^^^^^^^^^^^^^^^^^ not found in `sys`
[INFO] [stdout]     |
[INFO] [stdout] note: found an item that was configured out
[INFO] [stdout]    --> lib/faroe-sys/src/lib.rs:33:15
[INFO] [stdout]     |
[INFO] [stdout]  31 | #[cfg(target_arch = "arm")] pub use ipc::{send, try_send, recv, try_recv,
[INFO] [stdout]     |       ------------------- the item is gated behind the `arm` feature
[INFO] [stdout]  32 |               send_long, try_send_long, recv_long, try_recv_long,
[INFO] [stdout]  33 |               subscribe_endpoint, unsubscribe_endpoint,
[INFO] [stdout]     |               ^^^^^^^^^^^^^^^^^^
[INFO] [stdout] 
[INFO] [stdout] 
[INFO] [stdout] error[E0425]: cannot find function `try_send` in crate `sys`
[INFO] [stdout]    --> lib/faroe-async/src/ipc.rs:218:29
[INFO] [stdout]     |
[INFO] [stdout] 218 |         match unsafe { sys::try_send(this.ep, this.tag, this.mr1, this.mr2) } {
[INFO] [stdout]     |                             ^^^^^^^^ not found in `sys`
[INFO] [stdout]     |
[INFO] [stdout] note: found an item that was configured out
[INFO] [stdout]    --> lib/faroe-sys/src/lib.rs:31:49
[INFO] [stdout]     |
[INFO] [stdout]  31 | #[cfg(target_arch = "arm")] pub use ipc::{send, try_send, recv, try_recv,
[INFO] [stdout]     |       -------------------                       ^^^^^^^^
[INFO] [stdout]     |       |
[INFO] [stdout]     |       the item is gated behind the `arm` feature
[INFO] [stdout] 
[INFO] [stdout] 
[INFO] [stdout] error[E0425]: cannot find function `subscribe_endpoint` in crate `sys`
[INFO] [stdout]    --> lib/faroe-async/src/ipc.rs:260:33
[INFO] [stdout]     |
[INFO] [stdout] 260 |             match unsafe { sys::subscribe_endpoint(this.ep, SUBSCRIBE_RECV_ARRIVAL, bit) } {
[INFO] [stdout]     |                                 ^^^^^^^^^^^^^^^^^^ not found in `sys`
[INFO] [stdout]     |
[INFO] [stdout] note: found an item that was configured out
[INFO] [stdout]    --> lib/faroe-sys/src/lib.rs:33:15
[INFO] [stdout]     |
[INFO] [stdout]  31 | #[cfg(target_arch = "arm")] pub use ipc::{send, try_send, recv, try_recv,
[INFO] [stdout]     |       ------------------- the item is gated behind the `arm` feature
[INFO] [stdout]  32 |               send_long, try_send_long, recv_long, try_recv_long,
[INFO] [stdout]  33 |               subscribe_endpoint, unsubscribe_endpoint,
[INFO] [stdout]     |               ^^^^^^^^^^^^^^^^^^
[INFO] [stdout] 
[INFO] [stdout] 
[INFO] [stdout] error[E0425]: cannot find function `try_send_long` in crate `sys`
[INFO] [stdout]    --> lib/faroe-async/src/ipc.rs:266:29
[INFO] [stdout]     |
[INFO] [stdout] 266 |         match unsafe { sys::try_send_long(this.ep, this.tag, this.src) } {
[INFO] [stdout]     |                             ^^^^^^^^^^^^^ not found in `sys`
[INFO] [stdout]     |
[INFO] [stdout] note: found an item that was configured out
[INFO] [stdout]    --> lib/faroe-sys/src/lib.rs:32:26
[INFO] [stdout]     |
[INFO] [stdout]  31 | #[cfg(target_arch = "arm")] pub use ipc::{send, try_send, recv, try_recv,
[INFO] [stdout]     |       ------------------- the item is gated behind the `arm` feature
[INFO] [stdout]  32 |               send_long, try_send_long, recv_long, try_recv_long,
[INFO] [stdout]     |                          ^^^^^^^^^^^^^
[INFO] [stdout] 
[INFO] [stdout] 
[INFO] [stdout] error[E0425]: cannot find function `unsubscribe_endpoint` in crate `sys`
[INFO] [stdout]    --> lib/faroe-async/src/ipc.rs:299:22
[INFO] [stdout]     |
[INFO] [stdout] 299 |         let _ = sys::unsubscribe_endpoint(ep, kind);
[INFO] [stdout]     |                      ^^^^^^^^^^^^^^^^^^^^ not found in `sys`
[INFO] [stdout]     |
[INFO] [stdout] note: found an item that was configured out
[INFO] [stdout]    --> lib/faroe-sys/src/lib.rs:33:35
[INFO] [stdout]     |
[INFO] [stdout]  31 | #[cfg(target_arch = "arm")] pub use ipc::{send, try_send, recv, try_recv,
[INFO] [stdout]     |       ------------------- the item is gated behind the `arm` feature
[INFO] [stdout]  32 |               send_long, try_send_long, recv_long, try_recv_long,
[INFO] [stdout]  33 |               subscribe_endpoint, unsubscribe_endpoint,
[INFO] [stdout]     |                                   ^^^^^^^^^^^^^^^^^^^^
[INFO] [stdout] 
[INFO] [stdout] 
[INFO] [stdout] error[E0425]: cannot find function `now` in crate `sys`
[INFO] [stdout]    --> lib/faroe-async/src/time.rs:145:33
[INFO] [stdout]     |
[INFO] [stdout] 145 |         let now = unsafe { sys::now() };
[INFO] [stdout]     |                                 ^^^ not found in `sys`
[INFO] [stdout]     |
[INFO] [stdout] note: found an item that was configured out
[INFO] [stdout]    --> lib/faroe-sys/src/lib.rs:38:44
[INFO] [stdout]     |
[INFO] [stdout]  38 | #[cfg(target_arch = "arm")] pub use time::{now, set_wake_at, advance_time, min_wake_at};
[INFO] [stdout]     |       -------------------                  ^^^
[INFO] [stdout]     |       |
[INFO] [stdout]     |       the item is gated behind the `arm` feature
[INFO] [stdout] 
[INFO] [stdout] 
[INFO] [stdout] error[E0425]: cannot find function `now` in crate `sys`
[INFO] [stdout]    --> lib/faroe-async/src/time.rs:157:33
[INFO] [stdout]     |
[INFO] [stdout] 157 |         let now = unsafe { sys::now() };
[INFO] [stdout]     |                                 ^^^ not found in `sys`
[INFO] [stdout]     |
[INFO] [stdout] note: found an item that was configured out
[INFO] [stdout]    --> lib/faroe-sys/src/lib.rs:38:44
[INFO] [stdout]     |
[INFO] [stdout]  38 | #[cfg(target_arch = "arm")] pub use time::{now, set_wake_at, advance_time, min_wake_at};
[INFO] [stdout]     |       -------------------                  ^^^
[INFO] [stdout]     |       |
[INFO] [stdout]     |       the item is gated behind the `arm` feature
[INFO] [stdout] 
[INFO] [stdout] 
[INFO] [stdout] error[E0425]: cannot find function `set_wake_at` in crate `sys`
[INFO] [stdout]    --> lib/faroe-async/src/time.rs:178:23
[INFO] [stdout]     |
[INFO] [stdout] 178 |         unsafe { sys::set_wake_at(earliest()); }
[INFO] [stdout]     |                       ^^^^^^^^^^^ not found in `sys`
[INFO] [stdout]     |
[INFO] [stdout] note: found an item that was configured out
[INFO] [stdout]    --> lib/faroe-sys/src/lib.rs:38:49
[INFO] [stdout]     |
[INFO] [stdout]  38 | #[cfg(target_arch = "arm")] pub use time::{now, set_wake_at, advance_time, min_wake_at};
[INFO] [stdout]     |       -------------------                       ^^^^^^^^^^^
[INFO] [stdout]     |       |
[INFO] [stdout]     |       the item is gated behind the `arm` feature
[INFO] [stdout] 
[INFO] [stdout] 
[INFO] [stdout] error[E0432]: unresolved imports `sys::SUBSCRIBE_RECV_ARRIVAL`, `sys::SUBSCRIBE_SEND_ARRIVAL`
[INFO] [stdout]   --> lib/faroe-async/src/ipc.rs:43:30
[INFO] [stdout]    |
[INFO] [stdout] 43 | use sys::{Errno, RecvResult, SUBSCRIBE_RECV_ARRIVAL, SUBSCRIBE_SEND_ARRIVAL};
[INFO] [stdout]    |                              ^^^^^^^^^^^^^^^^^^^^^^  ^^^^^^^^^^^^^^^^^^^^^^ no `SUBSCRIBE_SEND_ARRIVAL` in the root
[INFO] [stdout]    |                              |
[INFO] [stdout]    |                              no `SUBSCRIBE_RECV_ARRIVAL` in the root
[INFO] [stdout]    |
[INFO] [stdout] note: found an item that was configured out
[INFO] [stdout]   --> lib/faroe-sys/src/lib.rs:34:39
[INFO] [stdout]    |
[INFO] [stdout] 31 | #[cfg(target_arch = "arm")] pub use ipc::{send, try_send, recv, try_recv,
[INFO] [stdout]    |       ------------------- the item is gated behind the `arm` feature
[INFO] [stdout] ...
[INFO] [stdout] 34 |               SUBSCRIBE_SEND_ARRIVAL, SUBSCRIBE_RECV_ARRIVAL};
[INFO] [stdout]    |                                       ^^^^^^^^^^^^^^^^^^^^^^
[INFO] [stdout] note: found an item that was configured out
[INFO] [stdout]   --> lib/faroe-sys/src/lib.rs:34:15
[INFO] [stdout]    |
[INFO] [stdout] 31 | #[cfg(target_arch = "arm")] pub use ipc::{send, try_send, recv, try_recv,
[INFO] [stdout]    |       ------------------- the item is gated behind the `arm` feature
[INFO] [stdout] ...
[INFO] [stdout] 34 |               SUBSCRIBE_SEND_ARRIVAL, SUBSCRIBE_RECV_ARRIVAL};
[INFO] [stdout]    |               ^^^^^^^^^^^^^^^^^^^^^^
[INFO] [stdout] 
[INFO] [stdout] 
[INFO] [stdout] error[E0425]: cannot find function `wait` in crate `sys`
[INFO] [stdout]   --> lib/faroe-async/src/block_on.rs:78:47
[INFO] [stdout]    |
[INFO] [stdout] 78 |                     let _bits = unsafe { sys::wait() };
[INFO] [stdout]    |                                               ^^^^ not found in `sys`
[INFO] [stdout]    |
[INFO] [stdout] note: found an item that was configured out
[INFO] [stdout]   --> lib/faroe-sys/src/lib.rs:30:53
[INFO] [stdout]    |
[INFO] [stdout] 30 | #[cfg(target_arch = "arm")] pub use notif::{signal, wait, try_wait};
[INFO] [stdout]    |       -------------------                           ^^^^
[INFO] [stdout]    |       |
[INFO] [stdout]    |       the item is gated behind the `arm` feature
[INFO] [stdout] 
[INFO] [stdout] 
[INFO] [stdout] error[E0425]: cannot find function `now` in crate `sys`
[INFO] [stdout]   --> lib/faroe-async/src/block_on.rs:80:41
[INFO] [stdout]    |
[INFO] [stdout] 80 |                 let now = unsafe { sys::now() };
[INFO] [stdout]    |                                         ^^^ not found in `sys`
[INFO] [stdout]    |
[INFO] [stdout] note: found an item that was configured out
[INFO] [stdout]   --> lib/faroe-sys/src/lib.rs:38:44
[INFO] [stdout]    |
[INFO] [stdout] 38 | #[cfg(target_arch = "arm")] pub use time::{now, set_wake_at, advance_time, min_wake_at};
[INFO] [stdout]    |       -------------------                  ^^^
[INFO] [stdout]    |       |
[INFO] [stdout]    |       the item is gated behind the `arm` feature
[INFO] [stdout] 
[INFO] [stdout] 
[INFO] [stdout] error[E0425]: cannot find function `wait` in crate `sys`
[INFO] [stdout]    --> lib/faroe-async/src/executor.rs:217:38
[INFO] [stdout]     |
[INFO] [stdout] 217 |             let bits = unsafe { sys::wait() };
[INFO] [stdout]     |                                      ^^^^ not found in `sys`
[INFO] [stdout]     |
[INFO] [stdout] note: found an item that was configured out
[INFO] [stdout]    --> lib/faroe-sys/src/lib.rs:30:53
[INFO] [stdout]     |
[INFO] [stdout]  30 | #[cfg(target_arch = "arm")] pub use notif::{signal, wait, try_wait};
[INFO] [stdout]     |       -------------------                           ^^^^
[INFO] [stdout]     |       |
[INFO] [stdout]     |       the item is gated behind the `arm` feature
[INFO] [stdout] 
[INFO] [stdout] 
[INFO] [stdout] error[E0425]: cannot find function `now` in crate `sys`
[INFO] [stdout]    --> lib/faroe-async/src/executor.rs:236:37
[INFO] [stdout]     |
[INFO] [stdout] 236 |             let now = unsafe { sys::now() };
[INFO] [stdout]     |                                     ^^^ not found in `sys`
[INFO] [stdout]     |
[INFO] [stdout] note: found an item that was configured out
[INFO] [stdout]    --> lib/faroe-sys/src/lib.rs:38:44
[INFO] [stdout]     |
[INFO] [stdout]  38 | #[cfg(target_arch = "arm")] pub use time::{now, set_wake_at, advance_time, min_wake_at};
[INFO] [stdout]     |       -------------------                  ^^^
[INFO] [stdout]     |       |
[INFO] [stdout]     |       the item is gated behind the `arm` feature
[INFO] [stdout] 
[INFO] [stdout] 
[INFO] [stdout] error[E0425]: cannot find function `subscribe_endpoint` in crate `sys`
[INFO] [stdout]    --> lib/faroe-async/src/ipc.rs:116:33
[INFO] [stdout]     |
[INFO] [stdout] 116 |             match unsafe { sys::subscribe_endpoint(this.ep, SUBSCRIBE_SEND_ARRIVAL, bit) } {
[INFO] [stdout]     |                                 ^^^^^^^^^^^^^^^^^^ not found in `sys`
[INFO] [stdout]     |
[INFO] [stdout] note: found an item that was configured out
[INFO] [stdout]    --> lib/faroe-sys/src/lib.rs:33:15
[INFO] [stdout]     |
[INFO] [stdout]  31 | #[cfg(target_arch = "arm")] pub use ipc::{send, try_send, recv, try_recv,
[INFO] [stdout]     |       ------------------- the item is gated behind the `arm` feature
[INFO] [stdout]  32 |               send_long, try_send_long, recv_long, try_recv_long,
[INFO] [stdout]  33 |               subscribe_endpoint, unsubscribe_endpoint,
[INFO] [stdout]     |               ^^^^^^^^^^^^^^^^^^
[INFO] [stdout] 
[INFO] [stdout] 
[INFO] [stdout] error[E0425]: cannot find function `try_recv` in crate `sys`
[INFO] [stdout]    --> lib/faroe-async/src/ipc.rs:122:29
[INFO] [stdout]     |
[INFO] [stdout] 122 |         match unsafe { sys::try_recv(this.ep) } {
[INFO] [stdout]     |                             ^^^^^^^^ not found in `sys`
[INFO] [stdout]     |
[INFO] [stdout] note: found an item that was configured out
[INFO] [stdout]    --> lib/faroe-sys/src/lib.rs:31:65
[INFO] [stdout]     |
[INFO] [stdout]  31 | #[cfg(target_arch = "arm")] pub use ipc::{send, try_send, recv, try_recv,
[INFO] [stdout]     |       -------------------                                       ^^^^^^^^
[INFO] [stdout]     |       |
[INFO] [stdout]     |       the item is gated behind the `arm` feature
[INFO] [stdout] 
[INFO] [stdout] 
[INFO] [stdout] error[E0425]: cannot find function `subscribe_endpoint` in crate `sys`
[INFO] [stdout]    --> lib/faroe-async/src/ipc.rs:163:33
[INFO] [stdout]     |
[INFO] [stdout] 163 |             match unsafe { sys::subscribe_endpoint(this.ep, SUBSCRIBE_SEND_ARRIVAL, bit) } {
[INFO] [stdout]     |                                 ^^^^^^^^^^^^^^^^^^ not found in `sys`
[INFO] [stdout]     |
[INFO] [stdout] note: found an item that was configured out
[INFO] [stdout]    --> lib/faroe-sys/src/lib.rs:33:15
[INFO] [stdout]     |
[INFO] [stdout]  31 | #[cfg(target_arch = "arm")] pub use ipc::{send, try_send, recv, try_recv,
[INFO] [stdout]     |       ------------------- the item is gated behind the `arm` feature
[INFO] [stdout]  32 |               send_long, try_send_long, recv_long, try_recv_long,
[INFO] [stdout]  33 |               subscribe_endpoint, unsubscribe_endpoint,
[INFO] [stdout]     |               ^^^^^^^^^^^^^^^^^^
[INFO] [stdout] 
[INFO] [stdout] 
[INFO] [stdout] error[E0425]: cannot find function `try_recv_long` in crate `sys`
[INFO] [stdout]    --> lib/faroe-async/src/ipc.rs:169:29
[INFO] [stdout]     |
[INFO] [stdout] 169 |         match unsafe { sys::try_recv_long(this.ep, this.dst) } {
[INFO] [stdout]     |                             ^^^^^^^^^^^^^ not found in `sys`
[INFO] [stdout]     |
[INFO] [stdout] note: found an item that was configured out
[INFO] [stdout]    --> lib/faroe-sys/src/lib.rs:32:52
[INFO] [stdout]     |
[INFO] [stdout]  31 | #[cfg(target_arch = "arm")] pub use ipc::{send, try_send, recv, try_recv,
[INFO] [stdout]     |       ------------------- the item is gated behind the `arm` feature
[INFO] [stdout]  32 |               send_long, try_send_long, recv_long, try_recv_long,
[INFO] [stdout]     |                                                    ^^^^^^^^^^^^^
[INFO] [stdout] 
[INFO] [stdout] 
[INFO] [stdout] error[E0425]: cannot find function `subscribe_endpoint` in crate `sys`
[INFO] [stdout]    --> lib/faroe-async/src/ipc.rs:212:33
[INFO] [stdout]     |
[INFO] [stdout] 212 |             match unsafe { sys::subscribe_endpoint(this.ep, SUBSCRIBE_RECV_ARRIVAL, bit) } {
[INFO] [stdout]     |                                 ^^^^^^^^^^^^^^^^^^ not found in `sys`
[INFO] [stdout]     |
[INFO] [stdout] note: found an item that was configured out
[INFO] [stdout]    --> lib/faroe-sys/src/lib.rs:33:15
[INFO] [stdout]     |
[INFO] [stdout]  31 | #[cfg(target_arch = "arm")] pub use ipc::{send, try_send, recv, try_recv,
[INFO] [stdout]     |       ------------------- the item is gated behind the `arm` feature
[INFO] [stdout]  32 |               send_long, try_send_long, recv_long, try_recv_long,
[INFO] [stdout]  33 |               subscribe_endpoint, unsubscribe_endpoint,
[INFO] [stdout]     |               ^^^^^^^^^^^^^^^^^^
[INFO] [stdout] 
[INFO] [stdout] 
[INFO] [stdout] error[E0425]: cannot find function `try_send` in crate `sys`
[INFO] [stdout]    --> lib/faroe-async/src/ipc.rs:218:29
[INFO] [stdout]     |
[INFO] [stdout] 218 |         match unsafe { sys::try_send(this.ep, this.tag, this.mr1, this.mr2) } {
[INFO] [stdout]     |                             ^^^^^^^^ not found in `sys`
[INFO] [stdout]     |
[INFO] [stdout] note: found an item that was configured out
[INFO] [stdout]    --> lib/faroe-sys/src/lib.rs:31:49
[INFO] [stdout]     |
[INFO] [stdout]  31 | #[cfg(target_arch = "arm")] pub use ipc::{send, try_send, recv, try_recv,
[INFO] [stdout]     |       -------------------                       ^^^^^^^^
[INFO] [stdout]     |       |
[INFO] [stdout]     |       the item is gated behind the `arm` feature
[INFO] [stdout] 
[INFO] [stdout] 
[INFO] [stdout] error[E0425]: cannot find function `subscribe_endpoint` in crate `sys`
[INFO] [stdout]    --> lib/faroe-async/src/ipc.rs:260:33
[INFO] [stdout]     |
[INFO] [stdout] 260 |             match unsafe { sys::subscribe_endpoint(this.ep, SUBSCRIBE_RECV_ARRIVAL, bit) } {
[INFO] [stdout]     |                                 ^^^^^^^^^^^^^^^^^^ not found in `sys`
[INFO] [stdout]     |
[INFO] [stdout] note: found an item that was configured out
[INFO] [stdout]    --> lib/faroe-sys/src/lib.rs:33:15
[INFO] [stdout]     |
[INFO] [stdout]  31 | #[cfg(target_arch = "arm")] pub use ipc::{send, try_send, recv, try_recv,
[INFO] [stdout]     |       ------------------- the item is gated behind the `arm` feature
[INFO] [stdout]  32 |               send_long, try_send_long, recv_long, try_recv_long,
[INFO] [stdout]  33 |               subscribe_endpoint, unsubscribe_endpoint,
[INFO] [stdout]     |               ^^^^^^^^^^^^^^^^^^
[INFO] [stdout] 
[INFO] [stdout] 
[INFO] [stdout] error[E0425]: cannot find function `try_send_long` in crate `sys`
[INFO] [stdout]    --> lib/faroe-async/src/ipc.rs:266:29
[INFO] [stdout]     |
[INFO] [stdout] 266 |         match unsafe { sys::try_send_long(this.ep, this.tag, this.src) } {
[INFO] [stdout]     |                             ^^^^^^^^^^^^^ not found in `sys`
[INFO] [stdout]     |
[INFO] [stdout] note: found an item that was configured out
[INFO] [stdout]    --> lib/faroe-sys/src/lib.rs:32:26
[INFO] [stdout]     |
[INFO] [stdout]  31 | #[cfg(target_arch = "arm")] pub use ipc::{send, try_send, recv, try_recv,
[INFO] [stdout]     |       ------------------- the item is gated behind the `arm` feature
[INFO] [stdout]  32 |               send_long, try_send_long, recv_long, try_recv_long,
[INFO] [stdout]     |                          ^^^^^^^^^^^^^
[INFO] [stdout] 
[INFO] [stdout] 
[INFO] [stdout] error[E0425]: cannot find function `unsubscribe_endpoint` in crate `sys`
[INFO] [stdout]    --> lib/faroe-async/src/ipc.rs:299:22
[INFO] [stdout]     |
[INFO] [stdout] 299 |         let _ = sys::unsubscribe_endpoint(ep, kind);
[INFO] [stdout]     |                      ^^^^^^^^^^^^^^^^^^^^ not found in `sys`
[INFO] [stdout]     |
[INFO] [stdout] note: found an item that was configured out
[INFO] [stdout]    --> lib/faroe-sys/src/lib.rs:33:35
[INFO] [stdout]     |
[INFO] [stdout]  31 | #[cfg(target_arch = "arm")] pub use ipc::{send, try_send, recv, try_recv,
[INFO] [stdout]     |       ------------------- the item is gated behind the `arm` feature
[INFO] [stdout]  32 |               send_long, try_send_long, recv_long, try_recv_long,
[INFO] [stdout]  33 |               subscribe_endpoint, unsubscribe_endpoint,
[INFO] [stdout]     |                                   ^^^^^^^^^^^^^^^^^^^^
[INFO] [stdout] 
[INFO] [stdout] 
[INFO] [stdout] error[E0425]: cannot find function `now` in crate `sys`
[INFO] [stdout]    --> lib/faroe-async/src/time.rs:145:33
[INFO] [stdout]     |
[INFO] [stdout] 145 |         let now = unsafe { sys::now() };
[INFO] [stdout]     |                                 ^^^ not found in `sys`
[INFO] [stdout]     |
[INFO] [stdout] note: found an item that was configured out
[INFO] [stdout]    --> lib/faroe-sys/src/lib.rs:38:44
[INFO] [stdout]     |
[INFO] [stdout]  38 | #[cfg(target_arch = "arm")] pub use time::{now, set_wake_at, advance_time, min_wake_at};
[INFO] [stdout]     |       -------------------                  ^^^
[INFO] [stdout]     |       |
[INFO] [stdout]     |       the item is gated behind the `arm` feature
[INFO] [stdout] 
[INFO] [stdout] 
[INFO] [stdout] error[E0425]: cannot find function `now` in crate `sys`
[INFO] [stdout]    --> lib/faroe-async/src/time.rs:157:33
[INFO] [stdout]     |
[INFO] [stdout] 157 |         let now = unsafe { sys::now() };
[INFO] [stdout]     |                                 ^^^ not found in `sys`
[INFO] [stdout]     |
[INFO] [stdout] note: found an item that was configured out
[INFO] [stdout]    --> lib/faroe-sys/src/lib.rs:38:44
[INFO] [stdout]     |
[INFO] [stdout]  38 | #[cfg(target_arch = "arm")] pub use time::{now, set_wake_at, advance_time, min_wake_at};
[INFO] [stdout]     |       -------------------                  ^^^
[INFO] [stdout]     |       |
[INFO] [stdout]     |       the item is gated behind the `arm` feature
[INFO] [stdout] 
[INFO] [stdout] 
[INFO] [stdout] error[E0425]: cannot find function `set_wake_at` in crate `sys`
[INFO] [stdout]    --> lib/faroe-async/src/time.rs:178:23
[INFO] [stdout]     |
[INFO] [stdout] 178 |         unsafe { sys::set_wake_at(earliest()); }
[INFO] [stdout]     |                       ^^^^^^^^^^^ not found in `sys`
[INFO] [stdout]     |
[INFO] [stdout] note: found an item that was configured out
[INFO] [stdout]    --> lib/faroe-sys/src/lib.rs:38:49
[INFO] [stdout]     |
[INFO] [stdout]  38 | #[cfg(target_arch = "arm")] pub use time::{now, set_wake_at, advance_time, min_wake_at};
[INFO] [stdout]     |       -------------------                       ^^^^^^^^^^^
[INFO] [stdout]     |       |
[INFO] [stdout]     |       the item is gated behind the `arm` feature
[INFO] [stdout] 
[INFO] [stdout] 
[INFO] [stdout] Some errors have detailed explanations: E0425, E0432.
[INFO] [stdout] 
[INFO] [stdout] For more information about an error, try `rustc --explain E0425`.
[INFO] [stdout] 
[INFO] [stderr] error: could not compile `faroe-async` (lib) due to 17 previous errors
[INFO] [stderr] warning: build failed, waiting for other jobs to finish...
[INFO] [stdout] Some errors have detailed explanations: E0425, E0432.
[INFO] [stdout] 
[INFO] [stdout] For more information about an error, try `rustc --explain E0425`.
[INFO] [stdout] 
[INFO] [stderr] error: could not compile `faroe-async` (lib test) due to 17 previous errors
[INFO] running `Command { std: "docker" "inspect" "5a32efdef63f00d0b826052917d8143552431e5a699774a4dd2a092cc9a4278b", kill_on_drop: false }`
[INFO] running `Command { std: "docker" "rm" "-f" "5a32efdef63f00d0b826052917d8143552431e5a699774a4dd2a092cc9a4278b", kill_on_drop: false }`
[INFO] [stdout] 5a32efdef63f00d0b826052917d8143552431e5a699774a4dd2a092cc9a4278b
