[INFO] cloning repository https://github.com/Intersec/qreview
[INFO] running `Command { std: "git" "-c" "credential.helper=" "-c" "credential.helper=/workspace/cargo-home/bin/git-credential-null" "clone" "--bare" "https://github.com/Intersec/qreview" "/workspace/cache/git-repos/https%3A%2F%2Fgithub.com%2FIntersec%2Fqreview", kill_on_drop: false }`
[INFO] [stderr] Cloning into bare repository '/workspace/cache/git-repos/https%3A%2F%2Fgithub.com%2FIntersec%2Fqreview'...
[INFO] running `Command { std: "git" "rev-parse" "HEAD", kill_on_drop: false }`
[INFO] [stdout] 3af20f8cda16ccf5ecf43e807cc47e8084a1a216
[INFO] checking Intersec/qreview against 3154cc1a3e6424e44f438a95007d043ed5ceaaf6+rustflags=-Znext-solver=coherence for pr-133502-30
[INFO] running `Command { std: "git" "clone" "/workspace/cache/git-repos/https%3A%2F%2Fgithub.com%2FIntersec%2Fqreview" "/workspace/builds/worker-7-tc1/source", kill_on_drop: false }`
[INFO] [stderr] Cloning into '/workspace/builds/worker-7-tc1/source'...
[INFO] [stderr] done.
[INFO] removed /workspace/builds/worker-7-tc1/source/.cargo/config.toml
[INFO] started tweaking git repo https://github.com/Intersec/qreview
[INFO] finished tweaking git repo https://github.com/Intersec/qreview
[INFO] tweaked toml for git repo https://github.com/Intersec/qreview written to /workspace/builds/worker-7-tc1/source/Cargo.toml
[INFO] validating manifest of git repo https://github.com/Intersec/qreview on toolchain 3154cc1a3e6424e44f438a95007d043ed5ceaaf6
[INFO] running `Command { std: CARGO_HOME="/workspace/cargo-home" RUSTUP_HOME="/workspace/rustup-home" "/workspace/cargo-home/bin/cargo" "+3154cc1a3e6424e44f438a95007d043ed5ceaaf6" "metadata" "--manifest-path" "Cargo.toml" "--no-deps", kill_on_drop: false }`
[INFO] crate git repo https://github.com/Intersec/qreview already has a lockfile, it will not be regenerated
[INFO] running `Command { std: CARGO_HOME="/workspace/cargo-home" RUSTUP_HOME="/workspace/rustup-home" "/workspace/cargo-home/bin/cargo" "+3154cc1a3e6424e44f438a95007d043ed5ceaaf6" "fetch" "--manifest-path" "Cargo.toml", kill_on_drop: false }`
[INFO] [stderr]     Updating crates.io index
[INFO] [stderr]  Downloading crates ...
[INFO] [stderr]   Downloaded two-face v0.4.5
[INFO] running `Command { std: "docker" "create" "-v" "/var/lib/crater-agent-workspace/builds/worker-7-tc1/source:/opt/rustwide/workdir:ro,Z" "-v" "/var/lib/crater-agent-workspace/builds/worker-7-tc1/target:/opt/rustwide/target:rw,Z" "-v" "/var/lib/crater-agent-workspace/cargo-home:/opt/rustwide/cargo-home:ro,Z" "-v" "/var/lib/crater-agent-workspace/rustup-home:/opt/rustwide/rustup-home:ro,Z" "-m" "1610612736" "--network" "none" "ghcr.io/rust-lang/crates-build-env/linux@sha256:77db811e55d90add9212f6832c23229e3de5f1c1f9905e8cb07319ea15df73ac" "sleep" "infinity", kill_on_drop: false }`
[INFO] [stdout] 4cb0d70bdffa7636f3759b8f05cd74a5ee474bf09e87caa4866002e5d85d7d94
[INFO] running `Command { std: "docker" "start" "4cb0d70bdffa7636f3759b8f05cd74a5ee474bf09e87caa4866002e5d85d7d94", kill_on_drop: false }`
[INFO] running `Command { std: "docker" "inspect" "4cb0d70bdffa7636f3759b8f05cd74a5ee474bf09e87caa4866002e5d85d7d94", kill_on_drop: false }`
[INFO] running `Command { std: "docker" "exec" "-e" "SOURCE_DIR=/opt/rustwide/workdir" "-e" "CARGO_HOME=/opt/rustwide/cargo-home" "-e" "RUSTUP_HOME=/opt/rustwide/rustup-home" "-e" "CARGO_TARGET_DIR=/opt/rustwide/target" "-w" "/opt/rustwide/workdir" "--user" "0:0" "4cb0d70bdffa7636f3759b8f05cd74a5ee474bf09e87caa4866002e5d85d7d94" "/opt/rustwide/cargo-home/bin/cargo" "+3154cc1a3e6424e44f438a95007d043ed5ceaaf6" "metadata" "--no-deps" "--format-version=1", kill_on_drop: false }`
[INFO] running `Command { std: "docker" "inspect" "4cb0d70bdffa7636f3759b8f05cd74a5ee474bf09e87caa4866002e5d85d7d94", kill_on_drop: false }`
[INFO] running `Command { std: "docker" "exec" "-e" "SOURCE_DIR=/opt/rustwide/workdir" "-e" "CARGO_HOME=/opt/rustwide/cargo-home" "-e" "RUSTUP_HOME=/opt/rustwide/rustup-home" "-e" "CARGO_TARGET_DIR=/opt/rustwide/target" "-e" "CARGO_INCREMENTAL=0" "-e" "RUST_BACKTRACE=full" "-e" "RUSTFLAGS=--cap-lints=forbid -Znext-solver=coherence" "-e" "RUSTDOCFLAGS=--cap-lints=forbid" "-w" "/opt/rustwide/workdir" "--user" "0:0" "4cb0d70bdffa7636f3759b8f05cd74a5ee474bf09e87caa4866002e5d85d7d94" "/opt/rustwide/cargo-home/bin/cargo" "+3154cc1a3e6424e44f438a95007d043ed5ceaaf6" "check" "--frozen" "--all" "--all-targets" "--message-format=json", kill_on_drop: false }`
[INFO] [stderr]    Compiling serde_core v1.0.229
[INFO] [stderr]    Compiling mime_guess v2.0.5
[INFO] [stderr]    Compiling serde_json v1.0.151
[INFO] [stderr]     Checking tokio v1.53.1
[INFO] [stderr]     Checking time v0.3.55
[INFO] [stderr]     Checking tracing v0.1.44
[INFO] [stderr]     Checking regex-automata v0.4.14
[INFO] [stderr]    Compiling thiserror-impl v2.0.20
[INFO] [stderr]     Checking quick-xml v0.41.0
[INFO] [stderr]    Compiling mime v0.3.17
[INFO] [stderr]     Checking slab v0.4.12
[INFO] [stderr]    Compiling rust-embed-utils v8.12.0
[INFO] [stderr]    Compiling syn v2.0.119
[INFO] [stderr]     Checking similar v2.7.0
[INFO] [stderr]    Compiling clap_derive v4.6.4
[INFO] [stderr]     Checking clap_builder v4.6.6
[INFO] [stderr]    Compiling qreview v0.12.5 (/opt/rustwide/workdir/crates/qreview)
[INFO] [stderr]     Checking futures-util v0.3.34
[INFO] [stderr]     Checking console v0.16.4
[INFO] [stderr]     Checking axum-core v0.5.6
[INFO] [stderr]     Checking xtask v0.12.5 (/opt/rustwide/workdir/crates/xtask)
[INFO] [stderr]     Checking insta v1.48.0
[INFO] [stderr]     Checking thiserror v2.0.20
[INFO] [stderr]     Checking clap v4.6.6
[INFO] [stderr]    Compiling rust-embed-impl v8.12.0
[INFO] [stderr]     Checking rust-embed v8.12.0
[INFO] [stderr]     Checking fancy-regex v0.16.2
[INFO] [stderr]     Checking serde v1.0.229
[INFO] [stderr]     Checking serde_path_to_error v0.1.20
[INFO] [stderr]     Checking plist v1.10.0
[INFO] [stderr]     Checking bincode v1.3.3
[INFO] [stderr]     Checking serde_urlencoded v0.7.1
[INFO] [stderr]     Checking hyper v1.11.0
[INFO] [stderr]     Checking tower v0.5.3
[INFO] [stderr]     Checking syntect v5.3.0
[INFO] [stderr]     Checking hyper-util v0.1.20
[INFO] [stderr]     Checking axum v0.8.9
[INFO] [stderr]     Checking two-face v0.4.5
[INFO] [stdout] error: #[derive(RustEmbed)] folder '/opt/rustwide/workdir/crates/qreview/../../web/dist' does not exist. cwd: '/opt/rustwide/workdir'
[INFO] [stdout]   --> crates/qreview/src/assets.rs:10:1
[INFO] [stdout]    |
[INFO] [stdout] 10 | / #[folder = "../../web/dist"]
[INFO] [stdout] 11 | | pub struct Assets;
[INFO] [stdout]    | |__________________^
[INFO] [stdout] 
[INFO] [stdout] 
[INFO] [stdout] error: #[derive(RustEmbed)] folder '/opt/rustwide/workdir/crates/qreview/../../web/dist' does not exist. cwd: '/opt/rustwide/workdir'
[INFO] [stdout]   --> crates/qreview/src/assets.rs:10:1
[INFO] [stdout]    |
[INFO] [stdout] 10 | / #[folder = "../../web/dist"]
[INFO] [stdout] 11 | | pub struct Assets;
[INFO] [stdout]    | |__________________^
[INFO] [stdout] 
[INFO] [stdout] 
[INFO] [stdout] error[E0599]: no associated function or constant named `get` found for struct `Assets` in the current scope
[INFO] [stdout]   --> crates/qreview/src/assets.rs:24:40
[INFO] [stdout]    |
[INFO] [stdout] 11 | pub struct Assets;
[INFO] [stdout]    | ----------------- associated function or constant `get` not found for this struct
[INFO] [stdout] ...
[INFO] [stdout] 24 |     let (served, file) = match Assets::get(path) {
[INFO] [stdout]    |                                        ^^^ associated function or constant not found in `Assets`
[INFO] [stdout]    |
[INFO] [stdout]    = help: items from traits can only be used if the trait is implemented and in scope
[INFO] [stdout]    = note: the following traits define an item `get`, perhaps you need to implement one of them:
[INFO] [stdout]            candidate #1: `Embed`
[INFO] [stdout]            candidate #2: `SliceIndex`
[INFO] [stdout] 
[INFO] [stdout] 
[INFO] [stdout] error[E0599]: no associated function or constant named `get` found for struct `Assets` in the current scope
[INFO] [stdout]   --> crates/qreview/src/assets.rs:26:40
[INFO] [stdout]    |
[INFO] [stdout] 11 | pub struct Assets;
[INFO] [stdout]    | ----------------- associated function or constant `get` not found for this struct
[INFO] [stdout] ...
[INFO] [stdout] 26 |         None => ("index.html", Assets::get("index.html")?),
[INFO] [stdout]    |                                        ^^^ associated function or constant not found in `Assets`
[INFO] [stdout]    |
[INFO] [stdout]    = help: items from traits can only be used if the trait is implemented and in scope
[INFO] [stdout]    = note: the following traits define an item `get`, perhaps you need to implement one of them:
[INFO] [stdout]            candidate #1: `Embed`
[INFO] [stdout]            candidate #2: `SliceIndex`
[INFO] [stdout] 
[INFO] [stdout] 
[INFO] [stdout] error[E0599]: no associated function or constant named `get` found for struct `Assets` in the current scope
[INFO] [stdout]   --> crates/qreview/src/assets.rs:24:40
[INFO] [stdout]    |
[INFO] [stdout] 11 | pub struct Assets;
[INFO] [stdout]    | ----------------- associated function or constant `get` not found for this struct
[INFO] [stdout] ...
[INFO] [stdout] 24 |     let (served, file) = match Assets::get(path) {
[INFO] [stdout]    |                                        ^^^ associated function or constant not found in `Assets`
[INFO] [stdout]    |
[INFO] [stdout]    = help: items from traits can only be used if the trait is implemented and in scope
[INFO] [stdout]    = note: the following traits define an item `get`, perhaps you need to implement one of them:
[INFO] [stdout]            candidate #1: `Embed`
[INFO] [stdout]            candidate #2: `SliceIndex`
[INFO] [stdout] 
[INFO] [stdout] 
[INFO] [stdout] error[E0599]: no associated function or constant named `get` found for struct `Assets` in the current scope
[INFO] [stdout]   --> crates/qreview/src/assets.rs:26:40
[INFO] [stdout]    |
[INFO] [stdout] 11 | pub struct Assets;
[INFO] [stdout]    | ----------------- associated function or constant `get` not found for this struct
[INFO] [stdout] ...
[INFO] [stdout] 26 |         None => ("index.html", Assets::get("index.html")?),
[INFO] [stdout]    |                                        ^^^ associated function or constant not found in `Assets`
[INFO] [stdout]    |
[INFO] [stdout]    = help: items from traits can only be used if the trait is implemented and in scope
[INFO] [stdout]    = note: the following traits define an item `get`, perhaps you need to implement one of them:
[INFO] [stdout]            candidate #1: `Embed`
[INFO] [stdout]            candidate #2: `SliceIndex`
[INFO] [stdout] 
[INFO] [stdout] 
[INFO] [stdout] For more information about this error, try `rustc --explain E0599`.
[INFO] [stdout] 
[INFO] [stderr] error: could not compile `qreview` (lib) due to 3 previous errors
[INFO] [stderr] warning: build failed, waiting for other jobs to finish...
[INFO] [stdout] For more information about this error, try `rustc --explain E0599`.
[INFO] [stdout] 
[INFO] [stderr] error: could not compile `qreview` (lib test) due to 3 previous errors
[INFO] running `Command { std: "docker" "inspect" "4cb0d70bdffa7636f3759b8f05cd74a5ee474bf09e87caa4866002e5d85d7d94", kill_on_drop: false }`
[INFO] running `Command { std: "docker" "rm" "-f" "4cb0d70bdffa7636f3759b8f05cd74a5ee474bf09e87caa4866002e5d85d7d94", kill_on_drop: false }`
[INFO] [stdout] 4cb0d70bdffa7636f3759b8f05cd74a5ee474bf09e87caa4866002e5d85d7d94
