[INFO] cloning repository https://github.com/Huzum1/GeKKov1B0T
[INFO] running `Command { std: "git" "-c" "credential.helper=" "-c" "credential.helper=/workspace/cargo-home/bin/git-credential-null" "clone" "--bare" "https://github.com/Huzum1/GeKKov1B0T" "/workspace/cache/git-repos/https%3A%2F%2Fgithub.com%2FHuzum1%2FGeKKov1B0T", kill_on_drop: false }`
[INFO] [stderr] Cloning into bare repository '/workspace/cache/git-repos/https%3A%2F%2Fgithub.com%2FHuzum1%2FGeKKov1B0T'...
[INFO] running `Command { std: "git" "rev-parse" "HEAD", kill_on_drop: false }`
[INFO] [stdout] 67d6a27e304951acc90c864333c7c41469857cef
[INFO] checking Huzum1/GeKKov1B0T against 3154cc1a3e6424e44f438a95007d043ed5ceaaf6+rustflags=-Znext-solver=coherence for pr-133502-30
[INFO] running `Command { std: "git" "clone" "/workspace/cache/git-repos/https%3A%2F%2Fgithub.com%2FHuzum1%2FGeKKov1B0T" "/workspace/builds/worker-1-tc1/source", kill_on_drop: false }`
[INFO] [stderr] Cloning into '/workspace/builds/worker-1-tc1/source'...
[INFO] [stderr] done.
[INFO] started tweaking git repo https://github.com/Huzum1/GeKKov1B0T
[INFO] finished tweaking git repo https://github.com/Huzum1/GeKKov1B0T
[INFO] tweaked toml for git repo https://github.com/Huzum1/GeKKov1B0T written to /workspace/builds/worker-1-tc1/source/Cargo.toml
[INFO] validating manifest of git repo https://github.com/Huzum1/GeKKov1B0T on toolchain 3154cc1a3e6424e44f438a95007d043ed5ceaaf6
[INFO] running `Command { std: CARGO_HOME="/workspace/cargo-home" RUSTUP_HOME="/workspace/rustup-home" "/workspace/cargo-home/bin/cargo" "+3154cc1a3e6424e44f438a95007d043ed5ceaaf6" "metadata" "--manifest-path" "Cargo.toml" "--no-deps", kill_on_drop: false }`
[INFO] crate git repo https://github.com/Huzum1/GeKKov1B0T already has a lockfile, it will not be regenerated
[INFO] running `Command { std: CARGO_HOME="/workspace/cargo-home" RUSTUP_HOME="/workspace/rustup-home" "/workspace/cargo-home/bin/cargo" "+3154cc1a3e6424e44f438a95007d043ed5ceaaf6" "fetch" "--manifest-path" "Cargo.toml", kill_on_drop: false }`
[INFO] [stderr]     Updating crates.io index
[INFO] [stderr]  Downloading crates ...
[INFO] [stderr]   Downloaded uuid v1.23.4
[INFO] [stderr]   Downloaded quote v1.0.46
[INFO] [stderr]   Downloaded rustls-pki-types v1.15.0
[INFO] [stderr]   Downloaded rust_decimal_macros v1.40.0
[INFO] [stderr]   Downloaded cc v1.2.65
[INFO] [stderr]   Downloaded borsh-derive v1.7.0
[INFO] [stderr]   Downloaded borsh v1.7.0
[INFO] [stderr]   Downloaded aws-lc-rs v1.17.1
[INFO] [stderr]   Downloaded rust_decimal v1.42.1
[INFO] [stderr]   Downloaded rustls v0.23.41
[INFO] [stderr]   Downloaded aws-lc-sys v0.42.0
[INFO] [stderr]   Downloaded polymarket_client_sdk_v2 v0.7.0
[INFO] [stderr]   Downloaded time-macros v0.2.31
[INFO] [stderr]   Downloaded time v0.3.53
[INFO] [stderr]   Downloaded serde_html_form v0.4.1
[INFO] [stderr]   Downloaded alloy v1.8.3
[INFO] [stderr]   Downloaded ruint v1.19.0
[INFO] [stderr]   Downloaded enum-ordinalize v4.4.1
[INFO] [stderr]   Downloaded enum-ordinalize-derive v4.4.1
[INFO] [stderr]   Downloaded ark-serialize-derive v0.6.0
[INFO] [stderr]   Downloaded ark-ff-asm v0.6.0
[INFO] [stderr]   Downloaded ark-ff v0.6.0
[INFO] [stderr]   Downloaded ark-std v0.6.0
[INFO] [stderr]   Downloaded ark-serialize v0.6.0
[INFO] [stderr]   Downloaded ark-ff-macros v0.6.0
[INFO] [stderr]   Downloaded alloy-rlp v0.3.16
[INFO] [stderr]   Downloaded pest v2.8.7
[INFO] [stderr]   Downloaded bitcoin-internals v0.5.0
[INFO] [stderr]   Downloaded alloy-rlp-derive v0.3.16
[INFO] [stderr]   Downloaded bitcoin_hashes v0.14.101
[INFO] [stderr]   Downloaded hex-conservative v0.3.2
[INFO] [stderr]   Downloaded alloy-primitives v1.6.0
[INFO] [stderr]   Downloaded bitcoin-io v0.1.101
[INFO] [stderr]   Downloaded rapidhash v4.5.1
[INFO] [stderr]   Downloaded keccak-asm v0.1.8
[INFO] [stderr]   Downloaded const-hex v1.19.1
[INFO] [stderr]   Downloaded bitcoin-consensus-encoding v1.0.0
[INFO] [stderr]   Downloaded alloy-sol-type-parser v1.6.0
[INFO] [stderr]   Downloaded alloy-sol-types v1.6.0
[INFO] [stderr]   Downloaded alloy-sol-macro v1.6.0
[INFO] [stderr]   Downloaded syn-solidity v1.6.0
[INFO] [stderr]   Downloaded macro-string v0.2.0
[INFO] [stderr]   Downloaded alloy-json-abi v1.6.0
[INFO] [stderr]   Downloaded sha3-asm v0.1.8
[INFO] [stderr]   Downloaded alloy-sol-macro-input v1.6.0
[INFO] [stderr]   Downloaded alloy-sol-macro-expander v1.6.0
[INFO] [stderr]   Downloaded alloy-eip7928 v0.3.7
[INFO] [stderr]   Downloaded alloy-chains v0.2.34
[INFO] [stderr]   Downloaded anyhow v1.0.103
[INFO] [stderr]   Downloaded alloy-core v1.6.0
[INFO] [stderr]   Downloaded alloy-dyn-abi v1.6.0
[INFO] [stderr]   Downloaded alloy-contract v1.8.3
[INFO] [stderr]   Downloaded c-kzg v2.1.7
[INFO] [stderr]   Downloaded polymarket-client-sdk v0.4.4
[INFO] running `Command { std: "docker" "create" "-v" "/var/lib/crater-agent-workspace/builds/worker-1-tc1/source:/opt/rustwide/workdir:ro,Z" "-v" "/var/lib/crater-agent-workspace/builds/worker-1-tc1/target:/opt/rustwide/target:rw,Z" "-v" "/var/lib/crater-agent-workspace/cargo-home:/opt/rustwide/cargo-home:ro,Z" "-v" "/var/lib/crater-agent-workspace/rustup-home:/opt/rustwide/rustup-home:ro,Z" "-m" "1610612736" "--network" "none" "ghcr.io/rust-lang/crates-build-env/linux@sha256:77db811e55d90add9212f6832c23229e3de5f1c1f9905e8cb07319ea15df73ac" "sleep" "infinity", kill_on_drop: false }`
[INFO] [stdout] 2063413a179609868c543e8218d8aa8bffa3bdcdfea87974e78fe0bc72542405
[INFO] running `Command { std: "docker" "start" "2063413a179609868c543e8218d8aa8bffa3bdcdfea87974e78fe0bc72542405", kill_on_drop: false }`
[INFO] running `Command { std: "docker" "inspect" "2063413a179609868c543e8218d8aa8bffa3bdcdfea87974e78fe0bc72542405", kill_on_drop: false }`
[INFO] running `Command { std: "docker" "exec" "-e" "SOURCE_DIR=/opt/rustwide/workdir" "-e" "CARGO_HOME=/opt/rustwide/cargo-home" "-e" "RUSTUP_HOME=/opt/rustwide/rustup-home" "-e" "CARGO_TARGET_DIR=/opt/rustwide/target" "-w" "/opt/rustwide/workdir" "--user" "0:0" "2063413a179609868c543e8218d8aa8bffa3bdcdfea87974e78fe0bc72542405" "/opt/rustwide/cargo-home/bin/cargo" "+3154cc1a3e6424e44f438a95007d043ed5ceaaf6" "metadata" "--no-deps" "--format-version=1", kill_on_drop: false }`
[INFO] running `Command { std: "docker" "inspect" "2063413a179609868c543e8218d8aa8bffa3bdcdfea87974e78fe0bc72542405", kill_on_drop: false }`
[INFO] running `Command { std: "docker" "exec" "-e" "SOURCE_DIR=/opt/rustwide/workdir" "-e" "CARGO_HOME=/opt/rustwide/cargo-home" "-e" "RUSTUP_HOME=/opt/rustwide/rustup-home" "-e" "CARGO_TARGET_DIR=/opt/rustwide/target" "-e" "CARGO_INCREMENTAL=0" "-e" "RUST_BACKTRACE=full" "-e" "RUSTFLAGS=--cap-lints=forbid -Znext-solver=coherence" "-e" "RUSTDOCFLAGS=--cap-lints=forbid" "-w" "/opt/rustwide/workdir" "--user" "0:0" "2063413a179609868c543e8218d8aa8bffa3bdcdfea87974e78fe0bc72542405" "/opt/rustwide/cargo-home/bin/cargo" "+3154cc1a3e6424e44f438a95007d043ed5ceaaf6" "check" "--frozen" "--all" "--all-targets" "--message-format=json", kill_on_drop: false }`
[INFO] [stderr]    Compiling quote v1.0.46
[INFO] [stderr]     Checking subtle v2.6.1
[INFO] [stderr]     Checking foldhash v0.2.0
[INFO] [stderr]    Compiling serde_core v1.0.228
[INFO] [stderr]     Checking generic-array v0.14.7
[INFO] [stderr]    Compiling serde v1.0.228
[INFO] [stderr]    Compiling convert_case v0.10.0
[INFO] [stderr]    Compiling ruint-macro v1.2.1
[INFO] [stderr]     Checking der v0.7.10
[INFO] [stderr]     Checking ff v0.13.1
[INFO] [stderr]     Checking hashbrown v0.17.1
[INFO] [stderr]     Checking hybrid-array v0.4.13
[INFO] [stderr]     Checking arrayvec v0.7.8
[INFO] [stderr]     Checking group v0.13.0
[INFO] [stderr]    Compiling syn v2.0.118
[INFO] [stderr]     Checking keccak v0.2.0
[INFO] [stderr]     Checking const-hex v1.19.1
[INFO] [stderr]     Checking log v0.4.33
[INFO] [stderr]     Checking crypto-common v0.1.7
[INFO] [stderr]     Checking block-buffer v0.10.4
[INFO] [stderr]     Checking crypto-bigint v0.5.5
[INFO] [stderr]     Checking digest v0.10.7
[INFO] [stderr]     Checking memchr v2.8.2
[INFO] [stderr]     Checking rustc-hash v2.1.3
[INFO] [stderr]     Checking hmac v0.12.1
[INFO] [stderr]     Checking block-buffer v0.12.1
[INFO] [stderr]     Checking crypto-common v0.2.2
[INFO] [stderr]     Checking rfc6979 v0.4.0
[INFO] [stderr]     Checking signature v2.2.0
[INFO] [stderr]     Checking sha2 v0.10.9
[INFO] [stderr]    Compiling libc v0.2.186
[INFO] [stderr]    Compiling typenum v1.20.1
[INFO] [stderr]     Checking sec1 v0.7.3
[INFO] [stderr]     Checking spki v0.7.3
[INFO] [stderr]     Checking mio v1.2.1
[INFO] [stderr]    Compiling serde_json v1.0.150
[INFO] [stderr]     Checking digest v0.11.3
[INFO] [stderr]     Checking sha3 v0.11.0
[INFO] [stderr]     Checking socket2 v0.6.4
[INFO] [stderr]     Checking elliptic-curve v0.13.8
[INFO] [stderr]    Compiling winnow v1.0.3
[INFO] [stderr]     Checking ecdsa v0.16.9
[INFO] [stderr]    Compiling jobserver v0.1.34
[INFO] [stderr]     Checking futures-channel v0.3.32
[INFO] [stderr]     Checking k256 v0.13.4
[INFO] [stderr]    Compiling cc v1.2.65
[INFO] [stderr]    Compiling proc-macro-error-attr2 v2.0.0
[INFO] [stderr]    Compiling aws-lc-rs v1.17.1
[INFO] [stderr]     Checking rustls-pki-types v1.15.0
[INFO] [stderr]     Checking litemap v0.8.2
[INFO] [stderr]     Checking writeable v0.6.3
[INFO] [stderr]    Compiling ruint v1.19.0
[INFO] [stderr]    Compiling num-traits v0.2.19
[INFO] [stderr]    Compiling icu_properties_data v2.2.0
[INFO] [stderr]    Compiling icu_normalizer_data v2.2.0
[INFO] [stderr]    Compiling rustls v0.23.41
[INFO] [stderr]    Compiling cmake v0.1.58
[INFO] [stderr]     Checking indexmap v2.14.0
[INFO] [stderr]    Compiling zerocopy v0.8.52
[INFO] [stderr]     Checking bitflags v2.13.0
[INFO] [stderr]     Checking rustls-native-certs v0.8.4
[INFO] [stderr]     Checking webpki-roots v1.0.8
[INFO] [stderr]     Checking futures-utils-wasm v0.1.0
[INFO] [stderr]     Checking hashbrown v0.16.1
[INFO] [stderr]     Checking hashbrown v0.14.5
[INFO] [stderr]    Compiling aws-lc-sys v0.42.0
[INFO] [stderr]    Compiling ring v0.17.14
[INFO] [stderr]    Compiling getrandom v0.4.3
[INFO] [stderr]    Compiling phf_shared v0.13.1
[INFO] [stderr]    Compiling signal-hook v0.3.18
[INFO] [stderr]    Compiling fastrand v2.4.1
[INFO] [stderr]    Compiling synstructure v0.13.2
[INFO] [stderr]    Compiling syn-solidity v1.6.0
[INFO] [stderr]    Compiling macro-string v0.2.0
[INFO] [stderr]    Compiling proc-macro-error2 v2.0.1
[INFO] [stderr]     Checking lru v0.16.4
[INFO] [stderr]    Compiling phf_generator v0.13.1
[INFO] [stderr]    Compiling prettyplease v0.2.37
[INFO] [stderr]     Checking sha1 v0.10.6
[INFO] [stderr]    Compiling rust_decimal v1.42.1
[INFO] [stderr]    Compiling rustix v0.38.44
[INFO] [stderr]     Checking chacha20 v0.10.1
[INFO] [stderr]    Compiling instability v0.3.12
[INFO] [stderr]     Checking linux-raw-sys v0.4.15
[INFO] [stderr]     Checking data-encoding v2.11.0
[INFO] [stderr]     Checking signal-hook-mio v0.2.5
[INFO] [stderr]     Checking regex-automata v0.4.14
[INFO] [stderr]     Checking rand v0.10.2
[INFO] [stderr]    Compiling serde_derive v1.0.228
[INFO] [stderr]    Compiling derive_more-impl v2.1.1
[INFO] [stderr]    Compiling alloy-rlp-derive v0.3.16
[INFO] [stderr]    Compiling zerofrom-derive v0.1.7
[INFO] [stderr]    Compiling tracing-attributes v0.1.31
[INFO] [stderr]    Compiling thiserror-impl v2.0.18
[INFO] [stderr]     Checking zerofrom v0.1.8
[INFO] [stderr]    Compiling yoke-derive v0.8.2
[INFO] [stderr]    Compiling zerovec-derive v0.11.3
[INFO] [stderr]     Checking tracing v0.1.44
[INFO] [stderr]    Compiling tokio-macros v2.7.0
[INFO] [stderr]    Compiling displaydoc v0.2.6
[INFO] [stderr]     Checking thiserror v2.0.18
[INFO] [stderr]    Compiling futures-macro v0.3.32
[INFO] [stderr]     Checking yoke v0.8.3
[INFO] [stderr]    Compiling auto_impl v1.3.0
[INFO] [stderr]     Checking zerotrie v0.2.4
[INFO] [stderr]     Checking zerovec v0.11.6
[INFO] [stderr]     Checking futures-util v0.3.32
[INFO] [stderr]     Checking ppv-lite86 v0.2.21
[INFO] [stderr]    Compiling async-trait v0.1.89
[INFO] [stderr]     Checking tinystr v0.8.3
[INFO] [stderr]     Checking icu_locale_core v2.2.0
[INFO] [stderr]     Checking bytes v1.12.0
[INFO] [stderr]     Checking smallvec v1.15.2
[INFO] [stderr]    Compiling darling_core v0.23.0
[INFO] [stderr]    Compiling alloy-sol-type-parser v1.6.0
[INFO] [stderr]     Checking parking_lot_core v0.9.12
[INFO] [stderr]     Checking alloy-rlp v0.3.16
[INFO] [stderr]     Checking derive_more v2.1.1
[INFO] [stderr]     Checking http v1.4.2
[INFO] [stderr]     Checking parking_lot v0.12.5
[INFO] [stderr]     Checking tokio v1.52.3
[INFO] [stderr]     Checking either v1.16.0
[INFO] [stderr]    Compiling alloy-primitives v1.6.0
[INFO] [stderr]     Checking potential_utf v0.1.5
[INFO] [stderr]     Checking icu_collections v2.2.0
[INFO] [stderr]     Checking icu_provider v2.2.0
[INFO] [stderr]     Checking http-body v1.0.1
[INFO] [stderr]     Checking icu_properties v2.2.0
[INFO] [stderr]     Checking icu_normalizer v2.2.0
[INFO] [stderr]     Checking chrono v0.4.45
[INFO] [stderr]     Checking nybbles v0.4.8
[INFO] [stderr]     Checking itertools v0.14.0
[INFO] [stderr]    Compiling alloy-json-abi v1.6.0
[INFO] [stderr]     Checking alloy-eip7702 v0.6.3
[INFO] [stderr]     Checking idna_adapter v1.2.2
[INFO] [stderr]     Checking alloy-eip2124 v0.2.0
[INFO] [stderr]     Checking alloy-serde v1.8.3
[INFO] [stderr]     Checking alloy-eip7928 v0.3.7
[INFO] [stderr]     Checking alloy-eip2930 v0.2.3
[INFO] [stderr]    Compiling alloy-sol-macro-input v1.6.0
[INFO] [stderr]     Checking idna v1.1.0
[INFO] [stderr]    Compiling alloy-sol-macro-expander v1.6.0
[INFO] [stderr]    Compiling darling_macro v0.23.0
[INFO] [stderr]     Checking alloy-trie v0.9.5
[INFO] [stderr]     Checking url v2.5.8
[INFO] [stderr]     Checking http-body-util v0.1.3
[INFO] [stderr]    Compiling darling v0.23.0
[INFO] [stderr]    Compiling serde_with_macros v3.21.0
[INFO] [stderr]    Compiling alloy-tx-macros v1.8.3
[INFO] [stderr]     Checking futures-executor v0.3.32
[INFO] [stderr]     Checking serde_urlencoded v0.7.1
[INFO] [stderr]     Checking futures v0.3.32
[INFO] [stderr]     Checking alloy-signer v1.8.3
[INFO] [stderr]    Compiling strum_macros v0.27.2
[INFO] [stderr]    Compiling num_enum_derive v0.7.6
[INFO] [stderr]    Compiling pin-project-internal v1.1.13
[INFO] [stderr]     Checking serde_with v3.21.0
[INFO] [stderr]     Checking rand_chacha v0.3.1
[INFO] [stderr]     Checking num_enum v0.7.6
[INFO] [stderr]    Compiling async-stream-impl v0.3.6
[INFO] [stderr]     Checking rand v0.8.6
[INFO] [stderr]     Checking pin-project v1.1.13
[INFO] [stderr]     Checking dashmap v6.2.1
[INFO] [stderr]     Checking tokio-util v0.7.18
[INFO] [stderr]     Checking tower v0.5.3
[INFO] [stderr]     Checking async-stream v0.3.6
[INFO] [stderr]     Checking rand_chacha v0.9.0
[INFO] [stderr]     Checking h2 v0.4.15
[INFO] [stderr]     Checking tokio-stream v0.1.18
[INFO] [stderr]     Checking rand v0.9.4
[INFO] [stderr]     Checking tower-http v0.6.11
[INFO] [stderr]    Compiling bon-macros v3.9.3
[INFO] [stderr]    Compiling phf_macros v0.13.1
[INFO] [stderr]     Checking strum v0.27.2
[INFO] [stderr]     Checking alloy-chains v0.2.34
[INFO] [stderr]     Checking itertools v0.13.0
[INFO] [stderr]     Checking alloy-eips v1.8.3
[INFO] [stderr]     Checking secrecy v0.10.3
[INFO] [stderr]     Checking phf v0.13.1
[INFO] [stderr]    Compiling serde_repr v0.1.20
[INFO] [stderr]    Compiling rust_decimal_macros v1.40.0
[INFO] [stderr]    Compiling alloy-sol-macro v1.6.0
[INFO] [stderr]    Compiling strum_macros v0.26.4
[INFO] [stderr]    Compiling strum_macros v0.28.0
[INFO] [stderr]     Checking alloy-sol-types v1.6.0
[INFO] [stderr]     Checking alloy-consensus v1.8.3
[INFO] [stderr]     Checking uuid v1.23.4
[INFO] [stderr]     Checking hyper v1.10.1
[INFO] [stderr]     Checking serde_html_form v0.4.1
[INFO] [stderr]     Checking instant v0.1.13
[INFO] [stderr]    Compiling indoc v2.0.7
[INFO] [stderr]    Compiling anyhow v1.0.103
[INFO] [stderr]     Checking compact_str v0.8.2
[INFO] [stderr]     Checking hyper-util v0.1.20
[INFO] [stderr]     Checking strum v0.26.3
[INFO] [stderr]     Checking unicode-truncate v1.1.0
[INFO] [stderr]     Checking backoff v0.4.0
[INFO] [stderr]     Checking crossterm v0.28.1
[INFO] [stderr]     Checking matchers v0.2.0
[INFO] [stderr]     Checking lru v0.12.5
[INFO] [stderr]     Checking alloy-json-rpc v1.8.3
[INFO] [stderr]     Checking alloy-dyn-abi v1.6.0
[INFO] [stderr]     Checking alloy-network-primitives v1.8.3
[INFO] [stderr]     Checking alloy-consensus-any v1.8.3
[INFO] [stderr]     Checking tracing-log v0.2.0
[INFO] [stderr]     Checking alloy-transport v1.8.3
[INFO] [stderr]     Checking alloy-rpc-types-eth v1.8.3
[INFO] [stderr]     Checking serde_path_to_error v0.1.20
[INFO] [stderr]     Checking serde_ignored v0.1.14
[INFO] [stderr]     Checking alloy-core v1.6.0
[INFO] [stderr]     Checking unicode-width v0.2.0
[INFO] [stderr]     Checking cassowary v0.3.0
[INFO] [stderr]     Checking tracing-subscriber v0.3.23
[INFO] [stderr]     Checking ratatui v0.29.0
[INFO] [stderr]     Checking bon v3.9.3
[INFO] [stderr]     Checking alloy-rpc-types-any v1.8.3
[INFO] [stderr]     Checking alloy-network v1.8.3
[INFO] [stderr]     Checking alloy-signer-local v1.8.3
[INFO] [stderr]     Checking rustls-webpki v0.103.13
[INFO] [stderr]     Checking tokio-rustls v0.26.4
[INFO] [stderr]     Checking rustls-platform-verifier v0.7.0
[INFO] [stderr]     Checking tungstenite v0.28.0
[INFO] [stderr]     Checking hyper-rustls v0.27.9
[INFO] [stderr]     Checking tokio-tungstenite v0.28.0
[INFO] [stderr]     Checking reqwest v0.13.4
[INFO] [stderr]     Checking reqwest v0.12.28
[INFO] [stderr]     Checking alloy-transport-http v1.8.3
[INFO] [stderr]     Checking alloy-rpc-client v1.8.3
[INFO] [stderr]     Checking alloy-provider v1.8.3
[INFO] [stderr]     Checking alloy-contract v1.8.3
[INFO] [stderr]     Checking alloy v1.8.3
[INFO] [stderr]     Checking polymarket-client-sdk v0.4.4
[INFO] [stderr]     Checking polymarket_client_sdk_v2 v0.7.0
[INFO] [stderr]     Checking polypulse v0.1.0 (/opt/rustwide/workdir)
[INFO] [stdout] warning: function `encode_proxy_call` is never used
[INFO] [stdout]    --> src/proxy_relay.rs:251:15
[INFO] [stdout]     |
[INFO] [stdout] 251 | pub(crate) fn encode_proxy_call(target: Address, data: &[u8]) -> Vec<u8> {
[INFO] [stdout]     |               ^^^^^^^^^^^^^^^^^
[INFO] [stdout]     |
[INFO] [stdout]     = note: `#[warn(dead_code)]` (part of `#[warn(unused)]`) on by default
[INFO] [stdout] 
[INFO] [stdout] 
[INFO] [stdout] warning: function `encode_proxy_call` is never used
[INFO] [stdout]    --> src/proxy_relay.rs:251:15
[INFO] [stdout]     |
[INFO] [stdout] 251 | pub(crate) fn encode_proxy_call(target: Address, data: &[u8]) -> Vec<u8> {
[INFO] [stdout]     |               ^^^^^^^^^^^^^^^^^
[INFO] [stdout]     |
[INFO] [stdout]     = note: `#[warn(dead_code)]` (part of `#[warn(unused)]`) on by default
[INFO] [stdout] 
[INFO] [stdout] 
[INFO] [stdout] warning: unused imports: `debug` and `trace`
[INFO] [stdout]   --> src/risk/hedge_monitor.rs:13:15
[INFO] [stdout]    |
[INFO] [stdout] 13 | use tracing::{debug, error, info, trace, warn};
[INFO] [stdout]    |               ^^^^^               ^^^^^
[INFO] [stdout]    |
[INFO] [stdout]    = note: `#[warn(unused_imports)]` (part of `#[warn(unused)]`) on by default
[INFO] [stdout] 
[INFO] [stdout] 
[INFO] [stdout] warning: unused import: `debug`
[INFO] [stdout]  --> src/risk/positions.rs:5:15
[INFO] [stdout]   |
[INFO] [stdout] 5 | use tracing::{debug, info, trace};
[INFO] [stdout]   |               ^^^^^
[INFO] [stdout] 
[INFO] [stdout] 
[INFO] [stdout] warning: unused imports: `debug` and `trace`
[INFO] [stdout]   --> src/risk/hedge_monitor.rs:13:15
[INFO] [stdout]    |
[INFO] [stdout] 13 | use tracing::{debug, error, info, trace, warn};
[INFO] [stdout]    |               ^^^^^               ^^^^^
[INFO] [stdout]    |
[INFO] [stdout]    = note: `#[warn(unused_imports)]` (part of `#[warn(unused)]`) on by default
[INFO] [stdout] 
[INFO] [stdout] 
[INFO] [stdout] warning: unused import: `debug`
[INFO] [stdout]  --> src/risk/positions.rs:5:15
[INFO] [stdout]   |
[INFO] [stdout] 5 | use tracing::{debug, info, trace};
[INFO] [stdout]   |               ^^^^^
[INFO] [stdout] 
[INFO] [stdout] 
[INFO] [stdout] error[E0599]: no associated function or constant named `from_str` found for struct `alloy::alloy_primitives::Uint<BITS, LIMBS>` in the current scope
[INFO] [stdout]    --> src/trading/executor.rs:364:34
[INFO] [stdout]     |
[INFO] [stdout] 364 |         let yes_token_id = U256::from_str(&opp.yes_token_id.to_string())?;
[INFO] [stdout]     |                                  ^^^^^^^^ associated function or constant not found in `alloy::alloy_primitives::Uint<256, 4>`
[INFO] [stdout]     |
[INFO] [stdout] note: if you're trying to build a new `alloy::alloy_primitives::Uint<256, 4>` consider using one of the following associated functions:
[INFO] [stdout]       ruint::base_convert::<impl alloy::alloy_primitives::Uint<BITS, LIMBS>>::from_base_le
[INFO] [stdout]       ruint::base_convert::<impl alloy::alloy_primitives::Uint<BITS, LIMBS>>::from_base_be
[INFO] [stdout]       ruint::bytes::<impl alloy::alloy_primitives::Uint<BITS, LIMBS>>::from_be_bytes
[INFO] [stdout]       ruint::bytes::<impl alloy::alloy_primitives::Uint<BITS, LIMBS>>::from_be_slice
[INFO] [stdout]       and 16 others
[INFO] [stdout]    --> /opt/rustwide/cargo-home/registry/src/index.crates.io-1949cf8c6b5b557f/ruint-1.19.0/src/base_convert.rs:133:5
[INFO] [stdout]     |
[INFO] [stdout] 133 | /     pub fn from_base_le<I>(base: u64, digits: I) -> Result<Self, BaseConvertError>
[INFO] [stdout] 134 | |     where
[INFO] [stdout] 135 | |         I: IntoIterator<Item = u64>,
[INFO] [stdout]     | |____________________________________^
[INFO] [stdout] ...
[INFO] [stdout] 192 | /     pub fn from_base_be<I: IntoIterator<Item = u64>>(
[INFO] [stdout] 193 | |         base: u64,
[INFO] [stdout] 194 | |         digits: I,
[INFO] [stdout] 195 | |     ) -> Result<Self, BaseConvertError> {
[INFO] [stdout]     | |_______________________________________^
[INFO] [stdout]     |
[INFO] [stdout]    ::: /opt/rustwide/cargo-home/registry/src/index.crates.io-1949cf8c6b5b557f/ruint-1.19.0/src/bytes.rs:208:5
[INFO] [stdout]     |
[INFO] [stdout] 208 |       pub const fn from_be_bytes<const BYTES: usize>(bytes: [u8; BYTES]) -> Self {
[INFO] [stdout]     |       ^^^^^^^^^^^^^^^^^^^^^^^^^^^^^^^^^^^^^^^^^^^^^^^^^^^^^^^^^^^^^^^^^^^^^^^^^^
[INFO] [stdout] ...
[INFO] [stdout] 224 |       pub const fn from_be_slice(bytes: &[u8]) -> Self {
[INFO] [stdout]     |       ^^^^^^^^^^^^^^^^^^^^^^^^^^^^^^^^^^^^^^^^^^^^^^^^
[INFO] [stdout]     = help: items from traits can only be used if the trait is in scope
[INFO] [stdout] help: trait `FromStr` which provides `from_str` is implemented but not in scope; perhaps you want to import it
[INFO] [stdout]     |
[INFO] [stdout]   1 + use std::str::FromStr;
[INFO] [stdout]     |
[INFO] [stdout] help: there is an associated function `from` with a similar name
[INFO] [stdout]     |
[INFO] [stdout] 364 -         let yes_token_id = U256::from_str(&opp.yes_token_id.to_string())?;
[INFO] [stdout] 364 +         let yes_token_id = U256::from(&opp.yes_token_id.to_string())?;
[INFO] [stdout]     |
[INFO] [stdout] 
[INFO] [stdout] 
[INFO] [stdout] error[E0599]: no associated function or constant named `from_str` found for struct `alloy::alloy_primitives::Uint<BITS, LIMBS>` in the current scope
[INFO] [stdout]    --> src/trading/executor.rs:365:33
[INFO] [stdout]     |
[INFO] [stdout] 365 |         let no_token_id = U256::from_str(&opp.no_token_id.to_string())?;
[INFO] [stdout]     |                                 ^^^^^^^^ associated function or constant not found in `alloy::alloy_primitives::Uint<256, 4>`
[INFO] [stdout]     |
[INFO] [stdout] note: if you're trying to build a new `alloy::alloy_primitives::Uint<256, 4>` consider using one of the following associated functions:
[INFO] [stdout]       ruint::base_convert::<impl alloy::alloy_primitives::Uint<BITS, LIMBS>>::from_base_le
[INFO] [stdout]       ruint::base_convert::<impl alloy::alloy_primitives::Uint<BITS, LIMBS>>::from_base_be
[INFO] [stdout]       ruint::bytes::<impl alloy::alloy_primitives::Uint<BITS, LIMBS>>::from_be_bytes
[INFO] [stdout]       ruint::bytes::<impl alloy::alloy_primitives::Uint<BITS, LIMBS>>::from_be_slice
[INFO] [stdout]       and 16 others
[INFO] [stdout]    --> /opt/rustwide/cargo-home/registry/src/index.crates.io-1949cf8c6b5b557f/ruint-1.19.0/src/base_convert.rs:133:5
[INFO] [stdout]     |
[INFO] [stdout] 133 | /     pub fn from_base_le<I>(base: u64, digits: I) -> Result<Self, BaseConvertError>
[INFO] [stdout] 134 | |     where
[INFO] [stdout] 135 | |         I: IntoIterator<Item = u64>,
[INFO] [stdout]     | |____________________________________^
[INFO] [stdout] ...
[INFO] [stdout] 192 | /     pub fn from_base_be<I: IntoIterator<Item = u64>>(
[INFO] [stdout] 193 | |         base: u64,
[INFO] [stdout] 194 | |         digits: I,
[INFO] [stdout] 195 | |     ) -> Result<Self, BaseConvertError> {
[INFO] [stdout]     | |_______________________________________^
[INFO] [stdout]     |
[INFO] [stdout]    ::: /opt/rustwide/cargo-home/registry/src/index.crates.io-1949cf8c6b5b557f/ruint-1.19.0/src/bytes.rs:208:5
[INFO] [stdout]     |
[INFO] [stdout] 208 |       pub const fn from_be_bytes<const BYTES: usize>(bytes: [u8; BYTES]) -> Self {
[INFO] [stdout]     |       ^^^^^^^^^^^^^^^^^^^^^^^^^^^^^^^^^^^^^^^^^^^^^^^^^^^^^^^^^^^^^^^^^^^^^^^^^^
[INFO] [stdout] ...
[INFO] [stdout] 224 |       pub const fn from_be_slice(bytes: &[u8]) -> Self {
[INFO] [stdout]     |       ^^^^^^^^^^^^^^^^^^^^^^^^^^^^^^^^^^^^^^^^^^^^^^^^
[INFO] [stdout]     = help: items from traits can only be used if the trait is in scope
[INFO] [stdout] help: trait `FromStr` which provides `from_str` is implemented but not in scope; perhaps you want to import it
[INFO] [stdout]     |
[INFO] [stdout]   1 + use std::str::FromStr;
[INFO] [stdout]     |
[INFO] [stdout] help: there is an associated function `from` with a similar name
[INFO] [stdout]     |
[INFO] [stdout] 365 -         let no_token_id = U256::from_str(&opp.no_token_id.to_string())?;
[INFO] [stdout] 365 +         let no_token_id = U256::from(&opp.no_token_id.to_string())?;
[INFO] [stdout]     |
[INFO] [stdout] 
[INFO] [stdout] 
[INFO] [stdout] error[E0599]: no associated function or constant named `from_str` found for struct `alloy::alloy_primitives::Uint<BITS, LIMBS>` in the current scope
[INFO] [stdout]    --> src/trading/executor.rs:364:34
[INFO] [stdout]     |
[INFO] [stdout] 364 |         let yes_token_id = U256::from_str(&opp.yes_token_id.to_string())?;
[INFO] [stdout]     |                                  ^^^^^^^^ associated function or constant not found in `alloy::alloy_primitives::Uint<256, 4>`
[INFO] [stdout]     |
[INFO] [stdout] note: if you're trying to build a new `alloy::alloy_primitives::Uint<256, 4>` consider using one of the following associated functions:
[INFO] [stdout]       ruint::base_convert::<impl alloy::alloy_primitives::Uint<BITS, LIMBS>>::from_base_le
[INFO] [stdout]       ruint::base_convert::<impl alloy::alloy_primitives::Uint<BITS, LIMBS>>::from_base_be
[INFO] [stdout]       ruint::bytes::<impl alloy::alloy_primitives::Uint<BITS, LIMBS>>::from_be_bytes
[INFO] [stdout]       ruint::bytes::<impl alloy::alloy_primitives::Uint<BITS, LIMBS>>::from_be_slice
[INFO] [stdout]       and 16 others
[INFO] [stdout]    --> /opt/rustwide/cargo-home/registry/src/index.crates.io-1949cf8c6b5b557f/ruint-1.19.0/src/base_convert.rs:133:5
[INFO] [stdout]     |
[INFO] [stdout] 133 | /     pub fn from_base_le<I>(base: u64, digits: I) -> Result<Self, BaseConvertError>
[INFO] [stdout] 134 | |     where
[INFO] [stdout] 135 | |         I: IntoIterator<Item = u64>,
[INFO] [stdout]     | |____________________________________^
[INFO] [stdout] ...
[INFO] [stdout] 192 | /     pub fn from_base_be<I: IntoIterator<Item = u64>>(
[INFO] [stdout] 193 | |         base: u64,
[INFO] [stdout] 194 | |         digits: I,
[INFO] [stdout] 195 | |     ) -> Result<Self, BaseConvertError> {
[INFO] [stdout]     | |_______________________________________^
[INFO] [stdout]     |
[INFO] [stdout]    ::: /opt/rustwide/cargo-home/registry/src/index.crates.io-1949cf8c6b5b557f/ruint-1.19.0/src/bytes.rs:208:5
[INFO] [stdout]     |
[INFO] [stdout] 208 |       pub const fn from_be_bytes<const BYTES: usize>(bytes: [u8; BYTES]) -> Self {
[INFO] [stdout]     |       ^^^^^^^^^^^^^^^^^^^^^^^^^^^^^^^^^^^^^^^^^^^^^^^^^^^^^^^^^^^^^^^^^^^^^^^^^^
[INFO] [stdout] ...
[INFO] [stdout] 224 |       pub const fn from_be_slice(bytes: &[u8]) -> Self {
[INFO] [stdout]     |       ^^^^^^^^^^^^^^^^^^^^^^^^^^^^^^^^^^^^^^^^^^^^^^^^
[INFO] [stdout]     = help: items from traits can only be used if the trait is in scope
[INFO] [stdout] help: trait `FromStr` which provides `from_str` is implemented but not in scope; perhaps you want to import it
[INFO] [stdout]     |
[INFO] [stdout]   1 + use std::str::FromStr;
[INFO] [stdout]     |
[INFO] [stdout] help: there is an associated function `from` with a similar name
[INFO] [stdout]     |
[INFO] [stdout] 364 -         let yes_token_id = U256::from_str(&opp.yes_token_id.to_string())?;
[INFO] [stdout] 364 +         let yes_token_id = U256::from(&opp.yes_token_id.to_string())?;
[INFO] [stdout]     |
[INFO] [stdout] 
[INFO] [stdout] 
[INFO] [stdout] error[E0599]: no associated function or constant named `from_str` found for struct `alloy::alloy_primitives::Uint<BITS, LIMBS>` in the current scope
[INFO] [stdout]    --> src/trading/executor.rs:365:33
[INFO] [stdout]     |
[INFO] [stdout] 365 |         let no_token_id = U256::from_str(&opp.no_token_id.to_string())?;
[INFO] [stdout]     |                                 ^^^^^^^^ associated function or constant not found in `alloy::alloy_primitives::Uint<256, 4>`
[INFO] [stdout]     |
[INFO] [stdout] note: if you're trying to build a new `alloy::alloy_primitives::Uint<256, 4>` consider using one of the following associated functions:
[INFO] [stdout]       ruint::base_convert::<impl alloy::alloy_primitives::Uint<BITS, LIMBS>>::from_base_le
[INFO] [stdout]       ruint::base_convert::<impl alloy::alloy_primitives::Uint<BITS, LIMBS>>::from_base_be
[INFO] [stdout]       ruint::bytes::<impl alloy::alloy_primitives::Uint<BITS, LIMBS>>::from_be_bytes
[INFO] [stdout]       ruint::bytes::<impl alloy::alloy_primitives::Uint<BITS, LIMBS>>::from_be_slice
[INFO] [stdout]       and 16 others
[INFO] [stdout]    --> /opt/rustwide/cargo-home/registry/src/index.crates.io-1949cf8c6b5b557f/ruint-1.19.0/src/base_convert.rs:133:5
[INFO] [stdout]     |
[INFO] [stdout] 133 | /     pub fn from_base_le<I>(base: u64, digits: I) -> Result<Self, BaseConvertError>
[INFO] [stdout] 134 | |     where
[INFO] [stdout] 135 | |         I: IntoIterator<Item = u64>,
[INFO] [stdout]     | |____________________________________^
[INFO] [stdout] ...
[INFO] [stdout] 192 | /     pub fn from_base_be<I: IntoIterator<Item = u64>>(
[INFO] [stdout] 193 | |         base: u64,
[INFO] [stdout] 194 | |         digits: I,
[INFO] [stdout] 195 | |     ) -> Result<Self, BaseConvertError> {
[INFO] [stdout]     | |_______________________________________^
[INFO] [stdout]     |
[INFO] [stdout]    ::: /opt/rustwide/cargo-home/registry/src/index.crates.io-1949cf8c6b5b557f/ruint-1.19.0/src/bytes.rs:208:5
[INFO] [stdout]     |
[INFO] [stdout] 208 |       pub const fn from_be_bytes<const BYTES: usize>(bytes: [u8; BYTES]) -> Self {
[INFO] [stdout]     |       ^^^^^^^^^^^^^^^^^^^^^^^^^^^^^^^^^^^^^^^^^^^^^^^^^^^^^^^^^^^^^^^^^^^^^^^^^^
[INFO] [stdout] ...
[INFO] [stdout] 224 |       pub const fn from_be_slice(bytes: &[u8]) -> Self {
[INFO] [stdout]     |       ^^^^^^^^^^^^^^^^^^^^^^^^^^^^^^^^^^^^^^^^^^^^^^^^
[INFO] [stdout]     = help: items from traits can only be used if the trait is in scope
[INFO] [stdout] help: trait `FromStr` which provides `from_str` is implemented but not in scope; perhaps you want to import it
[INFO] [stdout]     |
[INFO] [stdout]   1 + use std::str::FromStr;
[INFO] [stdout]     |
[INFO] [stdout] help: there is an associated function `from` with a similar name
[INFO] [stdout]     |
[INFO] [stdout] 365 -         let no_token_id = U256::from_str(&opp.no_token_id.to_string())?;
[INFO] [stdout] 365 +         let no_token_id = U256::from(&opp.no_token_id.to_string())?;
[INFO] [stdout]     |
[INFO] [stdout] 
[INFO] [stdout] 
[INFO] [stdout] warning: unused variable: `yes_final_size`
[INFO] [stdout]   --> src/monitor/arbitrage.rs:80:9
[INFO] [stdout]    |
[INFO] [stdout] 80 |         yes_final_size: Decimal,
[INFO] [stdout]    |         ^^^^^^^^^^^^^^ help: if this is intentional, prefix it with an underscore: `_yes_final_size`
[INFO] [stdout]    |
[INFO] [stdout]    = note: `#[warn(unused_variables)]` (part of `#[warn(unused)]`) on by default
[INFO] [stdout] 
[INFO] [stdout] 
[INFO] [stdout] warning: unused variable: `no_final_size`
[INFO] [stdout]   --> src/monitor/arbitrage.rs:81:9
[INFO] [stdout]    |
[INFO] [stdout] 81 |         no_final_size: Decimal,
[INFO] [stdout]    |         ^^^^^^^^^^^^^ help: if this is intentional, prefix it with an underscore: `_no_final_size`
[INFO] [stdout] 
[INFO] [stdout] 
[INFO] [stdout] warning: unused variable: `yes_price`
[INFO] [stdout]   --> src/risk/manager.rs:74:9
[INFO] [stdout]    |
[INFO] [stdout] 74 |         yes_price: Decimal,
[INFO] [stdout]    |         ^^^^^^^^^ help: if this is intentional, prefix it with an underscore: `_yes_price`
[INFO] [stdout] 
[INFO] [stdout] 
[INFO] [stdout] warning: unused variable: `no_price`
[INFO] [stdout]   --> src/risk/manager.rs:75:9
[INFO] [stdout]    |
[INFO] [stdout] 75 |         no_price: Decimal,
[INFO] [stdout]    |         ^^^^^^^^ help: if this is intentional, prefix it with an underscore: `_no_price`
[INFO] [stdout] 
[INFO] [stdout] 
[INFO] [stdout] For more information about this error, try `rustc --explain E0599`.
[INFO] [stdout] 
[INFO] [stderr] error: could not compile `polypulse` (bin "polypulse") due to 2 previous errors; 6 warnings emitted
[INFO] [stderr] warning: build failed, waiting for other jobs to finish...
[INFO] [stdout] warning: unused variable: `yes_final_size`
[INFO] [stdout]   --> src/monitor/arbitrage.rs:80:9
[INFO] [stdout]    |
[INFO] [stdout] 80 |         yes_final_size: Decimal,
[INFO] [stdout]    |         ^^^^^^^^^^^^^^ help: if this is intentional, prefix it with an underscore: `_yes_final_size`
[INFO] [stdout]    |
[INFO] [stdout]    = note: `#[warn(unused_variables)]` (part of `#[warn(unused)]`) on by default
[INFO] [stdout] 
[INFO] [stdout] 
[INFO] [stdout] warning: unused variable: `no_final_size`
[INFO] [stdout]   --> src/monitor/arbitrage.rs:81:9
[INFO] [stdout]    |
[INFO] [stdout] 81 |         no_final_size: Decimal,
[INFO] [stdout]    |         ^^^^^^^^^^^^^ help: if this is intentional, prefix it with an underscore: `_no_final_size`
[INFO] [stdout] 
[INFO] [stdout] 
[INFO] [stdout] warning: unused variable: `yes_price`
[INFO] [stdout]   --> src/risk/manager.rs:74:9
[INFO] [stdout]    |
[INFO] [stdout] 74 |         yes_price: Decimal,
[INFO] [stdout]    |         ^^^^^^^^^ help: if this is intentional, prefix it with an underscore: `_yes_price`
[INFO] [stdout] 
[INFO] [stdout] 
[INFO] [stdout] warning: unused variable: `no_price`
[INFO] [stdout]   --> src/risk/manager.rs:75:9
[INFO] [stdout]    |
[INFO] [stdout] 75 |         no_price: Decimal,
[INFO] [stdout]    |         ^^^^^^^^ help: if this is intentional, prefix it with an underscore: `_no_price`
[INFO] [stdout] 
[INFO] [stdout] 
[INFO] [stdout] For more information about this error, try `rustc --explain E0599`.
[INFO] [stdout] 
[INFO] [stderr] error: could not compile `polypulse` (bin "polypulse" test) due to 2 previous errors; 6 warnings emitted
[INFO] running `Command { std: "docker" "inspect" "2063413a179609868c543e8218d8aa8bffa3bdcdfea87974e78fe0bc72542405", kill_on_drop: false }`
[INFO] running `Command { std: "docker" "rm" "-f" "2063413a179609868c543e8218d8aa8bffa3bdcdfea87974e78fe0bc72542405", kill_on_drop: false }`
[INFO] [stdout] 2063413a179609868c543e8218d8aa8bffa3bdcdfea87974e78fe0bc72542405
