[INFO] cloning repository https://github.com/HusenjanDev/CyberNewsMCP
[INFO] running `Command { std: "git" "-c" "credential.helper=" "-c" "credential.helper=/workspace/cargo-home/bin/git-credential-null" "clone" "--bare" "https://github.com/HusenjanDev/CyberNewsMCP" "/workspace/cache/git-repos/https%3A%2F%2Fgithub.com%2FHusenjanDev%2FCyberNewsMCP", kill_on_drop: false }`
[INFO] [stderr] Cloning into bare repository '/workspace/cache/git-repos/https%3A%2F%2Fgithub.com%2FHusenjanDev%2FCyberNewsMCP'...
[INFO] running `Command { std: "git" "rev-parse" "HEAD", kill_on_drop: false }`
[INFO] [stdout] afbce136dcc8e83a2af0a01fbe467014799e439d
[INFO] checking HusenjanDev/CyberNewsMCP against 3154cc1a3e6424e44f438a95007d043ed5ceaaf6 for pr-133502-30
[INFO] running `Command { std: "git" "clone" "/workspace/cache/git-repos/https%3A%2F%2Fgithub.com%2FHusenjanDev%2FCyberNewsMCP" "/workspace/builds/worker-2-tc2/source", kill_on_drop: false }`
[INFO] [stderr] Cloning into '/workspace/builds/worker-2-tc2/source'...
[INFO] [stderr] done.
[INFO] started tweaking git repo https://github.com/HusenjanDev/CyberNewsMCP
[INFO] finished tweaking git repo https://github.com/HusenjanDev/CyberNewsMCP
[INFO] tweaked toml for git repo https://github.com/HusenjanDev/CyberNewsMCP written to /workspace/builds/worker-2-tc2/source/Cargo.toml
[INFO] validating manifest of git repo https://github.com/HusenjanDev/CyberNewsMCP on toolchain 3154cc1a3e6424e44f438a95007d043ed5ceaaf6
[INFO] running `Command { std: CARGO_HOME="/workspace/cargo-home" RUSTUP_HOME="/workspace/rustup-home" "/workspace/cargo-home/bin/cargo" "+3154cc1a3e6424e44f438a95007d043ed5ceaaf6" "metadata" "--manifest-path" "Cargo.toml" "--no-deps", kill_on_drop: false }`
[INFO] crate git repo https://github.com/HusenjanDev/CyberNewsMCP already has a lockfile, it will not be regenerated
[INFO] running `Command { std: CARGO_HOME="/workspace/cargo-home" RUSTUP_HOME="/workspace/rustup-home" "/workspace/cargo-home/bin/cargo" "+3154cc1a3e6424e44f438a95007d043ed5ceaaf6" "fetch" "--manifest-path" "Cargo.toml", kill_on_drop: false }`
[INFO] running `Command { std: "docker" "create" "-v" "/var/lib/crater-agent-workspace/builds/worker-2-tc2/source:/opt/rustwide/workdir:ro,Z" "-v" "/var/lib/crater-agent-workspace/builds/worker-2-tc2/target:/opt/rustwide/target:rw,Z" "-v" "/var/lib/crater-agent-workspace/cargo-home:/opt/rustwide/cargo-home:ro,Z" "-v" "/var/lib/crater-agent-workspace/rustup-home:/opt/rustwide/rustup-home:ro,Z" "-m" "1610612736" "--network" "none" "ghcr.io/rust-lang/crates-build-env/linux@sha256:77db811e55d90add9212f6832c23229e3de5f1c1f9905e8cb07319ea15df73ac" "sleep" "infinity", kill_on_drop: false }`
[INFO] [stdout] dc35522c22034dce682764b0be2d66d705a5c30f3e0532f40fb6bc005db00259
[INFO] running `Command { std: "docker" "start" "dc35522c22034dce682764b0be2d66d705a5c30f3e0532f40fb6bc005db00259", kill_on_drop: false }`
[INFO] running `Command { std: "docker" "inspect" "dc35522c22034dce682764b0be2d66d705a5c30f3e0532f40fb6bc005db00259", kill_on_drop: false }`
[INFO] running `Command { std: "docker" "exec" "-e" "SOURCE_DIR=/opt/rustwide/workdir" "-e" "CARGO_HOME=/opt/rustwide/cargo-home" "-e" "RUSTUP_HOME=/opt/rustwide/rustup-home" "-e" "CARGO_TARGET_DIR=/opt/rustwide/target" "-w" "/opt/rustwide/workdir" "--user" "0:0" "dc35522c22034dce682764b0be2d66d705a5c30f3e0532f40fb6bc005db00259" "/opt/rustwide/cargo-home/bin/cargo" "+3154cc1a3e6424e44f438a95007d043ed5ceaaf6" "metadata" "--no-deps" "--format-version=1", kill_on_drop: false }`
[INFO] running `Command { std: "docker" "inspect" "dc35522c22034dce682764b0be2d66d705a5c30f3e0532f40fb6bc005db00259", kill_on_drop: false }`
[INFO] running `Command { std: "docker" "exec" "-e" "SOURCE_DIR=/opt/rustwide/workdir" "-e" "CARGO_HOME=/opt/rustwide/cargo-home" "-e" "RUSTUP_HOME=/opt/rustwide/rustup-home" "-e" "CARGO_TARGET_DIR=/opt/rustwide/target" "-e" "CARGO_INCREMENTAL=0" "-e" "RUST_BACKTRACE=full" "-e" "RUSTFLAGS=--cap-lints=forbid" "-e" "RUSTDOCFLAGS=--cap-lints=forbid" "-w" "/opt/rustwide/workdir" "--user" "0:0" "dc35522c22034dce682764b0be2d66d705a5c30f3e0532f40fb6bc005db00259" "/opt/rustwide/cargo-home/bin/cargo" "+3154cc1a3e6424e44f438a95007d043ed5ceaaf6" "check" "--frozen" "--all" "--all-targets" "--message-format=json", kill_on_drop: false }`
[INFO] [stderr]    Compiling serde_core v1.0.229
[INFO] [stderr]    Compiling cc v1.3.0
[INFO] [stderr]    Compiling syn v3.0.3
[INFO] [stderr]    Compiling zerovec-derive v0.11.3
[INFO] [stderr]    Compiling displaydoc v0.2.6
[INFO] [stderr]     Checking zerofrom v0.1.8
[INFO] [stderr]     Checking errno v0.3.14
[INFO] [stderr]     Checking futures-sink v0.3.33
[INFO] [stderr]     Checking yoke v0.8.3
[INFO] [stderr]    Compiling tokio-macros v2.7.1
[INFO] [stderr]     Checking signal-hook-registry v1.4.8
[INFO] [stderr]     Checking mio v1.2.2
[INFO] [stderr]     Checking socket2 v0.6.5
[INFO] [stderr]     Checking futures-channel v0.3.33
[INFO] [stderr]    Compiling getrandom v0.2.17
[INFO] [stderr]    Compiling num-traits v0.2.19
[INFO] [stderr]     Checking tracing v0.1.44
[INFO] [stderr]    Compiling futures-macro v0.3.33
[INFO] [stderr]    Compiling crossbeam-utils v0.8.22
[INFO] [stderr]    Compiling rustls v0.23.42
[INFO] [stderr]     Checking http v1.4.2
[INFO] [stderr]     Checking zerovec v0.11.6
[INFO] [stderr]     Checking futures-util v0.3.33
[INFO] [stderr]    Compiling ring v0.17.14
[INFO] [stderr]     Checking zeroize v1.9.0
[INFO] [stderr]     Checking tinystr v0.8.3
[INFO] [stderr]     Checking potential_utf v0.1.5
[INFO] [stderr]     Checking icu_locale_core v2.2.0
[INFO] [stderr]     Checking zerotrie v0.2.4
[INFO] [stderr]     Checking icu_collections v2.2.0
[INFO] [stderr]     Checking rustls-pki-types v1.15.0
[INFO] [stderr]     Checking http-body v1.1.0
[INFO] [stderr]    Compiling vcpkg v0.2.15
[INFO] [stderr]     Checking bitflags v2.13.1
[INFO] [stderr]     Checking icu_provider v2.2.0
[INFO] [stderr]     Checking icu_properties v2.2.0
[INFO] [stderr]    Compiling openssl-sys v0.9.117
[INFO] [stderr]     Checking serde_json v1.0.151
[INFO] [stderr]    Compiling serde_derive v1.0.229
[INFO] [stderr]    Compiling thiserror-impl v2.0.19
[INFO] [stderr]    Compiling futures-core v0.3.33
[INFO] [stderr]     Checking try-lock v0.2.5
[INFO] [stderr]    Compiling crunchy v0.2.4
[INFO] [stderr]     Checking want v0.3.1
[INFO] [stderr]     Checking ppv-lite86 v0.2.21
[INFO] [stderr]     Checking webpki-roots v1.0.9
[INFO] [stderr]     Checking rand_core v0.6.4
[INFO] [stderr]    Compiling tiny-keccak v2.0.2
[INFO] [stderr]     Checking foreign-types-shared v0.1.1
[INFO] [stderr]    Compiling openssl v0.10.81
[INFO] [stderr]     Checking foreign-types v0.3.2
[INFO] [stderr]     Checking rustls-webpki v0.103.13
[INFO] [stderr]     Checking http-body-util v0.1.4
[INFO] [stderr]    Compiling darling_core v0.20.11
[INFO] [stderr]    Compiling zerocopy v0.8.55
[INFO] [stderr]     Checking sync_wrapper v1.0.2
[INFO] [stderr]    Compiling openssl-macros v0.1.1
[INFO] [stderr]     Checking ipnet v2.12.0
[INFO] [stderr]    Compiling native-tls v0.2.18
[INFO] [stderr]    Compiling tokio v1.53.1
[INFO] [stderr]     Checking thiserror v2.0.19
[INFO] [stderr]    Compiling concurrent-queue v2.5.0
[INFO] [stderr]     Checking openssl-probe v0.2.1
[INFO] [stderr]    Compiling futures-task v0.3.33
[INFO] [stderr]    Compiling iana-time-zone v0.1.65
[INFO] [stderr]     Checking serde v1.0.229
[INFO] [stderr]    Compiling darling_macro v0.20.11
[INFO] [stderr]     Checking smallvec v1.15.2
[INFO] [stderr]     Checking chrono v0.4.45
[INFO] [stderr]     Checking parking_lot_core v0.9.12
[INFO] [stderr]     Checking icu_normalizer v2.2.0
[INFO] [stderr]     Checking parking_lot v0.12.5
[INFO] [stderr]     Checking idna_adapter v1.2.2
[INFO] [stderr]     Checking idna v1.1.0
[INFO] [stderr]     Checking url v2.5.8
[INFO] [stderr]    Compiling futures-io v0.3.33
[INFO] [stderr]    Compiling futures-intrusive v0.5.0
[INFO] [stderr]    Compiling either v1.16.0
[INFO] [stderr]    Compiling darling v0.20.11
[INFO] [stderr]    Compiling event-listener v5.4.1
[INFO] [stderr]    Compiling pest v2.8.8
[INFO] [stderr]    Compiling webpki-roots v0.26.11
[INFO] [stderr]    Compiling const-random-macro v0.1.16
[INFO] [stderr]    Compiling unicode-normalization v0.1.25
[INFO] [stderr]    Compiling rand_chacha v0.3.1
[INFO] [stderr]    Compiling crossbeam-queue v0.3.13
[INFO] [stderr]    Compiling uuid v1.24.0
[INFO] [stderr]     Checking rand v0.8.7
[INFO] [stderr]    Compiling stringprep v0.1.5
[INFO] [stderr]    Compiling tokio-stream v0.1.19
[INFO] [stderr]    Compiling pest_meta v2.8.8
[INFO] [stderr]     Checking const-random v0.1.18
[INFO] [stderr]    Compiling derive_builder_core v0.20.2
[INFO] [stderr]     Checking getrandom v0.3.4
[INFO] [stderr]     Checking serde_urlencoded v0.7.1
[INFO] [stderr]    Compiling atoi v2.0.0
[INFO] [stderr]    Compiling darling_core v0.21.3
[INFO] [stderr]    Compiling time-macros v0.2.32
[INFO] [stderr]    Compiling pest_generator v2.8.8
[INFO] [stderr]     Checking rand_core v0.9.5
[INFO] [stderr]     Checking dlv-list v0.5.2
[INFO] [stderr]     Checking tokio-util v0.7.19
[INFO] [stderr]     Checking tower v0.5.3
[INFO] [stderr]     Checking h2 v0.4.15
[INFO] [stderr]     Checking tokio-rustls v0.26.4
[INFO] [stderr]     Checking tokio-native-tls v0.3.1
[INFO] [stderr]     Checking tower-http v0.6.11
[INFO] [stderr]    Compiling derive_builder_macro v0.20.2
[INFO] [stderr]    Compiling sqlx-core v0.8.6
[INFO] [stderr]    Compiling ref-cast-impl v1.0.26
[INFO] [stderr]     Checking serde_path_to_error v0.1.20
[INFO] [stderr]     Checking num-integer v0.1.46
[INFO] [stderr]    Compiling serde_derive_internals v0.29.1
[INFO] [stderr]    Compiling indexmap v1.9.3
[INFO] [stderr]     Checking hashbrown v0.14.5
[INFO] [stderr]     Checking time-core v0.1.9
[INFO] [stderr]     Checking deranged v0.5.8
[INFO] [stderr]     Checking toml_parser v1.1.2+spec-1.1.0
[INFO] [stderr]     Checking ordered-multimap v0.7.3
[INFO] [stderr]     Checking regex-automata v0.4.16
[INFO] [stderr]    Compiling schemars_derive v1.2.1
[INFO] [stderr]    Compiling darling_macro v0.21.3
[INFO] [stderr]     Checking ref-cast v1.0.26
[INFO] [stderr]    Compiling darling v0.21.3
[INFO] [stderr]     Checking num-bigint v0.4.8
[INFO] [stderr]     Checking time v0.3.54
[INFO] [stderr]     Checking derive_builder v0.20.2
[INFO] [stderr]    Compiling pest_derive v2.8.8
[INFO] [stderr]     Checking rand_chacha v0.9.0
[INFO] [stderr]     Checking hashlink v0.11.1
[INFO] [stderr]     Checking erased-serde v0.4.10
[INFO] [stderr]     Checking axum-core v0.5.6
[INFO] [stderr]     Checking diligent-date-parser v0.1.5
[INFO] [stderr]     Checking quick-xml v0.41.0
[INFO] [stderr]     Checking futures-executor v0.3.33
[INFO] [stderr]     Checking toml_datetime v1.1.1+spec-1.1.0
[INFO] [stderr]     Checking serde_spanned v1.1.1
[INFO] [stderr]     Checking arraydeque v0.5.1
[INFO] [stderr]     Checking linked-hash-map v0.5.6
[INFO] [stderr]    Compiling sqlx-postgres v0.8.6
[INFO] [stderr]     Checking ron v0.12.2
[INFO] [stderr]     Checking atom_syndication v0.12.9
[INFO] [stderr]     Checking hyper v1.11.0
[INFO] [stderr]     Checking simple_asn1 v0.6.4
[INFO] [stderr]     Checking convert_case v0.6.0
[INFO] [stderr]     Checking yaml-rust2 v0.11.0
[INFO] [stderr]     Checking yaml-rust v0.4.5
[INFO] [stderr]     Checking schemars v1.2.1
[INFO] [stderr]     Checking password-hash v0.5.0
[INFO] [stderr]     Checking toml v1.1.3+spec-1.1.0
[INFO] [stderr]     Checking serde-untagged v0.1.9
[INFO] [stderr]     Checking futures v0.3.33
[INFO] [stderr]     Checking matchers v0.2.0
[INFO] [stderr]     Checking rand v0.9.5
[INFO] [stderr]     Checking json5 v0.4.1
[INFO] [stderr]    Compiling rmcp-macros v0.3.2
[INFO] [stderr]     Checking hyper-util v0.1.20
[INFO] [stderr]     Checking rust-ini v0.21.3
[INFO] [stderr]     Checking sse-stream v0.2.5
[INFO] [stderr]    Compiling async-trait v0.1.91
[INFO] [stderr]     Checking pem v3.0.6
[INFO] [stderr]     Checking pathdiff v0.2.3
[INFO] [stderr]     Checking tracing-subscriber v0.3.23
[INFO] [stderr]     Checking argon2 v0.5.3
[INFO] [stderr]     Checking jsonwebtoken v9.3.1
[INFO] [stderr]     Checking serde_yaml v0.8.26
[INFO] [stderr]     Checking rss v2.1.0
[INFO] [stderr]     Checking secrecy v0.8.0
[INFO] [stderr]     Checking config v0.15.25
[INFO] [stderr]     Checking hyper-rustls v0.27.9
[INFO] [stderr]     Checking hyper-tls v0.6.0
[INFO] [stderr]     Checking axum v0.8.9
[INFO] [stderr]     Checking reqwest v0.12.28
[INFO] [stderr]    Compiling sqlx-macros-core v0.8.6
[INFO] [stderr]     Checking oauth2 v5.0.0
[INFO] [stderr]    Compiling sqlx-macros v0.8.6
[INFO] [stderr]     Checking sqlx v0.8.6
[INFO] [stderr]     Checking rmcp v0.3.2
[INFO] [stderr]     Checking cybernews v0.1.0 (/opt/rustwide/workdir)
[INFO] [stdout] error: set `DATABASE_URL` to use query macros online, or run `cargo sqlx prepare` to update the query cache
[INFO] [stdout]    --> src/auth/oauth.rs:304:18
[INFO] [stdout]     |
[INFO] [stdout] 304 |       let insert = sqlx::query!(
[INFO] [stdout]     |  __________________^
[INFO] [stdout] 305 | |         "INSERT INTO oauth_clients (client_id, client_secret_hash, client_name, redirect_uris) VALUES ($1, $2, $3, $4)",
[INFO] [stdout] 306 | |         client_id,
[INFO] [stdout] 307 | |         client_secret_hash,
[INFO] [stdout] 308 | |         client_name,
[INFO] [stdout] 309 | |         &req.redirect_uris,
[INFO] [stdout] 310 | |     )
[INFO] [stdout]     | |_____^
[INFO] [stdout]     |
[INFO] [stdout]     = note: this error originates in the macro `$crate::sqlx_macros::expand_query` which comes from the expansion of the macro `sqlx::query` (in Nightly builds, run with -Z macro-backtrace for more info)
[INFO] [stdout] 
[INFO] [stdout] 
[INFO] [stdout] error: set `DATABASE_URL` to use query macros online, or run `cargo sqlx prepare` to update the query cache
[INFO] [stdout]    --> src/auth/oauth.rs:365:18
[INFO] [stdout]     |
[INFO] [stdout] 365 |       let client = sqlx::query!(
[INFO] [stdout]     |  __________________^
[INFO] [stdout] 366 | |         "SELECT redirect_uris FROM oauth_clients WHERE client_id = $1",
[INFO] [stdout] 367 | |         params.client_id
[INFO] [stdout] 368 | |     )
[INFO] [stdout]     | |_____^
[INFO] [stdout]     |
[INFO] [stdout]     = note: this error originates in the macro `$crate::sqlx_macros::expand_query` which comes from the expansion of the macro `sqlx::query` (in Nightly builds, run with -Z macro-backtrace for more info)
[INFO] [stdout] 
[INFO] [stdout] 
[INFO] [stdout] error: set `DATABASE_URL` to use query macros online, or run `cargo sqlx prepare` to update the query cache
[INFO] [stdout]    --> src/auth/oauth.rs:529:18
[INFO] [stdout]     |
[INFO] [stdout] 529 |       let insert = sqlx::query!(
[INFO] [stdout]     |  __________________^
[INFO] [stdout] 530 | |         "INSERT INTO oauth_authorization_codes (code, client_id, redirect_uri, scope, code_challenge, code_challenge_method, expi...
[INFO] [stdout] 531 | |         code,
[INFO] [stdout] 532 | |         form.client_id,
[INFO] [stdout] ...   |
[INFO] [stdout] 537 | |         expires_at,
[INFO] [stdout] 538 | |     )
[INFO] [stdout]     | |_____^
[INFO] [stdout]     |
[INFO] [stdout]     = note: this error originates in the macro `$crate::sqlx_macros::expand_query` which comes from the expansion of the macro `sqlx::query` (in Nightly builds, run with -Z macro-backtrace for more info)
[INFO] [stdout] 
[INFO] [stdout] 
[INFO] [stdout] error: set `DATABASE_URL` to use query macros online, or run `cargo sqlx prepare` to update the query cache
[INFO] [stdout]    --> src/auth/oauth.rs:595:18
[INFO] [stdout]     |
[INFO] [stdout] 595 |       let client = sqlx::query!(
[INFO] [stdout]     |  __________________^
[INFO] [stdout] 596 | |         "SELECT client_secret_hash FROM oauth_clients WHERE client_id = $1",
[INFO] [stdout] 597 | |         client_id
[INFO] [stdout] 598 | |     )
[INFO] [stdout]     | |_____^
[INFO] [stdout]     |
[INFO] [stdout]     = note: this error originates in the macro `$crate::sqlx_macros::expand_query` which comes from the expansion of the macro `sqlx::query` (in Nightly builds, run with -Z macro-backtrace for more info)
[INFO] [stdout] 
[INFO] [stdout] 
[INFO] [stdout] error: set `DATABASE_URL` to use query macros online, or run `cargo sqlx prepare` to update the query cache
[INFO] [stdout]    --> src/auth/oauth.rs:655:21
[INFO] [stdout]     |
[INFO] [stdout] 655 |       if let Err(e) = sqlx::query!(
[INFO] [stdout]     |  _____________________^
[INFO] [stdout] 656 | |         "INSERT INTO oauth_refresh_tokens (token_hash, client_id, scope, expires_at) VALUES ($1, $2, $3, $4)",
[INFO] [stdout] 657 | |         refresh_hash,
[INFO] [stdout] 658 | |         client_id,
[INFO] [stdout] 659 | |         scope,
[INFO] [stdout] 660 | |         refresh_expires_at,
[INFO] [stdout] 661 | |     )
[INFO] [stdout]     | |_____^
[INFO] [stdout]     |
[INFO] [stdout]     = note: this error originates in the macro `$crate::sqlx_macros::expand_query` which comes from the expansion of the macro `sqlx::query` (in Nightly builds, run with -Z macro-backtrace for more info)
[INFO] [stdout] 
[INFO] [stdout] 
[INFO] [stdout] error: set `DATABASE_URL` to use query macros online, or run `cargo sqlx prepare` to update the query cache
[INFO] [stdout]    --> src/auth/oauth.rs:694:21
[INFO] [stdout]     |
[INFO] [stdout] 694 |       let row = match sqlx::query!(
[INFO] [stdout]     |  _____________________^
[INFO] [stdout] 695 | |         "UPDATE oauth_authorization_codes SET used = TRUE
[INFO] [stdout] 696 | |          WHERE code = $1 AND used = FALSE AND expires_at > now()
[INFO] [stdout] 697 | |          RETURNING client_id, redirect_uri, scope, code_challenge, code_challenge_method",
[INFO] [stdout] 698 | |         code
[INFO] [stdout] 699 | |     )
[INFO] [stdout]     | |_____^
[INFO] [stdout]     |
[INFO] [stdout]     = note: this error originates in the macro `$crate::sqlx_macros::expand_query` which comes from the expansion of the macro `sqlx::query` (in Nightly builds, run with -Z macro-backtrace for more info)
[INFO] [stdout] 
[INFO] [stdout] 
[INFO] [stdout] error: set `DATABASE_URL` to use query macros online, or run `cargo sqlx prepare` to update the query cache
[INFO] [stdout]    --> src/auth/oauth.rs:737:21
[INFO] [stdout]     |
[INFO] [stdout] 737 |       let row = match sqlx::query!(
[INFO] [stdout]     |  _____________________^
[INFO] [stdout] 738 | |         "UPDATE oauth_refresh_tokens SET revoked = TRUE
[INFO] [stdout] 739 | |          WHERE token_hash = $1 AND revoked = FALSE AND expires_at > now()
[INFO] [stdout] 740 | |          RETURNING client_id, scope",
[INFO] [stdout] 741 | |         token_hash
[INFO] [stdout] 742 | |     )
[INFO] [stdout]     | |_____^
[INFO] [stdout]     |
[INFO] [stdout]     = note: this error originates in the macro `$crate::sqlx_macros::expand_query` which comes from the expansion of the macro `sqlx::query` (in Nightly builds, run with -Z macro-backtrace for more info)
[INFO] [stdout] 
[INFO] [stdout] 
[INFO] [stdout] error: set `DATABASE_URL` to use query macros online, or run `cargo sqlx prepare` to update the query cache
[INFO] [stdout]    --> src/auth/oauth.rs:752:41
[INFO] [stdout]     |
[INFO] [stdout] 752 |               if let Ok(Some(existing)) = sqlx::query!(
[INFO] [stdout]     |  _________________________________________^
[INFO] [stdout] 753 | |                 "SELECT client_id, revoked FROM oauth_refresh_tokens WHERE token_hash = $1",
[INFO] [stdout] 754 | |                 token_hash
[INFO] [stdout] 755 | |             )
[INFO] [stdout]     | |_____________^
[INFO] [stdout]     |
[INFO] [stdout]     = note: this error originates in the macro `$crate::sqlx_macros::expand_query` which comes from the expansion of the macro `sqlx::query` (in Nightly builds, run with -Z macro-backtrace for more info)
[INFO] [stdout] 
[INFO] [stdout] 
[INFO] [stdout] error: set `DATABASE_URL` to use query macros online, or run `cargo sqlx prepare` to update the query cache
[INFO] [stdout]    --> src/auth/oauth.rs:764:29
[INFO] [stdout]     |
[INFO] [stdout] 764 |                       let _ = sqlx::query!(
[INFO] [stdout]     |  _____________________________^
[INFO] [stdout] 765 | |                         "UPDATE oauth_refresh_tokens SET revoked = TRUE WHERE client_id = $1",
[INFO] [stdout] 766 | |                         existing.client_id
[INFO] [stdout] 767 | |                     )
[INFO] [stdout]     | |_____________________^
[INFO] [stdout]     |
[INFO] [stdout]     = note: this error originates in the macro `$crate::sqlx_macros::expand_query` which comes from the expansion of the macro `sqlx::query` (in Nightly builds, run with -Z macro-backtrace for more info)
[INFO] [stdout] 
[INFO] [stdout] 
[INFO] [stdout] error: set `DATABASE_URL` to use query macros online, or run `cargo sqlx prepare` to update the query cache
[INFO] [stdout]   --> src/auth/middleware.rs:96:33
[INFO] [stdout]    |
[INFO] [stdout] 96 |               let client_exists = sqlx::query!(
[INFO] [stdout]    |  _________________________________^
[INFO] [stdout] 97 | |                 "SELECT client_id FROM oauth_clients WHERE client_id = $1",
[INFO] [stdout] 98 | |                 token_data.claims.sub
[INFO] [stdout] 99 | |             )
[INFO] [stdout]    | |_____________^
[INFO] [stdout]    |
[INFO] [stdout]    = note: this error originates in the macro `$crate::sqlx_macros::expand_query` which comes from the expansion of the macro `sqlx::query` (in Nightly builds, run with -Z macro-backtrace for more info)
[INFO] [stdout] 
[INFO] [stdout] 
[INFO] [stdout] error: set `DATABASE_URL` to use query macros online, or run `cargo sqlx prepare` to update the query cache
[INFO] [stdout]    --> src/server.rs:149:29
[INFO] [stdout]     |
[INFO] [stdout] 149 |               if let Err(e) = sqlx::query!(
[INFO] [stdout]     |  _____________________________^
[INFO] [stdout] 150 | |                 "DELETE FROM oauth_authorization_codes WHERE expires_at < now() - interval '1 hour'"
[INFO] [stdout] 151 | |             )
[INFO] [stdout]     | |_____________^
[INFO] [stdout]     |
[INFO] [stdout]     = note: this error originates in the macro `$crate::sqlx_macros::expand_query` which comes from the expansion of the macro `sqlx::query` (in Nightly builds, run with -Z macro-backtrace for more info)
[INFO] [stdout] 
[INFO] [stdout] 
[INFO] [stdout] error: set `DATABASE_URL` to use query macros online, or run `cargo sqlx prepare` to update the query cache
[INFO] [stdout]    --> src/server.rs:157:29
[INFO] [stdout]     |
[INFO] [stdout] 157 |               if let Err(e) = sqlx::query!(
[INFO] [stdout]     |  _____________________________^
[INFO] [stdout] 158 | |                 "DELETE FROM oauth_refresh_tokens
[INFO] [stdout] 159 | |                  WHERE expires_at < now()
[INFO] [stdout] 160 | |                     OR (revoked AND created_at < now() - interval '30 days')"
[INFO] [stdout] 161 | |             )
[INFO] [stdout]     | |_____________^
[INFO] [stdout]     |
[INFO] [stdout]     = note: this error originates in the macro `$crate::sqlx_macros::expand_query` which comes from the expansion of the macro `sqlx::query` (in Nightly builds, run with -Z macro-backtrace for more info)
[INFO] [stdout] 
[INFO] [stdout] 
[INFO] [stdout] error: set `DATABASE_URL` to use query macros online, or run `cargo sqlx prepare` to update the query cache
[INFO] [stdout]    --> src/auth/oauth.rs:304:18
[INFO] [stdout]     |
[INFO] [stdout] 304 |       let insert = sqlx::query!(
[INFO] [stdout]     |  __________________^
[INFO] [stdout] 305 | |         "INSERT INTO oauth_clients (client_id, client_secret_hash, client_name, redirect_uris) VALUES ($1, $2, $3, $4)",
[INFO] [stdout] 306 | |         client_id,
[INFO] [stdout] 307 | |         client_secret_hash,
[INFO] [stdout] 308 | |         client_name,
[INFO] [stdout] 309 | |         &req.redirect_uris,
[INFO] [stdout] 310 | |     )
[INFO] [stdout]     | |_____^
[INFO] [stdout]     |
[INFO] [stdout]     = note: this error originates in the macro `$crate::sqlx_macros::expand_query` which comes from the expansion of the macro `sqlx::query` (in Nightly builds, run with -Z macro-backtrace for more info)
[INFO] [stdout] 
[INFO] [stdout] 
[INFO] [stdout] error: set `DATABASE_URL` to use query macros online, or run `cargo sqlx prepare` to update the query cache
[INFO] [stdout]   --> src/tools.rs:85:9
[INFO] [stdout]    |
[INFO] [stdout] 85 | /         sqlx::query!("INSERT INTO todolist (goal_sum, goal_process, goal_priority, goal_notes) VALUES ($1, $2, $3, $4);",
[INFO] [stdout] 86 | |             &goal_sum,
[INFO] [stdout] 87 | |             &goal_process,
[INFO] [stdout] 88 | |             &goal_priority,
[INFO] [stdout] 89 | |             &&goal_notes
[INFO] [stdout] 90 | |         )
[INFO] [stdout]    | |_________^
[INFO] [stdout]    |
[INFO] [stdout]    = note: this error originates in the macro `$crate::sqlx_macros::expand_query` which comes from the expansion of the macro `sqlx::query` (in Nightly builds, run with -Z macro-backtrace for more info)
[INFO] [stdout] 
[INFO] [stdout] 
[INFO] [stdout] error: set `DATABASE_URL` to use query macros online, or run `cargo sqlx prepare` to update the query cache
[INFO] [stdout]    --> src/tools.rs:105:20
[INFO] [stdout]     |
[INFO] [stdout] 105 |         let rows = sqlx::query!("SELECT * FROM todolist").fetch_all(&*self.pool).await.map_err(|e| {
[INFO] [stdout]     |                    ^^^^^^^^^^^^^^^^^^^^^^^^^^^^^^^^^^^^^^
[INFO] [stdout]     |
[INFO] [stdout]     = note: this error originates in the macro `$crate::sqlx_macros::expand_query` which comes from the expansion of the macro `sqlx::query` (in Nightly builds, run with -Z macro-backtrace for more info)
[INFO] [stdout] 
[INFO] [stdout] 
[INFO] [stdout] error: set `DATABASE_URL` to use query macros online, or run `cargo sqlx prepare` to update the query cache
[INFO] [stdout]    --> src/tools.rs:125:9
[INFO] [stdout]     |
[INFO] [stdout] 125 | /         sqlx::query!("DELETE FROM todolist WHERE goal_sum = $1 AND goal_process = $2 AND goal_priority = $3;",
[INFO] [stdout] 126 | |             goal_sum,
[INFO] [stdout] 127 | |             goal_process,
[INFO] [stdout] 128 | |             goal_priority,
[INFO] [stdout] 129 | |         ).execute(&*self.pool)
[INFO] [stdout]     | |_________^
[INFO] [stdout]     |
[INFO] [stdout]     = note: this error originates in the macro `$crate::sqlx_macros::expand_query` which comes from the expansion of the macro `sqlx::query` (in Nightly builds, run with -Z macro-backtrace for more info)
[INFO] [stdout] 
[INFO] [stdout] 
[INFO] [stdout] error: set `DATABASE_URL` to use query macros online, or run `cargo sqlx prepare` to update the query cache
[INFO] [stdout]    --> src/tools.rs:141:9
[INFO] [stdout]     |
[INFO] [stdout] 141 | / ...   sqlx::query!("UPDATE todolist SET goal_sum = $1, goal_process = $2, goal_priority = $3, goal_notes = $4 WHERE goal_sum = $5...
[INFO] [stdout] 142 | | ...       updated_goal_sum,
[INFO] [stdout] 143 | | ...       updated_goal_process,
[INFO] [stdout] 144 | | ...       updated_goal_priority,
[INFO] [stdout] ...   |
[INFO] [stdout] 148 | | ...       goal_priority
[INFO] [stdout] 149 | | ...   )
[INFO] [stdout]     | |_______^
[INFO] [stdout]     |
[INFO] [stdout]     = note: this error originates in the macro `$crate::sqlx_macros::expand_query` which comes from the expansion of the macro `sqlx::query` (in Nightly builds, run with -Z macro-backtrace for more info)
[INFO] [stdout] 
[INFO] [stdout] 
[INFO] [stdout] error: set `DATABASE_URL` to use query macros online, or run `cargo sqlx prepare` to update the query cache
[INFO] [stdout]    --> src/auth/oauth.rs:365:18
[INFO] [stdout]     |
[INFO] [stdout] 365 |       let client = sqlx::query!(
[INFO] [stdout]     |  __________________^
[INFO] [stdout] 366 | |         "SELECT redirect_uris FROM oauth_clients WHERE client_id = $1",
[INFO] [stdout] 367 | |         params.client_id
[INFO] [stdout] 368 | |     )
[INFO] [stdout]     | |_____^
[INFO] [stdout]     |
[INFO] [stdout]     = note: this error originates in the macro `$crate::sqlx_macros::expand_query` which comes from the expansion of the macro `sqlx::query` (in Nightly builds, run with -Z macro-backtrace for more info)
[INFO] [stdout] 
[INFO] [stdout] 
[INFO] [stdout] error: set `DATABASE_URL` to use query macros online, or run `cargo sqlx prepare` to update the query cache
[INFO] [stdout]    --> src/auth/oauth.rs:529:18
[INFO] [stdout]     |
[INFO] [stdout] 529 |       let insert = sqlx::query!(
[INFO] [stdout]     |  __________________^
[INFO] [stdout] 530 | |         "INSERT INTO oauth_authorization_codes (code, client_id, redirect_uri, scope, code_challenge, code_challenge_method, expi...
[INFO] [stdout] 531 | |         code,
[INFO] [stdout] 532 | |         form.client_id,
[INFO] [stdout] ...   |
[INFO] [stdout] 537 | |         expires_at,
[INFO] [stdout] 538 | |     )
[INFO] [stdout]     | |_____^
[INFO] [stdout]     |
[INFO] [stdout]     = note: this error originates in the macro `$crate::sqlx_macros::expand_query` which comes from the expansion of the macro `sqlx::query` (in Nightly builds, run with -Z macro-backtrace for more info)
[INFO] [stdout] 
[INFO] [stdout] 
[INFO] [stdout] error: set `DATABASE_URL` to use query macros online, or run `cargo sqlx prepare` to update the query cache
[INFO] [stdout]    --> src/auth/oauth.rs:595:18
[INFO] [stdout]     |
[INFO] [stdout] 595 |       let client = sqlx::query!(
[INFO] [stdout]     |  __________________^
[INFO] [stdout] 596 | |         "SELECT client_secret_hash FROM oauth_clients WHERE client_id = $1",
[INFO] [stdout] 597 | |         client_id
[INFO] [stdout] 598 | |     )
[INFO] [stdout]     | |_____^
[INFO] [stdout]     |
[INFO] [stdout]     = note: this error originates in the macro `$crate::sqlx_macros::expand_query` which comes from the expansion of the macro `sqlx::query` (in Nightly builds, run with -Z macro-backtrace for more info)
[INFO] [stdout] 
[INFO] [stdout] 
[INFO] [stdout] error: set `DATABASE_URL` to use query macros online, or run `cargo sqlx prepare` to update the query cache
[INFO] [stdout]    --> src/auth/oauth.rs:655:21
[INFO] [stdout]     |
[INFO] [stdout] 655 |       if let Err(e) = sqlx::query!(
[INFO] [stdout]     |  _____________________^
[INFO] [stdout] 656 | |         "INSERT INTO oauth_refresh_tokens (token_hash, client_id, scope, expires_at) VALUES ($1, $2, $3, $4)",
[INFO] [stdout] 657 | |         refresh_hash,
[INFO] [stdout] 658 | |         client_id,
[INFO] [stdout] 659 | |         scope,
[INFO] [stdout] 660 | |         refresh_expires_at,
[INFO] [stdout] 661 | |     )
[INFO] [stdout]     | |_____^
[INFO] [stdout]     |
[INFO] [stdout]     = note: this error originates in the macro `$crate::sqlx_macros::expand_query` which comes from the expansion of the macro `sqlx::query` (in Nightly builds, run with -Z macro-backtrace for more info)
[INFO] [stdout] 
[INFO] [stdout] 
[INFO] [stdout] error: set `DATABASE_URL` to use query macros online, or run `cargo sqlx prepare` to update the query cache
[INFO] [stdout]    --> src/auth/oauth.rs:694:21
[INFO] [stdout]     |
[INFO] [stdout] 694 |       let row = match sqlx::query!(
[INFO] [stdout]     |  _____________________^
[INFO] [stdout] 695 | |         "UPDATE oauth_authorization_codes SET used = TRUE
[INFO] [stdout] 696 | |          WHERE code = $1 AND used = FALSE AND expires_at > now()
[INFO] [stdout] 697 | |          RETURNING client_id, redirect_uri, scope, code_challenge, code_challenge_method",
[INFO] [stdout] 698 | |         code
[INFO] [stdout] 699 | |     )
[INFO] [stdout]     | |_____^
[INFO] [stdout]     |
[INFO] [stdout]     = note: this error originates in the macro `$crate::sqlx_macros::expand_query` which comes from the expansion of the macro `sqlx::query` (in Nightly builds, run with -Z macro-backtrace for more info)
[INFO] [stdout] 
[INFO] [stdout] 
[INFO] [stdout] error: set `DATABASE_URL` to use query macros online, or run `cargo sqlx prepare` to update the query cache
[INFO] [stdout]    --> src/auth/oauth.rs:737:21
[INFO] [stdout]     |
[INFO] [stdout] 737 |       let row = match sqlx::query!(
[INFO] [stdout]     |  _____________________^
[INFO] [stdout] 738 | |         "UPDATE oauth_refresh_tokens SET revoked = TRUE
[INFO] [stdout] 739 | |          WHERE token_hash = $1 AND revoked = FALSE AND expires_at > now()
[INFO] [stdout] 740 | |          RETURNING client_id, scope",
[INFO] [stdout] 741 | |         token_hash
[INFO] [stdout] 742 | |     )
[INFO] [stdout]     | |_____^
[INFO] [stdout]     |
[INFO] [stdout]     = note: this error originates in the macro `$crate::sqlx_macros::expand_query` which comes from the expansion of the macro `sqlx::query` (in Nightly builds, run with -Z macro-backtrace for more info)
[INFO] [stdout] 
[INFO] [stdout] 
[INFO] [stdout] error: set `DATABASE_URL` to use query macros online, or run `cargo sqlx prepare` to update the query cache
[INFO] [stdout]    --> src/auth/oauth.rs:752:41
[INFO] [stdout]     |
[INFO] [stdout] 752 |               if let Ok(Some(existing)) = sqlx::query!(
[INFO] [stdout]     |  _________________________________________^
[INFO] [stdout] 753 | |                 "SELECT client_id, revoked FROM oauth_refresh_tokens WHERE token_hash = $1",
[INFO] [stdout] 754 | |                 token_hash
[INFO] [stdout] 755 | |             )
[INFO] [stdout]     | |_____________^
[INFO] [stdout]     |
[INFO] [stdout]     = note: this error originates in the macro `$crate::sqlx_macros::expand_query` which comes from the expansion of the macro `sqlx::query` (in Nightly builds, run with -Z macro-backtrace for more info)
[INFO] [stdout] 
[INFO] [stdout] 
[INFO] [stdout] error: set `DATABASE_URL` to use query macros online, or run `cargo sqlx prepare` to update the query cache
[INFO] [stdout]    --> src/auth/oauth.rs:764:29
[INFO] [stdout]     |
[INFO] [stdout] 764 |                       let _ = sqlx::query!(
[INFO] [stdout]     |  _____________________________^
[INFO] [stdout] 765 | |                         "UPDATE oauth_refresh_tokens SET revoked = TRUE WHERE client_id = $1",
[INFO] [stdout] 766 | |                         existing.client_id
[INFO] [stdout] 767 | |                     )
[INFO] [stdout]     | |_____________________^
[INFO] [stdout]     |
[INFO] [stdout]     = note: this error originates in the macro `$crate::sqlx_macros::expand_query` which comes from the expansion of the macro `sqlx::query` (in Nightly builds, run with -Z macro-backtrace for more info)
[INFO] [stdout] 
[INFO] [stdout] 
[INFO] [stdout] error: set `DATABASE_URL` to use query macros online, or run `cargo sqlx prepare` to update the query cache
[INFO] [stdout]   --> src/auth/middleware.rs:96:33
[INFO] [stdout]    |
[INFO] [stdout] 96 |               let client_exists = sqlx::query!(
[INFO] [stdout]    |  _________________________________^
[INFO] [stdout] 97 | |                 "SELECT client_id FROM oauth_clients WHERE client_id = $1",
[INFO] [stdout] 98 | |                 token_data.claims.sub
[INFO] [stdout] 99 | |             )
[INFO] [stdout]    | |_____________^
[INFO] [stdout]    |
[INFO] [stdout]    = note: this error originates in the macro `$crate::sqlx_macros::expand_query` which comes from the expansion of the macro `sqlx::query` (in Nightly builds, run with -Z macro-backtrace for more info)
[INFO] [stdout] 
[INFO] [stdout] 
[INFO] [stdout] error: set `DATABASE_URL` to use query macros online, or run `cargo sqlx prepare` to update the query cache
[INFO] [stdout]    --> src/server.rs:149:29
[INFO] [stdout]     |
[INFO] [stdout] 149 |               if let Err(e) = sqlx::query!(
[INFO] [stdout]     |  _____________________________^
[INFO] [stdout] 150 | |                 "DELETE FROM oauth_authorization_codes WHERE expires_at < now() - interval '1 hour'"
[INFO] [stdout] 151 | |             )
[INFO] [stdout]     | |_____________^
[INFO] [stdout]     |
[INFO] [stdout]     = note: this error originates in the macro `$crate::sqlx_macros::expand_query` which comes from the expansion of the macro `sqlx::query` (in Nightly builds, run with -Z macro-backtrace for more info)
[INFO] [stdout] 
[INFO] [stdout] 
[INFO] [stdout] error: set `DATABASE_URL` to use query macros online, or run `cargo sqlx prepare` to update the query cache
[INFO] [stdout]    --> src/server.rs:157:29
[INFO] [stdout]     |
[INFO] [stdout] 157 |               if let Err(e) = sqlx::query!(
[INFO] [stdout]     |  _____________________________^
[INFO] [stdout] 158 | |                 "DELETE FROM oauth_refresh_tokens
[INFO] [stdout] 159 | |                  WHERE expires_at < now()
[INFO] [stdout] 160 | |                     OR (revoked AND created_at < now() - interval '30 days')"
[INFO] [stdout] 161 | |             )
[INFO] [stdout]     | |_____________^
[INFO] [stdout]     |
[INFO] [stdout]     = note: this error originates in the macro `$crate::sqlx_macros::expand_query` which comes from the expansion of the macro `sqlx::query` (in Nightly builds, run with -Z macro-backtrace for more info)
[INFO] [stdout] 
[INFO] [stdout] 
[INFO] [stdout] error: set `DATABASE_URL` to use query macros online, or run `cargo sqlx prepare` to update the query cache
[INFO] [stdout]   --> src/tools.rs:85:9
[INFO] [stdout]    |
[INFO] [stdout] 85 | /         sqlx::query!("INSERT INTO todolist (goal_sum, goal_process, goal_priority, goal_notes) VALUES ($1, $2, $3, $4);",
[INFO] [stdout] 86 | |             &goal_sum,
[INFO] [stdout] 87 | |             &goal_process,
[INFO] [stdout] 88 | |             &goal_priority,
[INFO] [stdout] 89 | |             &&goal_notes
[INFO] [stdout] 90 | |         )
[INFO] [stdout]    | |_________^
[INFO] [stdout]    |
[INFO] [stdout]    = note: this error originates in the macro `$crate::sqlx_macros::expand_query` which comes from the expansion of the macro `sqlx::query` (in Nightly builds, run with -Z macro-backtrace for more info)
[INFO] [stdout] 
[INFO] [stdout] 
[INFO] [stdout] error: set `DATABASE_URL` to use query macros online, or run `cargo sqlx prepare` to update the query cache
[INFO] [stdout]    --> src/tools.rs:105:20
[INFO] [stdout]     |
[INFO] [stdout] 105 |         let rows = sqlx::query!("SELECT * FROM todolist").fetch_all(&*self.pool).await.map_err(|e| {
[INFO] [stdout]     |                    ^^^^^^^^^^^^^^^^^^^^^^^^^^^^^^^^^^^^^^
[INFO] [stdout]     |
[INFO] [stdout]     = note: this error originates in the macro `$crate::sqlx_macros::expand_query` which comes from the expansion of the macro `sqlx::query` (in Nightly builds, run with -Z macro-backtrace for more info)
[INFO] [stdout] 
[INFO] [stdout] 
[INFO] [stdout] error: set `DATABASE_URL` to use query macros online, or run `cargo sqlx prepare` to update the query cache
[INFO] [stdout]    --> src/tools.rs:125:9
[INFO] [stdout]     |
[INFO] [stdout] 125 | /         sqlx::query!("DELETE FROM todolist WHERE goal_sum = $1 AND goal_process = $2 AND goal_priority = $3;",
[INFO] [stdout] 126 | |             goal_sum,
[INFO] [stdout] 127 | |             goal_process,
[INFO] [stdout] 128 | |             goal_priority,
[INFO] [stdout] 129 | |         ).execute(&*self.pool)
[INFO] [stdout]     | |_________^
[INFO] [stdout]     |
[INFO] [stdout]     = note: this error originates in the macro `$crate::sqlx_macros::expand_query` which comes from the expansion of the macro `sqlx::query` (in Nightly builds, run with -Z macro-backtrace for more info)
[INFO] [stdout] 
[INFO] [stdout] 
[INFO] [stdout] error: set `DATABASE_URL` to use query macros online, or run `cargo sqlx prepare` to update the query cache
[INFO] [stdout]    --> src/tools.rs:141:9
[INFO] [stdout]     |
[INFO] [stdout] 141 | / ...   sqlx::query!("UPDATE todolist SET goal_sum = $1, goal_process = $2, goal_priority = $3, goal_notes = $4 WHERE goal_sum = $5...
[INFO] [stdout] 142 | | ...       updated_goal_sum,
[INFO] [stdout] 143 | | ...       updated_goal_process,
[INFO] [stdout] 144 | | ...       updated_goal_priority,
[INFO] [stdout] ...   |
[INFO] [stdout] 148 | | ...       goal_priority
[INFO] [stdout] 149 | | ...   )
[INFO] [stdout]     | |_______^
[INFO] [stdout]     |
[INFO] [stdout]     = note: this error originates in the macro `$crate::sqlx_macros::expand_query` which comes from the expansion of the macro `sqlx::query` (in Nightly builds, run with -Z macro-backtrace for more info)
[INFO] [stdout] 
[INFO] [stdout] 
[INFO] [stdout] error[E0277]: the size for values of type `str` cannot be known at compilation time
[INFO] [stdout]    --> src/auth/oauth.rs:609:14
[INFO] [stdout]     |
[INFO] [stdout] 609 |         Some(hash) => {
[INFO] [stdout]     |              ^^^^ doesn't have a size known at compile-time
[INFO] [stdout]     |
[INFO] [stdout]     = help: the trait `Sized` is not implemented for `str`
[INFO] [stdout]     = note: all local variables must have a statically known size
[INFO] [stdout] 
[INFO] [stdout] 
[INFO] [stdout] error[E0277]: the size for values of type `str` cannot be known at compilation time
[INFO] [stdout]    --> src/auth/oauth.rs:609:9
[INFO] [stdout]     |
[INFO] [stdout] 609 |         Some(hash) => {
[INFO] [stdout]     |         ^^^^^^^^^^ doesn't have a size known at compile-time
[INFO] [stdout]     |
[INFO] [stdout]     = help: the trait `Sized` is not implemented for `str`
[INFO] [stdout] note: required by a bound in `Some`
[INFO] [stdout]    --> /rustc/3154cc1a3e6424e44f438a95007d043ed5ceaaf6/library/core/src/option.rs:606:4
[INFO] [stdout] 
[INFO] [stdout] 
[INFO] [stdout] error[E0277]: the size for values of type `str` cannot be known at compilation time
[INFO] [stdout]    --> src/auth/oauth.rs:609:14
[INFO] [stdout]     |
[INFO] [stdout] 609 |         Some(hash) => {
[INFO] [stdout]     |              ^^^^ doesn't have a size known at compile-time
[INFO] [stdout]     |
[INFO] [stdout]     = help: the trait `Sized` is not implemented for `str`
[INFO] [stdout]     = note: all local variables must have a statically known size
[INFO] [stdout] 
[INFO] [stdout] 
[INFO] [stdout] error[E0277]: the size for values of type `str` cannot be known at compilation time
[INFO] [stdout]    --> src/auth/oauth.rs:609:9
[INFO] [stdout]     |
[INFO] [stdout] 609 |         Some(hash) => {
[INFO] [stdout]     |         ^^^^^^^^^^ doesn't have a size known at compile-time
[INFO] [stdout]     |
[INFO] [stdout]     = help: the trait `Sized` is not implemented for `str`
[INFO] [stdout] note: required by a bound in `Some`
[INFO] [stdout]    --> /rustc/3154cc1a3e6424e44f438a95007d043ed5ceaaf6/library/core/src/option.rs:606:4
[INFO] [stdout] 
[INFO] [stdout] 
[INFO] [stdout] For more information about this error, try `rustc --explain E0277`.
[INFO] [stdout] 
[INFO] [stderr] error: could not compile `cybernews` (lib test) due to 18 previous errors
[INFO] [stderr] warning: build failed, waiting for other jobs to finish...
[INFO] [stdout] For more information about this error, try `rustc --explain E0277`.
[INFO] [stdout] 
[INFO] [stderr] error: could not compile `cybernews` (lib) due to 18 previous errors
[INFO] running `Command { std: "docker" "inspect" "dc35522c22034dce682764b0be2d66d705a5c30f3e0532f40fb6bc005db00259", kill_on_drop: false }`
[INFO] running `Command { std: "docker" "rm" "-f" "dc35522c22034dce682764b0be2d66d705a5c30f3e0532f40fb6bc005db00259", kill_on_drop: false }`
[INFO] [stdout] dc35522c22034dce682764b0be2d66d705a5c30f3e0532f40fb6bc005db00259
