[INFO] cloning repository https://github.com/Human4Error/task2do
[INFO] running `Command { std: "git" "-c" "credential.helper=" "-c" "credential.helper=/workspace/cargo-home/bin/git-credential-null" "clone" "--bare" "https://github.com/Human4Error/task2do" "/workspace/cache/git-repos/https%3A%2F%2Fgithub.com%2FHuman4Error%2Ftask2do", kill_on_drop: false }`
[INFO] [stderr] Cloning into bare repository '/workspace/cache/git-repos/https%3A%2F%2Fgithub.com%2FHuman4Error%2Ftask2do'...
[INFO] running `Command { std: "git" "rev-parse" "HEAD", kill_on_drop: false }`
[INFO] [stdout] 254abc8d229ec0fbd5e11a86b88d26c85682abc3
[INFO] checking Human4Error/task2do against 3154cc1a3e6424e44f438a95007d043ed5ceaaf6 for pr-133502-30
[INFO] running `Command { std: "git" "clone" "/workspace/cache/git-repos/https%3A%2F%2Fgithub.com%2FHuman4Error%2Ftask2do" "/workspace/builds/worker-7-tc2/source", kill_on_drop: false }`
[INFO] [stderr] Cloning into '/workspace/builds/worker-7-tc2/source'...
[INFO] [stderr] done.
[INFO] removed /workspace/builds/worker-7-tc2/source/.cargo/config.toml
[INFO] started tweaking git repo https://github.com/Human4Error/task2do
[INFO] finished tweaking git repo https://github.com/Human4Error/task2do
[INFO] tweaked toml for git repo https://github.com/Human4Error/task2do written to /workspace/builds/worker-7-tc2/source/Cargo.toml
[INFO] validating manifest of git repo https://github.com/Human4Error/task2do on toolchain 3154cc1a3e6424e44f438a95007d043ed5ceaaf6
[INFO] running `Command { std: CARGO_HOME="/workspace/cargo-home" RUSTUP_HOME="/workspace/rustup-home" "/workspace/cargo-home/bin/cargo" "+3154cc1a3e6424e44f438a95007d043ed5ceaaf6" "metadata" "--manifest-path" "Cargo.toml" "--no-deps", kill_on_drop: false }`
[INFO] crate git repo https://github.com/Human4Error/task2do already has a lockfile, it will not be regenerated
[INFO] running `Command { std: CARGO_HOME="/workspace/cargo-home" RUSTUP_HOME="/workspace/rustup-home" "/workspace/cargo-home/bin/cargo" "+3154cc1a3e6424e44f438a95007d043ed5ceaaf6" "fetch" "--manifest-path" "Cargo.toml", kill_on_drop: false }`
[INFO] [stderr]     Updating crates.io index
[INFO] [stderr]      Locking 29 packages to highest Rust 1.101.0-nightly compatible versions
[INFO] [stderr]       Adding anstream v1.0.0
[INFO] [stderr]       Adding anstyle v1.0.14
[INFO] [stderr]       Adding anstyle-parse v1.0.0
[INFO] [stderr]       Adding anstyle-query v1.1.5
[INFO] [stderr]       Adding anstyle-wincon v3.0.11
[INFO] [stderr]       Adding anyhow v1.0.104
[INFO] [stderr]       Adding clap v4.6.7
[INFO] [stderr]       Adding clap_builder v4.6.7
[INFO] [stderr]       Adding clap_derive v4.6.7
[INFO] [stderr]       Adding clap_lex v1.1.1
[INFO] [stderr]       Adding colorchoice v1.0.5
[INFO] [stderr]       Adding heck v0.5.0
[INFO] [stderr]       Adding is_terminal_polyfill v1.70.2
[INFO] [stderr]       Adding itoa v1.0.18
[INFO] [stderr]       Adding memchr v2.8.3
[INFO] [stderr]       Adding once_cell_polyfill v1.70.2
[INFO] [stderr]       Adding same-file v1.0.6
[INFO] [stderr]       Adding serde v1.0.229
[INFO] [stderr]       Adding serde_core v1.0.229
[INFO] [stderr]       Adding serde_derive v1.0.229
[INFO] [stderr]       Adding serde_json v1.0.152
[INFO] [stderr]       Adding strsim v0.11.1
[INFO] [stderr]       Adding syn v3.0.7
[INFO] [stderr]       Adding utf8parse v0.2.2
[INFO] [stderr]       Adding walkdir v2.5.0
[INFO] [stderr]       Adding winapi-util v0.1.11
[INFO] [stderr]       Adding windows-link v0.2.1
[INFO] [stderr]       Adding windows-sys v0.61.2
[INFO] [stderr]       Adding zmij v1.0.23
[INFO] running `Command { std: "docker" "create" "-v" "/var/lib/crater-agent-workspace/builds/worker-7-tc2/source:/opt/rustwide/workdir:ro,Z" "-v" "/var/lib/crater-agent-workspace/builds/worker-7-tc2/target:/opt/rustwide/target:rw,Z" "-v" "/var/lib/crater-agent-workspace/cargo-home:/opt/rustwide/cargo-home:ro,Z" "-v" "/var/lib/crater-agent-workspace/rustup-home:/opt/rustwide/rustup-home:ro,Z" "-m" "1610612736" "--network" "none" "ghcr.io/rust-lang/crates-build-env/linux@sha256:77db811e55d90add9212f6832c23229e3de5f1c1f9905e8cb07319ea15df73ac" "sleep" "infinity", kill_on_drop: false }`
[INFO] [stdout] 47b740a395eeb5a7e6b385fe95b1e2b70c061c7ffcfade221011dae462f29f80
[INFO] running `Command { std: "docker" "start" "47b740a395eeb5a7e6b385fe95b1e2b70c061c7ffcfade221011dae462f29f80", kill_on_drop: false }`
[INFO] running `Command { std: "docker" "inspect" "47b740a395eeb5a7e6b385fe95b1e2b70c061c7ffcfade221011dae462f29f80", kill_on_drop: false }`
[INFO] running `Command { std: "docker" "exec" "-e" "SOURCE_DIR=/opt/rustwide/workdir" "-e" "CARGO_HOME=/opt/rustwide/cargo-home" "-e" "RUSTUP_HOME=/opt/rustwide/rustup-home" "-e" "CARGO_TARGET_DIR=/opt/rustwide/target" "-w" "/opt/rustwide/workdir" "--user" "0:0" "47b740a395eeb5a7e6b385fe95b1e2b70c061c7ffcfade221011dae462f29f80" "/opt/rustwide/cargo-home/bin/cargo" "+3154cc1a3e6424e44f438a95007d043ed5ceaaf6" "metadata" "--no-deps" "--format-version=1", kill_on_drop: false }`
[INFO] running `Command { std: "docker" "inspect" "47b740a395eeb5a7e6b385fe95b1e2b70c061c7ffcfade221011dae462f29f80", kill_on_drop: false }`
[INFO] running `Command { std: "docker" "exec" "-e" "SOURCE_DIR=/opt/rustwide/workdir" "-e" "CARGO_HOME=/opt/rustwide/cargo-home" "-e" "RUSTUP_HOME=/opt/rustwide/rustup-home" "-e" "CARGO_TARGET_DIR=/opt/rustwide/target" "-e" "CARGO_INCREMENTAL=0" "-e" "RUST_BACKTRACE=full" "-e" "RUSTFLAGS=--cap-lints=forbid" "-e" "RUSTDOCFLAGS=--cap-lints=forbid" "-w" "/opt/rustwide/workdir" "--user" "0:0" "47b740a395eeb5a7e6b385fe95b1e2b70c061c7ffcfade221011dae462f29f80" "/opt/rustwide/cargo-home/bin/cargo" "+3154cc1a3e6424e44f438a95007d043ed5ceaaf6" "check" "--frozen" "--all" "--all-targets" "--message-format=json", kill_on_drop: false }`
[INFO] [stderr]    Compiling zerocopy v0.8.56
[INFO] [stderr]    Compiling syn v3.0.7
[INFO] [stderr]    Compiling serde_json v1.0.152
[INFO] [stderr]     Checking getrandom v0.2.17
[INFO] [stderr]     Checking rand_core v0.6.4
[INFO] [stderr]    Compiling clap_derive v4.6.7
[INFO] [stderr]    Compiling serde_derive v1.0.229
[INFO] [stderr]     Checking clap v4.6.7
[INFO] [stderr]     Checking ppv-lite86 v0.2.21
[INFO] [stderr]     Checking serde v1.0.229
[INFO] [stderr]     Checking rand_chacha v0.3.1
[INFO] [stderr]     Checking rand v0.8.8
[INFO] [stderr]     Checking task2do v0.1.0 (/opt/rustwide/workdir)
[INFO] [stdout] error[E0433]: cannot find module or crate `diesel` in this scope
[INFO] [stdout]  --> src/main.rs:3:5
[INFO] [stdout]   |
[INFO] [stdout] 3 | use diesel::prelude::*;
[INFO] [stdout]   |     ^^^^^^ use of unresolved module or unlinked crate `diesel`
[INFO] [stdout]   |
[INFO] [stdout]   = help: if you wanted to use a crate named `diesel`, use `cargo add diesel` to add it to your `Cargo.toml`
[INFO] [stdout] 
[INFO] [stdout] 
[INFO] [stdout] error[E0433]: cannot find module or crate `diesel` in this scope
[INFO] [stdout]  --> src/main.rs:3:5
[INFO] [stdout]   |
[INFO] [stdout] 3 | use diesel::prelude::*;
[INFO] [stdout]   |     ^^^^^^ use of unresolved module or unlinked crate `diesel`
[INFO] [stdout]   |
[INFO] [stdout]   = help: if you wanted to use a crate named `diesel`, use `cargo add diesel` to add it to your `Cargo.toml`
[INFO] [stdout] 
[INFO] [stdout] 
[INFO] [stdout] error[E0432]: unresolved import `schema::tasks`
[INFO] [stdout]   --> src/main.rs:43:9
[INFO] [stdout]    |
[INFO] [stdout] 43 |     use schema::tasks;
[INFO] [stdout]    |         ^^^^^^^^-----
[INFO] [stdout]    |                 |
[INFO] [stdout]    |                 no `tasks` in `schema`
[INFO] [stdout] 
[INFO] [stdout] 
[INFO] [stdout] error[E0432]: unresolved import `schema::tasks`
[INFO] [stdout]   --> src/main.rs:63:9
[INFO] [stdout]    |
[INFO] [stdout] 63 |     use schema::tasks;
[INFO] [stdout]    |         ^^^^^^^^-----
[INFO] [stdout]    |                 |
[INFO] [stdout]    |                 no `tasks` in `schema`
[INFO] [stdout] 
[INFO] [stdout] 
[INFO] [stdout] error[E0432]: unresolved import `schema::tasks`
[INFO] [stdout]   --> src/main.rs:74:9
[INFO] [stdout]    |
[INFO] [stdout] 74 |     use schema::tasks;
[INFO] [stdout]    |         ^^^^^^^^-----
[INFO] [stdout]    |                 |
[INFO] [stdout]    |                 no `tasks` in `schema`
[INFO] [stdout] 
[INFO] [stdout] 
[INFO] [stdout] error[E0432]: unresolved import `schema::tasks`
[INFO] [stdout]   --> src/main.rs:85:9
[INFO] [stdout]    |
[INFO] [stdout] 85 |     use schema::tasks;
[INFO] [stdout]    |         ^^^^^^^^-----
[INFO] [stdout]    |                 |
[INFO] [stdout]    |                 no `tasks` in `schema`
[INFO] [stdout] 
[INFO] [stdout] 
[INFO] [stdout] error[E0432]: unresolved import `schema::tasks`
[INFO] [stdout]   --> src/main.rs:99:9
[INFO] [stdout]    |
[INFO] [stdout] 99 |     use schema::tasks;
[INFO] [stdout]    |         ^^^^^^^^-----
[INFO] [stdout]    |                 |
[INFO] [stdout]    |                 no `tasks` in `schema`
[INFO] [stdout] 
[INFO] [stdout] 
[INFO] [stdout] error[E0432]: unresolved import `schema::tasks`
[INFO] [stdout]    --> src/main.rs:109:9
[INFO] [stdout]     |
[INFO] [stdout] 109 |     use schema::tasks;
[INFO] [stdout]     |         ^^^^^^^^-----
[INFO] [stdout]     |                 |
[INFO] [stdout]     |                 no `tasks` in `schema`
[INFO] [stdout] 
[INFO] [stdout] 
[INFO] [stdout] error[E0433]: cannot find module or crate `diesel` in this scope
[INFO] [stdout]  --> src/main.rs:4:5
[INFO] [stdout]   |
[INFO] [stdout] 4 | use diesel::sqlite::SqliteConnection;
[INFO] [stdout]   |     ^^^^^^ use of unresolved module or unlinked crate `diesel`
[INFO] [stdout]   |
[INFO] [stdout]   = help: if you wanted to use a crate named `diesel`, use `cargo add diesel` to add it to your `Cargo.toml`
[INFO] [stdout] 
[INFO] [stdout] 
[INFO] [stdout] error[E0432]: unresolved import `schema::tasks`
[INFO] [stdout]    --> src/main.rs:118:9
[INFO] [stdout]     |
[INFO] [stdout] 118 |     use schema::tasks;
[INFO] [stdout]     |         ^^^^^^^^-----
[INFO] [stdout]     |                 |
[INFO] [stdout]     |                 no `tasks` in `schema`
[INFO] [stdout] 
[INFO] [stdout] 
[INFO] [stdout] error[E0433]: cannot find module or crate `diesel` in this scope
[INFO] [stdout]  --> src/schema.rs:1:1
[INFO] [stdout]   |
[INFO] [stdout] 1 | diesel::table! {
[INFO] [stdout]   | ^^^^^^ use of unresolved module or unlinked crate `diesel`
[INFO] [stdout] 
[INFO] [stdout] 
[INFO] [stdout] error: cannot find derive macro `Queryable` in this scope
[INFO] [stdout]  --> src/main.rs:8:10
[INFO] [stdout]   |
[INFO] [stdout] 8 | #[derive(Queryable, Selectable, Debug, Clone, Serialize, Deserialize)]
[INFO] [stdout]   |          ^^^^^^^^^
[INFO] [stdout] 
[INFO] [stdout] 
[INFO] [stdout] error: cannot find derive macro `Selectable` in this scope
[INFO] [stdout]  --> src/main.rs:8:21
[INFO] [stdout]   |
[INFO] [stdout] 8 | #[derive(Queryable, Selectable, Debug, Clone, Serialize, Deserialize)]
[INFO] [stdout]   |                     ^^^^^^^^^^
[INFO] [stdout] 
[INFO] [stdout] 
[INFO] [stdout] error[E0432]: unresolved import `schema::tasks`
[INFO] [stdout]   --> src/main.rs:43:9
[INFO] [stdout]    |
[INFO] [stdout] 43 |     use schema::tasks;
[INFO] [stdout]    |         ^^^^^^^^-----
[INFO] [stdout]    |                 |
[INFO] [stdout]    |                 no `tasks` in `schema`
[INFO] [stdout] 
[INFO] [stdout] 
[INFO] [stdout] error[E0432]: unresolved import `schema::tasks`
[INFO] [stdout]   --> src/main.rs:63:9
[INFO] [stdout]    |
[INFO] [stdout] 63 |     use schema::tasks;
[INFO] [stdout]    |         ^^^^^^^^-----
[INFO] [stdout]    |                 |
[INFO] [stdout]    |                 no `tasks` in `schema`
[INFO] [stdout] 
[INFO] [stdout] 
[INFO] [stdout] error: cannot find attribute `diesel` in this scope
[INFO] [stdout]  --> src/main.rs:9:3
[INFO] [stdout]   |
[INFO] [stdout] 9 | #[diesel(table_name = schema::tasks)]
[INFO] [stdout]   |   ^^^^^^
[INFO] [stdout] 
[INFO] [stdout] 
[INFO] [stdout] error: cannot find derive macro `Insertable` in this scope
[INFO] [stdout]   --> src/main.rs:16:10
[INFO] [stdout]    |
[INFO] [stdout] 16 | #[derive(Insertable)]
[INFO] [stdout]    |          ^^^^^^^^^^
[INFO] [stdout] 
[INFO] [stdout] 
[INFO] [stdout] error[E0432]: unresolved import `schema::tasks`
[INFO] [stdout]   --> src/main.rs:74:9
[INFO] [stdout]    |
[INFO] [stdout] 74 |     use schema::tasks;
[INFO] [stdout]    |         ^^^^^^^^-----
[INFO] [stdout]    |                 |
[INFO] [stdout]    |                 no `tasks` in `schema`
[INFO] [stdout] 
[INFO] [stdout] 
[INFO] [stdout] error[E0432]: unresolved import `schema::tasks`
[INFO] [stdout]   --> src/main.rs:85:9
[INFO] [stdout]    |
[INFO] [stdout] 85 |     use schema::tasks;
[INFO] [stdout]    |         ^^^^^^^^-----
[INFO] [stdout]    |                 |
[INFO] [stdout]    |                 no `tasks` in `schema`
[INFO] [stdout] 
[INFO] [stdout] 
[INFO] [stdout] error[E0432]: unresolved import `schema::tasks`
[INFO] [stdout]   --> src/main.rs:99:9
[INFO] [stdout]    |
[INFO] [stdout] 99 |     use schema::tasks;
[INFO] [stdout]    |         ^^^^^^^^-----
[INFO] [stdout]    |                 |
[INFO] [stdout]    |                 no `tasks` in `schema`
[INFO] [stdout] 
[INFO] [stdout] 
[INFO] [stdout] error: cannot find attribute `diesel` in this scope
[INFO] [stdout]   --> src/main.rs:17:3
[INFO] [stdout]    |
[INFO] [stdout] 17 | #[diesel(table_name = schema::tasks)]
[INFO] [stdout]    |   ^^^^^^
[INFO] [stdout] 
[INFO] [stdout] 
[INFO] [stdout] error[E0432]: unresolved import `schema::tasks`
[INFO] [stdout]    --> src/main.rs:109:9
[INFO] [stdout]     |
[INFO] [stdout] 109 |     use schema::tasks;
[INFO] [stdout]     |         ^^^^^^^^-----
[INFO] [stdout]     |                 |
[INFO] [stdout]     |                 no `tasks` in `schema`
[INFO] [stdout] 
[INFO] [stdout] 
[INFO] [stdout] error[E0433]: cannot find module or crate `diesel` in this scope
[INFO] [stdout]  --> src/main.rs:4:5
[INFO] [stdout]   |
[INFO] [stdout] 4 | use diesel::sqlite::SqliteConnection;
[INFO] [stdout]   |     ^^^^^^ use of unresolved module or unlinked crate `diesel`
[INFO] [stdout]   |
[INFO] [stdout]   = help: if you wanted to use a crate named `diesel`, use `cargo add diesel` to add it to your `Cargo.toml`
[INFO] [stdout] 
[INFO] [stdout] 
[INFO] [stdout] error[E0432]: unresolved import `schema::tasks`
[INFO] [stdout]    --> src/main.rs:118:9
[INFO] [stdout]     |
[INFO] [stdout] 118 |     use schema::tasks;
[INFO] [stdout]     |         ^^^^^^^^-----
[INFO] [stdout]     |                 |
[INFO] [stdout]     |                 no `tasks` in `schema`
[INFO] [stdout] 
[INFO] [stdout] 
[INFO] [stdout] error[E0433]: cannot find module or crate `diesel` in this scope
[INFO] [stdout]  --> src/schema.rs:1:1
[INFO] [stdout]   |
[INFO] [stdout] 1 | diesel::table! {
[INFO] [stdout]   | ^^^^^^ use of unresolved module or unlinked crate `diesel`
[INFO] [stdout] 
[INFO] [stdout] 
[INFO] [stdout] error: cannot find derive macro `Queryable` in this scope
[INFO] [stdout]  --> src/main.rs:8:10
[INFO] [stdout]   |
[INFO] [stdout] 8 | #[derive(Queryable, Selectable, Debug, Clone, Serialize, Deserialize)]
[INFO] [stdout]   |          ^^^^^^^^^
[INFO] [stdout] 
[INFO] [stdout] 
[INFO] [stdout] error[E0433]: cannot find module or crate `rusqlite` in this scope
[INFO] [stdout]   --> src/main.rs:29:16
[INFO] [stdout]    |
[INFO] [stdout] 29 |     let conn = rusqlite::Connection::open("tasks.db")?;
[INFO] [stdout]    |                ^^^^^^^^ use of unresolved module or unlinked crate `rusqlite`
[INFO] [stdout]    |
[INFO] [stdout]    = help: if you wanted to use a crate named `rusqlite`, use `cargo add rusqlite` to add it to your `Cargo.toml`
[INFO] [stdout] 
[INFO] [stdout] 
[INFO] [stdout] error: cannot find derive macro `Selectable` in this scope
[INFO] [stdout]  --> src/main.rs:8:21
[INFO] [stdout]   |
[INFO] [stdout] 8 | #[derive(Queryable, Selectable, Debug, Clone, Serialize, Deserialize)]
[INFO] [stdout]   |                     ^^^^^^^^^^
[INFO] [stdout] 
[INFO] [stdout] 
[INFO] [stdout] error: cannot find attribute `diesel` in this scope
[INFO] [stdout]  --> src/main.rs:9:3
[INFO] [stdout]   |
[INFO] [stdout] 9 | #[diesel(table_name = schema::tasks)]
[INFO] [stdout]   |   ^^^^^^
[INFO] [stdout] 
[INFO] [stdout] 
[INFO] [stdout] error: cannot find derive macro `Insertable` in this scope
[INFO] [stdout]   --> src/main.rs:16:10
[INFO] [stdout]    |
[INFO] [stdout] 16 | #[derive(Insertable)]
[INFO] [stdout]    |          ^^^^^^^^^^
[INFO] [stdout] 
[INFO] [stdout] 
[INFO] [stdout] error: cannot find attribute `diesel` in this scope
[INFO] [stdout]   --> src/main.rs:17:3
[INFO] [stdout]    |
[INFO] [stdout] 17 | #[diesel(table_name = schema::tasks)]
[INFO] [stdout]    |   ^^^^^^
[INFO] [stdout] 
[INFO] [stdout] 
[INFO] [stdout] error[E0433]: cannot find module or crate `rusqlite` in this scope
[INFO] [stdout]   --> src/main.rs:29:16
[INFO] [stdout]    |
[INFO] [stdout] 29 |     let conn = rusqlite::Connection::open("tasks.db")?;
[INFO] [stdout]    |                ^^^^^^^^ use of unresolved module or unlinked crate `rusqlite`
[INFO] [stdout]    |
[INFO] [stdout]    = help: if you wanted to use a crate named `rusqlite`, use `cargo add rusqlite` to add it to your `Cargo.toml`
[INFO] [stdout] 
[INFO] [stdout] 
[INFO] [stdout] error[E0433]: cannot find module or crate `diesel` in this scope
[INFO] [stdout]   --> src/main.rs:50:5
[INFO] [stdout]    |
[INFO] [stdout] 50 |     diesel::insert_into(tasks::table)
[INFO] [stdout]    |     ^^^^^^ use of unresolved module or unlinked crate `diesel`
[INFO] [stdout]    |
[INFO] [stdout]    = help: if you wanted to use a crate named `diesel`, use `cargo add diesel` to add it to your `Cargo.toml`
[INFO] [stdout] 
[INFO] [stdout] 
[INFO] [stdout] error[E0433]: cannot find module or crate `diesel` in this scope
[INFO] [stdout]   --> src/main.rs:87:5
[INFO] [stdout]    |
[INFO] [stdout] 87 |     diesel::update(tasks::table.find(task_id))
[INFO] [stdout]    |     ^^^^^^ use of unresolved module or unlinked crate `diesel`
[INFO] [stdout]    |
[INFO] [stdout]    = help: if you wanted to use a crate named `diesel`, use `cargo add diesel` to add it to your `Cargo.toml`
[INFO] [stdout] 
[INFO] [stdout] 
[INFO] [stdout] error[E0433]: cannot find module or crate `diesel` in this scope
[INFO] [stdout]    --> src/main.rs:101:5
[INFO] [stdout]     |
[INFO] [stdout] 101 |     diesel::update(tasks::table.find(task_id))
[INFO] [stdout]     |     ^^^^^^ use of unresolved module or unlinked crate `diesel`
[INFO] [stdout]     |
[INFO] [stdout]     = help: if you wanted to use a crate named `diesel`, use `cargo add diesel` to add it to your `Cargo.toml`
[INFO] [stdout] 
[INFO] [stdout] 
[INFO] [stdout] error[E0433]: cannot find module or crate `diesel` in this scope
[INFO] [stdout]    --> src/main.rs:111:5
[INFO] [stdout]     |
[INFO] [stdout] 111 |     diesel::delete(tasks::table.find(task_id))
[INFO] [stdout]     |     ^^^^^^ use of unresolved module or unlinked crate `diesel`
[INFO] [stdout]     |
[INFO] [stdout]     = help: if you wanted to use a crate named `diesel`, use `cargo add diesel` to add it to your `Cargo.toml`
[INFO] [stdout] 
[INFO] [stdout] 
[INFO] [stdout] Some errors have detailed explanations: E0432, E0433.
[INFO] [stdout] 
[INFO] [stdout] For more information about an error, try `rustc --explain E0432`.
[INFO] [stdout] 
[INFO] [stdout] error[E0433]: cannot find module or crate `diesel` in this scope
[INFO] [stdout]   --> src/main.rs:50:5
[INFO] [stdout]    |
[INFO] [stdout] 50 |     diesel::insert_into(tasks::table)
[INFO] [stdout]    |     ^^^^^^ use of unresolved module or unlinked crate `diesel`
[INFO] [stdout]    |
[INFO] [stdout]    = help: if you wanted to use a crate named `diesel`, use `cargo add diesel` to add it to your `Cargo.toml`
[INFO] [stdout] 
[INFO] [stdout] 
[INFO] [stdout] error[E0433]: cannot find module or crate `diesel` in this scope
[INFO] [stdout]   --> src/main.rs:87:5
[INFO] [stdout]    |
[INFO] [stdout] 87 |     diesel::update(tasks::table.find(task_id))
[INFO] [stdout]    |     ^^^^^^ use of unresolved module or unlinked crate `diesel`
[INFO] [stdout]    |
[INFO] [stdout]    = help: if you wanted to use a crate named `diesel`, use `cargo add diesel` to add it to your `Cargo.toml`
[INFO] [stdout] 
[INFO] [stdout] 
[INFO] [stdout] error[E0433]: cannot find module or crate `diesel` in this scope
[INFO] [stdout]    --> src/main.rs:101:5
[INFO] [stdout]     |
[INFO] [stdout] 101 |     diesel::update(tasks::table.find(task_id))
[INFO] [stdout]     |     ^^^^^^ use of unresolved module or unlinked crate `diesel`
[INFO] [stdout]     |
[INFO] [stdout]     = help: if you wanted to use a crate named `diesel`, use `cargo add diesel` to add it to your `Cargo.toml`
[INFO] [stdout] 
[INFO] [stdout] 
[INFO] [stdout] error[E0433]: cannot find module or crate `diesel` in this scope
[INFO] [stdout]    --> src/main.rs:111:5
[INFO] [stdout]     |
[INFO] [stdout] 111 |     diesel::delete(tasks::table.find(task_id))
[INFO] [stdout]     |     ^^^^^^ use of unresolved module or unlinked crate `diesel`
[INFO] [stdout]     |
[INFO] [stdout]     = help: if you wanted to use a crate named `diesel`, use `cargo add diesel` to add it to your `Cargo.toml`
[INFO] [stdout] 
[INFO] [stdout] 
[INFO] [stderr] error: could not compile `task2do` (bin "task2do" test) due to 20 previous errors
[INFO] [stderr] warning: build failed, waiting for other jobs to finish...
[INFO] [stdout] Some errors have detailed explanations: E0432, E0433.
[INFO] [stdout] 
[INFO] [stdout] For more information about an error, try `rustc --explain E0432`.
[INFO] [stdout] 
[INFO] [stderr] error: could not compile `task2do` (bin "task2do") due to 20 previous errors
[INFO] [stderr] warning: unused dependency `clap`
[INFO] [stderr]  --> Cargo.toml:8:15
[INFO] [stderr]   |
[INFO] [stderr] 8 | [dependencies.clap]
[INFO] [stderr]   |               ^^^^^
[INFO] [stderr]   |
[INFO] [stderr]   = note: `cargo::unused_dependencies` is set to `warn` by default
[INFO] [stderr] help: consider removing the dependency on `clap`
[INFO] [stderr] warning: unused dependency `rand`
[INFO] [stderr]  --> Cargo.toml:3:1
[INFO] [stderr]   |
[INFO] [stderr] 3 | rand = "0.8"
[INFO] [stderr]   | ^^^^^^^^^^^^
[INFO] [stderr]   |
[INFO] [stderr] help: consider removing the dependency on `rand`
[INFO] [stderr] warning: unused dependency `walkdir`
[INFO] [stderr]  --> Cargo.toml:6:1
[INFO] [stderr]   |
[INFO] [stderr] 6 | walkdir = "2.4"
[INFO] [stderr]   | ^^^^^^^^^^^^^^^
[INFO] [stderr]   |
[INFO] [stderr] help: consider removing the dependency on `walkdir`
[INFO] [stderr] warning: `task2do` (manifest) generated 3 warnings
[INFO] running `Command { std: "docker" "inspect" "47b740a395eeb5a7e6b385fe95b1e2b70c061c7ffcfade221011dae462f29f80", kill_on_drop: false }`
[INFO] running `Command { std: "docker" "rm" "-f" "47b740a395eeb5a7e6b385fe95b1e2b70c061c7ffcfade221011dae462f29f80", kill_on_drop: false }`
[INFO] [stdout] 47b740a395eeb5a7e6b385fe95b1e2b70c061c7ffcfade221011dae462f29f80
