[INFO] cloning repository https://github.com/Hulalalalalalalalalalala/dvi
[INFO] running `Command { std: "git" "-c" "credential.helper=" "-c" "credential.helper=/workspace/cargo-home/bin/git-credential-null" "clone" "--bare" "https://github.com/Hulalalalalalalalalalala/dvi" "/workspace/cache/git-repos/https%3A%2F%2Fgithub.com%2FHulalalalalalalalalalala%2Fdvi", kill_on_drop: false }`
[INFO] [stderr] Cloning into bare repository '/workspace/cache/git-repos/https%3A%2F%2Fgithub.com%2FHulalalalalalalalalalala%2Fdvi'...
[INFO] running `Command { std: "git" "rev-parse" "HEAD", kill_on_drop: false }`
[INFO] [stdout] 462fda022161cacbb4d4c1df08dd17ea0d8f1644
[INFO] checking Hulalalalalalalalalalala/dvi against 3154cc1a3e6424e44f438a95007d043ed5ceaaf6+rustflags=-Znext-solver=coherence for pr-133502-30
[INFO] running `Command { std: "git" "clone" "/workspace/cache/git-repos/https%3A%2F%2Fgithub.com%2FHulalalalalalalalalalala%2Fdvi" "/workspace/builds/worker-2-tc1/source", kill_on_drop: false }`
[INFO] [stderr] Cloning into '/workspace/builds/worker-2-tc1/source'...
[INFO] [stderr] done.
[INFO] removed /workspace/builds/worker-2-tc1/source/.cargo/config.toml
[INFO] removed /workspace/builds/worker-2-tc1/source/rust-toolchain.toml
[INFO] started tweaking git repo https://github.com/Hulalalalalalalalalalala/dvi
[INFO] finished tweaking git repo https://github.com/Hulalalalalalalalalalala/dvi
[INFO] tweaked toml for git repo https://github.com/Hulalalalalalalalalalala/dvi written to /workspace/builds/worker-2-tc1/source/Cargo.toml
[INFO] validating manifest of git repo https://github.com/Hulalalalalalalalalalala/dvi on toolchain 3154cc1a3e6424e44f438a95007d043ed5ceaaf6
[INFO] running `Command { std: CARGO_HOME="/workspace/cargo-home" RUSTUP_HOME="/workspace/rustup-home" "/workspace/cargo-home/bin/cargo" "+3154cc1a3e6424e44f438a95007d043ed5ceaaf6" "metadata" "--manifest-path" "Cargo.toml" "--no-deps", kill_on_drop: false }`
[INFO] crate git repo https://github.com/Hulalalalalalalalalalala/dvi already has a lockfile, it will not be regenerated
[INFO] running `Command { std: CARGO_HOME="/workspace/cargo-home" RUSTUP_HOME="/workspace/rustup-home" "/workspace/cargo-home/bin/cargo" "+3154cc1a3e6424e44f438a95007d043ed5ceaaf6" "fetch" "--manifest-path" "Cargo.toml", kill_on_drop: false }`
[INFO] [stderr]     Blocking waiting for file lock on package cache
[INFO] [stderr]     Updating crates.io index
[INFO] [stderr]     Blocking waiting for file lock on package cache
[INFO] [stderr]  Downloading crates ...
[INFO] [stderr]   Downloaded stwo-std-shims v1.0.0
[INFO] [stderr]   Downloaded test-log-macros v0.2.19
[INFO] [stderr]   Downloaded test-log v0.2.19
[INFO] [stderr]   Downloaded stwo-constraint-framework v2.2.0
[INFO] [stderr]   Downloaded starknet-curve v0.4.2
[INFO] [stderr]   Downloaded p3-symmetric v0.3.0
[INFO] [stderr]   Downloaded p3-poseidon2 v0.3.0
[INFO] [stderr]   Downloaded fastrand v2.4.0
[INFO] [stderr]   Downloaded starknet-crypto v0.6.2
[INFO] [stderr]   Downloaded p3-maybe-rayon v0.3.0
[INFO] [stderr]   Downloaded p3-mds v0.3.0
[INFO] [stderr]   Downloaded starknet-crypto-codegen v0.3.3
[INFO] [stderr]   Downloaded starknet-ff v0.3.7
[INFO] [stderr]   Downloaded p3-util v0.3.0
[INFO] [stderr]   Downloaded p3-dft v0.3.0
[INFO] [stderr]   Downloaded p3-field v0.3.0
[INFO] [stderr]   Downloaded p3-matrix v0.3.0
[INFO] [stderr]   Downloaded educe v0.5.11
[INFO] [stderr]   Downloaded p3-mersenne-31 v0.3.0
[INFO] [stderr]   Downloaded cc v1.2.59
[INFO] [stderr]   Downloaded stwo v2.2.0
[INFO] [stderr]   Downloaded blake3 v1.8.4
[INFO] running `Command { std: "docker" "create" "-v" "/var/lib/crater-agent-workspace/builds/worker-2-tc1/source:/opt/rustwide/workdir:ro,Z" "-v" "/var/lib/crater-agent-workspace/builds/worker-2-tc1/target:/opt/rustwide/target:rw,Z" "-v" "/var/lib/crater-agent-workspace/cargo-home:/opt/rustwide/cargo-home:ro,Z" "-v" "/var/lib/crater-agent-workspace/rustup-home:/opt/rustwide/rustup-home:ro,Z" "-m" "1610612736" "--network" "none" "ghcr.io/rust-lang/crates-build-env/linux@sha256:77db811e55d90add9212f6832c23229e3de5f1c1f9905e8cb07319ea15df73ac" "sleep" "infinity", kill_on_drop: false }`
[INFO] [stdout] b865edb75fe06ef749272fd2cf2c44478314b69fd0b67b45027fccdfa9ca2ea3
[INFO] running `Command { std: "docker" "start" "b865edb75fe06ef749272fd2cf2c44478314b69fd0b67b45027fccdfa9ca2ea3", kill_on_drop: false }`
[INFO] running `Command { std: "docker" "inspect" "b865edb75fe06ef749272fd2cf2c44478314b69fd0b67b45027fccdfa9ca2ea3", kill_on_drop: false }`
[INFO] running `Command { std: "docker" "exec" "-e" "SOURCE_DIR=/opt/rustwide/workdir" "-e" "CARGO_HOME=/opt/rustwide/cargo-home" "-e" "RUSTUP_HOME=/opt/rustwide/rustup-home" "-e" "CARGO_TARGET_DIR=/opt/rustwide/target" "-w" "/opt/rustwide/workdir" "--user" "0:0" "b865edb75fe06ef749272fd2cf2c44478314b69fd0b67b45027fccdfa9ca2ea3" "/opt/rustwide/cargo-home/bin/cargo" "+3154cc1a3e6424e44f438a95007d043ed5ceaaf6" "metadata" "--no-deps" "--format-version=1", kill_on_drop: false }`
[INFO] running `Command { std: "docker" "inspect" "b865edb75fe06ef749272fd2cf2c44478314b69fd0b67b45027fccdfa9ca2ea3", kill_on_drop: false }`
[INFO] running `Command { std: "docker" "exec" "-e" "SOURCE_DIR=/opt/rustwide/workdir" "-e" "CARGO_HOME=/opt/rustwide/cargo-home" "-e" "RUSTUP_HOME=/opt/rustwide/rustup-home" "-e" "CARGO_TARGET_DIR=/opt/rustwide/target" "-e" "CARGO_INCREMENTAL=0" "-e" "RUST_BACKTRACE=full" "-e" "RUSTFLAGS=--cap-lints=forbid -Znext-solver=coherence" "-e" "RUSTDOCFLAGS=--cap-lints=forbid" "-w" "/opt/rustwide/workdir" "--user" "0:0" "b865edb75fe06ef749272fd2cf2c44478314b69fd0b67b45027fccdfa9ca2ea3" "/opt/rustwide/cargo-home/bin/cargo" "+3154cc1a3e6424e44f438a95007d043ed5ceaaf6" "check" "--frozen" "--all" "--all-targets" "--message-format=json", kill_on_drop: false }`
[INFO] [stderr]    Compiling libc v0.2.184
[INFO] [stderr]    Compiling syn v1.0.109
[INFO] [stderr]    Compiling num-traits v0.2.19
[INFO] [stderr]    Compiling zerocopy v0.8.48
[INFO] [stderr]    Compiling either v1.15.0
[INFO] [stderr]    Compiling syn v2.0.117
[INFO] [stderr]     Checking generic-array v0.14.7
[INFO] [stderr]     Checking itertools v0.14.0
[INFO] [stderr]     Checking p3-maybe-rayon v0.3.0
[INFO] [stderr]     Checking itertools v0.10.5
[INFO] [stderr]     Checking crossbeam-epoch v0.9.18
[INFO] [stderr]    Compiling crypto-bigint v0.5.5
[INFO] [stderr]     Checking strength_reduce v0.2.4
[INFO] [stderr]    Compiling hex v0.4.3
[INFO] [stderr]    Compiling cc v1.2.59
[INFO] [stderr]     Checking memchr v2.8.0
[INFO] [stderr]     Checking crossbeam-deque v0.8.6
[INFO] [stderr]     Checking rayon-core v1.13.0
[INFO] [stderr]     Checking hashbrown v0.16.1
[INFO] [stderr]    Compiling crypto-common v0.1.7
[INFO] [stderr]    Compiling digest v0.10.7
[INFO] [stderr]     Checking block-buffer v0.10.4
[INFO] [stderr]     Checking rayon v1.11.0
[INFO] [stderr]     Checking num-integer v0.1.46
[INFO] [stderr]     Checking constant_time_eq v0.4.2
[INFO] [stderr]     Checking num-bigint v0.4.6
[INFO] [stderr]     Checking transpose v0.2.3
[INFO] [stderr]     Checking tracing-subscriber v0.3.23
[INFO] [stderr]     Checking serde_json v1.0.149
[INFO] [stderr]     Checking itertools v0.12.1
[INFO] [stderr]     Checking hmac v0.12.1
[INFO] [stderr]     Checking rfc6979 v0.4.0
[INFO] [stderr]     Checking sha2 v0.10.9
[INFO] [stderr]     Checking blake2 v0.10.6
[INFO] [stderr]     Checking stwo-std-shims v1.0.0
[INFO] [stderr]     Checking fnv v1.0.7
[INFO] [stderr]     Checking clap_builder v4.6.0
[INFO] [stderr]    Compiling blake3 v1.8.4
[INFO] [stderr]    Compiling zkgpt-circuit v0.1.0 (/opt/rustwide/workdir/crates/zkgpt-circuit)
[INFO] [stderr]     Checking getrandom v0.2.17
[INFO] [stderr]     Checking getrandom v0.3.4
[INFO] [stderr]     Checking parking_lot_core v0.9.12
[INFO] [stderr]     Checking rand_core v0.6.4
[INFO] [stderr]     Checking rand_core v0.9.5
[INFO] [stderr]     Checking dashmap v6.1.0
[INFO] [stderr]     Checking rand_chacha v0.9.0
[INFO] [stderr]     Checking rand_xoshiro v0.7.0
[INFO] [stderr] warning: zkgpt-circuit@0.1.0: circuit compiled for dim=768 mlp=3072 heads=12 blocks=12
[INFO] [stderr]     Checking env_filter v1.0.1
[INFO] [stderr]     Checking rand_chacha v0.3.1
[INFO] [stderr]     Checking rustix v1.1.4
[INFO] [stderr]     Checking rand v0.9.4
[INFO] [stderr]     Checking getrandom v0.4.2
[INFO] [stderr]     Checking env_logger v0.11.10
[INFO] [stderr]     Checking rand v0.8.5
[INFO] [stderr]     Checking fastrand v2.4.0
[INFO] [stderr]     Checking ark-std v0.4.0
[INFO] [stderr]     Checking ark-serialize v0.4.2
[INFO] [stderr]     Checking indexmap v2.13.1
[INFO] [stderr]     Checking tempfile v3.27.0
[INFO] [stderr]    Compiling ark-ff-macros v0.4.2
[INFO] [stderr]    Compiling derivative v2.2.0
[INFO] [stderr]    Compiling ark-ff-asm v0.4.2
[INFO] [stderr]    Compiling serde_derive v1.0.228
[INFO] [stderr]    Compiling zeroize_derive v1.4.3
[INFO] [stderr]    Compiling tracing-attributes v0.1.31
[INFO] [stderr]    Compiling thiserror-impl v1.0.69
[INFO] [stderr]    Compiling enum-ordinalize-derive v4.3.2
[INFO] [stderr]    Compiling thiserror-impl v2.0.18
[INFO] [stderr]    Compiling bytemuck_derive v1.10.2
[INFO] [stderr]    Compiling clap_derive v4.6.0
[INFO] [stderr]    Compiling test-log-macros v0.2.19
[INFO] [stderr]     Checking test-log v0.2.19
[INFO] [stderr]    Compiling enum-ordinalize v4.3.2
[INFO] [stderr]    Compiling zeroize v1.8.2
[INFO] [stderr]    Compiling ppv-lite86 v0.2.21
[INFO] [stderr]    Compiling educe v0.5.11
[INFO] [stderr]     Checking tracing v0.1.44
[INFO] [stderr]     Checking thiserror v1.0.69
[INFO] [stderr]     Checking ark-ff v0.4.2
[INFO] [stderr]     Checking thiserror v2.0.18
[INFO] [stderr]     Checking bytemuck v1.25.0
[INFO] [stderr]     Checking clap v4.6.0
[INFO] [stderr]     Checking serde v1.0.228
[INFO] [stderr]     Checking p3-util v0.3.0
[INFO] [stderr]     Checking zkgpt-witness v0.1.0 (/opt/rustwide/workdir/crates/zkgpt-witness)
[INFO] [stderr]     Checking bincode v1.3.3
[INFO] [stderr]     Checking p3-field v0.3.0
[INFO] [stderr]     Checking p3-matrix v0.3.0
[INFO] [stderr]     Checking p3-symmetric v0.3.0
[INFO] [stderr]     Checking p3-dft v0.3.0
[INFO] [stderr]     Checking p3-mds v0.3.0
[INFO] [stderr]     Checking p3-poseidon2 v0.3.0
[INFO] [stderr]     Checking p3-mersenne-31 v0.3.0
[INFO] [stderr]    Compiling starknet-ff v0.3.7
[INFO] [stderr]    Compiling starknet-curve v0.4.2
[INFO] [stderr]    Compiling starknet-crypto-codegen v0.3.3
[INFO] [stderr]     Checking starknet-crypto v0.6.2
[INFO] [stderr]     Checking stwo v2.2.0
[INFO] [stdout] error[E0635]: unknown feature `array_chunks`
[INFO] [stdout]  --> /opt/rustwide/cargo-home/registry/src/index.crates.io-1949cf8c6b5b557f/stwo-2.2.0/src/lib.rs:9:13
[INFO] [stdout]   |
[INFO] [stdout] 9 |     feature(array_chunks, iter_array_chunks, portable_simd, slice_ptr_get)
[INFO] [stdout]   |             ^^^^^^^^^^^^
[INFO] [stdout] 
[INFO] [stdout] 
[INFO] [stdout] error[E0599]: no method named `array_chunks` found for struct `Vec<M31>` in the current scope
[INFO] [stdout]    --> /opt/rustwide/cargo-home/registry/src/index.crates.io-1949cf8c6b5b557f/stwo-2.2.0/src/prover/backend/cpu/circle.rs:267:14
[INFO] [stdout]     |
[INFO] [stdout] 266 |         twiddles
[INFO] [stdout] 267 |             .array_chunks::<CHUNK_SIZE>()
[INFO] [stdout]     |              ^^^^^^^^^^^^ `Vec<M31>` is not an iterator
[INFO] [stdout]     |
[INFO] [stdout] help: call `.into_iter()` first
[INFO] [stdout]     |
[INFO] [stdout] 267 |             .into_iter().array_chunks::<CHUNK_SIZE>()
[INFO] [stdout]     |              ++++++++++++
[INFO] [stdout] 
[INFO] [stdout] 
[INFO] [stdout] error[E0599]: no method named `array_chunks_mut` found for struct `Vec<M31>` in the current scope
[INFO] [stdout]    --> /opt/rustwide/cargo-home/registry/src/index.crates.io-1949cf8c6b5b557f/stwo-2.2.0/src/prover/backend/cpu/circle.rs:268:28
[INFO] [stdout]     |
[INFO] [stdout] 268 |             .zip(itwiddles.array_chunks_mut::<CHUNK_SIZE>())
[INFO] [stdout]     |                            ^^^^^^^^^^^^^^^^
[INFO] [stdout]     |
[INFO] [stdout] help: there is a method `rchunks_mut` with a similar name, but with different arguments
[INFO] [stdout]    --> /rustc/3154cc1a3e6424e44f438a95007d043ed5ceaaf6/library/core/src/slice/mod.rs:1741:4
[INFO] [stdout] 
[INFO] [stdout] 
[INFO] [stdout] error[E0599]: `&Mle<CpuBackend, QM31>` is not an iterator
[INFO] [stdout]    --> /opt/rustwide/cargo-home/registry/src/index.crates.io-1949cf8c6b5b557f/stwo-2.2.0/src/prover/backend/cpu/lookups/gkr.rs:234:21
[INFO] [stdout]     |
[INFO] [stdout] 234 |     let res = layer.array_chunks().map(|&[a, b]| a * b).collect();
[INFO] [stdout]     |                     ^^^^^^^^^^^^ `&Mle<CpuBackend, QM31>` is not an iterator
[INFO] [stdout]     |
[INFO] [stdout]    ::: /opt/rustwide/cargo-home/registry/src/index.crates.io-1949cf8c6b5b557f/stwo-2.2.0/src/prover/lookups/mle.rs:20:1
[INFO] [stdout]     |
[INFO] [stdout]  20 | pub struct Mle<B: ColumnOps<F>, F: Field> {
[INFO] [stdout]     | ----------------------------------------- doesn't satisfy `Mle<CpuBackend, QM31>: Iterator`
[INFO] [stdout]     |
[INFO] [stdout]     = note: the following trait bounds were not satisfied:
[INFO] [stdout]             `&Mle<CpuBackend, QM31>: Iterator`
[INFO] [stdout]             which is required by `&mut &Mle<CpuBackend, QM31>: Iterator`
[INFO] [stdout]             `Mle<CpuBackend, QM31>: Iterator`
[INFO] [stdout]             which is required by `&mut Mle<CpuBackend, QM31>: Iterator`
[INFO] [stdout]             `Vec<QM31>: Iterator`
[INFO] [stdout]             which is required by `&mut Vec<QM31>: Iterator`
[INFO] [stdout]             `[QM31]: Iterator`
[INFO] [stdout]             which is required by `&mut [QM31]: Iterator`
[INFO] [stdout] note: the trait `Iterator` must be implemented
[INFO] [stdout]    --> /rustc/3154cc1a3e6424e44f438a95007d043ed5ceaaf6/library/core/src/iter/traits/iterator.rs:42:0
[INFO] [stdout]     = help: items from traits can only be used if the trait is implemented and in scope
[INFO] [stdout]     = note: the trait `Iterator` defines an item `array_chunks`, but is explicitly unimplemented
[INFO] [stdout] 
[INFO] [stdout] 
[INFO] [stdout] error[E0599]: no method named `array_chunks` found for reference `&[PackedM31]` in the current scope
[INFO] [stdout]    --> /opt/rustwide/cargo-home/registry/src/index.crates.io-1949cf8c6b5b557f/stwo-2.2.0/src/prover/backend/simd/circle.rs:200:49
[INFO] [stdout]     |
[INFO] [stdout] 200 |             for (i, coeff_chunk) in coeff_chunk.array_chunks::<N_LANES>().enumerate() {
[INFO] [stdout]     |                                                 ^^^^^^^^^^^^ `&[PackedM31]` is not an iterator
[INFO] [stdout]     |
[INFO] [stdout] help: call `.into_iter()` first
[INFO] [stdout]     |
[INFO] [stdout] 200 |             for (i, coeff_chunk) in coeff_chunk.into_iter().array_chunks::<N_LANES>().enumerate() {
[INFO] [stdout]     |                                                 ++++++++++++
[INFO] [stdout] 
[INFO] [stdout] 
[INFO] [stdout] error[E0308]: mismatched types
[INFO] [stdout]    --> /opt/rustwide/cargo-home/registry/src/index.crates.io-1949cf8c6b5b557f/stwo-2.2.0/src/prover/backend/simd/column.rs:134:16
[INFO] [stdout]     |
[INFO] [stdout] 134 |         if let Some(remainder) = chunks.into_remainder() {
[INFO] [stdout]     |                ^^^^^^^^^^^^^^^   ----------------------- this expression has type `std::array::IntoIter<M31, 16>`
[INFO] [stdout]     |                |
[INFO] [stdout]     |                expected `IntoIter<M31, 16>`, found `Option<_>`
[INFO] [stdout]     |
[INFO] [stdout]     = note: expected struct `std::array::IntoIter<M31, 16>`
[INFO] [stdout]                  found enum `std::option::Option<_>`
[INFO] [stdout] 
[INFO] [stdout] 
[INFO] [stdout] error[E0308]: mismatched types
[INFO] [stdout]    --> /opt/rustwide/cargo-home/registry/src/index.crates.io-1949cf8c6b5b557f/stwo-2.2.0/src/prover/backend/simd/column.rs:215:16
[INFO] [stdout]     |
[INFO] [stdout] 215 |         if let Some(remainder) = chunks.into_remainder() {
[INFO] [stdout]     |                ^^^^^^^^^^^^^^^   ----------------------- this expression has type `std::array::IntoIter<CM31, 16>`
[INFO] [stdout]     |                |
[INFO] [stdout]     |                expected `IntoIter<CM31, 16>`, found `Option<_>`
[INFO] [stdout]     |
[INFO] [stdout]     = note: expected struct `std::array::IntoIter<CM31, 16>`
[INFO] [stdout]                  found enum `std::option::Option<_>`
[INFO] [stdout] 
[INFO] [stdout] 
[INFO] [stdout] error[E0308]: mismatched types
[INFO] [stdout]    --> /opt/rustwide/cargo-home/registry/src/index.crates.io-1949cf8c6b5b557f/stwo-2.2.0/src/prover/backend/simd/column.rs:349:16
[INFO] [stdout]     |
[INFO] [stdout] 349 |         if let Some(remainder) = chunks.into_remainder() {
[INFO] [stdout]     |                ^^^^^^^^^^^^^^^   ----------------------- this expression has type `std::array::IntoIter<QM31, 16>`
[INFO] [stdout]     |                |
[INFO] [stdout]     |                expected `IntoIter<QM31, 16>`, found `Option<_>`
[INFO] [stdout]     |
[INFO] [stdout]     = note: expected struct `std::array::IntoIter<QM31, 16>`
[INFO] [stdout]                  found enum `std::option::Option<_>`
[INFO] [stdout] 
[INFO] [stdout] 
[INFO] [stdout] error[E0599]: no method named `array_chunks` found for struct `Vec<PackedQM31>` in the current scope
[INFO] [stdout]    --> /opt/rustwide/cargo-home/registry/src/index.crates.io-1949cf8c6b5b557f/stwo-2.2.0/src/prover/backend/simd/lookups/gkr.rs:137:10
[INFO] [stdout]     |
[INFO] [stdout] 135 |     let data = layer
[INFO] [stdout] 136 |         .data
[INFO] [stdout] 137 |         .array_chunks()
[INFO] [stdout]     |          ^^^^^^^^^^^^ `Vec<PackedQM31>` is not an iterator
[INFO] [stdout]     |
[INFO] [stdout] help: call `.iter()` first
[INFO] [stdout]     |
[INFO] [stdout] 137 |         .iter().array_chunks()
[INFO] [stdout]     |          +++++++
[INFO] [stdout] 
[INFO] [stdout] 
[INFO] [stdout] error[E0599]: no method named `array_chunks_mut` found for mutable reference `&mut [PackedM31]` in the current scope
[INFO] [stdout]   --> /opt/rustwide/cargo-home/registry/src/index.crates.io-1949cf8c6b5b557f/stwo-2.2.0/src/prover/backend/simd/prefix_sum.rs:36:46
[INFO] [stdout]    |
[INFO] [stdout] 36 |     for ([l0, l1], [r0, r1]) in izip!(l_half.array_chunks_mut(), r_half.array_chunks_mut().rev()) {
[INFO] [stdout]    |                                              ^^^^^^^^^^^^^^^^
[INFO] [stdout]    |
[INFO] [stdout] help: there is a method `rchunks_mut` with a similar name, but with different arguments
[INFO] [stdout]   --> /rustc/3154cc1a3e6424e44f438a95007d043ed5ceaaf6/library/core/src/slice/mod.rs:1741:4
[INFO] [stdout] 
[INFO] [stdout] 
[INFO] [stdout] error[E0599]: no method named `array_chunks_mut` found for mutable reference `&mut [PackedM31]` in the current scope
[INFO] [stdout]   --> /opt/rustwide/cargo-home/registry/src/index.crates.io-1949cf8c6b5b557f/stwo-2.2.0/src/prover/backend/simd/prefix_sum.rs:36:73
[INFO] [stdout]    |
[INFO] [stdout] 36 |     for ([l0, l1], [r0, r1]) in izip!(l_half.array_chunks_mut(), r_half.array_chunks_mut().rev()) {
[INFO] [stdout]    |                                                                         ^^^^^^^^^^^^^^^^
[INFO] [stdout]    |
[INFO] [stdout] help: there is a method `rchunks_mut` with a similar name, but with different arguments
[INFO] [stdout]   --> /rustc/3154cc1a3e6424e44f438a95007d043ed5ceaaf6/library/core/src/slice/mod.rs:1741:4
[INFO] [stdout] 
[INFO] [stdout] 
[INFO] [stdout] error[E0599]: no method named `array_chunks_mut` found for mutable reference `&mut [PackedM31]` in the current scope
[INFO] [stdout]   --> /opt/rustwide/cargo-home/registry/src/index.crates.io-1949cf8c6b5b557f/stwo-2.2.0/src/prover/backend/simd/prefix_sum.rs:59:18
[INFO] [stdout]    |
[INFO] [stdout] 59 |         zip(lows.array_chunks_mut(), highs.array_chunks())
[INFO] [stdout]    |                  ^^^^^^^^^^^^^^^^
[INFO] [stdout]    |
[INFO] [stdout] help: there is a method `rchunks_mut` with a similar name, but with different arguments
[INFO] [stdout]   --> /rustc/3154cc1a3e6424e44f438a95007d043ed5ceaaf6/library/core/src/slice/mod.rs:1741:4
[INFO] [stdout] 
[INFO] [stdout] 
[INFO] [stdout] error[E0599]: no method named `array_chunks` found for mutable reference `&mut [PackedM31]` in the current scope
[INFO] [stdout]   --> /opt/rustwide/cargo-home/registry/src/index.crates.io-1949cf8c6b5b557f/stwo-2.2.0/src/prover/backend/simd/prefix_sum.rs:59:44
[INFO] [stdout]    |
[INFO] [stdout] 59 |         zip(lows.array_chunks_mut(), highs.array_chunks())
[INFO] [stdout]    |                                            ^^^^^^^^^^^^ `&mut [PackedM31]` is not an iterator
[INFO] [stdout]    |
[INFO] [stdout] help: call `.into_iter()` first
[INFO] [stdout]    |
[INFO] [stdout] 59 |         zip(lows.array_chunks_mut(), highs.into_iter().array_chunks())
[INFO] [stdout]    |                                            ++++++++++++
[INFO] [stdout] 
[INFO] [stdout] 
[INFO] [stdout] error[E0599]: no method named `array_chunks_mut` found for mutable reference `&mut [PackedM31]` in the current scope
[INFO] [stdout]   --> /opt/rustwide/cargo-home/registry/src/index.crates.io-1949cf8c6b5b557f/stwo-2.2.0/src/prover/backend/simd/prefix_sum.rs:87:18
[INFO] [stdout]    |
[INFO] [stdout] 87 |         zip(lows.array_chunks_mut(), highs.array_chunks_mut())
[INFO] [stdout]    |                  ^^^^^^^^^^^^^^^^
[INFO] [stdout]    |
[INFO] [stdout] help: there is a method `rchunks_mut` with a similar name, but with different arguments
[INFO] [stdout]   --> /rustc/3154cc1a3e6424e44f438a95007d043ed5ceaaf6/library/core/src/slice/mod.rs:1741:4
[INFO] [stdout] 
[INFO] [stdout] 
[INFO] [stdout] error[E0599]: no method named `array_chunks_mut` found for mutable reference `&mut [PackedM31]` in the current scope
[INFO] [stdout]   --> /opt/rustwide/cargo-home/registry/src/index.crates.io-1949cf8c6b5b557f/stwo-2.2.0/src/prover/backend/simd/prefix_sum.rs:87:44
[INFO] [stdout]    |
[INFO] [stdout] 87 |         zip(lows.array_chunks_mut(), highs.array_chunks_mut())
[INFO] [stdout]    |                                            ^^^^^^^^^^^^^^^^
[INFO] [stdout]    |
[INFO] [stdout] help: there is a method `rchunks_mut` with a similar name, but with different arguments
[INFO] [stdout]   --> /rustc/3154cc1a3e6424e44f438a95007d043ed5ceaaf6/library/core/src/slice/mod.rs:1741:4
[INFO] [stdout] 
[INFO] [stdout] 
[INFO] [stdout] error[E0599]: no method named `array_chunks_mut` found for mutable reference `&mut [PackedM31]` in the current scope
[INFO] [stdout]    --> /opt/rustwide/cargo-home/registry/src/index.crates.io-1949cf8c6b5b557f/stwo-2.2.0/src/prover/backend/simd/prefix_sum.rs:101:46
[INFO] [stdout]     |
[INFO] [stdout] 101 |     for ([l0, l1], [r0, r1]) in izip!(l_half.array_chunks_mut(), r_half.array_chunks_mut().rev()) {
[INFO] [stdout]     |                                              ^^^^^^^^^^^^^^^^
[INFO] [stdout]     |
[INFO] [stdout] help: there is a method `rchunks_mut` with a similar name, but with different arguments
[INFO] [stdout]    --> /rustc/3154cc1a3e6424e44f438a95007d043ed5ceaaf6/library/core/src/slice/mod.rs:1741:4
[INFO] [stdout] 
[INFO] [stdout] 
[INFO] [stdout] error[E0599]: no method named `array_chunks_mut` found for mutable reference `&mut [PackedM31]` in the current scope
[INFO] [stdout]    --> /opt/rustwide/cargo-home/registry/src/index.crates.io-1949cf8c6b5b557f/stwo-2.2.0/src/prover/backend/simd/prefix_sum.rs:101:73
[INFO] [stdout]     |
[INFO] [stdout] 101 |     for ([l0, l1], [r0, r1]) in izip!(l_half.array_chunks_mut(), r_half.array_chunks_mut().rev()) {
[INFO] [stdout]     |                                                                         ^^^^^^^^^^^^^^^^
[INFO] [stdout]     |
[INFO] [stdout] help: there is a method `rchunks_mut` with a similar name, but with different arguments
[INFO] [stdout]    --> /rustc/3154cc1a3e6424e44f438a95007d043ed5ceaaf6/library/core/src/slice/mod.rs:1741:4
[INFO] [stdout] 
[INFO] [stdout] 
[INFO] [stdout] Some errors have detailed explanations: E0308, E0599, E0635.
[INFO] [stdout] 
[INFO] [stdout] For more information about an error, try `rustc --explain E0308`.
[INFO] [stdout] 
[INFO] [stderr] error: could not compile `stwo` (lib) due to 17 previous errors
[INFO] running `Command { std: "docker" "inspect" "b865edb75fe06ef749272fd2cf2c44478314b69fd0b67b45027fccdfa9ca2ea3", kill_on_drop: false }`
[INFO] running `Command { std: "docker" "rm" "-f" "b865edb75fe06ef749272fd2cf2c44478314b69fd0b67b45027fccdfa9ca2ea3", kill_on_drop: false }`
[INFO] [stdout] b865edb75fe06ef749272fd2cf2c44478314b69fd0b67b45027fccdfa9ca2ea3
