[INFO] cloning repository https://github.com/HuaLiMao-AQ/NodeSea
[INFO] running `Command { std: "git" "-c" "credential.helper=" "-c" "credential.helper=/workspace/cargo-home/bin/git-credential-null" "clone" "--bare" "https://github.com/HuaLiMao-AQ/NodeSea" "/workspace/cache/git-repos/https%3A%2F%2Fgithub.com%2FHuaLiMao-AQ%2FNodeSea", kill_on_drop: false }`
[INFO] [stderr] Cloning into bare repository '/workspace/cache/git-repos/https%3A%2F%2Fgithub.com%2FHuaLiMao-AQ%2FNodeSea'...
[INFO] running `Command { std: "git" "rev-parse" "HEAD", kill_on_drop: false }`
[INFO] [stdout] 0cf1f032122b74b1293f39ca5d55534b94bdd89e
[INFO] checking HuaLiMao-AQ/NodeSea against 3154cc1a3e6424e44f438a95007d043ed5ceaaf6 for pr-133502-30
[INFO] running `Command { std: "git" "clone" "/workspace/cache/git-repos/https%3A%2F%2Fgithub.com%2FHuaLiMao-AQ%2FNodeSea" "/workspace/builds/worker-3-tc2/source", kill_on_drop: false }`
[INFO] [stderr] Cloning into '/workspace/builds/worker-3-tc2/source'...
[INFO] [stderr] done.
[INFO] started tweaking git repo https://github.com/HuaLiMao-AQ/NodeSea
[INFO] finished tweaking git repo https://github.com/HuaLiMao-AQ/NodeSea
[INFO] tweaked toml for git repo https://github.com/HuaLiMao-AQ/NodeSea written to /workspace/builds/worker-3-tc2/source/Cargo.toml
[INFO] validating manifest of git repo https://github.com/HuaLiMao-AQ/NodeSea on toolchain 3154cc1a3e6424e44f438a95007d043ed5ceaaf6
[INFO] running `Command { std: CARGO_HOME="/workspace/cargo-home" RUSTUP_HOME="/workspace/rustup-home" "/workspace/cargo-home/bin/cargo" "+3154cc1a3e6424e44f438a95007d043ed5ceaaf6" "metadata" "--manifest-path" "Cargo.toml" "--no-deps", kill_on_drop: false }`
[INFO] crate git repo https://github.com/HuaLiMao-AQ/NodeSea already has a lockfile, it will not be regenerated
[INFO] running `Command { std: CARGO_HOME="/workspace/cargo-home" RUSTUP_HOME="/workspace/rustup-home" "/workspace/cargo-home/bin/cargo" "+3154cc1a3e6424e44f438a95007d043ed5ceaaf6" "fetch" "--manifest-path" "Cargo.toml", kill_on_drop: false }`
[INFO] running `Command { std: "docker" "create" "-v" "/var/lib/crater-agent-workspace/builds/worker-3-tc2/source:/opt/rustwide/workdir:ro,Z" "-v" "/var/lib/crater-agent-workspace/builds/worker-3-tc2/target:/opt/rustwide/target:rw,Z" "-v" "/var/lib/crater-agent-workspace/cargo-home:/opt/rustwide/cargo-home:ro,Z" "-v" "/var/lib/crater-agent-workspace/rustup-home:/opt/rustwide/rustup-home:ro,Z" "-m" "1610612736" "--network" "none" "ghcr.io/rust-lang/crates-build-env/linux@sha256:77db811e55d90add9212f6832c23229e3de5f1c1f9905e8cb07319ea15df73ac" "sleep" "infinity", kill_on_drop: false }`
[INFO] [stdout] 58faea6dc6494e4b5be7ed7368b46317768ebf44707d3b37bcdc0870ebda204a
[INFO] running `Command { std: "docker" "start" "58faea6dc6494e4b5be7ed7368b46317768ebf44707d3b37bcdc0870ebda204a", kill_on_drop: false }`
[INFO] running `Command { std: "docker" "inspect" "58faea6dc6494e4b5be7ed7368b46317768ebf44707d3b37bcdc0870ebda204a", kill_on_drop: false }`
[INFO] running `Command { std: "docker" "exec" "-e" "SOURCE_DIR=/opt/rustwide/workdir" "-e" "CARGO_HOME=/opt/rustwide/cargo-home" "-e" "RUSTUP_HOME=/opt/rustwide/rustup-home" "-e" "CARGO_TARGET_DIR=/opt/rustwide/target" "-w" "/opt/rustwide/workdir" "--user" "0:0" "58faea6dc6494e4b5be7ed7368b46317768ebf44707d3b37bcdc0870ebda204a" "/opt/rustwide/cargo-home/bin/cargo" "+3154cc1a3e6424e44f438a95007d043ed5ceaaf6" "metadata" "--no-deps" "--format-version=1", kill_on_drop: false }`
[INFO] running `Command { std: "docker" "inspect" "58faea6dc6494e4b5be7ed7368b46317768ebf44707d3b37bcdc0870ebda204a", kill_on_drop: false }`
[INFO] running `Command { std: "docker" "exec" "-e" "SOURCE_DIR=/opt/rustwide/workdir" "-e" "CARGO_HOME=/opt/rustwide/cargo-home" "-e" "RUSTUP_HOME=/opt/rustwide/rustup-home" "-e" "CARGO_TARGET_DIR=/opt/rustwide/target" "-e" "CARGO_INCREMENTAL=0" "-e" "RUST_BACKTRACE=full" "-e" "RUSTFLAGS=--cap-lints=forbid" "-e" "RUSTDOCFLAGS=--cap-lints=forbid" "-w" "/opt/rustwide/workdir" "--user" "0:0" "58faea6dc6494e4b5be7ed7368b46317768ebf44707d3b37bcdc0870ebda204a" "/opt/rustwide/cargo-home/bin/cargo" "+3154cc1a3e6424e44f438a95007d043ed5ceaaf6" "check" "--frozen" "--all" "--all-targets" "--message-format=json", kill_on_drop: false }`
[INFO] [stderr]    Compiling proc-macro2 v1.0.107
[INFO] [stderr]     Checking foldhash v0.2.0
[INFO] [stderr]     Checking smallvec v1.15.2
[INFO] [stderr]    Compiling serde_core v1.0.229
[INFO] [stderr]    Compiling indexmap v2.14.0
[INFO] [stderr]    Compiling aho-corasick v1.1.5
[INFO] [stderr]    Compiling either v1.18.0
[INFO] [stderr]    Compiling libc v0.2.189
[INFO] [stderr]    Compiling regex-syntax v0.8.11
[INFO] [stderr]    Compiling rustversion v1.0.23
[INFO] [stderr]     Checking mio v1.2.2
[INFO] [stderr]    Compiling unicode-width v0.2.2
[INFO] [stderr]    Compiling cc v1.4.3
[INFO] [stderr]    Compiling once_cell v1.21.4
[INFO] [stderr]    Compiling anyhow v1.0.104
[INFO] [stderr]     Checking http-body v1.1.0
[INFO] [stderr]    Compiling bitflags v2.13.1
[INFO] [stderr]     Checking hashbrown v0.17.1
[INFO] [stderr]    Compiling pulldown-cmark v0.13.4
[INFO] [stderr]     Checking parking_lot_core v0.9.12
[INFO] [stderr]    Compiling itertools v0.14.0
[INFO] [stderr]     Checking parking_lot v0.12.5
[INFO] [stderr]    Compiling rustix v1.1.4
[INFO] [stderr]     Checking futures-task v0.3.34
[INFO] [stderr]    Compiling getrandom v0.4.3
[INFO] [stderr]    Compiling crossbeam-utils v0.8.22
[INFO] [stderr]     Checking futures-util v0.3.34
[INFO] [stderr]     Checking atomic-waker v1.1.2
[INFO] [stderr]    Compiling linux-raw-sys v0.12.1
[INFO] [stderr]    Compiling bytes v1.12.1
[INFO] [stderr]    Compiling serde v1.0.229
[INFO] [stderr]    Compiling unicase v2.9.0
[INFO] [stderr]    Compiling hashbrown v0.15.5
[INFO] [stderr]    Compiling quote v1.0.47
[INFO] [stderr]    Compiling syn v3.0.3
[INFO] [stderr]    Compiling syn v2.0.119
[INFO] [stderr]    Compiling crossbeam-epoch v0.9.20
[INFO] [stderr]     Checking httparse v1.10.1
[INFO] [stderr]     Checking futures-channel v0.3.34
[INFO] [stderr]    Compiling fixedbitset v0.5.7
[INFO] [stderr]     Checking sync_wrapper v1.0.2
[INFO] [stderr]    Compiling fastrand v2.5.0
[INFO] [stderr]     Checking httpdate v1.0.3
[INFO] [stderr]    Compiling scratch v1.0.9
[INFO] [stderr]    Compiling link-cplusplus v1.0.12
[INFO] [stderr]    Compiling petgraph v0.8.3
[INFO] [stderr]    Compiling crossbeam-deque v0.8.7
[INFO] [stderr]    Compiling pulldown-cmark-to-cmark v22.0.1
[INFO] [stderr]     Checking http-body-util v0.1.5
[INFO] [stderr]    Compiling bstr v1.13.1
[INFO] [stderr]    Compiling termcolor v1.4.1
[INFO] [stderr]    Compiling multimap v0.10.1
[INFO] [stderr]    Compiling regex-automata v0.4.18
[INFO] [stderr]    Compiling cxxbridge-flags v1.0.199
[INFO] [stderr]     Checking axum-core v0.5.6
[INFO] [stderr]    Compiling cxx v1.0.199
[INFO] [stderr]     Checking matchit v0.8.4
[INFO] [stderr]    Compiling zerocopy v0.8.56
[INFO] [stderr]    Compiling num-traits v0.2.19
[INFO] [stderr]    Compiling getrandom v0.3.4
[INFO] [stderr]    Compiling ahash v0.8.12
[INFO] [stderr]    Compiling codespan-reporting v0.13.1
[INFO] [stderr]    Compiling zmij v1.0.23
[INFO] [stderr]    Compiling cmake v0.1.58
[INFO] [stderr]     Checking castaway v0.2.4
[INFO] [stderr]     Checking hashbrown v0.16.1
[INFO] [stderr]    Compiling signal-hook v0.3.18
[INFO] [stderr]     Checking ryu v1.0.23
[INFO] [stderr]     Checking static_assertions v1.1.0
[INFO] [stderr]    Compiling bitflags v1.3.2
[INFO] [stderr]     Checking unicode-segmentation v1.13.3
[INFO] [stderr]    Compiling instability v0.3.13
[INFO] [stderr]     Checking compact_str v0.9.1
[INFO] [stderr]    Compiling tempfile v3.27.0
[INFO] [stderr]     Checking lru v0.18.3
[INFO] [stderr]    Compiling encoding_rs v0.8.35
[INFO] [stderr]    Compiling indoc v2.0.7
[INFO] [stderr]    Compiling toml_write v0.1.2
[INFO] [stderr]    Compiling convert_case v0.10.0
[INFO] [stderr]     Checking critical-section v1.2.0
[INFO] [stderr]    Compiling winnow v0.7.15
[INFO] [stderr]    Compiling anstyle v1.0.14
[INFO] [stderr]    Compiling arraydeque v0.5.1
[INFO] [stderr]    Compiling annotate-snippets v0.12.16
[INFO] [stderr]    Compiling granit-parser v0.0.7
[INFO] [stderr]    Compiling arc-swap v1.9.2
[INFO] [stderr]    Compiling litrs v1.0.0
[INFO] [stderr]    Compiling nohash-hasher v0.2.0
[INFO] [stderr]     Checking utf8parse v0.2.2
[INFO] [stderr]    Compiling encoding_rs_io v0.1.8
[INFO] [stderr]     Checking deranged v0.5.8
[INFO] [stderr]     Checking unicode-truncate v2.0.1
[INFO] [stderr]    Compiling base64 v0.22.1
[INFO] [stderr]     Checking hex v0.4.3
[INFO] [stderr]     Checking num_threads v0.1.7
[INFO] [stderr]    Compiling prettyplease v0.2.37
[INFO] [stderr]    Compiling regex v1.13.1
[INFO] [stderr]    Compiling globset v0.4.20
[INFO] [stderr]    Compiling darling_core v0.24.1
[INFO] [stderr]    Compiling cxx-build v1.0.199
[INFO] [stderr]    Compiling document-features v0.2.12
[INFO] [stderr]     Checking anstyle-parse v1.0.0
[INFO] [stderr]     Checking signal-hook-mio v0.2.5
[INFO] [stderr]    Compiling serde_json v1.0.151
[INFO] [stderr]    Compiling itertools v0.11.0
[INFO] [stderr]     Checking time v0.3.55
[INFO] [stderr]    Compiling tonic-build v0.14.6
[INFO] [stderr]    Compiling ignore v0.4.33
[INFO] [stderr]     Checking line-clipping v0.3.8
[INFO] [stderr]    Compiling normpath v1.5.1
[INFO] [stderr]     Checking anstyle-query v1.1.5
[INFO] [stderr]     Checking colorchoice v1.0.5
[INFO] [stderr]    Compiling siphasher v1.0.3
[INFO] [stderr]    Compiling base62 v2.2.4
[INFO] [stderr]     Checking is_terminal_polyfill v1.70.2
[INFO] [stderr]     Checking triomphe v0.1.16
[INFO] [stderr]     Checking strsim v0.11.1
[INFO] [stderr]     Checking anstream v1.0.0
[INFO] [stderr]    Compiling glob v0.3.4
[INFO] [stderr]     Checking clap_lex v1.1.0
[INFO] [stderr]     Checking sys-locale v0.3.2
[INFO] [stderr]     Checking sharded-slab v0.1.7
[INFO] [stderr]     Checking tracing-log v0.2.0
[INFO] [stderr]     Checking clap_builder v4.6.6
[INFO] [stderr]     Checking thread_local v1.1.10
[INFO] [stderr]     Checking nu-ansi-term v0.50.3
[INFO] [stderr]     Checking rust-i18n-support v4.2.1
[INFO] [stderr]    Compiling tracing-attributes v0.1.31
[INFO] [stderr]    Compiling prost-derive v0.14.4
[INFO] [stderr]    Compiling pin-project-internal v1.1.13
[INFO] [stderr]    Compiling strum_macros v0.28.0
[INFO] [stderr]    Compiling derive_more-impl v2.1.1
[INFO] [stderr]    Compiling globwalk v0.8.1
[INFO] [stderr]    Compiling tokio-macros v2.7.2
[INFO] [stderr]    Compiling thiserror-impl v2.0.20
[INFO] [stderr]    Compiling serde_derive v1.0.229
[INFO] [stderr]    Compiling async-trait v0.1.92
[INFO] [stderr]    Compiling cxxbridge-macro v1.0.199
[INFO] [stderr]    Compiling rust-i18n v4.2.1
[INFO] [stderr]    Compiling clap_derive v4.6.4
[INFO] [stderr]     Checking derive_more v2.1.1
[INFO] [stderr]     Checking tokio v1.53.1
[INFO] [stderr]     Checking crossterm v0.29.0
[INFO] [stderr]     Checking tracing-subscriber v0.3.23
[INFO] [stderr]    Compiling nodesea-bt v0.0.1 (/opt/rustwide/workdir/crates/nodesea-bt)
[INFO] [stderr]     Checking pin-project v1.1.13
[INFO] [stderr]     Checking thiserror v2.0.20
[INFO] [stderr]     Checking kasuari v0.4.12
[INFO] [stderr]     Checking tracing v0.1.44
[INFO] [stderr]     Checking nodesea-helper v0.0.1 (/opt/rustwide/workdir/crates/helper)
[INFO] [stderr]    Compiling darling_macro v0.24.1
[INFO] [stderr]     Checking strum v0.28.0
[INFO] [stderr]    Compiling prost v0.14.4
[INFO] [stderr]     Checking ratatui-core v0.1.2
[INFO] [stderr]    Compiling darling v0.24.1
[INFO] [stderr]    Compiling prost-types v0.14.4
[INFO] [stderr]     Checking clap v4.6.6
[INFO] [stderr]    Compiling serde-saphyr v0.0.29
[INFO] [stderr]     Checking ratatui-widgets v0.3.2
[INFO] [stderr]     Checking ratatui-crossterm v0.1.2
[INFO] [stderr]    Compiling prost-build v0.14.4
[INFO] [stderr]    Compiling tonic-prost-build v0.14.6
[INFO] [stderr]    Compiling nodesea-proto v0.0.1 (/opt/rustwide/workdir/crates/nodesea-proto)
[INFO] [stderr]     Checking ratatui-macros v0.7.2
[INFO] [stderr]     Checking ratatui v0.30.2
[INFO] [stderr]    Compiling toml_datetime v0.6.11
[INFO] [stderr]    Compiling serde_spanned v0.6.9
[INFO] [stderr]    Compiling toml_edit v0.22.27
[INFO] [stderr]     Checking tokio-util v0.7.19
[INFO] [stderr]     Checking tokio-stream v0.1.19
[INFO] [stderr]     Checking h2 v0.4.19
[INFO] [stderr]     Checking tower v0.5.3
[INFO] [stderr]     Checking axum v0.8.9
[INFO] [stderr]    Compiling toml v0.8.23
[INFO] [stderr]    Compiling rust-i18n-macro v4.2.1
[INFO] [stderr]     Checking hyper v1.11.1
[INFO] [stderr]     Checking hyper-util v0.1.20
[INFO] [stderr]     Checking hyper-timeout v0.5.2
[INFO] [stderr]     Checking tonic v0.14.6
[INFO] [stderr]     Checking tonic-prost v0.14.6
[INFO] [stderr]     Checking nodesea-cli v0.0.1 (/opt/rustwide/workdir/crates/nodesea-cli)
[INFO] [stderr] error: failed to run custom build command for `nodesea-bt v0.0.1 (/opt/rustwide/workdir/crates/nodesea-bt)`
[INFO] [stderr] note: To improve backtraces for build dependencies, set the CARGO_PROFILE_DEV_BUILD_OVERRIDE_DEBUG=true environment variable to enable debug information generation.
[INFO] [stderr] 
[INFO] [stderr] Caused by:
[INFO] [stderr]   process didn't exit successfully: `/opt/rustwide/target/debug/build/nodesea-bt/e938aaa76ab126b5/out/build_script_build` (exit status: 101)
[INFO] [stderr]   --- stdout
[INFO] [stderr]   CMAKE_TOOLCHAIN_FILE_x86_64-unknown-linux-gnu = None
[INFO] [stderr]   CMAKE_TOOLCHAIN_FILE_x86_64_unknown_linux_gnu = None
[INFO] [stderr]   HOST_CMAKE_TOOLCHAIN_FILE = None
[INFO] [stderr]   CMAKE_TOOLCHAIN_FILE = None
[INFO] [stderr]   CMAKE_GENERATOR_x86_64-unknown-linux-gnu = None
[INFO] [stderr]   CMAKE_GENERATOR_x86_64_unknown_linux_gnu = None
[INFO] [stderr]   HOST_CMAKE_GENERATOR = None
[INFO] [stderr]   CMAKE_GENERATOR = None
[INFO] [stderr]   CMAKE_PREFIX_PATH_x86_64-unknown-linux-gnu = None
[INFO] [stderr]   CMAKE_PREFIX_PATH_x86_64_unknown_linux_gnu = None
[INFO] [stderr]   HOST_CMAKE_PREFIX_PATH = None
[INFO] [stderr]   CMAKE_PREFIX_PATH = None
[INFO] [stderr]   CMAKE_x86_64-unknown-linux-gnu = None
[INFO] [stderr]   CMAKE_x86_64_unknown_linux_gnu = None
[INFO] [stderr]   HOST_CMAKE = None
[INFO] [stderr]   CMAKE = None
[INFO] [stderr]   -- The CXX compiler identification is GNU 15.2.0
[INFO] [stderr]   -- Detecting CXX compiler ABI info
[INFO] [stderr]   -- Detecting CXX compiler ABI info - done
[INFO] [stderr]   -- Check for working CXX compiler: /usr/bin/c++ - skipped
[INFO] [stderr]   -- Detecting CXX compile features
[INFO] [stderr]   -- Detecting CXX compile features - done
[INFO] [stderr]   -- Configuring incomplete, errors occurred!
[INFO] [stderr] 
[INFO] [stderr]   --- stderr
[INFO] [stderr]   running: cd "/opt/rustwide/target/debug/build/nodesea-bt/8538a73186647d13/out/build" && CMAKE_PREFIX_PATH="" LC_ALL="C" "cmake" "/opt/rustwide/workdir/crates/nodesea-bt/." "-B" "/opt/rustwide/target/debug/build/nodesea-bt/8538a73186647d13/out/build" "-DCMAKE_INSTALL_PREFIX=/opt/rustwide/target/debug/build/nodesea-bt/8538a73186647d13/out" "-DCMAKE_C_FLAGS= -ffunction-sections -fdata-sections -fPIC -m64 -w" "-DCMAKE_C_COMPILER=/usr/bin/cc" "-DCMAKE_CXX_FLAGS= -ffunction-sections -fdata-sections -fPIC -m64 -w" "-DCMAKE_CXX_COMPILER=/usr/bin/c++" "-DCMAKE_ASM_FLAGS= -ffunction-sections -fdata-sections -fPIC -m64 -w" "-DCMAKE_ASM_COMPILER=/usr/bin/cc" "-DCMAKE_BUILD_TYPE=Debug"
[INFO] [stderr]   [ 11%] Creating directories for 'boost_src-populate'
[INFO] [stderr]   [ 22%] Performing download step (download, verify and extract) for 'boost_src-populate'
[INFO] [stderr]   -- Downloading...
[INFO] [stderr]      dst='/opt/rustwide/target/debug/build/nodesea-bt/8538a73186647d13/out/build/_deps/boost_src-subbuild/boost_src-populate-prefix/src/boost-1.92.0-cmake.tar.xz'
[INFO] [stderr]      timeout='none'
[INFO] [stderr]      inactivity timeout='none'
[INFO] [stderr]   -- Using src='https://github.com/boostorg/boost/releases/download/boost-1.92.0/boost-1.92.0-cmake.tar.xz'
[INFO] [stderr]   -- Retrying...
[INFO] [stderr]   -- Using src='https://github.com/boostorg/boost/releases/download/boost-1.92.0/boost-1.92.0-cmake.tar.xz'
[INFO] [stderr]   -- Retry after 5 seconds (attempt #2) ...
[INFO] [stderr]   -- Using src='https://github.com/boostorg/boost/releases/download/boost-1.92.0/boost-1.92.0-cmake.tar.xz'
[INFO] [stderr]   -- Retry after 5 seconds (attempt #3) ...
[INFO] [stderr]   -- Using src='https://github.com/boostorg/boost/releases/download/boost-1.92.0/boost-1.92.0-cmake.tar.xz'
[INFO] [stderr]   -- Retry after 15 seconds (attempt #4) ...
[INFO] [stderr]   -- Using src='https://github.com/boostorg/boost/releases/download/boost-1.92.0/boost-1.92.0-cmake.tar.xz'
[INFO] [stderr]   -- Retry after 60 seconds (attempt #5) ...
[INFO] [stderr]   -- Using src='https://github.com/boostorg/boost/releases/download/boost-1.92.0/boost-1.92.0-cmake.tar.xz'
[INFO] [stderr]   CMake Error at boost_src-subbuild/boost_src-populate-prefix/src/boost_src-populate-stamp/download-boost_src-populate.cmake:163 (message):
[INFO] [stderr]     Each download failed!
[INFO] [stderr] 
[INFO] [stderr]       error: downloading 'https://github.com/boostorg/boost/releases/download/boost-1.92.0/boost-1.92.0-cmake.tar.xz' failed
[INFO] [stderr]             status_code: 6
[INFO] [stderr]             status_string: "Could not resolve hostname"
[INFO] [stderr]             log:
[INFO] [stderr]             --- LOG BEGIN ---
[INFO] [stderr]             Could not resolve host: github.com
[INFO] [stderr] 
[INFO] [stderr]     Store negative name resolve for github.com:443
[INFO] [stderr] 
[INFO] [stderr]     shutting down connection #0
[INFO] [stderr] 
[INFO] [stderr] 
[INFO] [stderr] 
[INFO] [stderr]             --- LOG END ---
[INFO] [stderr]             error: downloading 'https://github.com/boostorg/boost/releases/download/boost-1.92.0/boost-1.92.0-cmake.tar.xz' failed
[INFO] [stderr]             status_code: 6
[INFO] [stderr]             status_string: "Could not resolve hostname"
[INFO] [stderr]             log:
[INFO] [stderr]             --- LOG BEGIN ---
[INFO] [stderr]             Could not resolve host: github.com
[INFO] [stderr] 
[INFO] [stderr]     Store negative name resolve for github.com:443
[INFO] [stderr] 
[INFO] [stderr]     shutting down connection #0
[INFO] [stderr] 
[INFO] [stderr] 
[INFO] [stderr] 
[INFO] [stderr]             --- LOG END ---
[INFO] [stderr]             error: downloading 'https://github.com/boostorg/boost/releases/download/boost-1.92.0/boost-1.92.0-cmake.tar.xz' failed
[INFO] [stderr]             status_code: 6
[INFO] [stderr]             status_string: "Could not resolve hostname"
[INFO] [stderr]             log:
[INFO] [stderr]             --- LOG BEGIN ---
[INFO] [stderr]             Could not resolve host: github.com
[INFO] [stderr] 
[INFO] [stderr]     Store negative name resolve for github.com:443
[INFO] [stderr] 
[INFO] [stderr]     shutting down connection #0
[INFO] [stderr] 
[INFO] [stderr] 
[INFO] [stderr] 
[INFO] [stderr]             --- LOG END ---
[INFO] [stderr]             error: downloading 'https://github.com/boostorg/boost/releases/download/boost-1.92.0/boost-1.92.0-cmake.tar.xz' failed
[INFO] [stderr]             status_code: 6
[INFO] [stderr]             status_string: "Could not resolve hostname"
[INFO] [stderr]             log:
[INFO] [stderr]             --- LOG BEGIN ---
[INFO] [stderr]             Could not resolve host: github.com
[INFO] [stderr] 
[INFO] [stderr]     Store negative name resolve for github.com:443
[INFO] [stderr] 
[INFO] [stderr]     shutting down connection #0
[INFO] [stderr] 
[INFO] [stderr] 
[INFO] [stderr] 
[INFO] [stderr]             --- LOG END ---
[INFO] [stderr]             error: downloading 'https://github.com/boostorg/boost/releases/download/boost-1.92.0/boost-1.92.0-cmake.tar.xz' failed
[INFO] [stderr]             status_code: 6
[INFO] [stderr]             status_string: "Could not resolve hostname"
[INFO] [stderr]             log:
[INFO] [stderr]             --- LOG BEGIN ---
[INFO] [stderr]             Could not resolve host: github.com
[INFO] [stderr] 
[INFO] [stderr]     Store negative name resolve for github.com:443
[INFO] [stderr] 
[INFO] [stderr]     shutting down connection #0
[INFO] [stderr] 
[INFO] [stderr] 
[INFO] [stderr] 
[INFO] [stderr]             --- LOG END ---
[INFO] [stderr]             error: downloading 'https://github.com/boostorg/boost/releases/download/boost-1.92.0/boost-1.92.0-cmake.tar.xz' failed
[INFO] [stderr]             status_code: 6
[INFO] [stderr]             status_string: "Could not resolve hostname"
[INFO] [stderr]             log:
[INFO] [stderr]             --- LOG BEGIN ---
[INFO] [stderr]             Could not resolve host: github.com
[INFO] [stderr] 
[INFO] [stderr]     Store negative name resolve for github.com:443
[INFO] [stderr] 
[INFO] [stderr]     shutting down connection #0
[INFO] [stderr] 
[INFO] [stderr] 
[INFO] [stderr] 
[INFO] [stderr]             --- LOG END ---
[INFO] [stderr]             
[INFO] [stderr]       
[INFO] [stderr] 
[INFO] [stderr] 
[INFO] [stderr]   gmake[2]: *** [CMakeFiles/boost_src-populate.dir/build.make:100: boost_src-populate-prefix/src/boost_src-populate-stamp/boost_src-populate-download] Error 1
[INFO] [stderr]   gmake[1]: *** [CMakeFiles/Makefile2:87: CMakeFiles/boost_src-populate.dir/all] Error 2
[INFO] [stderr]   gmake: *** [Makefile:91: all] Error 2
[INFO] [stderr] 
[INFO] [stderr]   CMake Error at /usr/share/cmake-4.2/Modules/FetchContent.cmake:1928 (message):
[INFO] [stderr]     Build step for boost_src failed: 2
[INFO] [stderr]   Call Stack (most recent call first):
[INFO] [stderr]     /usr/share/cmake-4.2/Modules/FetchContent.cmake:1619 (__FetchContent_populateSubbuild)
[INFO] [stderr]     /usr/share/cmake-4.2/Modules/FetchContent.cmake:2155:EVAL:2 (__FetchContent_doPopulation)
[INFO] [stderr]     /usr/share/cmake-4.2/Modules/FetchContent.cmake:2155 (cmake_language)
[INFO] [stderr]     /usr/share/cmake-4.2/Modules/FetchContent.cmake:2394 (__FetchContent_Populate)
[INFO] [stderr]     CMakeLists.txt:66 (FetchContent_MakeAvailable)
[INFO] [stderr] 
[INFO] [stderr] 
[INFO] [stderr] 
[INFO] [stderr]   thread 'main' (2048) panicked at /opt/rustwide/cargo-home/registry/src/index.crates.io-1949cf8c6b5b557f/cmake-0.1.58/src/lib.rs:1132:5:
[INFO] [stderr] 
[INFO] [stderr]   command did not execute successfully, got: exit status: 1
[INFO] [stderr] 
[INFO] [stderr]   build script failed, must exit now
[INFO] [stderr]   stack backtrace:
[INFO] [stderr]      0:     0x5702ed830681 - std[3164a59e47d3bde]::backtrace_rs::backtrace::libunwind::trace
[INFO] [stderr]                                  at /rustc/3154cc1a3e6424e44f438a95007d043ed5ceaaf6/library/std/src/../../backtrace/src/backtrace/libunwind.rs:117:9
[INFO] [stderr]      1:     0x5702ed830681 - std[3164a59e47d3bde]::backtrace_rs::backtrace::trace_unsynchronized::<std[3164a59e47d3bde]::sys::backtrace::_print_fmt::{closure#1}>
[INFO] [stderr]                                  at /rustc/3154cc1a3e6424e44f438a95007d043ed5ceaaf6/library/std/src/../../backtrace/src/backtrace/mod.rs:66:14
[INFO] [stderr]      2:     0x5702ed830681 - std[3164a59e47d3bde]::sys::backtrace::_print_fmt
[INFO] [stderr]                                  at /rustc/3154cc1a3e6424e44f438a95007d043ed5ceaaf6/library/std/src/sys/backtrace.rs:74:9
[INFO] [stderr]      3:     0x5702ed830681 - <<std[3164a59e47d3bde]::sys::backtrace::BacktraceLock>::print::DisplayBacktrace as core[934024a1e6126fb4]::fmt::Display>::fmt
[INFO] [stderr]                                  at /rustc/3154cc1a3e6424e44f438a95007d043ed5ceaaf6/library/std/src/sys/backtrace.rs:44:26
[INFO] [stderr]      4:     0x5702ed8466da - <core[934024a1e6126fb4]::fmt::rt::Argument>::fmt
[INFO] [stderr]                                  at /rustc/3154cc1a3e6424e44f438a95007d043ed5ceaaf6/library/core/src/fmt/rt.rs:152:76
[INFO] [stderr]      5:     0x5702ed8466da - core[934024a1e6126fb4]::fmt::write
[INFO] [stderr]      6:     0x5702ed836bac - core[934024a1e6126fb4]::io::write::default_write_fmt::<std[3164a59e47d3bde]::sys::stdio::unix::Stderr>
[INFO] [stderr]                                  at /rustc/3154cc1a3e6424e44f438a95007d043ed5ceaaf6/library/core/src/io/write.rs:402:11
[INFO] [stderr]      7:     0x5702ed836bac - <std[3164a59e47d3bde]::sys::stdio::unix::Stderr as core[934024a1e6126fb4]::io::write::Write>::write_fmt
[INFO] [stderr]                                  at /rustc/3154cc1a3e6424e44f438a95007d043ed5ceaaf6/library/core/src/io/write.rs:335:13
[INFO] [stderr]      8:     0x5702ed80cfa6 - <std[3164a59e47d3bde]::sys::backtrace::BacktraceLock>::print
[INFO] [stderr]                                  at /rustc/3154cc1a3e6424e44f438a95007d043ed5ceaaf6/library/std/src/sys/backtrace.rs:47:9
[INFO] [stderr]      9:     0x5702ed80cfa6 - std[3164a59e47d3bde]::panicking::default_hook::{closure#0}
[INFO] [stderr]                                  at /rustc/3154cc1a3e6424e44f438a95007d043ed5ceaaf6/library/std/src/panicking.rs:289:27
[INFO] [stderr]     10:     0x5702ed8295c1 - std[3164a59e47d3bde]::panicking::default_hook
[INFO] [stderr]                                  at /rustc/3154cc1a3e6424e44f438a95007d043ed5ceaaf6/library/std/src/panicking.rs:316:9
[INFO] [stderr]     11:     0x5702ed8298eb - std[3164a59e47d3bde]::panicking::panic_with_hook
[INFO] [stderr]                                  at /rustc/3154cc1a3e6424e44f438a95007d043ed5ceaaf6/library/std/src/panicking.rs:811:13
[INFO] [stderr]     12:     0x5702ed80d052 - std[3164a59e47d3bde]::panicking::panic_handler::{closure#0}
[INFO] [stderr]                                  at /rustc/3154cc1a3e6424e44f438a95007d043ed5ceaaf6/library/std/src/panicking.rs:685:13
[INFO] [stderr]     13:     0x5702ed805839 - std[3164a59e47d3bde]::sys::backtrace::__rust_end_short_backtrace::<std[3164a59e47d3bde]::panicking::panic_handler::{closure#0}, !>
[INFO] [stderr]                                  at /rustc/3154cc1a3e6424e44f438a95007d043ed5ceaaf6/library/std/src/sys/backtrace.rs:182:18
[INFO] [stderr]     14:     0x5702ed80daed - __rustc[2e7b49d4226056d3]::rust_begin_unwind
[INFO] [stderr]                                  at /rustc/3154cc1a3e6424e44f438a95007d043ed5ceaaf6/library/std/src/panicking.rs:676:5
[INFO] [stderr]     15:     0x5702ed846f7c - core[934024a1e6126fb4]::panicking::panic_fmt
[INFO] [stderr]                                  at /rustc/3154cc1a3e6424e44f438a95007d043ed5ceaaf6/library/core/src/panicking.rs:80:14
[INFO] [stderr]     16:     0x5702ed784627 - cmake[6f41a9355e352c40]::fail
[INFO] [stderr]     17:     0x5702ed7842b3 - cmake[6f41a9355e352c40]::run
[INFO] [stderr]     18:     0x5702ed789b72 - <cmake[6f41a9355e352c40]::Config>::build
[INFO] [stderr]     19:     0x5702ed51dbc1 - build_script_build[937ce6fe99085c00]::main
[INFO] [stderr]     20:     0x5702ed523413 - <fn() as core[934024a1e6126fb4]::ops::function::FnOnce<()>>::call_once
[INFO] [stderr]     21:     0x5702ed51d8fe - std[3164a59e47d3bde]::sys::backtrace::__rust_begin_short_backtrace::<fn(), ()>
[INFO] [stderr]     22:     0x5702ed51da89 - std[3164a59e47d3bde]::rt::lang_start::<()>::{closure#0}
[INFO] [stderr]     23:     0x5702ed8288b8 - <&dyn core[934024a1e6126fb4]::ops::function::Fn<(), Output = i32> + core[934024a1e6126fb4]::marker::Sync + core[934024a1e6126fb4]::panic::unwind_safe::RefUnwindSafe as core[934024a1e6126fb4]::ops::function::FnOnce<()>>::call_once
[INFO] [stderr]                                  at /rustc/3154cc1a3e6424e44f438a95007d043ed5ceaaf6/library/core/src/ops/function.rs:287:21
[INFO] [stderr]     24:     0x5702ed8288b8 - std[3164a59e47d3bde]::panicking::catch_unwind::do_call::<&dyn core[934024a1e6126fb4]::ops::function::Fn<(), Output = i32> + core[934024a1e6126fb4]::marker::Sync + core[934024a1e6126fb4]::panic::unwind_safe::RefUnwindSafe, i32>
[INFO] [stderr]                                  at /rustc/3154cc1a3e6424e44f438a95007d043ed5ceaaf6/library/std/src/panicking.rs:573:43
[INFO] [stderr]     25:     0x5702ed8288b8 - std[3164a59e47d3bde]::panicking::catch_unwind::<i32, &dyn core[934024a1e6126fb4]::ops::function::Fn<(), Output = i32> + core[934024a1e6126fb4]::marker::Sync + core[934024a1e6126fb4]::panic::unwind_safe::RefUnwindSafe>
[INFO] [stderr]                                  at /rustc/3154cc1a3e6424e44f438a95007d043ed5ceaaf6/library/std/src/panicking.rs:541:19
[INFO] [stderr]     26:     0x5702ed8288b8 - std[3164a59e47d3bde]::panic::catch_unwind::<&dyn core[934024a1e6126fb4]::ops::function::Fn<(), Output = i32> + core[934024a1e6126fb4]::marker::Sync + core[934024a1e6126fb4]::panic::unwind_safe::RefUnwindSafe, i32>
[INFO] [stderr]                                  at /rustc/3154cc1a3e6424e44f438a95007d043ed5ceaaf6/library/std/src/panic.rs:359:14
[INFO] [stderr]     27:     0x5702ed8288b8 - std[3164a59e47d3bde]::rt::lang_start_internal::{closure#0}
[INFO] [stderr]                                  at /rustc/3154cc1a3e6424e44f438a95007d043ed5ceaaf6/library/std/src/rt.rs:175:24
[INFO] [stderr]     28:     0x5702ed8288b8 - std[3164a59e47d3bde]::panicking::catch_unwind::do_call::<std[3164a59e47d3bde]::rt::lang_start_internal::{closure#0}, isize>
[INFO] [stderr]                                  at /rustc/3154cc1a3e6424e44f438a95007d043ed5ceaaf6/library/std/src/panicking.rs:573:43
[INFO] [stderr]     29:     0x5702ed8288b8 - std[3164a59e47d3bde]::panicking::catch_unwind::<isize, std[3164a59e47d3bde]::rt::lang_start_internal::{closure#0}>
[INFO] [stderr]                                  at /rustc/3154cc1a3e6424e44f438a95007d043ed5ceaaf6/library/std/src/panicking.rs:541:19
[INFO] [stderr]     30:     0x5702ed8288b8 - std[3164a59e47d3bde]::panic::catch_unwind::<std[3164a59e47d3bde]::rt::lang_start_internal::{closure#0}, isize>
[INFO] [stderr]                                  at /rustc/3154cc1a3e6424e44f438a95007d043ed5ceaaf6/library/std/src/panic.rs:359:14
[INFO] [stderr]     31:     0x5702ed8288b8 - std[3164a59e47d3bde]::rt::lang_start_internal
[INFO] [stderr]                                  at /rustc/3154cc1a3e6424e44f438a95007d043ed5ceaaf6/library/std/src/rt.rs:171:5
[INFO] [stderr]     32:     0x5702ed51d8c1 - std[3164a59e47d3bde]::rt::lang_start::<()>
[INFO] [stderr]     33:     0x5702ed5234f5 - main
[INFO] [stderr]     34:     0x747817c04601 - <unknown>
[INFO] [stderr]     35:     0x747817c04718 - __libc_start_main
[INFO] [stderr]     36:     0x5702ed51ac95 - _start
[INFO] [stderr]     37:                0x0 - <unknown>
[INFO] [stderr] warning: unused dependency `ratatui`
[INFO] [stderr]   --> crates/nodesea-cli/Cargo.toml:19:1
[INFO] [stderr]    |
[INFO] [stderr] 19 | ratatui = "0.30.2"
[INFO] [stderr]    | ^^^^^^^^^^^^^^^^^^
[INFO] [stderr]    |
[INFO] [stderr]    = note: `cargo::unused_dependencies` is set to `warn` by default
[INFO] [stderr] help: consider removing the dependency on `ratatui`
[INFO] [stderr] warning: `nodesea-cli` (manifest) generated 1 warning
[INFO] [stderr] warning: unused dependency `tracing`
[INFO] [stderr]   --> crates/helper/Cargo.toml:10:1
[INFO] [stderr]    |
[INFO] [stderr] 10 | tracing.workspace = true
[INFO] [stderr]    | ^^^^^^^
[INFO] [stderr]    |
[INFO] [stderr]    = note: `cargo::unused_dependencies` is set to `warn` by default
[INFO] [stderr] help: consider removing the dependency on `tracing`
[INFO] [stderr] warning: `nodesea-helper` (manifest) generated 1 warning
[INFO] running `Command { std: "docker" "inspect" "58faea6dc6494e4b5be7ed7368b46317768ebf44707d3b37bcdc0870ebda204a", kill_on_drop: false }`
[INFO] running `Command { std: "docker" "rm" "-f" "58faea6dc6494e4b5be7ed7368b46317768ebf44707d3b37bcdc0870ebda204a", kill_on_drop: false }`
[INFO] [stdout] 58faea6dc6494e4b5be7ed7368b46317768ebf44707d3b37bcdc0870ebda204a
