[INFO] cloning repository https://github.com/HsMirage/Akhub
[INFO] running `Command { std: "git" "-c" "credential.helper=" "-c" "credential.helper=/workspace/cargo-home/bin/git-credential-null" "clone" "--bare" "https://github.com/HsMirage/Akhub" "/workspace/cache/git-repos/https%3A%2F%2Fgithub.com%2FHsMirage%2FAkhub", kill_on_drop: false }`
[INFO] [stderr] Cloning into bare repository '/workspace/cache/git-repos/https%3A%2F%2Fgithub.com%2FHsMirage%2FAkhub'...
[INFO] running `Command { std: "git" "rev-parse" "HEAD", kill_on_drop: false }`
[INFO] [stdout] e09f2c9d243f9f141fc947d51f55f94b4cc63c43
[INFO] checking HsMirage/Akhub against 3154cc1a3e6424e44f438a95007d043ed5ceaaf6+rustflags=-Znext-solver=coherence for pr-133502-30
[INFO] running `Command { std: "git" "clone" "/workspace/cache/git-repos/https%3A%2F%2Fgithub.com%2FHsMirage%2FAkhub" "/workspace/builds/worker-6-tc1/source", kill_on_drop: false }`
[INFO] [stderr] Cloning into '/workspace/builds/worker-6-tc1/source'...
[INFO] [stderr] done.
[INFO] started tweaking git repo https://github.com/HsMirage/Akhub
[INFO] finished tweaking git repo https://github.com/HsMirage/Akhub
[INFO] tweaked toml for git repo https://github.com/HsMirage/Akhub written to /workspace/builds/worker-6-tc1/source/Cargo.toml
[INFO] validating manifest of git repo https://github.com/HsMirage/Akhub on toolchain 3154cc1a3e6424e44f438a95007d043ed5ceaaf6
[INFO] running `Command { std: CARGO_HOME="/workspace/cargo-home" RUSTUP_HOME="/workspace/rustup-home" "/workspace/cargo-home/bin/cargo" "+3154cc1a3e6424e44f438a95007d043ed5ceaaf6" "metadata" "--manifest-path" "Cargo.toml" "--no-deps", kill_on_drop: false }`
[INFO] crate git repo https://github.com/HsMirage/Akhub already has a lockfile, it will not be regenerated
[INFO] running `Command { std: CARGO_HOME="/workspace/cargo-home" RUSTUP_HOME="/workspace/rustup-home" "/workspace/cargo-home/bin/cargo" "+3154cc1a3e6424e44f438a95007d043ed5ceaaf6" "fetch" "--manifest-path" "Cargo.toml", kill_on_drop: false }`
[INFO] [stderr]     Updating crates.io index
[INFO] [stderr]  Downloading crates ...
[INFO] [stderr]   Downloaded ulid v3.0.0
[INFO] [stderr]   Downloaded hashlink v0.11.1
[INFO] [stderr]   Downloaded etcetera v0.11.0
[INFO] [stderr]   Downloaded sqlx-macros v0.9.0
[INFO] [stderr]   Downloaded password-hash v0.6.1
[INFO] [stderr]   Downloaded sqlx-macros-core v0.9.0
[INFO] [stderr]   Downloaded argon2 v0.6.0
[INFO] [stderr]   Downloaded sqlx-mysql v0.9.0
[INFO] [stderr]   Downloaded sqlx-sqlite v0.9.0
[INFO] [stderr]   Downloaded phc v0.6.1
[INFO] [stderr]   Downloaded blake2 v0.11.0
[INFO] [stderr]   Downloaded sqlx v0.9.0
[INFO] [stderr]   Downloaded sqlx-core v0.9.0
[INFO] [stderr]   Downloaded sqlx-postgres v0.9.0
[INFO] [stderr]   Downloaded libsqlite3-sys v0.37.0
[INFO] running `Command { std: "docker" "create" "-v" "/var/lib/crater-agent-workspace/builds/worker-6-tc1/source:/opt/rustwide/workdir:ro,Z" "-v" "/var/lib/crater-agent-workspace/builds/worker-6-tc1/target:/opt/rustwide/target:rw,Z" "-v" "/var/lib/crater-agent-workspace/cargo-home:/opt/rustwide/cargo-home:ro,Z" "-v" "/var/lib/crater-agent-workspace/rustup-home:/opt/rustwide/rustup-home:ro,Z" "-m" "1610612736" "--network" "none" "ghcr.io/rust-lang/crates-build-env/linux@sha256:77db811e55d90add9212f6832c23229e3de5f1c1f9905e8cb07319ea15df73ac" "sleep" "infinity", kill_on_drop: false }`
[INFO] [stdout] 19b958ac656d4595696d706b552e3a6dfc54802d3479b7beb6997b8a6b71e177
[INFO] running `Command { std: "docker" "start" "19b958ac656d4595696d706b552e3a6dfc54802d3479b7beb6997b8a6b71e177", kill_on_drop: false }`
[INFO] running `Command { std: "docker" "inspect" "19b958ac656d4595696d706b552e3a6dfc54802d3479b7beb6997b8a6b71e177", kill_on_drop: false }`
[INFO] running `Command { std: "docker" "exec" "-e" "SOURCE_DIR=/opt/rustwide/workdir" "-e" "CARGO_HOME=/opt/rustwide/cargo-home" "-e" "RUSTUP_HOME=/opt/rustwide/rustup-home" "-e" "CARGO_TARGET_DIR=/opt/rustwide/target" "-w" "/opt/rustwide/workdir" "--user" "0:0" "19b958ac656d4595696d706b552e3a6dfc54802d3479b7beb6997b8a6b71e177" "/opt/rustwide/cargo-home/bin/cargo" "+3154cc1a3e6424e44f438a95007d043ed5ceaaf6" "metadata" "--no-deps" "--format-version=1", kill_on_drop: false }`
[INFO] running `Command { std: "docker" "inspect" "19b958ac656d4595696d706b552e3a6dfc54802d3479b7beb6997b8a6b71e177", kill_on_drop: false }`
[INFO] running `Command { std: "docker" "exec" "-e" "SOURCE_DIR=/opt/rustwide/workdir" "-e" "CARGO_HOME=/opt/rustwide/cargo-home" "-e" "RUSTUP_HOME=/opt/rustwide/rustup-home" "-e" "CARGO_TARGET_DIR=/opt/rustwide/target" "-e" "CARGO_INCREMENTAL=0" "-e" "RUST_BACKTRACE=full" "-e" "RUSTFLAGS=--cap-lints=forbid -Znext-solver=coherence" "-e" "RUSTDOCFLAGS=--cap-lints=forbid" "-w" "/opt/rustwide/workdir" "--user" "0:0" "19b958ac656d4595696d706b552e3a6dfc54802d3479b7beb6997b8a6b71e177" "/opt/rustwide/cargo-home/bin/cargo" "+3154cc1a3e6424e44f438a95007d043ed5ceaaf6" "check" "--frozen" "--all" "--all-targets" "--message-format=json", kill_on_drop: false }`
[INFO] [stderr]    Compiling cc v1.4.0
[INFO] [stderr]     Checking getrandom v0.4.3
[INFO] [stderr]     Checking parking_lot_core v0.9.12
[INFO] [stderr]    Compiling zerofrom v0.1.8
[INFO] [stderr]    Compiling tokio-macros v2.7.2
[INFO] [stderr]     Checking tracing v0.1.44
[INFO] [stderr]    Compiling futures-macro v0.3.34
[INFO] [stderr]    Compiling serde_json v1.0.151
[INFO] [stderr]    Compiling yoke v0.8.3
[INFO] [stderr]    Compiling time-macros v0.2.32
[INFO] [stderr]     Checking crypto-common v0.2.2
[INFO] [stderr]    Compiling litemap v0.8.3
[INFO] [stderr]     Checking parking_lot v0.12.5
[INFO] [stderr]    Compiling zerovec v0.11.8
[INFO] [stderr]    Compiling smallvec v1.15.2
[INFO] [stderr]    Compiling writeable v0.6.4
[INFO] [stderr]    Compiling zerotrie v0.2.5
[INFO] [stderr]    Compiling futures-core v0.3.34
[INFO] [stderr]     Checking tokio v1.53.1
[INFO] [stderr]    Compiling serde_core v1.0.229
[INFO] [stderr]     Checking indexmap v2.14.1
[INFO] [stderr]     Checking futures-util v0.3.34
[INFO] [stderr]    Compiling generic-array v0.14.7
[INFO] [stderr]    Compiling icu_properties_data v2.3.0
[INFO] [stderr]    Compiling tinystr v0.8.4
[INFO] [stderr]    Compiling cmake v0.1.58
[INFO] [stderr]    Compiling icu_locale_core v2.3.0
[INFO] [stderr]    Compiling potential_utf v0.1.6
[INFO] [stderr]    Compiling thiserror-impl v2.0.20
[INFO] [stderr]    Compiling icu_collections v2.3.0
[INFO] [stderr]    Compiling icu_normalizer_data v2.3.0
[INFO] [stderr]    Compiling aws-lc-rs v1.17.3
[INFO] [stderr]    Compiling futures-sink v0.3.34
[INFO] [stderr]     Checking idna v1.1.0
[INFO] [stderr]    Compiling aws-lc-sys v0.43.0
[INFO] [stderr]     Checking serde v1.0.229
[INFO] [stderr]    Compiling crypto-common v0.1.7
[INFO] [stderr]    Compiling block-buffer v0.10.4
[INFO] [stderr]    Compiling icu_provider v2.3.1
[INFO] [stderr]     Checking deranged v0.5.8
[INFO] [stderr]    Compiling mio v1.2.2
[INFO] [stderr]    Compiling icu_properties v2.3.0
[INFO] [stderr]    Compiling icu_normalizer v2.3.0
[INFO] [stderr]    Compiling socket2 v0.6.5
[INFO] [stderr]    Compiling futures-task v0.3.34
[INFO] [stderr]    Compiling thiserror v2.0.20
[INFO] [stderr]    Compiling futures-io v0.3.34
[INFO] [stderr]    Compiling bytes v1.12.1
[INFO] [stderr]     Checking digest v0.11.3
[INFO] [stderr]    Compiling idna_adapter v1.2.2
[INFO] [stderr]     Checking time v0.3.55
[INFO] [stderr]    Compiling digest v0.10.7
[INFO] [stderr]     Checking url v2.5.8
[INFO] [stderr]    Compiling libsqlite3-sys v0.37.0
[INFO] [stderr]    Compiling crossbeam-utils v0.8.22
[INFO] [stderr]     Checking inout v0.2.2
[INFO] [stderr]    Compiling crc-catalog v2.5.0
[INFO] [stderr]     Checking tokio-util v0.7.19
[INFO] [stderr]    Compiling powerfmt v0.2.0
[INFO] [stderr]    Compiling rustls v0.23.43
[INFO] [stderr]    Compiling either v1.18.0
[INFO] [stderr]    Compiling crossbeam-queue v0.3.13
[INFO] [stderr]     Checking h2 v0.4.19
[INFO] [stderr]    Compiling crc v3.4.0
[INFO] [stderr]    Compiling event-listener v5.4.2
[INFO] [stderr]    Compiling sha2 v0.10.9
[INFO] [stderr]    Compiling futures-intrusive v0.5.0
[INFO] [stderr]    Compiling hashlink v0.11.1
[INFO] [stderr]    Compiling block-buffer v0.12.1
[INFO] [stderr]    Compiling num-traits v0.2.19
[INFO] [stderr]    Compiling spin v0.9.9
[INFO] [stderr]    Compiling option-ext v0.2.0
[INFO] [stderr]    Compiling base64 v0.22.1
[INFO] [stderr]    Compiling atoi v2.0.0
[INFO] [stderr]    Compiling dirs-sys v0.5.0
[INFO] [stderr]    Compiling flume v0.12.0
[INFO] [stderr]    Compiling futures-executor v0.3.34
[INFO] [stderr]     Checking cipher v0.5.2
[INFO] [stderr]    Compiling futures-channel v0.3.34
[INFO] [stderr]    Compiling sha2 v0.11.0
[INFO] [stderr]    Compiling tokio-stream v0.1.19
[INFO] [stderr]    Compiling sqlx-core v0.9.0
[INFO] [stderr]     Checking chacha20 v0.10.2
[INFO] [stderr]    Compiling dirs v6.0.0
[INFO] [stderr]     Checking tower v0.5.3
[INFO] [stderr]     Checking hyper v1.11.1
[INFO] [stderr]     Checking psl-types v2.0.11
[INFO] [stderr]     Checking phc v0.6.1
[INFO] [stderr]     Checking publicsuffix v2.3.0
[INFO] [stderr]     Checking regex-automata v0.4.16
[INFO] [stderr]    Compiling crc32fast v1.5.2
[INFO] [stderr]    Compiling shellexpand v3.1.2
[INFO] [stderr]     Checking cookie v0.18.1
[INFO] [stderr]    Compiling rust-embed-utils v8.12.0
[INFO] [stderr]     Checking hyper-util v0.1.20
[INFO] [stderr]     Checking universal-hash v0.6.1
[INFO] [stderr]     Checking simd-adler32 v0.3.10
[INFO] [stderr]     Checking miniz_oxide v0.9.1
[INFO] [stderr]     Checking matchers v0.2.0
[INFO] [stderr]     Checking mime_guess v2.0.5
[INFO] [stderr]     Checking serde_urlencoded v0.7.1
[INFO] [stderr]     Checking poly1305 v0.9.1
[INFO] [stderr]    Compiling rust-embed-impl v8.12.0
[INFO] [stderr]     Checking cookie_store v0.22.1
[INFO] [stderr]     Checking password-hash v0.6.1
[INFO] [stderr]     Checking tower-http v0.6.11
[INFO] [stderr]     Checking rand v0.10.2
[INFO] [stderr]     Checking xattr v1.6.1
[INFO] [stderr]     Checking axum-core v0.5.6
[INFO] [stderr]     Checking aead v0.6.1
[INFO] [stderr]     Checking blake2 v0.11.0
[INFO] [stderr]    Compiling axum-macros v0.5.1
[INFO] [stderr]    Compiling async-stream-impl v0.3.6
[INFO] [stderr]     Checking filetime v0.2.29
[INFO] [stderr]    Compiling akhub v1.1.27 (/opt/rustwide/workdir)
[INFO] [stderr]     Checking http-range-header v0.4.2
[INFO] [stderr]     Checking tracing-subscriber v0.3.23
[INFO] [stderr]     Checking tower-http v0.7.1
[INFO] [stderr]     Checking async-stream v0.3.6
[INFO] [stderr]     Checking tar v0.4.46
[INFO] [stderr] warning: akhub@1.1.27: 无法创建 web/dist：Read-only file system (os error 30)
[INFO] [stderr]     Checking tempfile v3.27.0
[INFO] [stderr]     Checking argon2 v0.6.0
[INFO] [stderr]     Checking ulid v3.0.0
[INFO] [stderr]     Checking chacha20poly1305 v0.11.0
[INFO] [stderr]     Checking rust-embed v8.12.0
[INFO] [stderr]     Checking flate2 v1.1.10
[INFO] [stderr]     Checking futures v0.3.34
[INFO] [stderr]     Checking hmac v0.13.0
[INFO] [stderr]     Checking secrecy v0.10.3
[INFO] [stderr]     Checking axum v0.8.9
[INFO] [stderr]    Compiling sqlx-sqlite v0.9.0
[INFO] [stderr]    Compiling sqlx-macros-core v0.9.0
[INFO] [stderr]    Compiling sqlx-macros v0.9.0
[INFO] [stderr]     Checking sqlx v0.9.0
[INFO] [stderr]     Checking rustls-webpki v0.103.13
[INFO] [stderr]     Checking tokio-rustls v0.26.4
[INFO] [stderr]     Checking rustls-platform-verifier v0.7.0
[INFO] [stderr]     Checking hyper-rustls v0.27.9
[INFO] [stderr]     Checking reqwest v0.13.4
[INFO] [stdout] error: #[derive(RustEmbed)] folder '/opt/rustwide/workdir/web/dist' does not exist. cwd: '/opt/rustwide/workdir'
[INFO] [stdout]   --> src/admin/ui.rs:12:1
[INFO] [stdout]    |
[INFO] [stdout] 12 | / #[folder = "$CARGO_MANIFEST_DIR/web/dist"]
[INFO] [stdout] 13 | | struct Assets;
[INFO] [stdout]    | |______________^
[INFO] [stdout] 
[INFO] [stdout] 
[INFO] [stdout] error: #[derive(RustEmbed)] folder '/opt/rustwide/workdir/web/dist' does not exist. cwd: '/opt/rustwide/workdir'
[INFO] [stdout]   --> src/admin/ui.rs:12:1
[INFO] [stdout]    |
[INFO] [stdout] 12 | / #[folder = "$CARGO_MANIFEST_DIR/web/dist"]
[INFO] [stdout] 13 | | struct Assets;
[INFO] [stdout]    | |______________^
[INFO] [stdout] 
[INFO] [stdout] 
[INFO] [stdout] error[E0599]: no associated function or constant named `get` found for struct `Assets` in the current scope
[INFO] [stdout]   --> src/admin/ui.rs:25:38
[INFO] [stdout]    |
[INFO] [stdout] 13 | struct Assets;
[INFO] [stdout]    | ------------- associated function or constant `get` not found for this struct
[INFO] [stdout] ...
[INFO] [stdout] 25 |         && let Some(asset) = Assets::get(trimmed)
[INFO] [stdout]    |                                      ^^^ associated function or constant not found in `Assets`
[INFO] [stdout]    |
[INFO] [stdout]    = help: items from traits can only be used if the trait is implemented and in scope
[INFO] [stdout]    = note: the following traits define an item `get`, perhaps you need to implement one of them:
[INFO] [stdout]            candidate #1: `Embed`
[INFO] [stdout]            candidate #2: `Row`
[INFO] [stdout]            candidate #3: `SliceIndex`
[INFO] [stdout]            candidate #4: `icu_collections::codepointtrie::cptrie::TypedCodePointTrie`
[INFO] [stdout]            candidate #5: `icu_properties::names::PropertyEnumToValueNameLookup`
[INFO] [stdout]            candidate #6: `icu_provider::baked::DataStore`
[INFO] [stdout]            candidate #7: `rustls::server::server_conn::StoresServerSessions`
[INFO] [stdout] 
[INFO] [stdout] 
[INFO] [stdout] error[E0599]: no associated function or constant named `get` found for struct `Assets` in the current scope
[INFO] [stdout]   --> src/admin/ui.rs:43:19
[INFO] [stdout]    |
[INFO] [stdout] 13 | struct Assets;
[INFO] [stdout]    | ------------- associated function or constant `get` not found for this struct
[INFO] [stdout] ...
[INFO] [stdout] 43 |     match Assets::get("index.html") {
[INFO] [stdout]    |                   ^^^ associated function or constant not found in `Assets`
[INFO] [stdout]    |
[INFO] [stdout]    = help: items from traits can only be used if the trait is implemented and in scope
[INFO] [stdout]    = note: the following traits define an item `get`, perhaps you need to implement one of them:
[INFO] [stdout]            candidate #1: `Embed`
[INFO] [stdout]            candidate #2: `Row`
[INFO] [stdout]            candidate #3: `SliceIndex`
[INFO] [stdout]            candidate #4: `icu_collections::codepointtrie::cptrie::TypedCodePointTrie`
[INFO] [stdout]            candidate #5: `icu_properties::names::PropertyEnumToValueNameLookup`
[INFO] [stdout]            candidate #6: `icu_provider::baked::DataStore`
[INFO] [stdout]            candidate #7: `rustls::server::server_conn::StoresServerSessions`
[INFO] [stdout] 
[INFO] [stdout] 
[INFO] [stdout] error[E0599]: no associated function or constant named `get` found for struct `Assets` in the current scope
[INFO] [stdout]   --> src/admin/ui.rs:25:38
[INFO] [stdout]    |
[INFO] [stdout] 13 | struct Assets;
[INFO] [stdout]    | ------------- associated function or constant `get` not found for this struct
[INFO] [stdout] ...
[INFO] [stdout] 25 |         && let Some(asset) = Assets::get(trimmed)
[INFO] [stdout]    |                                      ^^^ associated function or constant not found in `Assets`
[INFO] [stdout]    |
[INFO] [stdout]    = help: items from traits can only be used if the trait is implemented and in scope
[INFO] [stdout]    = note: the following traits define an item `get`, perhaps you need to implement one of them:
[INFO] [stdout]            candidate #1: `Embed`
[INFO] [stdout]            candidate #2: `SliceIndex`
[INFO] [stdout]            candidate #3: `icu_collections::codepointtrie::cptrie::TypedCodePointTrie`
[INFO] [stdout]            candidate #4: `icu_properties::names::PropertyEnumToValueNameLookup`
[INFO] [stdout]            candidate #5: `icu_provider::baked::DataStore`
[INFO] [stdout]            candidate #6: `rustls::server::server_conn::StoresServerSessions`
[INFO] [stdout]            candidate #7: `sqlx::Row`
[INFO] [stdout] 
[INFO] [stdout] 
[INFO] [stdout] error[E0599]: no associated function or constant named `get` found for struct `Assets` in the current scope
[INFO] [stdout]   --> src/admin/ui.rs:43:19
[INFO] [stdout]    |
[INFO] [stdout] 13 | struct Assets;
[INFO] [stdout]    | ------------- associated function or constant `get` not found for this struct
[INFO] [stdout] ...
[INFO] [stdout] 43 |     match Assets::get("index.html") {
[INFO] [stdout]    |                   ^^^ associated function or constant not found in `Assets`
[INFO] [stdout]    |
[INFO] [stdout]    = help: items from traits can only be used if the trait is implemented and in scope
[INFO] [stdout]    = note: the following traits define an item `get`, perhaps you need to implement one of them:
[INFO] [stdout]            candidate #1: `Embed`
[INFO] [stdout]            candidate #2: `SliceIndex`
[INFO] [stdout]            candidate #3: `icu_collections::codepointtrie::cptrie::TypedCodePointTrie`
[INFO] [stdout]            candidate #4: `icu_properties::names::PropertyEnumToValueNameLookup`
[INFO] [stdout]            candidate #5: `icu_provider::baked::DataStore`
[INFO] [stdout]            candidate #6: `rustls::server::server_conn::StoresServerSessions`
[INFO] [stdout]            candidate #7: `sqlx::Row`
[INFO] [stdout] 
[INFO] [stdout] 
[INFO] [stdout] For more information about this error, try `rustc --explain E0599`.
[INFO] [stdout] 
[INFO] [stderr] warning: akhub@1.1.27: 无法创建 web/dist：Read-only file system (os error 30)
[INFO] [stderr] error: could not compile `akhub` (lib) due to 3 previous errors
[INFO] [stderr] warning: build failed, waiting for other jobs to finish...
[INFO] [stdout] For more information about this error, try `rustc --explain E0599`.
[INFO] [stdout] 
[INFO] [stderr] warning: akhub@1.1.27: 无法创建 web/dist：Read-only file system (os error 30)
[INFO] [stderr] error: could not compile `akhub` (lib test) due to 3 previous errors
[INFO] running `Command { std: "docker" "inspect" "19b958ac656d4595696d706b552e3a6dfc54802d3479b7beb6997b8a6b71e177", kill_on_drop: false }`
[INFO] running `Command { std: "docker" "rm" "-f" "19b958ac656d4595696d706b552e3a6dfc54802d3479b7beb6997b8a6b71e177", kill_on_drop: false }`
[INFO] [stdout] 19b958ac656d4595696d706b552e3a6dfc54802d3479b7beb6997b8a6b71e177
