[INFO] cloning repository https://github.com/HomeOps/wmux
[INFO] running `Command { std: "git" "-c" "credential.helper=" "-c" "credential.helper=/workspace/cargo-home/bin/git-credential-null" "clone" "--bare" "https://github.com/HomeOps/wmux" "/workspace/cache/git-repos/https%3A%2F%2Fgithub.com%2FHomeOps%2Fwmux", kill_on_drop: false }`
[INFO] [stderr] Cloning into bare repository '/workspace/cache/git-repos/https%3A%2F%2Fgithub.com%2FHomeOps%2Fwmux'...
[INFO] running `Command { std: "git" "rev-parse" "HEAD", kill_on_drop: false }`
[INFO] [stdout] 925d62e453ee31f1fcff64395eeda9069b3a9d83
[INFO] checking HomeOps/wmux against 3154cc1a3e6424e44f438a95007d043ed5ceaaf6+rustflags=-Znext-solver=coherence for pr-133502-30
[INFO] running `Command { std: "git" "clone" "/workspace/cache/git-repos/https%3A%2F%2Fgithub.com%2FHomeOps%2Fwmux" "/workspace/builds/worker-7-tc1/source", kill_on_drop: false }`
[INFO] [stderr] Cloning into '/workspace/builds/worker-7-tc1/source'...
[INFO] [stderr] done.
[INFO] started tweaking git repo https://github.com/HomeOps/wmux
[INFO] finished tweaking git repo https://github.com/HomeOps/wmux
[INFO] tweaked toml for git repo https://github.com/HomeOps/wmux written to /workspace/builds/worker-7-tc1/source/Cargo.toml
[INFO] validating manifest of git repo https://github.com/HomeOps/wmux on toolchain 3154cc1a3e6424e44f438a95007d043ed5ceaaf6
[INFO] running `Command { std: CARGO_HOME="/workspace/cargo-home" RUSTUP_HOME="/workspace/rustup-home" "/workspace/cargo-home/bin/cargo" "+3154cc1a3e6424e44f438a95007d043ed5ceaaf6" "metadata" "--manifest-path" "Cargo.toml" "--no-deps", kill_on_drop: false }`
[INFO] crate git repo https://github.com/HomeOps/wmux already has a lockfile, it will not be regenerated
[INFO] running `Command { std: CARGO_HOME="/workspace/cargo-home" RUSTUP_HOME="/workspace/rustup-home" "/workspace/cargo-home/bin/cargo" "+3154cc1a3e6424e44f438a95007d043ed5ceaaf6" "fetch" "--manifest-path" "Cargo.toml", kill_on_drop: false }`
[INFO] [stderr]  Downloading crates ...
[INFO] [stderr]   Downloaded vt100 v0.15.2
[INFO] [stderr]   Downloaded vte v0.11.1
[INFO] running `Command { std: "docker" "create" "-v" "/var/lib/crater-agent-workspace/builds/worker-7-tc1/source:/opt/rustwide/workdir:ro,Z" "-v" "/var/lib/crater-agent-workspace/builds/worker-7-tc1/target:/opt/rustwide/target:rw,Z" "-v" "/var/lib/crater-agent-workspace/cargo-home:/opt/rustwide/cargo-home:ro,Z" "-v" "/var/lib/crater-agent-workspace/rustup-home:/opt/rustwide/rustup-home:ro,Z" "-m" "1610612736" "--network" "none" "ghcr.io/rust-lang/crates-build-env/linux@sha256:77db811e55d90add9212f6832c23229e3de5f1c1f9905e8cb07319ea15df73ac" "sleep" "infinity", kill_on_drop: false }`
[INFO] [stdout] 48c0df3ed4fb2bf47295ff457ec9297f6d0949c62d4276808c379c8de4fe2295
[INFO] running `Command { std: "docker" "start" "48c0df3ed4fb2bf47295ff457ec9297f6d0949c62d4276808c379c8de4fe2295", kill_on_drop: false }`
[INFO] running `Command { std: "docker" "inspect" "48c0df3ed4fb2bf47295ff457ec9297f6d0949c62d4276808c379c8de4fe2295", kill_on_drop: false }`
[INFO] running `Command { std: "docker" "exec" "-e" "SOURCE_DIR=/opt/rustwide/workdir" "-e" "CARGO_HOME=/opt/rustwide/cargo-home" "-e" "RUSTUP_HOME=/opt/rustwide/rustup-home" "-e" "CARGO_TARGET_DIR=/opt/rustwide/target" "-w" "/opt/rustwide/workdir" "--user" "0:0" "48c0df3ed4fb2bf47295ff457ec9297f6d0949c62d4276808c379c8de4fe2295" "/opt/rustwide/cargo-home/bin/cargo" "+3154cc1a3e6424e44f438a95007d043ed5ceaaf6" "metadata" "--no-deps" "--format-version=1", kill_on_drop: false }`
[INFO] running `Command { std: "docker" "inspect" "48c0df3ed4fb2bf47295ff457ec9297f6d0949c62d4276808c379c8de4fe2295", kill_on_drop: false }`
[INFO] running `Command { std: "docker" "exec" "-e" "SOURCE_DIR=/opt/rustwide/workdir" "-e" "CARGO_HOME=/opt/rustwide/cargo-home" "-e" "RUSTUP_HOME=/opt/rustwide/rustup-home" "-e" "CARGO_TARGET_DIR=/opt/rustwide/target" "-e" "CARGO_INCREMENTAL=0" "-e" "RUST_BACKTRACE=full" "-e" "RUSTFLAGS=--cap-lints=forbid -Znext-solver=coherence" "-e" "RUSTDOCFLAGS=--cap-lints=forbid" "-w" "/opt/rustwide/workdir" "--user" "0:0" "48c0df3ed4fb2bf47295ff457ec9297f6d0949c62d4276808c379c8de4fe2295" "/opt/rustwide/cargo-home/bin/cargo" "+3154cc1a3e6424e44f438a95007d043ed5ceaaf6" "check" "--frozen" "--all" "--all-targets" "--message-format=json", kill_on_drop: false }`
[INFO] [stderr]    Compiling serde_core v1.0.229
[INFO] [stderr]    Compiling winnow v1.0.4
[INFO] [stderr]     Checking log v0.4.33
[INFO] [stderr]     Checking shell-words v1.1.1
[INFO] [stderr]     Checking unicode-width v0.1.14
[INFO] [stderr]    Compiling syn v2.0.119
[INFO] [stderr]     Checking ioctl-rs v0.1.6
[INFO] [stderr]     Checking termios v0.2.2
[INFO] [stderr]     Checking serial-core v0.4.0
[INFO] [stderr]    Compiling syn v3.0.3
[INFO] [stderr]    Compiling vte_generate_state_changes v0.1.2
[INFO] [stderr]     Checking clap_builder v4.6.5
[INFO] [stderr]     Checking nix v0.25.1
[INFO] [stderr]     Checking serial-unix v0.4.0
[INFO] [stderr]     Checking serial v0.4.0
[INFO] [stderr]     Checking vte v0.11.1
[INFO] [stderr]    Compiling toml_parser v1.1.3+spec-1.1.0
[INFO] [stderr]     Checking vt100 v0.15.2
[INFO] [stderr]    Compiling thiserror-impl v1.0.69
[INFO] [stderr]    Compiling clap_derive v4.6.4
[INFO] [stderr]    Compiling serde_spanned v1.1.1
[INFO] [stderr]    Compiling toml_datetime v1.1.1+spec-1.1.0
[INFO] [stderr]     Checking thiserror v1.0.69
[INFO] [stderr]    Compiling toml v1.1.4+spec-1.1.0
[INFO] [stderr]     Checking filedescriptor v0.8.3
[INFO] [stderr]     Checking portable-pty v0.8.1
[INFO] [stderr]     Checking clap v4.6.5
[INFO] [stderr]    Compiling winresource v0.1.31
[INFO] [stderr]    Compiling wmux v0.3.2 (/opt/rustwide/workdir)
[INFO] [stdout] error[E0433]: cannot find module or crate `windows_sys` in this scope
[INFO] [stdout]   --> src/pipe.rs:28:5
[INFO] [stdout]    |
[INFO] [stdout] 28 | use windows_sys::Win32::Foundation::{
[INFO] [stdout]    |     ^^^^^^^^^^^ use of unresolved module or unlinked crate `windows_sys`
[INFO] [stdout]    |
[INFO] [stdout]    = help: if you wanted to use a crate named `windows_sys`, use `cargo add windows_sys` to add it to your `Cargo.toml`
[INFO] [stdout] 
[INFO] [stdout] 
[INFO] [stdout] error[E0433]: cannot find module or crate `windows_sys` in this scope
[INFO] [stdout]   --> src/pipe.rs:32:5
[INFO] [stdout]    |
[INFO] [stdout] 32 | use windows_sys::Win32::Security::Authorization::{
[INFO] [stdout]    |     ^^^^^^^^^^^ use of unresolved module or unlinked crate `windows_sys`
[INFO] [stdout]    |
[INFO] [stdout]    = help: if you wanted to use a crate named `windows_sys`, use `cargo add windows_sys` to add it to your `Cargo.toml`
[INFO] [stdout] 
[INFO] [stdout] 
[INFO] [stdout] error[E0433]: cannot find module or crate `windows_sys` in this scope
[INFO] [stdout]   --> src/pipe.rs:35:5
[INFO] [stdout]    |
[INFO] [stdout] 35 | use windows_sys::Win32::Security::{PSECURITY_DESCRIPTOR, SECURITY_ATTRIBUTES};
[INFO] [stdout]    |     ^^^^^^^^^^^ use of unresolved module or unlinked crate `windows_sys`
[INFO] [stdout]    |
[INFO] [stdout]    = help: if you wanted to use a crate named `windows_sys`, use `cargo add windows_sys` to add it to your `Cargo.toml`
[INFO] [stdout] 
[INFO] [stdout] 
[INFO] [stdout] error[E0433]: cannot find module or crate `windows_sys` in this scope
[INFO] [stdout]   --> src/pipe.rs:36:5
[INFO] [stdout]    |
[INFO] [stdout] 36 | use windows_sys::Win32::Storage::FileSystem::{
[INFO] [stdout]    |     ^^^^^^^^^^^ use of unresolved module or unlinked crate `windows_sys`
[INFO] [stdout]    |
[INFO] [stdout]    = help: if you wanted to use a crate named `windows_sys`, use `cargo add windows_sys` to add it to your `Cargo.toml`
[INFO] [stdout] 
[INFO] [stdout] 
[INFO] [stdout] error[E0433]: cannot find module or crate `windows_sys` in this scope
[INFO] [stdout]   --> src/pipe.rs:40:5
[INFO] [stdout]    |
[INFO] [stdout] 40 | use windows_sys::Win32::System::Pipes::{
[INFO] [stdout]    |     ^^^^^^^^^^^ use of unresolved module or unlinked crate `windows_sys`
[INFO] [stdout]    |
[INFO] [stdout]    = help: if you wanted to use a crate named `windows_sys`, use `cargo add windows_sys` to add it to your `Cargo.toml`
[INFO] [stdout] 
[INFO] [stdout] 
[INFO] [stdout] error[E0433]: cannot find module or crate `windows_sys` in this scope
[INFO] [stdout]   --> src/pipe.rs:44:5
[INFO] [stdout]    |
[INFO] [stdout] 44 | use windows_sys::Win32::System::Threading::CreateEventW;
[INFO] [stdout]    |     ^^^^^^^^^^^ use of unresolved module or unlinked crate `windows_sys`
[INFO] [stdout]    |
[INFO] [stdout]    = help: if you wanted to use a crate named `windows_sys`, use `cargo add windows_sys` to add it to your `Cargo.toml`
[INFO] [stdout] 
[INFO] [stdout] 
[INFO] [stdout] error[E0433]: cannot find module or crate `windows_sys` in this scope
[INFO] [stdout]   --> src/pipe.rs:45:5
[INFO] [stdout]    |
[INFO] [stdout] 45 | use windows_sys::Win32::System::IO::{GetOverlappedResult, OVERLAPPED};
[INFO] [stdout]    |     ^^^^^^^^^^^ use of unresolved module or unlinked crate `windows_sys`
[INFO] [stdout]    |
[INFO] [stdout]    = help: if you wanted to use a crate named `windows_sys`, use `cargo add windows_sys` to add it to your `Cargo.toml`
[INFO] [stdout] 
[INFO] [stdout] 
[INFO] [stdout] error[E0433]: cannot find module or crate `windows_sys` in this scope
[INFO] [stdout]   --> src/pipe.rs:28:5
[INFO] [stdout]    |
[INFO] [stdout] 28 | use windows_sys::Win32::Foundation::{
[INFO] [stdout]    |     ^^^^^^^^^^^ use of unresolved module or unlinked crate `windows_sys`
[INFO] [stdout]    |
[INFO] [stdout]    = help: if you wanted to use a crate named `windows_sys`, use `cargo add windows_sys` to add it to your `Cargo.toml`
[INFO] [stdout] 
[INFO] [stdout] 
[INFO] [stdout] error[E0433]: cannot find module or crate `windows_sys` in this scope
[INFO] [stdout]   --> src/pipe.rs:32:5
[INFO] [stdout]    |
[INFO] [stdout] 32 | use windows_sys::Win32::Security::Authorization::{
[INFO] [stdout]    |     ^^^^^^^^^^^ use of unresolved module or unlinked crate `windows_sys`
[INFO] [stdout]    |
[INFO] [stdout]    = help: if you wanted to use a crate named `windows_sys`, use `cargo add windows_sys` to add it to your `Cargo.toml`
[INFO] [stdout] 
[INFO] [stdout] 
[INFO] [stdout] error[E0433]: cannot find module or crate `windows_sys` in this scope
[INFO] [stdout]   --> src/pipe.rs:35:5
[INFO] [stdout]    |
[INFO] [stdout] 35 | use windows_sys::Win32::Security::{PSECURITY_DESCRIPTOR, SECURITY_ATTRIBUTES};
[INFO] [stdout]    |     ^^^^^^^^^^^ use of unresolved module or unlinked crate `windows_sys`
[INFO] [stdout]    |
[INFO] [stdout]    = help: if you wanted to use a crate named `windows_sys`, use `cargo add windows_sys` to add it to your `Cargo.toml`
[INFO] [stdout] 
[INFO] [stdout] 
[INFO] [stdout] error[E0433]: cannot find module or crate `windows_sys` in this scope
[INFO] [stdout]   --> src/pipe.rs:36:5
[INFO] [stdout]    |
[INFO] [stdout] 36 | use windows_sys::Win32::Storage::FileSystem::{
[INFO] [stdout]    |     ^^^^^^^^^^^ use of unresolved module or unlinked crate `windows_sys`
[INFO] [stdout]    |
[INFO] [stdout]    = help: if you wanted to use a crate named `windows_sys`, use `cargo add windows_sys` to add it to your `Cargo.toml`
[INFO] [stdout] 
[INFO] [stdout] 
[INFO] [stdout] error[E0433]: cannot find module or crate `windows_sys` in this scope
[INFO] [stdout]   --> src/pipe.rs:40:5
[INFO] [stdout]    |
[INFO] [stdout] 40 | use windows_sys::Win32::System::Pipes::{
[INFO] [stdout]    |     ^^^^^^^^^^^ use of unresolved module or unlinked crate `windows_sys`
[INFO] [stdout]    |
[INFO] [stdout]    = help: if you wanted to use a crate named `windows_sys`, use `cargo add windows_sys` to add it to your `Cargo.toml`
[INFO] [stdout] 
[INFO] [stdout] 
[INFO] [stdout] error[E0433]: cannot find module or crate `windows_sys` in this scope
[INFO] [stdout]   --> src/pipe.rs:44:5
[INFO] [stdout]    |
[INFO] [stdout] 44 | use windows_sys::Win32::System::Threading::CreateEventW;
[INFO] [stdout]    |     ^^^^^^^^^^^ use of unresolved module or unlinked crate `windows_sys`
[INFO] [stdout]    |
[INFO] [stdout]    = help: if you wanted to use a crate named `windows_sys`, use `cargo add windows_sys` to add it to your `Cargo.toml`
[INFO] [stdout] 
[INFO] [stdout] 
[INFO] [stdout] error[E0433]: cannot find module or crate `windows_sys` in this scope
[INFO] [stdout]   --> src/pipe.rs:45:5
[INFO] [stdout]    |
[INFO] [stdout] 45 | use windows_sys::Win32::System::IO::{GetOverlappedResult, OVERLAPPED};
[INFO] [stdout]    |     ^^^^^^^^^^^ use of unresolved module or unlinked crate `windows_sys`
[INFO] [stdout]    |
[INFO] [stdout]    = help: if you wanted to use a crate named `windows_sys`, use `cargo add windows_sys` to add it to your `Cargo.toml`
[INFO] [stdout] 
[INFO] [stdout] 
[INFO] [stdout] error[E0433]: cannot find module or crate `windows_sys` in this scope
[INFO] [stdout]    --> src/pipe.rs:184:13
[INFO] [stdout]     |
[INFO] [stdout] 184 |             windows_sys::Win32::Storage::FileSystem::ReadFile(
[INFO] [stdout]     |             ^^^^^^^^^^^ use of unresolved module or unlinked crate `windows_sys`
[INFO] [stdout]     |
[INFO] [stdout]     = help: if you wanted to use a crate named `windows_sys`, use `cargo add windows_sys` to add it to your `Cargo.toml`
[INFO] [stdout] 
[INFO] [stdout] 
[INFO] [stdout] error[E0408]: variable `ERROR_PIPE_NOT_CONNECTED` is not bound in all patterns
[INFO] [stdout]    --> src/pipe.rs:201:29
[INFO] [stdout]     |
[INFO] [stdout] 201 | ...                   ERROR_BROKEN_PIPE | ERROR_PIPE_NOT_CONNECTED => Ok(0),
[INFO] [stdout]     |                       ^^^^^^^^^^^^^^^^^   ------------------------ variable not in all patterns
[INFO] [stdout]     |                       |
[INFO] [stdout]     |                       pattern doesn't bind `ERROR_PIPE_NOT_CONNECTED`
[INFO] [stdout]     |
[INFO] [stdout] help: if you meant to match on a unit struct, unit variant or a `const` item, consider making the path in the pattern qualified: `path::to::ModOrType::ERROR_PIPE_NOT_CONNECTED`
[INFO] [stdout]    --> src/pipe.rs:201:49
[INFO] [stdout]     |
[INFO] [stdout] 201 | ...                   ERROR_BROKEN_PIPE | ERROR_PIPE_NOT_CONNECTED => Ok(0),
[INFO] [stdout]     |                                           ^^^^^^^^^^^^^^^^^^^^^^^^
[INFO] [stdout] 
[INFO] [stdout] 
[INFO] [stdout] error[E0408]: variable `ERROR_BROKEN_PIPE` is not bound in all patterns
[INFO] [stdout]    --> src/pipe.rs:201:49
[INFO] [stdout]     |
[INFO] [stdout] 201 | ...                   ERROR_BROKEN_PIPE | ERROR_PIPE_NOT_CONNECTED => Ok(0),
[INFO] [stdout]     |                       -----------------   ^^^^^^^^^^^^^^^^^^^^^^^^ pattern doesn't bind `ERROR_BROKEN_PIPE`
[INFO] [stdout]     |                       |
[INFO] [stdout]     |                       variable not in all patterns
[INFO] [stdout]     |
[INFO] [stdout] help: if you meant to match on a unit struct, unit variant or a `const` item, consider making the path in the pattern qualified: `path::to::ModOrType::ERROR_BROKEN_PIPE`
[INFO] [stdout]    --> src/pipe.rs:201:29
[INFO] [stdout]     |
[INFO] [stdout] 201 | ...                   ERROR_BROKEN_PIPE | ERROR_PIPE_NOT_CONNECTED => Ok(0),
[INFO] [stdout]     |                       ^^^^^^^^^^^^^^^^^
[INFO] [stdout] 
[INFO] [stdout] 
[INFO] [stdout] error[E0408]: variable `ERROR_PIPE_NOT_CONNECTED` is not bound in all patterns
[INFO] [stdout]    --> src/pipe.rs:206:17
[INFO] [stdout]     |
[INFO] [stdout] 206 |                 ERROR_BROKEN_PIPE | ERROR_PIPE_NOT_CONNECTED => return Ok(0),
[INFO] [stdout]     |                 ^^^^^^^^^^^^^^^^^   ------------------------ variable not in all patterns
[INFO] [stdout]     |                 |
[INFO] [stdout]     |                 pattern doesn't bind `ERROR_PIPE_NOT_CONNECTED`
[INFO] [stdout]     |
[INFO] [stdout] help: if you meant to match on a unit struct, unit variant or a `const` item, consider making the path in the pattern qualified: `path::to::ModOrType::ERROR_PIPE_NOT_CONNECTED`
[INFO] [stdout]    --> src/pipe.rs:206:37
[INFO] [stdout]     |
[INFO] [stdout] 206 |                 ERROR_BROKEN_PIPE | ERROR_PIPE_NOT_CONNECTED => return Ok(0),
[INFO] [stdout]     |                                     ^^^^^^^^^^^^^^^^^^^^^^^^
[INFO] [stdout] 
[INFO] [stdout] 
[INFO] [stdout] error[E0408]: variable `ERROR_BROKEN_PIPE` is not bound in all patterns
[INFO] [stdout]    --> src/pipe.rs:206:37
[INFO] [stdout]     |
[INFO] [stdout] 206 |                 ERROR_BROKEN_PIPE | ERROR_PIPE_NOT_CONNECTED => return Ok(0),
[INFO] [stdout]     |                 -----------------   ^^^^^^^^^^^^^^^^^^^^^^^^ pattern doesn't bind `ERROR_BROKEN_PIPE`
[INFO] [stdout]     |                 |
[INFO] [stdout]     |                 variable not in all patterns
[INFO] [stdout]     |
[INFO] [stdout] help: if you meant to match on a unit struct, unit variant or a `const` item, consider making the path in the pattern qualified: `path::to::ModOrType::ERROR_BROKEN_PIPE`
[INFO] [stdout]    --> src/pipe.rs:206:17
[INFO] [stdout]     |
[INFO] [stdout] 206 |                 ERROR_BROKEN_PIPE | ERROR_PIPE_NOT_CONNECTED => return Ok(0),
[INFO] [stdout]     |                 ^^^^^^^^^^^^^^^^^
[INFO] [stdout] 
[INFO] [stdout] 
[INFO] [stdout] error[E0433]: cannot find module or crate `windows_sys` in this scope
[INFO] [stdout]    --> src/pipe.rs:226:17
[INFO] [stdout]     |
[INFO] [stdout] 226 |                 windows_sys::Win32::Storage::FileSystem::WriteFile(
[INFO] [stdout]     |                 ^^^^^^^^^^^ use of unresolved module or unlinked crate `windows_sys`
[INFO] [stdout]     |
[INFO] [stdout]     = help: if you wanted to use a crate named `windows_sys`, use `cargo add windows_sys` to add it to your `Cargo.toml`
[INFO] [stdout] 
[INFO] [stdout] 
[INFO] [stdout] error[E0433]: cannot find module or crate `windows_sys` in this scope
[INFO] [stdout]    --> src/pipe.rs:184:13
[INFO] [stdout]     |
[INFO] [stdout] 184 |             windows_sys::Win32::Storage::FileSystem::ReadFile(
[INFO] [stdout]     |             ^^^^^^^^^^^ use of unresolved module or unlinked crate `windows_sys`
[INFO] [stdout]     |
[INFO] [stdout]     = help: if you wanted to use a crate named `windows_sys`, use `cargo add windows_sys` to add it to your `Cargo.toml`
[INFO] [stdout] 
[INFO] [stdout] 
[INFO] [stdout] error[E0408]: variable `ERROR_PIPE_NOT_CONNECTED` is not bound in all patterns
[INFO] [stdout]    --> src/pipe.rs:201:29
[INFO] [stdout]     |
[INFO] [stdout] 201 | ...                   ERROR_BROKEN_PIPE | ERROR_PIPE_NOT_CONNECTED => Ok(0),
[INFO] [stdout]     |                       ^^^^^^^^^^^^^^^^^   ------------------------ variable not in all patterns
[INFO] [stdout]     |                       |
[INFO] [stdout]     |                       pattern doesn't bind `ERROR_PIPE_NOT_CONNECTED`
[INFO] [stdout]     |
[INFO] [stdout] help: if you meant to match on a unit struct, unit variant or a `const` item, consider making the path in the pattern qualified: `path::to::ModOrType::ERROR_PIPE_NOT_CONNECTED`
[INFO] [stdout]    --> src/pipe.rs:201:49
[INFO] [stdout]     |
[INFO] [stdout] 201 | ...                   ERROR_BROKEN_PIPE | ERROR_PIPE_NOT_CONNECTED => Ok(0),
[INFO] [stdout]     |                                           ^^^^^^^^^^^^^^^^^^^^^^^^
[INFO] [stdout] 
[INFO] [stdout] 
[INFO] [stdout] error[E0408]: variable `ERROR_BROKEN_PIPE` is not bound in all patterns
[INFO] [stdout]    --> src/pipe.rs:201:49
[INFO] [stdout]     |
[INFO] [stdout] 201 | ...                   ERROR_BROKEN_PIPE | ERROR_PIPE_NOT_CONNECTED => Ok(0),
[INFO] [stdout]     |                       -----------------   ^^^^^^^^^^^^^^^^^^^^^^^^ pattern doesn't bind `ERROR_BROKEN_PIPE`
[INFO] [stdout]     |                       |
[INFO] [stdout]     |                       variable not in all patterns
[INFO] [stdout]     |
[INFO] [stdout] help: if you meant to match on a unit struct, unit variant or a `const` item, consider making the path in the pattern qualified: `path::to::ModOrType::ERROR_BROKEN_PIPE`
[INFO] [stdout]    --> src/pipe.rs:201:29
[INFO] [stdout]     |
[INFO] [stdout] 201 | ...                   ERROR_BROKEN_PIPE | ERROR_PIPE_NOT_CONNECTED => Ok(0),
[INFO] [stdout]     |                       ^^^^^^^^^^^^^^^^^
[INFO] [stdout] 
[INFO] [stdout] 
[INFO] [stdout] error[E0408]: variable `ERROR_PIPE_NOT_CONNECTED` is not bound in all patterns
[INFO] [stdout]    --> src/pipe.rs:206:17
[INFO] [stdout]     |
[INFO] [stdout] 206 |                 ERROR_BROKEN_PIPE | ERROR_PIPE_NOT_CONNECTED => return Ok(0),
[INFO] [stdout]     |                 ^^^^^^^^^^^^^^^^^   ------------------------ variable not in all patterns
[INFO] [stdout]     |                 |
[INFO] [stdout]     |                 pattern doesn't bind `ERROR_PIPE_NOT_CONNECTED`
[INFO] [stdout]     |
[INFO] [stdout] help: if you meant to match on a unit struct, unit variant or a `const` item, consider making the path in the pattern qualified: `path::to::ModOrType::ERROR_PIPE_NOT_CONNECTED`
[INFO] [stdout]    --> src/pipe.rs:206:37
[INFO] [stdout]     |
[INFO] [stdout] 206 |                 ERROR_BROKEN_PIPE | ERROR_PIPE_NOT_CONNECTED => return Ok(0),
[INFO] [stdout]     |                                     ^^^^^^^^^^^^^^^^^^^^^^^^
[INFO] [stdout] 
[INFO] [stdout] 
[INFO] [stdout] error[E0408]: variable `ERROR_BROKEN_PIPE` is not bound in all patterns
[INFO] [stdout]    --> src/pipe.rs:206:37
[INFO] [stdout]     |
[INFO] [stdout] 206 |                 ERROR_BROKEN_PIPE | ERROR_PIPE_NOT_CONNECTED => return Ok(0),
[INFO] [stdout]     |                 -----------------   ^^^^^^^^^^^^^^^^^^^^^^^^ pattern doesn't bind `ERROR_BROKEN_PIPE`
[INFO] [stdout]     |                 |
[INFO] [stdout]     |                 variable not in all patterns
[INFO] [stdout]     |
[INFO] [stdout] help: if you meant to match on a unit struct, unit variant or a `const` item, consider making the path in the pattern qualified: `path::to::ModOrType::ERROR_BROKEN_PIPE`
[INFO] [stdout]    --> src/pipe.rs:206:17
[INFO] [stdout]     |
[INFO] [stdout] 206 |                 ERROR_BROKEN_PIPE | ERROR_PIPE_NOT_CONNECTED => return Ok(0),
[INFO] [stdout]     |                 ^^^^^^^^^^^^^^^^^
[INFO] [stdout] 
[INFO] [stdout] 
[INFO] [stdout] error[E0433]: cannot find module or crate `windows_sys` in this scope
[INFO] [stdout]    --> src/pipe.rs:226:17
[INFO] [stdout]     |
[INFO] [stdout] 226 |                 windows_sys::Win32::Storage::FileSystem::WriteFile(
[INFO] [stdout]     |                 ^^^^^^^^^^^ use of unresolved module or unlinked crate `windows_sys`
[INFO] [stdout]     |
[INFO] [stdout]     = help: if you wanted to use a crate named `windows_sys`, use `cargo add windows_sys` to add it to your `Cargo.toml`
[INFO] [stdout] 
[INFO] [stdout] 
[INFO] [stdout] Some errors have detailed explanations: E0408, E0433.
[INFO] [stdout] 
[INFO] [stdout] For more information about an error, try `rustc --explain E0408`.
[INFO] [stdout] 
[INFO] [stderr] error: could not compile `wmux` (lib) due to 13 previous errors
[INFO] [stderr] warning: build failed, waiting for other jobs to finish...
[INFO] [stdout] Some errors have detailed explanations: E0408, E0433.
[INFO] [stdout] 
[INFO] [stdout] For more information about an error, try `rustc --explain E0408`.
[INFO] [stdout] 
[INFO] [stderr] error: could not compile `wmux` (lib test) due to 13 previous errors
[INFO] running `Command { std: "docker" "inspect" "48c0df3ed4fb2bf47295ff457ec9297f6d0949c62d4276808c379c8de4fe2295", kill_on_drop: false }`
[INFO] running `Command { std: "docker" "rm" "-f" "48c0df3ed4fb2bf47295ff457ec9297f6d0949c62d4276808c379c8de4fe2295", kill_on_drop: false }`
[INFO] [stdout] 48c0df3ed4fb2bf47295ff457ec9297f6d0949c62d4276808c379c8de4fe2295
