[INFO] cloning repository https://github.com/HitamLegit6777/voltpanel
[INFO] running `Command { std: "git" "-c" "credential.helper=" "-c" "credential.helper=/workspace/cargo-home/bin/git-credential-null" "clone" "--bare" "https://github.com/HitamLegit6777/voltpanel" "/workspace/cache/git-repos/https%3A%2F%2Fgithub.com%2FHitamLegit6777%2Fvoltpanel", kill_on_drop: false }`
[INFO] [stderr] Cloning into bare repository '/workspace/cache/git-repos/https%3A%2F%2Fgithub.com%2FHitamLegit6777%2Fvoltpanel'...
[INFO] running `Command { std: "git" "rev-parse" "HEAD", kill_on_drop: false }`
[INFO] [stdout] 4728a3adfb64acf86a0b1ee9000225bd470bd3a6
[INFO] checking HitamLegit6777/voltpanel against 3154cc1a3e6424e44f438a95007d043ed5ceaaf6 for pr-133502-30
[INFO] running `Command { std: "git" "clone" "/workspace/cache/git-repos/https%3A%2F%2Fgithub.com%2FHitamLegit6777%2Fvoltpanel" "/workspace/builds/worker-6-tc2/source", kill_on_drop: false }`
[INFO] [stderr] Cloning into '/workspace/builds/worker-6-tc2/source'...
[INFO] [stderr] done.
[INFO] started tweaking git repo https://github.com/HitamLegit6777/voltpanel
[INFO] finished tweaking git repo https://github.com/HitamLegit6777/voltpanel
[INFO] tweaked toml for git repo https://github.com/HitamLegit6777/voltpanel written to /workspace/builds/worker-6-tc2/source/Cargo.toml
[INFO] validating manifest of git repo https://github.com/HitamLegit6777/voltpanel on toolchain 3154cc1a3e6424e44f438a95007d043ed5ceaaf6
[INFO] running `Command { std: CARGO_HOME="/workspace/cargo-home" RUSTUP_HOME="/workspace/rustup-home" "/workspace/cargo-home/bin/cargo" "+3154cc1a3e6424e44f438a95007d043ed5ceaaf6" "metadata" "--manifest-path" "Cargo.toml" "--no-deps", kill_on_drop: false }`
[INFO] crate git repo https://github.com/HitamLegit6777/voltpanel already has a lockfile, it will not be regenerated
[INFO] running `Command { std: CARGO_HOME="/workspace/cargo-home" RUSTUP_HOME="/workspace/rustup-home" "/workspace/cargo-home/bin/cargo" "+3154cc1a3e6424e44f438a95007d043ed5ceaaf6" "fetch" "--manifest-path" "Cargo.toml", kill_on_drop: false }`
[INFO] [stderr]     Blocking waiting for file lock on package cache
[INFO] [stderr]     Blocking waiting for file lock on package cache
[INFO] running `Command { std: "docker" "create" "-v" "/var/lib/crater-agent-workspace/builds/worker-6-tc2/source:/opt/rustwide/workdir:ro,Z" "-v" "/var/lib/crater-agent-workspace/builds/worker-6-tc2/target:/opt/rustwide/target:rw,Z" "-v" "/var/lib/crater-agent-workspace/cargo-home:/opt/rustwide/cargo-home:ro,Z" "-v" "/var/lib/crater-agent-workspace/rustup-home:/opt/rustwide/rustup-home:ro,Z" "-m" "1610612736" "--network" "none" "ghcr.io/rust-lang/crates-build-env/linux@sha256:77db811e55d90add9212f6832c23229e3de5f1c1f9905e8cb07319ea15df73ac" "sleep" "infinity", kill_on_drop: false }`
[INFO] [stdout] 77a6debe397bab6bcc758f22cd6d1c8cbf37c3cb963ce8b2eeaee90dbc74f6be
[INFO] running `Command { std: "docker" "start" "77a6debe397bab6bcc758f22cd6d1c8cbf37c3cb963ce8b2eeaee90dbc74f6be", kill_on_drop: false }`
[INFO] running `Command { std: "docker" "inspect" "77a6debe397bab6bcc758f22cd6d1c8cbf37c3cb963ce8b2eeaee90dbc74f6be", kill_on_drop: false }`
[INFO] running `Command { std: "docker" "exec" "-e" "SOURCE_DIR=/opt/rustwide/workdir" "-e" "CARGO_HOME=/opt/rustwide/cargo-home" "-e" "RUSTUP_HOME=/opt/rustwide/rustup-home" "-e" "CARGO_TARGET_DIR=/opt/rustwide/target" "-w" "/opt/rustwide/workdir" "--user" "0:0" "77a6debe397bab6bcc758f22cd6d1c8cbf37c3cb963ce8b2eeaee90dbc74f6be" "/opt/rustwide/cargo-home/bin/cargo" "+3154cc1a3e6424e44f438a95007d043ed5ceaaf6" "metadata" "--no-deps" "--format-version=1", kill_on_drop: false }`
[INFO] running `Command { std: "docker" "inspect" "77a6debe397bab6bcc758f22cd6d1c8cbf37c3cb963ce8b2eeaee90dbc74f6be", kill_on_drop: false }`
[INFO] running `Command { std: "docker" "exec" "-e" "SOURCE_DIR=/opt/rustwide/workdir" "-e" "CARGO_HOME=/opt/rustwide/cargo-home" "-e" "RUSTUP_HOME=/opt/rustwide/rustup-home" "-e" "CARGO_TARGET_DIR=/opt/rustwide/target" "-e" "CARGO_INCREMENTAL=0" "-e" "RUST_BACKTRACE=full" "-e" "RUSTFLAGS=--cap-lints=forbid" "-e" "RUSTDOCFLAGS=--cap-lints=forbid" "-w" "/opt/rustwide/workdir" "--user" "0:0" "77a6debe397bab6bcc758f22cd6d1c8cbf37c3cb963ce8b2eeaee90dbc74f6be" "/opt/rustwide/cargo-home/bin/cargo" "+3154cc1a3e6424e44f438a95007d043ed5ceaaf6" "check" "--frozen" "--all" "--all-targets" "--message-format=json", kill_on_drop: false }`
[INFO] [stderr]     Checking futures-sink v0.3.33
[INFO] [stderr]    Compiling serde_core v1.0.229
[INFO] [stderr]    Compiling zerocopy v0.8.55
[INFO] [stderr]    Compiling syn v2.0.119
[INFO] [stderr]    Compiling syn v3.0.3
[INFO] [stderr]    Compiling num-traits v0.2.19
[INFO] [stderr]     Checking futures-io v0.3.33
[INFO] [stderr]    Compiling serde v1.0.229
[INFO] [stderr]     Checking digest v0.10.7
[INFO] [stderr]     Checking ring v0.17.14
[INFO] [stderr]    Compiling ahash v0.8.12
[INFO] [stderr]     Checking sync_wrapper v1.0.2
[INFO] [stderr]     Checking time v0.3.55
[INFO] [stderr]    Compiling getrandom v0.4.3
[INFO] [stderr]     Checking rusticata-macros v4.1.0
[INFO] [stderr]     Checking ipnet v2.12.1
[INFO] [stderr]    Compiling semver v1.0.28
[INFO] [stderr]     Checking futures-channel v0.3.33
[INFO] [stderr]    Compiling libsqlite3-sys v0.28.0
[INFO] [stderr]    Compiling rustix v1.1.4
[INFO] [stderr]     Checking flate2 v1.1.9
[INFO] [stderr]     Checking getrandom v0.3.4
[INFO] [stderr]    Compiling oid-registry v0.7.1
[INFO] [stderr]     Checking sha1 v0.10.7
[INFO] [stderr]     Checking linux-raw-sys v0.12.1
[INFO] [stderr]     Checking chacha20 v0.10.1
[INFO] [stderr]     Checking rand_core v0.9.5
[INFO] [stderr]    Compiling rustc_version v0.4.1
[INFO] [stderr]     Checking regex-automata v0.4.16
[INFO] [stderr]     Checking fdeflate v0.3.7
[INFO] [stderr]     Checking universal-hash v0.5.1
[INFO] [stderr]     Checking spin v0.9.9
[INFO] [stderr]     Checking polyval v0.6.2
[INFO] [stderr]     Checking rayon-core v1.13.0
[INFO] [stderr]     Checking rand v0.10.2
[INFO] [stderr]    Compiling curve25519-dalek v4.1.3
[INFO] [stderr]     Checking sha2 v0.10.9
[INFO] [stderr]     Checking scheduled-thread-pool v0.2.7
[INFO] [stderr]     Checking headers-core v0.3.0
[INFO] [stderr]     Checking winnow v0.7.15
[INFO] [stderr]     Checking bytemuck v1.25.2
[INFO] [stderr]     Checking png v0.17.16
[INFO] [stderr]     Checking signature v2.2.0
[INFO] [stderr]     Checking toml_write v0.1.2
[INFO] [stderr]     Checking either v1.17.0
[INFO] [stderr]     Checking rayon v1.12.0
[INFO] [stderr]     Checking ed25519 v2.2.3
[INFO] [stderr]     Checking password-hash v0.5.0
[INFO] [stderr]     Checking headers v0.4.1
[INFO] [stderr]     Checking num-integer v0.1.46
[INFO] [stderr]     Checking r2d2 v0.8.10
[INFO] [stderr]     Checking image v0.24.9
[INFO] [stderr]     Checking ghash v0.5.1
[INFO] [stderr]     Checking num-bigint v0.4.8
[INFO] [stderr]     Checking blake2 v0.10.6
[INFO] [stderr]     Checking hmac v0.12.1
[INFO] [stderr]     Checking pem v3.0.6
[INFO] [stderr]     Checking filetime v0.2.29
[INFO] [stderr]     Checking tracing-log v0.2.0
[INFO] [stderr]     Checking base32 v0.5.1
[INFO] [stderr]     Checking http-range-header v0.4.2
[INFO] [stderr]     Checking rustls-webpki v0.103.13
[INFO] [stderr]     Checking urlencoding v2.1.3
[INFO] [stderr]     Checking same-file v1.0.6
[INFO] [stderr]    Compiling voltpanel v0.1.1 (/opt/rustwide/workdir)
[INFO] [stderr]     Checking walkdir v2.5.0
[INFO] [stderr]     Checking argon2 v0.5.3
[INFO] [stderr]     Checking aes-gcm v0.10.3
[INFO] [stderr]     Checking zip v0.6.6
[INFO] [stderr]     Checking hostname v0.4.2
[INFO] [stderr]     Checking qrcode v0.13.0
[INFO] [stderr]     Checking glob v0.3.4
[INFO] [stderr]     Checking xattr v1.6.1
[INFO] [stderr]     Checking tempfile v3.27.0
[INFO] [stderr]     Checking rustls v0.23.43
[INFO] [stderr]     Checking tar v0.4.46
[INFO] [stderr]     Checking yasna v0.5.2
[INFO] [stderr]     Checking serde_json v1.0.151
[INFO] [stderr]     Checking serde_path_to_error v0.1.20
[INFO] [stderr]     Checking uuid v1.24.0
[INFO] [stderr]     Checking matchers v0.2.0
[INFO] [stderr]     Checking regex v1.13.1
[INFO] [stderr]     Checking sysinfo v0.30.13
[INFO] [stderr]    Compiling displaydoc v0.2.7
[INFO] [stderr]    Compiling tokio-macros v2.7.2
[INFO] [stderr]    Compiling serde_derive v1.0.229
[INFO] [stderr]    Compiling async-trait v0.1.91
[INFO] [stderr]     Checking tokio v1.53.1
[INFO] [stderr]    Compiling synstructure v0.13.2
[INFO] [stderr]    Compiling futures-macro v0.3.33
[INFO] [stderr]    Compiling zerovec-derive v0.11.3
[INFO] [stderr]    Compiling tracing-attributes v0.1.31
[INFO] [stderr]    Compiling thiserror-impl v1.0.69
[INFO] [stderr]    Compiling asn1-rs-impl v0.2.0
[INFO] [stderr]    Compiling pin-project-internal v1.1.13
[INFO] [stderr]    Compiling axum-macros v0.4.2
[INFO] [stderr]    Compiling curve25519-dalek-derive v0.1.1
[INFO] [stderr]    Compiling async-stream-impl v0.3.6
[INFO] [stderr]    Compiling zerofrom-derive v0.1.7
[INFO] [stderr]    Compiling yoke-derive v0.8.2
[INFO] [stderr]    Compiling asn1-rs-derive v0.5.1
[INFO] [stderr]     Checking async-stream v0.3.6
[INFO] [stderr]     Checking futures-util v0.3.33
[INFO] [stderr]     Checking ppv-lite86 v0.2.21
[INFO] [stderr]     Checking pin-project v1.1.13
[INFO] [stderr]     Checking hashbrown v0.14.5
[INFO] [stderr]     Checking zerofrom v0.1.8
[INFO] [stderr]     Checking thiserror v1.0.69
[INFO] [stderr]     Checking asn1-rs v0.6.2
[INFO] [stderr]     Checking yoke v0.8.3
[INFO] [stderr]     Checking tracing v0.1.44
[INFO] [stderr]     Checking rand_chacha v0.3.1
[INFO] [stderr]     Checking rand_chacha v0.9.0
[INFO] [stderr]     Checking tracing-subscriber v0.3.23
[INFO] [stderr]     Checking zerovec v0.11.6
[INFO] [stderr]     Checking zerotrie v0.2.4
[INFO] [stderr]     Checking rand v0.8.7
[INFO] [stderr]     Checking rand v0.9.5
[INFO] [stderr]     Checking hashlink v0.9.1
[INFO] [stderr]     Checking dashmap v6.2.1
[INFO] [stderr]     Checking ed25519-dalek v2.2.0
[INFO] [stderr]     Checking chrono v0.4.45
[INFO] [stderr]     Checking serde_urlencoded v0.7.1
[INFO] [stderr]     Checking serde_spanned v0.6.9
[INFO] [stderr]     Checking toml_datetime v0.6.11
[INFO] [stderr]     Checking toml_edit v0.22.27
[INFO] [stderr]     Checking tinystr v0.8.3
[INFO] [stderr]     Checking potential_utf v0.1.5
[INFO] [stderr]     Checking icu_collections v2.2.0
[INFO] [stderr]     Checking icu_locale_core v2.2.0
[INFO] [stderr]     Checking tungstenite v0.24.0
[INFO] [stderr]     Checking der-parser v9.0.0
[INFO] [stderr]     Checking x509-parser v0.16.0
[INFO] [stderr]     Checking icu_provider v2.2.0
[INFO] [stderr]     Checking icu_properties v2.2.0
[INFO] [stderr]     Checking icu_normalizer v2.2.0
[INFO] [stderr]     Checking cron v0.12.1
[INFO] [stderr]     Checking axum-core v0.4.5
[INFO] [stderr]     Checking multer v3.1.0
[INFO] [stderr]     Checking futures-executor v0.3.33
[INFO] [stderr]     Checking tower v0.4.13
[INFO] [stderr]     Checking futures v0.3.33
[INFO] [stderr]     Checking rcgen v0.13.2
[INFO] [stderr]     Checking toml v0.8.23
[INFO] [stderr]     Checking idna_adapter v1.2.2
[INFO] [stderr]     Checking idna v1.1.0
[INFO] [stderr]     Checking url v2.5.8
[INFO] [stderr]     Checking totp-rs v5.7.2
[INFO] [stderr]     Checking tokio-util v0.7.19
[INFO] [stderr]     Checking tower v0.5.3
[INFO] [stderr]     Checking tokio-rustls v0.26.4
[INFO] [stderr]     Checking tokio-tungstenite v0.24.0
[INFO] [stderr]     Checking h2 v0.4.15
[INFO] [stderr]     Checking tower-http v0.5.2
[INFO] [stderr]     Checking tower-http v0.6.11
[INFO] [stderr]     Checking rusqlite v0.31.0
[INFO] [stderr]     Checking r2d2_sqlite v0.24.0
[INFO] [stderr]     Checking hyper v1.11.0
[INFO] [stderr]     Checking hyper-util v0.1.20
[INFO] [stderr]     Checking axum v0.7.9
[INFO] [stderr]     Checking hyper-rustls v0.27.9
[INFO] [stderr]     Checking reqwest v0.12.28
[INFO] [stderr]     Checking axum-extra v0.9.6
[INFO] [stdout] error[E0433]: cannot find module or crate `tokio_tungstenite` in this scope
[INFO] [stdout]   --> src/bin/voltd.rs:21:5
[INFO] [stdout]    |
[INFO] [stdout] 21 | use tokio_tungstenite::tungstenite::{client::IntoClientRequest, Message as WsMessage};
[INFO] [stdout]    |     ^^^^^^^^^^^^^^^^^ use of unresolved module or unlinked crate `tokio_tungstenite`
[INFO] [stdout]    |
[INFO] [stdout]    = help: if you wanted to use a crate named `tokio_tungstenite`, use `cargo add tokio_tungstenite` to add it to your `Cargo.toml`
[INFO] [stdout] 
[INFO] [stdout] 
[INFO] [stdout] error[E0432]: unresolved imports `voltpanel::node_protocol::AgentUpdateManifest`, `voltpanel::node_protocol::ChannelRequest`, `voltpanel::node_protocol::ChannelResponse`, `voltpanel::node_protocol::NodeTerminalRequest`, `voltpanel::node_protocol::NodeTerminalResponse`
[INFO] [stdout]   --> src/bin/voltd.rs:26:11
[INFO] [stdout]    |
[INFO] [stdout] 26 |     self, AgentUpdateManifest, ChannelRequest, ChannelResponse, ConsoleCommand, ConsoleSnapshot,
[INFO] [stdout]    |           ^^^^^^^^^^^^^^^^^^^  ^^^^^^^^^^^^^^  ^^^^^^^^^^^^^^^ no `ChannelResponse` in `node_protocol`
[INFO] [stdout]    |           |                    |
[INFO] [stdout]    |           |                    no `ChannelRequest` in `node_protocol`
[INFO] [stdout]    |           no `AgentUpdateManifest` in `node_protocol`
[INFO] [stdout] 27 |     FileOperation, FileWriteRequest, NodeApiResponse, NodeHeartbeat, NodeTerminalRequest,
[INFO] [stdout]    |                                                                      ^^^^^^^^^^^^^^^^^^^ no `NodeTerminalRequest` in `node_protocol`
[INFO] [stdout] 28 |     NodeTerminalResponse, PowerAction, PowerRequest, SignedHeaders,
[INFO] [stdout]    |     ^^^^^^^^^^^^^^^^^^^^ no `NodeTerminalResponse` in `node_protocol`
[INFO] [stdout] 
[INFO] [stdout] 
[INFO] [stdout] error[E0433]: cannot find module or crate `tokio_tungstenite` in this scope
[INFO] [stdout]    --> src/bin/voltd.rs:845:14
[INFO] [stdout]     |
[INFO] [stdout] 845 |         Some(tokio_tungstenite::Connector::Rustls(
[INFO] [stdout]     |              ^^^^^^^^^^^^^^^^^ use of unresolved module or unlinked crate `tokio_tungstenite`
[INFO] [stdout]     |
[INFO] [stdout]     = help: if you wanted to use a crate named `tokio_tungstenite`, use `cargo add tokio_tungstenite` to add it to your `Cargo.toml`
[INFO] [stdout] 
[INFO] [stdout] 
[INFO] [stdout] error[E0433]: cannot find module or crate `tokio_tungstenite` in this scope
[INFO] [stdout]   --> src/bin/voltd.rs:21:5
[INFO] [stdout]    |
[INFO] [stdout] 21 | use tokio_tungstenite::tungstenite::{client::IntoClientRequest, Message as WsMessage};
[INFO] [stdout]    |     ^^^^^^^^^^^^^^^^^ use of unresolved module or unlinked crate `tokio_tungstenite`
[INFO] [stdout]    |
[INFO] [stdout]    = help: if you wanted to use a crate named `tokio_tungstenite`, use `cargo add tokio_tungstenite` to add it to your `Cargo.toml`
[INFO] [stdout] 
[INFO] [stdout] 
[INFO] [stdout] error[E0432]: unresolved imports `voltpanel::node_protocol::AgentUpdateManifest`, `voltpanel::node_protocol::ChannelRequest`, `voltpanel::node_protocol::ChannelResponse`, `voltpanel::node_protocol::NodeTerminalRequest`, `voltpanel::node_protocol::NodeTerminalResponse`
[INFO] [stdout]   --> src/bin/voltd.rs:26:11
[INFO] [stdout]    |
[INFO] [stdout] 26 |     self, AgentUpdateManifest, ChannelRequest, ChannelResponse, ConsoleCommand, ConsoleSnapshot,
[INFO] [stdout]    |           ^^^^^^^^^^^^^^^^^^^  ^^^^^^^^^^^^^^  ^^^^^^^^^^^^^^^ no `ChannelResponse` in `node_protocol`
[INFO] [stdout]    |           |                    |
[INFO] [stdout]    |           |                    no `ChannelRequest` in `node_protocol`
[INFO] [stdout]    |           no `AgentUpdateManifest` in `node_protocol`
[INFO] [stdout] 27 |     FileOperation, FileWriteRequest, NodeApiResponse, NodeHeartbeat, NodeTerminalRequest,
[INFO] [stdout]    |                                                                      ^^^^^^^^^^^^^^^^^^^ no `NodeTerminalRequest` in `node_protocol`
[INFO] [stdout] 28 |     NodeTerminalResponse, PowerAction, PowerRequest, SignedHeaders,
[INFO] [stdout]    |     ^^^^^^^^^^^^^^^^^^^^ no `NodeTerminalResponse` in `node_protocol`
[INFO] [stdout] 
[INFO] [stdout] 
[INFO] [stdout] error[E0425]: cannot find function `verify_update_manifest` in module `node_protocol`
[INFO] [stdout]    --> src/bin/voltd.rs:650:20
[INFO] [stdout]     |
[INFO] [stdout] 650 |     node_protocol::verify_update_manifest(&runtime.config.secret, &manifest)?;
[INFO] [stdout]     |                    ^^^^^^^^^^^^^^^^^^^^^^ not found in `node_protocol`
[INFO] [stdout] 
[INFO] [stdout] 
[INFO] [stdout] error[E0425]: cannot find type `InstallRequest` in module `voltpanel::node_protocol`
[INFO] [stdout]     --> src/bin/voltd.rs:1265:40
[INFO] [stdout]      |
[INFO] [stdout] 1265 |     let req: voltpanel::node_protocol::InstallRequest = serde_json::from_slice(&body)?;
[INFO] [stdout]      |                                        ^^^^^^^^^^^^^^ not found in `voltpanel::node_protocol`
[INFO] [stdout] 
[INFO] [stdout] 
[INFO] [stdout] error[E0433]: cannot find module or crate `tokio_tungstenite` in this scope
[INFO] [stdout]    --> src/bin/voltd.rs:845:14
[INFO] [stdout]     |
[INFO] [stdout] 845 |         Some(tokio_tungstenite::Connector::Rustls(
[INFO] [stdout]     |              ^^^^^^^^^^^^^^^^^ use of unresolved module or unlinked crate `tokio_tungstenite`
[INFO] [stdout]     |
[INFO] [stdout]     = help: if you wanted to use a crate named `tokio_tungstenite`, use `cargo add tokio_tungstenite` to add it to your `Cargo.toml`
[INFO] [stdout] 
[INFO] [stdout] 
[INFO] [stdout] error[E0560]: struct `DaemonConfig` has no field named `admin_terminal`
[INFO] [stdout]    --> src/bin/voltd.rs:435:9
[INFO] [stdout]     |
[INFO] [stdout] 435 |         admin_terminal: args.iter().any(|value| value == "--enable-admin-terminal"),
[INFO] [stdout]     |         ^^^^^^^^^^^^^^ `DaemonConfig` does not have this field
[INFO] [stdout]     |
[INFO] [stdout]     = note: all struct fields are already assigned
[INFO] [stdout] 
[INFO] [stdout] 
[INFO] [stdout] error[E0560]: struct `DaemonConfig` has no field named `admin_terminal`
[INFO] [stdout]    --> src/bin/voltd.rs:477:9
[INFO] [stdout]     |
[INFO] [stdout] 477 |         admin_terminal: args.iter().any(|value| value == "--enable-admin-terminal"),
[INFO] [stdout]     |         ^^^^^^^^^^^^^^ `DaemonConfig` does not have this field
[INFO] [stdout]     |
[INFO] [stdout]     = note: all struct fields are already assigned
[INFO] [stdout] 
[INFO] [stdout] 
[INFO] [stdout] error[E0425]: cannot find function `verify_update_manifest` in module `node_protocol`
[INFO] [stdout]    --> src/bin/voltd.rs:650:20
[INFO] [stdout]     |
[INFO] [stdout] 650 |     node_protocol::verify_update_manifest(&runtime.config.secret, &manifest)?;
[INFO] [stdout]     |                    ^^^^^^^^^^^^^^^^^^^^^^ not found in `node_protocol`
[INFO] [stdout] 
[INFO] [stdout] 
[INFO] [stdout] error[E0425]: cannot find type `InstallRequest` in module `voltpanel::node_protocol`
[INFO] [stdout]     --> src/bin/voltd.rs:1265:40
[INFO] [stdout]      |
[INFO] [stdout] 1265 |     let req: voltpanel::node_protocol::InstallRequest = serde_json::from_slice(&body)?;
[INFO] [stdout]      |                                        ^^^^^^^^^^^^^^ not found in `voltpanel::node_protocol`
[INFO] [stdout] 
[INFO] [stdout] 
[INFO] [stdout] error[E0560]: struct `voltpanel::node_daemon::DaemonConfig` has no field named `admin_terminal`
[INFO] [stdout]    --> src/bin/voltd.rs:435:9
[INFO] [stdout]     |
[INFO] [stdout] 435 |         admin_terminal: args.iter().any(|value| value == "--enable-admin-terminal"),
[INFO] [stdout]     |         ^^^^^^^^^^^^^^ `voltpanel::node_daemon::DaemonConfig` does not have this field
[INFO] [stdout]     |
[INFO] [stdout]     = note: all struct fields are already assigned
[INFO] [stdout] 
[INFO] [stdout] 
[INFO] [stdout] error[E0560]: struct `voltpanel::node_daemon::DaemonConfig` has no field named `admin_terminal`
[INFO] [stdout]    --> src/bin/voltd.rs:477:9
[INFO] [stdout]     |
[INFO] [stdout] 477 |         admin_terminal: args.iter().any(|value| value == "--enable-admin-terminal"),
[INFO] [stdout]     |         ^^^^^^^^^^^^^^ `voltpanel::node_daemon::DaemonConfig` does not have this field
[INFO] [stdout]     |
[INFO] [stdout]     = note: all struct fields are already assigned
[INFO] [stdout] 
[INFO] [stdout] 
[INFO] [stdout] error[E0599]: no method named `install` found for struct `DaemonRuntime` in the current scope
[INFO] [stdout]     --> src/bin/voltd.rs:1267:23
[INFO] [stdout]      |
[INFO] [stdout] 1267 |         state.runtime.install(&uuid, &req.script)?,
[INFO] [stdout]      |                       ^^^^^^^ method not found in `DaemonRuntime`
[INFO] [stdout] 
[INFO] [stdout] 
[INFO] [stdout] error[E0599]: no method named `install` found for struct `voltpanel::node_daemon::DaemonRuntime` in the current scope
[INFO] [stdout]     --> src/bin/voltd.rs:1267:23
[INFO] [stdout]      |
[INFO] [stdout] 1267 |         state.runtime.install(&uuid, &req.script)?,
[INFO] [stdout]      |                       ^^^^^^^ method not found in `voltpanel::node_daemon::DaemonRuntime`
[INFO] [stdout] 
[INFO] [stdout] 
[INFO] [stdout] error[E0599]: no method named `into_client_request` found for struct `std::string::String` in the current scope
[INFO] [stdout]    --> src/bin/voltd.rs:826:30
[INFO] [stdout]     |
[INFO] [stdout] 826 |     let mut request = ws_url.into_client_request()?;
[INFO] [stdout]     |                              ^^^^^^^^^^^^^^^^^^^ method not found in `std::string::String`
[INFO] [stdout]     |
[INFO] [stdout]    ::: /opt/rustwide/cargo-home/registry/src/index.crates.io-1949cf8c6b5b557f/tungstenite-0.24.0/src/client.rs:197:8
[INFO] [stdout]     |
[INFO] [stdout] 197 |     fn into_client_request(self) -> Result<Request>;
[INFO] [stdout]     |        ------------------- the method is available for `std::string::String` here
[INFO] [stdout]     |
[INFO] [stdout]     = help: items from traits can only be used if the trait is in scope
[INFO] [stdout] help: trait `IntoClientRequest` which provides `into_client_request` is implemented but not in scope; perhaps you want to import it
[INFO] [stdout]     |
[INFO] [stdout]   5 + use tungstenite::client::IntoClientRequest;
[INFO] [stdout]     |
[INFO] [stdout] 
[INFO] [stdout] 
[INFO] [stdout] error[E0433]: cannot find module or crate `tokio_tungstenite` in this scope
[INFO] [stdout]    --> src/bin/voltd.rs:850:9
[INFO] [stdout]     |
[INFO] [stdout] 850 |         tokio_tungstenite::connect_async_tls_with_config(request, None, false, connector).await?;
[INFO] [stdout]     |         ^^^^^^^^^^^^^^^^^ use of unresolved module or unlinked crate `tokio_tungstenite`
[INFO] [stdout]     |
[INFO] [stdout]     = help: if you wanted to use a crate named `tokio_tungstenite`, use `cargo add tokio_tungstenite` to add it to your `Cargo.toml`
[INFO] [stdout] 
[INFO] [stdout] 
[INFO] [stdout] error[E0609]: no field `admin_terminal` on type `Arc<DaemonConfig>`
[INFO] [stdout]    --> src/bin/voltd.rs:865:56
[INFO] [stdout]     |
[INFO] [stdout] 865 |     let terminal_slots = terminal_slots(runtime.config.admin_terminal);
[INFO] [stdout]     |                                                        ^^^^^^^^^^^^^^ unknown field
[INFO] [stdout]     |
[INFO] [stdout]     = note: available fields are: `listen`, `data_dir`, `panel_url`, `public_url`, `node_id` ... and 6 others
[INFO] [stdout] 
[INFO] [stdout] 
[INFO] [stdout] error[E0599]: no method named `into_client_request` found for struct `std::string::String` in the current scope
[INFO] [stdout]    --> src/bin/voltd.rs:826:30
[INFO] [stdout]     |
[INFO] [stdout] 826 |     let mut request = ws_url.into_client_request()?;
[INFO] [stdout]     |                              ^^^^^^^^^^^^^^^^^^^ method not found in `std::string::String`
[INFO] [stdout]     |
[INFO] [stdout]    ::: /opt/rustwide/cargo-home/registry/src/index.crates.io-1949cf8c6b5b557f/tungstenite-0.24.0/src/client.rs:197:8
[INFO] [stdout]     |
[INFO] [stdout] 197 |     fn into_client_request(self) -> Result<Request>;
[INFO] [stdout]     |        ------------------- the method is available for `std::string::String` here
[INFO] [stdout]     |
[INFO] [stdout]     = help: items from traits can only be used if the trait is in scope
[INFO] [stdout] help: trait `IntoClientRequest` which provides `into_client_request` is implemented but not in scope; perhaps you want to import it
[INFO] [stdout]     |
[INFO] [stdout]   5 + use tungstenite::client::IntoClientRequest;
[INFO] [stdout]     |
[INFO] [stdout] 
[INFO] [stdout] 
[INFO] [stdout] error[E0433]: cannot find module or crate `tokio_tungstenite` in this scope
[INFO] [stdout]    --> src/bin/voltd.rs:850:9
[INFO] [stdout]     |
[INFO] [stdout] 850 |         tokio_tungstenite::connect_async_tls_with_config(request, None, false, connector).await?;
[INFO] [stdout]     |         ^^^^^^^^^^^^^^^^^ use of unresolved module or unlinked crate `tokio_tungstenite`
[INFO] [stdout]     |
[INFO] [stdout]     = help: if you wanted to use a crate named `tokio_tungstenite`, use `cargo add tokio_tungstenite` to add it to your `Cargo.toml`
[INFO] [stdout] 
[INFO] [stdout] 
[INFO] [stdout] error[E0609]: no field `admin_terminal` on type `std::sync::Arc<voltpanel::node_daemon::DaemonConfig>`
[INFO] [stdout]    --> src/bin/voltd.rs:865:56
[INFO] [stdout]     |
[INFO] [stdout] 865 |     let terminal_slots = terminal_slots(runtime.config.admin_terminal);
[INFO] [stdout]     |                                                        ^^^^^^^^^^^^^^ unknown field
[INFO] [stdout]     |
[INFO] [stdout]     = note: available fields are: `listen`, `data_dir`, `panel_url`, `public_url`, `node_id` ... and 6 others
[INFO] [stdout] 
[INFO] [stdout] 
[INFO] [stdout] error[E0560]: struct `NodeHeartbeat` has no field named `admin_terminal`
[INFO] [stdout]     --> src/bin/voltd.rs:1040:9
[INFO] [stdout]      |
[INFO] [stdout] 1040 |         admin_terminal: runtime.config.admin_terminal,
[INFO] [stdout]      |         ^^^^^^^^^^^^^^ `NodeHeartbeat` does not have this field
[INFO] [stdout]      |
[INFO] [stdout]      = note: all struct fields are already assigned
[INFO] [stdout] 
[INFO] [stdout] 
[INFO] [stdout] error[E0609]: no field `admin_terminal` on type `Arc<DaemonConfig>`
[INFO] [stdout]     --> src/bin/voltd.rs:1040:40
[INFO] [stdout]      |
[INFO] [stdout] 1040 |         admin_terminal: runtime.config.admin_terminal,
[INFO] [stdout]      |                                        ^^^^^^^^^^^^^^ unknown field
[INFO] [stdout]      |
[INFO] [stdout]      = note: available fields are: `listen`, `data_dir`, `panel_url`, `public_url`, `node_id` ... and 6 others
[INFO] [stdout] 
[INFO] [stdout] 
[INFO] [stdout] error[E0560]: struct `NodeHeartbeat` has no field named `admin_terminal`
[INFO] [stdout]     --> src/bin/voltd.rs:1040:9
[INFO] [stdout]      |
[INFO] [stdout] 1040 |         admin_terminal: runtime.config.admin_terminal,
[INFO] [stdout]      |         ^^^^^^^^^^^^^^ `NodeHeartbeat` does not have this field
[INFO] [stdout]      |
[INFO] [stdout]      = note: all struct fields are already assigned
[INFO] [stdout] 
[INFO] [stdout] 
[INFO] [stdout] error[E0609]: no field `admin_terminal` on type `std::sync::Arc<voltpanel::node_daemon::DaemonConfig>`
[INFO] [stdout]     --> src/bin/voltd.rs:1040:40
[INFO] [stdout]      |
[INFO] [stdout] 1040 |         admin_terminal: runtime.config.admin_terminal,
[INFO] [stdout]      |                                        ^^^^^^^^^^^^^^ unknown field
[INFO] [stdout]      |
[INFO] [stdout]      = note: available fields are: `listen`, `data_dir`, `panel_url`, `public_url`, `node_id` ... and 6 others
[INFO] [stdout] 
[INFO] [stdout] 
[INFO] [stdout] Some errors have detailed explanations: E0425, E0432, E0433, E0560, E0599, E0609.
[INFO] [stdout] 
[INFO] [stdout] For more information about an error, try `rustc --explain E0425`.
[INFO] [stdout] 
[INFO] [stderr] error: could not compile `voltpanel` (bin "voltd") due to 13 previous errors
[INFO] [stderr] warning: build failed, waiting for other jobs to finish...
[INFO] [stdout] Some errors have detailed explanations: E0425, E0432, E0433, E0560, E0599, E0609.
[INFO] [stdout] 
[INFO] [stdout] For more information about an error, try `rustc --explain E0425`.
[INFO] [stdout] 
[INFO] [stderr] error: could not compile `voltpanel` (bin "voltd" test) due to 13 previous errors
[INFO] [stderr] warning: unused dependency `axum-extra`
[INFO] [stderr]   --> Cargo.toml:42:15
[INFO] [stderr]    |
[INFO] [stderr] 42 | [dependencies.axum-extra]
[INFO] [stderr]    |               ^^^^^^^^^^^
[INFO] [stderr]    |
[INFO] [stderr]    = note: `cargo::unused_dependencies` is set to `warn` by default
[INFO] [stderr] help: consider removing the dependency on `axum-extra`
[INFO] [stderr] warning: `voltpanel` (manifest) generated 1 warning
[INFO] running `Command { std: "docker" "inspect" "77a6debe397bab6bcc758f22cd6d1c8cbf37c3cb963ce8b2eeaee90dbc74f6be", kill_on_drop: false }`
[INFO] running `Command { std: "docker" "rm" "-f" "77a6debe397bab6bcc758f22cd6d1c8cbf37c3cb963ce8b2eeaee90dbc74f6be", kill_on_drop: false }`
[INFO] [stdout] 77a6debe397bab6bcc758f22cd6d1c8cbf37c3cb963ce8b2eeaee90dbc74f6be
