[INFO] cloning repository https://github.com/Hewieheartsick3577/franken_surveillance_system
[INFO] running `Command { std: "git" "-c" "credential.helper=" "-c" "credential.helper=/workspace/cargo-home/bin/git-credential-null" "clone" "--bare" "https://github.com/Hewieheartsick3577/franken_surveillance_system" "/workspace/cache/git-repos/https%3A%2F%2Fgithub.com%2FHewieheartsick3577%2Ffranken_surveillance_system", kill_on_drop: false }`
[INFO] [stderr] Cloning into bare repository '/workspace/cache/git-repos/https%3A%2F%2Fgithub.com%2FHewieheartsick3577%2Ffranken_surveillance_system'...
[INFO] running `Command { std: "git" "rev-parse" "HEAD", kill_on_drop: false }`
[INFO] [stdout] 4a52fba4255d6279d5b92ad3b9245ac8fdbdf5fe
[INFO] checking Hewieheartsick3577/franken_surveillance_system against 3154cc1a3e6424e44f438a95007d043ed5ceaaf6+rustflags=-Znext-solver=coherence for pr-133502-30
[INFO] running `Command { std: "git" "clone" "/workspace/cache/git-repos/https%3A%2F%2Fgithub.com%2FHewieheartsick3577%2Ffranken_surveillance_system" "/workspace/builds/worker-7-tc1/source", kill_on_drop: false }`
[INFO] [stderr] Cloning into '/workspace/builds/worker-7-tc1/source'...
[INFO] [stderr] done.
[INFO] removed /workspace/builds/worker-7-tc1/source/rust-toolchain.toml
[INFO] started tweaking git repo https://github.com/Hewieheartsick3577/franken_surveillance_system
[INFO] finished tweaking git repo https://github.com/Hewieheartsick3577/franken_surveillance_system
[INFO] tweaked toml for git repo https://github.com/Hewieheartsick3577/franken_surveillance_system written to /workspace/builds/worker-7-tc1/source/Cargo.toml
[INFO] validating manifest of git repo https://github.com/Hewieheartsick3577/franken_surveillance_system on toolchain 3154cc1a3e6424e44f438a95007d043ed5ceaaf6
[INFO] running `Command { std: CARGO_HOME="/workspace/cargo-home" RUSTUP_HOME="/workspace/rustup-home" "/workspace/cargo-home/bin/cargo" "+3154cc1a3e6424e44f438a95007d043ed5ceaaf6" "metadata" "--manifest-path" "Cargo.toml" "--no-deps", kill_on_drop: false }`
[INFO] crate git repo https://github.com/Hewieheartsick3577/franken_surveillance_system already has a lockfile, it will not be regenerated
[INFO] running `Command { std: CARGO_HOME="/workspace/cargo-home" RUSTUP_HOME="/workspace/rustup-home" "/workspace/cargo-home/bin/cargo" "+3154cc1a3e6424e44f438a95007d043ed5ceaaf6" "fetch" "--manifest-path" "Cargo.toml", kill_on_drop: false }`
[INFO] [stderr] warning: unused field `categories` in `workspace.package`
[INFO] [stderr]   --> Cargo.toml:29:1
[INFO] [stderr]    |
[INFO] [stderr] 29 | categories = ["computer-vision", "multimedia::video", "command-line-utilities"]
[INFO] [stderr]    | ^^^^^^^^^^
[INFO] [stderr]    |
[INFO] [stderr]    = note: `cargo::unused_workspace_package_fields` is set to `warn` by default
[INFO] [stderr] help: consider removing the field `workspace.package.categories`
[INFO] [stderr] warning: unused field `homepage` in `workspace.package`
[INFO] [stderr]   --> Cargo.toml:31:1
[INFO] [stderr]    |
[INFO] [stderr] 31 | homepage = "https://github.com/Dicklesworthstone/franken_surveillance_system"
[INFO] [stderr]    | ^^^^^^^^
[INFO] [stderr]    |
[INFO] [stderr] help: consider removing the field `workspace.package.homepage`
[INFO] [stderr] warning: unused field `keywords` in `workspace.package`
[INFO] [stderr]   --> Cargo.toml:32:1
[INFO] [stderr]    |
[INFO] [stderr] 32 | keywords = ["surveillance", "computer-vision", "sensor-fusion", "security", "rust"]
[INFO] [stderr]    | ^^^^^^^^
[INFO] [stderr]    |
[INFO] [stderr] help: consider removing the field `workspace.package.keywords`
[INFO] [stderr] warning: workspace (manifest) generated 3 warnings
[INFO] running `Command { std: "docker" "create" "-v" "/var/lib/crater-agent-workspace/builds/worker-7-tc1/source:/opt/rustwide/workdir:ro,Z" "-v" "/var/lib/crater-agent-workspace/builds/worker-7-tc1/target:/opt/rustwide/target:rw,Z" "-v" "/var/lib/crater-agent-workspace/cargo-home:/opt/rustwide/cargo-home:ro,Z" "-v" "/var/lib/crater-agent-workspace/rustup-home:/opt/rustwide/rustup-home:ro,Z" "-m" "1610612736" "--network" "none" "ghcr.io/rust-lang/crates-build-env/linux@sha256:77db811e55d90add9212f6832c23229e3de5f1c1f9905e8cb07319ea15df73ac" "sleep" "infinity", kill_on_drop: false }`
[INFO] [stdout] 2bda4620e8ca111e40f414eae68f705b5e94d280fee157cacd5bf76a15a841f5
[INFO] running `Command { std: "docker" "start" "2bda4620e8ca111e40f414eae68f705b5e94d280fee157cacd5bf76a15a841f5", kill_on_drop: false }`
[INFO] running `Command { std: "docker" "inspect" "2bda4620e8ca111e40f414eae68f705b5e94d280fee157cacd5bf76a15a841f5", kill_on_drop: false }`
[INFO] running `Command { std: "docker" "exec" "-e" "SOURCE_DIR=/opt/rustwide/workdir" "-e" "CARGO_HOME=/opt/rustwide/cargo-home" "-e" "RUSTUP_HOME=/opt/rustwide/rustup-home" "-e" "CARGO_TARGET_DIR=/opt/rustwide/target" "-w" "/opt/rustwide/workdir" "--user" "0:0" "2bda4620e8ca111e40f414eae68f705b5e94d280fee157cacd5bf76a15a841f5" "/opt/rustwide/cargo-home/bin/cargo" "+3154cc1a3e6424e44f438a95007d043ed5ceaaf6" "metadata" "--no-deps" "--format-version=1", kill_on_drop: false }`
[INFO] running `Command { std: "docker" "inspect" "2bda4620e8ca111e40f414eae68f705b5e94d280fee157cacd5bf76a15a841f5", kill_on_drop: false }`
[INFO] running `Command { std: "docker" "exec" "-e" "SOURCE_DIR=/opt/rustwide/workdir" "-e" "CARGO_HOME=/opt/rustwide/cargo-home" "-e" "RUSTUP_HOME=/opt/rustwide/rustup-home" "-e" "CARGO_TARGET_DIR=/opt/rustwide/target" "-e" "CARGO_INCREMENTAL=0" "-e" "RUST_BACKTRACE=full" "-e" "RUSTFLAGS=--cap-lints=forbid -Znext-solver=coherence" "-e" "RUSTDOCFLAGS=--cap-lints=forbid" "-w" "/opt/rustwide/workdir" "--user" "0:0" "2bda4620e8ca111e40f414eae68f705b5e94d280fee157cacd5bf76a15a841f5" "/opt/rustwide/cargo-home/bin/cargo" "+3154cc1a3e6424e44f438a95007d043ed5ceaaf6" "check" "--frozen" "--all" "--all-targets" "--message-format=json", kill_on_drop: false }`
[INFO] [stderr] warning: unused field `categories` in `workspace.package`
[INFO] [stderr]   --> Cargo.toml:29:1
[INFO] [stderr]    |
[INFO] [stderr] 29 | categories = ["computer-vision", "multimedia::video", "command-line-utilities"]
[INFO] [stderr]    | ^^^^^^^^^^
[INFO] [stderr]    |
[INFO] [stderr]    = note: `cargo::unused_workspace_package_fields` is set to `warn` by default
[INFO] [stderr] help: consider removing the field `workspace.package.categories`
[INFO] [stderr] warning: unused field `homepage` in `workspace.package`
[INFO] [stderr]   --> Cargo.toml:31:1
[INFO] [stderr]    |
[INFO] [stderr] 31 | homepage = "https://github.com/Dicklesworthstone/franken_surveillance_system"
[INFO] [stderr]    | ^^^^^^^^
[INFO] [stderr]    |
[INFO] [stderr] help: consider removing the field `workspace.package.homepage`
[INFO] [stderr] warning: unused field `keywords` in `workspace.package`
[INFO] [stderr]   --> Cargo.toml:32:1
[INFO] [stderr]    |
[INFO] [stderr] 32 | keywords = ["surveillance", "computer-vision", "sensor-fusion", "security", "rust"]
[INFO] [stderr]    | ^^^^^^^^
[INFO] [stderr]    |
[INFO] [stderr] help: consider removing the field `workspace.package.keywords`
[INFO] [stderr] warning: workspace (manifest) generated 3 warnings
[INFO] [stderr]     Checking fss-core v0.0.1 (/opt/rustwide/workdir/crates/fss-core)
[INFO] [stdout] warning: unused import: `ContractBasis`
[INFO] [stdout]  --> crates/fss-core/src/context_binding.rs:8:69
[INFO] [stdout]   |
[INFO] [stdout] 8 |     BudgetVector, CanonicalEncode, CanonicalEncoder, ContentDigest, ContractBasis, ContractError,
[INFO] [stdout]   |                                                                     ^^^^^^^^^^^^^
[INFO] [stdout]   |
[INFO] [stdout]   = note: `#[warn(unused_imports)]` (part of `#[warn(unused)]`) on by default
[INFO] [stdout] 
[INFO] [stdout] 
[INFO] [stdout] warning: unused import: `KnowledgeState`
[INFO] [stdout]  --> crates/fss-core/src/delta.rs:7:5
[INFO] [stdout]   |
[INFO] [stdout] 7 |     KnowledgeState, LedgerAnchor, SessionId,
[INFO] [stdout]   |     ^^^^^^^^^^^^^^
[INFO] [stdout] 
[INFO] [stdout] 
[INFO] [stdout] warning: unused import: `ContractBasis`
[INFO] [stdout]  --> crates/fss-core/src/context_binding.rs:8:69
[INFO] [stdout]   |
[INFO] [stdout] 8 |     BudgetVector, CanonicalEncode, CanonicalEncoder, ContentDigest, ContractBasis, ContractError,
[INFO] [stdout]   |                                                                     ^^^^^^^^^^^^^
[INFO] [stdout]   |
[INFO] [stdout]   = note: `#[warn(unused_imports)]` (part of `#[warn(unused)]`) on by default
[INFO] [stdout] 
[INFO] [stdout] 
[INFO] [stdout] error[E0599]: no variant, associated function, or constant named `EvidenceHydration` found for enum `continuation::ContinuationScope` in the current scope
[INFO] [stdout]    --> crates/fss-core/src/hydration/receipt.rs:178:51
[INFO] [stdout]     |
[INFO] [stdout] 178 |             if cursor.scope != ContinuationScope::EvidenceHydration
[INFO] [stdout]     |                                                   ^^^^^^^^^^^^^^^^^ variant, associated function, or constant not found in `continuation::ContinuationScope`
[INFO] [stdout]     |
[INFO] [stdout]    ::: crates/fss-core/src/continuation.rs:12:1
[INFO] [stdout]     |
[INFO] [stdout]  12 | pub enum ContinuationScope {
[INFO] [stdout]     | -------------------------- variant, associated function, or constant `EvidenceHydration` not found for this enum
[INFO] [stdout] 
[INFO] [stdout] 
[INFO] [stdout] error[E0599]: no variant, associated function, or constant named `EvidenceHydration` found for enum `continuation::ContinuationScope` in the current scope
[INFO] [stdout]    --> crates/fss-core/src/hydration/receipt.rs:178:51
[INFO] [stdout]     |
[INFO] [stdout] 178 |             if cursor.scope != ContinuationScope::EvidenceHydration
[INFO] [stdout]     |                                                   ^^^^^^^^^^^^^^^^^ variant, associated function, or constant not found in `continuation::ContinuationScope`
[INFO] [stdout]     |
[INFO] [stdout]    ::: crates/fss-core/src/continuation.rs:12:1
[INFO] [stdout]     |
[INFO] [stdout]  12 | pub enum ContinuationScope {
[INFO] [stdout]     | -------------------------- variant, associated function, or constant `EvidenceHydration` not found for this enum
[INFO] [stdout] 
[INFO] [stdout] 
[INFO] [stdout] error[E0599]: no variant, associated function, or constant named `EvidenceHydration` found for enum `continuation::ContinuationScope` in the current scope
[INFO] [stdout]    --> crates/fss-core/src/hydration/request.rs:139:51
[INFO] [stdout]     |
[INFO] [stdout] 139 |             if cursor.scope != ContinuationScope::EvidenceHydration
[INFO] [stdout]     |                                                   ^^^^^^^^^^^^^^^^^ variant, associated function, or constant not found in `continuation::ContinuationScope`
[INFO] [stdout]     |
[INFO] [stdout]    ::: crates/fss-core/src/continuation.rs:12:1
[INFO] [stdout]     |
[INFO] [stdout]  12 | pub enum ContinuationScope {
[INFO] [stdout]     | -------------------------- variant, associated function, or constant `EvidenceHydration` not found for this enum
[INFO] [stdout] 
[INFO] [stdout] 
[INFO] [stdout] error[E0599]: no variant, associated function, or constant named `EvidenceHydration` found for enum `continuation::ContinuationScope` in the current scope
[INFO] [stdout]    --> crates/fss-core/src/hydration/request.rs:139:51
[INFO] [stdout]     |
[INFO] [stdout] 139 |             if cursor.scope != ContinuationScope::EvidenceHydration
[INFO] [stdout]     |                                                   ^^^^^^^^^^^^^^^^^ variant, associated function, or constant not found in `continuation::ContinuationScope`
[INFO] [stdout]     |
[INFO] [stdout]    ::: crates/fss-core/src/continuation.rs:12:1
[INFO] [stdout]     |
[INFO] [stdout]  12 | pub enum ContinuationScope {
[INFO] [stdout]     | -------------------------- variant, associated function, or constant `EvidenceHydration` not found for this enum
[INFO] [stdout] 
[INFO] [stdout] 
[INFO] [stdout] error[E0599]: no variant, associated function, or constant named `EvidenceHydration` found for enum `continuation::ContinuationScope` in the current scope
[INFO] [stdout]    --> crates/fss-core/src/hydration/tests.rs:135:28
[INFO] [stdout]     |
[INFO] [stdout] 135 |         ContinuationScope::EvidenceHydration,
[INFO] [stdout]     |                            ^^^^^^^^^^^^^^^^^ variant, associated function, or constant not found in `continuation::ContinuationScope`
[INFO] [stdout]     |
[INFO] [stdout]    ::: crates/fss-core/src/continuation.rs:12:1
[INFO] [stdout]     |
[INFO] [stdout]  12 | pub enum ContinuationScope {
[INFO] [stdout]     | -------------------------- variant, associated function, or constant `EvidenceHydration` not found for this enum
[INFO] [stdout] 
[INFO] [stdout] 
[INFO] [stdout] error[E0382]: borrow of partially moved value: `first`
[INFO] [stdout]    --> crates/fss-core/src/continuation.rs:644:9
[INFO] [stdout]     |
[INFO] [stdout] 639 |         let next = first.next_cursor.ok_or(ContinuationError::OutOfRange)?;
[INFO] [stdout]     |                                      ------------------------------------ `first.next_cursor` partially moved due to this method call
[INFO] [stdout] ...
[INFO] [stdout] 644 |         first.verify()?;
[INFO] [stdout]     |         ^^^^^ value borrowed here after partial move
[INFO] [stdout]     |
[INFO] [stdout] note: `std::option::Option::<T>::ok_or` takes ownership of the receiver `self`, which moves `first.next_cursor`
[INFO] [stdout]    --> /rustc/3154cc1a3e6424e44f438a95007d043ed5ceaaf6/library/core/src/option.rs:1335:44
[INFO] [stdout]     = note: partial move occurs because `first.next_cursor` has type `Option<continuation::ContinuationCursor>`, which does not implement the `Copy` trait
[INFO] [stdout] help: consider calling `.as_ref()` to borrow the value's contents
[INFO] [stdout]     |
[INFO] [stdout] 639 |         let next = first.next_cursor.as_ref().ok_or(ContinuationError::OutOfRange)?;
[INFO] [stdout]     |                                     +++++++++
[INFO] [stdout] help: consider calling `.as_mut()` to mutably borrow the value's contents
[INFO] [stdout]     |
[INFO] [stdout] 639 |         let next = first.next_cursor.as_mut().ok_or(ContinuationError::OutOfRange)?;
[INFO] [stdout]     |                                     +++++++++
[INFO] [stdout] help: you can `clone` the value and consume it, but this might not be your desired behavior
[INFO] [stdout]     |
[INFO] [stdout] 639 |         let next = first.next_cursor.clone().ok_or(ContinuationError::OutOfRange)?;
[INFO] [stdout]     |                                     ++++++++
[INFO] [stdout] 
[INFO] [stdout] 
[INFO] [stdout] For more information about this error, try `rustc --explain E0599`.
[INFO] [stdout] 
[INFO] [stderr] error: could not compile `fss-core` (lib) due to 2 previous errors; 2 warnings emitted
[INFO] [stderr] warning: build failed, waiting for other jobs to finish...
[INFO] [stdout] Some errors have detailed explanations: E0382, E0599.
[INFO] [stdout] 
[INFO] [stdout] For more information about an error, try `rustc --explain E0382`.
[INFO] [stdout] 
[INFO] [stderr] error: could not compile `fss-core` (lib test) due to 4 previous errors; 1 warning emitted
[INFO] running `Command { std: "docker" "inspect" "2bda4620e8ca111e40f414eae68f705b5e94d280fee157cacd5bf76a15a841f5", kill_on_drop: false }`
[INFO] running `Command { std: "docker" "rm" "-f" "2bda4620e8ca111e40f414eae68f705b5e94d280fee157cacd5bf76a15a841f5", kill_on_drop: false }`
[INFO] [stdout] 2bda4620e8ca111e40f414eae68f705b5e94d280fee157cacd5bf76a15a841f5
