[INFO] cloning repository https://github.com/HermesSilva/PastDel
[INFO] running `Command { std: "git" "-c" "credential.helper=" "-c" "credential.helper=/workspace/cargo-home/bin/git-credential-null" "clone" "--bare" "https://github.com/HermesSilva/PastDel" "/workspace/cache/git-repos/https%3A%2F%2Fgithub.com%2FHermesSilva%2FPastDel", kill_on_drop: false }`
[INFO] [stderr] Cloning into bare repository '/workspace/cache/git-repos/https%3A%2F%2Fgithub.com%2FHermesSilva%2FPastDel'...
[INFO] running `Command { std: "git" "rev-parse" "HEAD", kill_on_drop: false }`
[INFO] [stdout] a941a5f46d744d87df59ea6f4db41dc7e4a91e3f
[INFO] checking HermesSilva/PastDel against 3154cc1a3e6424e44f438a95007d043ed5ceaaf6 for pr-133502-30
[INFO] running `Command { std: "git" "clone" "/workspace/cache/git-repos/https%3A%2F%2Fgithub.com%2FHermesSilva%2FPastDel" "/workspace/builds/worker-6-tc2/source", kill_on_drop: false }`
[INFO] [stderr] Cloning into '/workspace/builds/worker-6-tc2/source'...
[INFO] [stderr] done.
[INFO] started tweaking git repo https://github.com/HermesSilva/PastDel
[INFO] finished tweaking git repo https://github.com/HermesSilva/PastDel
[INFO] tweaked toml for git repo https://github.com/HermesSilva/PastDel written to /workspace/builds/worker-6-tc2/source/Cargo.toml
[INFO] validating manifest of git repo https://github.com/HermesSilva/PastDel on toolchain 3154cc1a3e6424e44f438a95007d043ed5ceaaf6
[INFO] running `Command { std: CARGO_HOME="/workspace/cargo-home" RUSTUP_HOME="/workspace/rustup-home" "/workspace/cargo-home/bin/cargo" "+3154cc1a3e6424e44f438a95007d043ed5ceaaf6" "metadata" "--manifest-path" "Cargo.toml" "--no-deps", kill_on_drop: false }`
[INFO] crate git repo https://github.com/HermesSilva/PastDel already has a lockfile, it will not be regenerated
[INFO] running `Command { std: CARGO_HOME="/workspace/cargo-home" RUSTUP_HOME="/workspace/rustup-home" "/workspace/cargo-home/bin/cargo" "+3154cc1a3e6424e44f438a95007d043ed5ceaaf6" "fetch" "--manifest-path" "Cargo.toml", kill_on_drop: false }`
[INFO] running `Command { std: "docker" "create" "-v" "/var/lib/crater-agent-workspace/builds/worker-6-tc2/source:/opt/rustwide/workdir:ro,Z" "-v" "/var/lib/crater-agent-workspace/builds/worker-6-tc2/target:/opt/rustwide/target:rw,Z" "-v" "/var/lib/crater-agent-workspace/cargo-home:/opt/rustwide/cargo-home:ro,Z" "-v" "/var/lib/crater-agent-workspace/rustup-home:/opt/rustwide/rustup-home:ro,Z" "-m" "1610612736" "--network" "none" "ghcr.io/rust-lang/crates-build-env/linux@sha256:77db811e55d90add9212f6832c23229e3de5f1c1f9905e8cb07319ea15df73ac" "sleep" "infinity", kill_on_drop: false }`
[INFO] [stdout] ccebee6b1c35a789bf5b4a3c719dc5a889bdf182bfc3c60572ce699f4f3d55a8
[INFO] running `Command { std: "docker" "start" "ccebee6b1c35a789bf5b4a3c719dc5a889bdf182bfc3c60572ce699f4f3d55a8", kill_on_drop: false }`
[INFO] running `Command { std: "docker" "inspect" "ccebee6b1c35a789bf5b4a3c719dc5a889bdf182bfc3c60572ce699f4f3d55a8", kill_on_drop: false }`
[INFO] running `Command { std: "docker" "exec" "-e" "SOURCE_DIR=/opt/rustwide/workdir" "-e" "CARGO_HOME=/opt/rustwide/cargo-home" "-e" "RUSTUP_HOME=/opt/rustwide/rustup-home" "-e" "CARGO_TARGET_DIR=/opt/rustwide/target" "-w" "/opt/rustwide/workdir" "--user" "0:0" "ccebee6b1c35a789bf5b4a3c719dc5a889bdf182bfc3c60572ce699f4f3d55a8" "/opt/rustwide/cargo-home/bin/cargo" "+3154cc1a3e6424e44f438a95007d043ed5ceaaf6" "metadata" "--no-deps" "--format-version=1", kill_on_drop: false }`
[INFO] running `Command { std: "docker" "inspect" "ccebee6b1c35a789bf5b4a3c719dc5a889bdf182bfc3c60572ce699f4f3d55a8", kill_on_drop: false }`
[INFO] running `Command { std: "docker" "exec" "-e" "SOURCE_DIR=/opt/rustwide/workdir" "-e" "CARGO_HOME=/opt/rustwide/cargo-home" "-e" "RUSTUP_HOME=/opt/rustwide/rustup-home" "-e" "CARGO_TARGET_DIR=/opt/rustwide/target" "-e" "CARGO_INCREMENTAL=0" "-e" "RUST_BACKTRACE=full" "-e" "RUSTFLAGS=--cap-lints=forbid" "-e" "RUSTDOCFLAGS=--cap-lints=forbid" "-w" "/opt/rustwide/workdir" "--user" "0:0" "ccebee6b1c35a789bf5b4a3c719dc5a889bdf182bfc3c60572ce699f4f3d55a8" "/opt/rustwide/cargo-home/bin/cargo" "+3154cc1a3e6424e44f438a95007d043ed5ceaaf6" "check" "--frozen" "--all" "--all-targets" "--message-format=json", kill_on_drop: false }`
[INFO] [stderr]    Compiling fastdel v0.1.0 (/opt/rustwide/workdir)
[INFO] [stderr]     Checking windows-link v0.2.1
[INFO] [stderr]     Checking crossbeam-epoch v0.9.20
[INFO] [stderr]     Checking windows-sys v0.61.2
[INFO] [stderr]     Checking crossbeam-deque v0.8.7
[INFO] [stdout] error[E0433]: cannot find `windows` in `os`
[INFO] [stdout]   --> src/detach.rs:17:18
[INFO] [stdout]    |
[INFO] [stdout] 17 |     use std::os::windows::ffi::OsStrExt;
[INFO] [stdout]    |                  ^^^^^^^ could not find `windows` in `os`
[INFO] [stdout]    |
[INFO] [stdout] note: found an item that was configured out
[INFO] [stdout]   --> /rustc/3154cc1a3e6424e44f438a95007d043ed5ceaaf6/library/std/src/os/mod.rs:62:4
[INFO] [stdout]    |
[INFO] [stdout]    = note: the item is gated behind the `windows` feature
[INFO] [stdout] 
[INFO] [stdout] 
[INFO] [stdout] error[E0433]: cannot find `windows` in `os`
[INFO] [stdout]    --> src/detach.rs:111:18
[INFO] [stdout]     |
[INFO] [stdout] 111 |     use std::os::windows::process::CommandExt;
[INFO] [stdout]     |                  ^^^^^^^ could not find `windows` in `os`
[INFO] [stdout]     |
[INFO] [stdout] note: found an item that was configured out
[INFO] [stdout]    --> /rustc/3154cc1a3e6424e44f438a95007d043ed5ceaaf6/library/std/src/os/mod.rs:62:4
[INFO] [stdout]     |
[INFO] [stdout]     = note: the item is gated behind the `windows` feature
[INFO] [stdout] 
[INFO] [stdout] 
[INFO] [stdout] error[E0433]: cannot find `windows` in `os`
[INFO] [stdout]   --> src/purge.rs:43:26
[INFO] [stdout]    |
[INFO] [stdout] 43 |             use std::os::windows::fs::MetadataExt;
[INFO] [stdout]    |                          ^^^^^^^ could not find `windows` in `os`
[INFO] [stdout]    |
[INFO] [stdout] note: found an item that was configured out
[INFO] [stdout]   --> /rustc/3154cc1a3e6424e44f438a95007d043ed5ceaaf6/library/std/src/os/mod.rs:62:4
[INFO] [stdout]    |
[INFO] [stdout]    = note: the item is gated behind the `windows` feature
[INFO] [stdout] 
[INFO] [stdout] 
[INFO] [stdout] error[E0433]: cannot find `windows` in `os`
[INFO] [stdout]    --> src/walker.rs:129:18
[INFO] [stdout]     |
[INFO] [stdout] 129 |     use std::os::windows::ffi::OsStrExt;
[INFO] [stdout]     |                  ^^^^^^^ could not find `windows` in `os`
[INFO] [stdout]     |
[INFO] [stdout] note: found an item that was configured out
[INFO] [stdout]    --> /rustc/3154cc1a3e6424e44f438a95007d043ed5ceaaf6/library/std/src/os/mod.rs:62:4
[INFO] [stdout]     |
[INFO] [stdout]     = note: the item is gated behind the `windows` feature
[INFO] [stdout] 
[INFO] [stdout] 
[INFO] [stdout] error[E0599]: no method named `encode_wide` found for reference `&OsStr` in the current scope
[INFO] [stdout]   --> src/detach.rs:18:19
[INFO] [stdout]    |
[INFO] [stdout] 18 |     p.as_os_str().encode_wide().chain(std::iter::once(0)).collect()
[INFO] [stdout]    |                   ^^^^^^^^^^^ method not found in `&OsStr`
[INFO] [stdout] 
[INFO] [stdout] 
[INFO] [stdout] error[E0599]: no method named `creation_flags` found for mutable reference `&mut Command` in the current scope
[INFO] [stdout]    --> src/detach.rs:124:10
[INFO] [stdout]     |
[INFO] [stdout] 118 |     let child = Command::new(exe)
[INFO] [stdout] 119 |         .arg("--reap")
[INFO] [stdout] 120 |         .arg(staged)
[INFO] [stdout] 121 |         .stdin(Stdio::null())
[INFO] [stdout] 122 |         .stdout(Stdio::null())
[INFO] [stdout] 123 |         .stderr(Stdio::null())
[INFO] [stdout] 124 |         .creation_flags(DETACHED_PROCESS | CREATE_NO_WINDOW)
[INFO] [stdout]     |          ^^^^^^^^^^^^^^ method not found in `&mut Command`
[INFO] [stdout] 
[INFO] [stdout] 
[INFO] [stdout] error[E0433]: cannot find `windows` in `os`
[INFO] [stdout]   --> src/detach.rs:17:18
[INFO] [stdout]    |
[INFO] [stdout] 17 |     use std::os::windows::ffi::OsStrExt;
[INFO] [stdout]    |                  ^^^^^^^ could not find `windows` in `os`
[INFO] [stdout]    |
[INFO] [stdout] note: found an item that was configured out
[INFO] [stdout]   --> /rustc/3154cc1a3e6424e44f438a95007d043ed5ceaaf6/library/std/src/os/mod.rs:62:4
[INFO] [stdout]    |
[INFO] [stdout]    = note: the item is gated behind the `windows` feature
[INFO] [stdout] 
[INFO] [stdout] 
[INFO] [stdout] error[E0433]: cannot find `windows` in `os`
[INFO] [stdout]    --> src/detach.rs:111:18
[INFO] [stdout]     |
[INFO] [stdout] 111 |     use std::os::windows::process::CommandExt;
[INFO] [stdout]     |                  ^^^^^^^ could not find `windows` in `os`
[INFO] [stdout]     |
[INFO] [stdout] note: found an item that was configured out
[INFO] [stdout]    --> /rustc/3154cc1a3e6424e44f438a95007d043ed5ceaaf6/library/std/src/os/mod.rs:62:4
[INFO] [stdout]     |
[INFO] [stdout]     = note: the item is gated behind the `windows` feature
[INFO] [stdout] 
[INFO] [stdout] 
[INFO] [stdout] error[E0433]: cannot find `windows` in `os`
[INFO] [stdout]   --> src/purge.rs:43:26
[INFO] [stdout]    |
[INFO] [stdout] 43 |             use std::os::windows::fs::MetadataExt;
[INFO] [stdout]    |                          ^^^^^^^ could not find `windows` in `os`
[INFO] [stdout]    |
[INFO] [stdout] note: found an item that was configured out
[INFO] [stdout]   --> /rustc/3154cc1a3e6424e44f438a95007d043ed5ceaaf6/library/std/src/os/mod.rs:62:4
[INFO] [stdout]    |
[INFO] [stdout]    = note: the item is gated behind the `windows` feature
[INFO] [stdout] 
[INFO] [stdout] 
[INFO] [stdout] error[E0433]: cannot find `windows` in `os`
[INFO] [stdout]    --> src/walker.rs:129:18
[INFO] [stdout]     |
[INFO] [stdout] 129 |     use std::os::windows::ffi::OsStrExt;
[INFO] [stdout]     |                  ^^^^^^^ could not find `windows` in `os`
[INFO] [stdout]     |
[INFO] [stdout] note: found an item that was configured out
[INFO] [stdout]    --> /rustc/3154cc1a3e6424e44f438a95007d043ed5ceaaf6/library/std/src/os/mod.rs:62:4
[INFO] [stdout]     |
[INFO] [stdout]     = note: the item is gated behind the `windows` feature
[INFO] [stdout] 
[INFO] [stdout] 
[INFO] [stdout] error[E0599]: no method named `file_attributes` found for struct `Metadata` in the current scope
[INFO] [stdout]   --> src/purge.rs:44:19
[INFO] [stdout]    |
[INFO] [stdout] 44 |             if md.file_attributes() & FILE_ATTRIBUTE_REPARSE_POINT != 0 {
[INFO] [stdout]    |                   ^^^^^^^^^^^^^^^
[INFO] [stdout]    |
[INFO] [stdout] help: there is a method `file_type` with a similar name
[INFO] [stdout]    |
[INFO] [stdout] 44 -             if md.file_attributes() & FILE_ATTRIBUTE_REPARSE_POINT != 0 {
[INFO] [stdout] 44 +             if md.file_type() & FILE_ATTRIBUTE_REPARSE_POINT != 0 {
[INFO] [stdout]    |
[INFO] [stdout] 
[INFO] [stdout] 
[INFO] [stdout] error[E0599]: no method named `encode_wide` found for reference `&OsStr` in the current scope
[INFO] [stdout]    --> src/walker.rs:130:19
[INFO] [stdout]     |
[INFO] [stdout] 130 |     p.as_os_str().encode_wide().chain(std::iter::once(0)).collect()
[INFO] [stdout]     |                   ^^^^^^^^^^^ method not found in `&OsStr`
[INFO] [stdout] 
[INFO] [stdout] 
[INFO] [stdout] error[E0599]: no method named `encode_wide` found for reference `&OsStr` in the current scope
[INFO] [stdout]   --> src/detach.rs:18:19
[INFO] [stdout]    |
[INFO] [stdout] 18 |     p.as_os_str().encode_wide().chain(std::iter::once(0)).collect()
[INFO] [stdout]    |                   ^^^^^^^^^^^ method not found in `&OsStr`
[INFO] [stdout] 
[INFO] [stdout] 
[INFO] [stdout] Some errors have detailed explanations: E0433, E0599.
[INFO] [stdout] 
[INFO] [stdout] For more information about an error, try `rustc --explain E0433`.
[INFO] [stdout] 
[INFO] [stdout] error[E0599]: no method named `creation_flags` found for mutable reference `&mut Command` in the current scope
[INFO] [stdout]    --> src/detach.rs:124:10
[INFO] [stdout]     |
[INFO] [stdout] 118 |     let child = Command::new(exe)
[INFO] [stdout] 119 |         .arg("--reap")
[INFO] [stdout] 120 |         .arg(staged)
[INFO] [stdout] 121 |         .stdin(Stdio::null())
[INFO] [stdout] 122 |         .stdout(Stdio::null())
[INFO] [stdout] 123 |         .stderr(Stdio::null())
[INFO] [stdout] 124 |         .creation_flags(DETACHED_PROCESS | CREATE_NO_WINDOW)
[INFO] [stdout]     |          ^^^^^^^^^^^^^^ method not found in `&mut Command`
[INFO] [stdout] 
[INFO] [stdout] 
[INFO] [stderr] error: could not compile `fastdel` (lib test) due to 8 previous errors
[INFO] [stderr] warning: build failed, waiting for other jobs to finish...
[INFO] [stdout] error[E0599]: no method named `file_attributes` found for struct `Metadata` in the current scope
[INFO] [stdout]   --> src/purge.rs:44:19
[INFO] [stdout]    |
[INFO] [stdout] 44 |             if md.file_attributes() & FILE_ATTRIBUTE_REPARSE_POINT != 0 {
[INFO] [stdout]    |                   ^^^^^^^^^^^^^^^
[INFO] [stdout]    |
[INFO] [stdout] help: there is a method `file_type` with a similar name
[INFO] [stdout]    |
[INFO] [stdout] 44 -             if md.file_attributes() & FILE_ATTRIBUTE_REPARSE_POINT != 0 {
[INFO] [stdout] 44 +             if md.file_type() & FILE_ATTRIBUTE_REPARSE_POINT != 0 {
[INFO] [stdout]    |
[INFO] [stdout] 
[INFO] [stdout] 
[INFO] [stdout] error[E0599]: no method named `encode_wide` found for reference `&OsStr` in the current scope
[INFO] [stdout]    --> src/walker.rs:130:19
[INFO] [stdout]     |
[INFO] [stdout] 130 |     p.as_os_str().encode_wide().chain(std::iter::once(0)).collect()
[INFO] [stdout]     |                   ^^^^^^^^^^^ method not found in `&OsStr`
[INFO] [stdout] 
[INFO] [stdout] 
[INFO] [stdout] Some errors have detailed explanations: E0433, E0599.
[INFO] [stdout] 
[INFO] [stdout] For more information about an error, try `rustc --explain E0433`.
[INFO] [stdout] 
[INFO] [stderr] error: could not compile `fastdel` (lib) due to 8 previous errors
[INFO] running `Command { std: "docker" "inspect" "ccebee6b1c35a789bf5b4a3c719dc5a889bdf182bfc3c60572ce699f4f3d55a8", kill_on_drop: false }`
[INFO] running `Command { std: "docker" "rm" "-f" "ccebee6b1c35a789bf5b4a3c719dc5a889bdf182bfc3c60572ce699f4f3d55a8", kill_on_drop: false }`
[INFO] [stdout] ccebee6b1c35a789bf5b4a3c719dc5a889bdf182bfc3c60572ce699f4f3d55a8
