[INFO] cloning repository https://github.com/HeliumOctahelide/LoopPanel
[INFO] running `Command { std: "git" "-c" "credential.helper=" "-c" "credential.helper=/workspace/cargo-home/bin/git-credential-null" "clone" "--bare" "https://github.com/HeliumOctahelide/LoopPanel" "/workspace/cache/git-repos/https%3A%2F%2Fgithub.com%2FHeliumOctahelide%2FLoopPanel", kill_on_drop: false }`
[INFO] [stderr] Cloning into bare repository '/workspace/cache/git-repos/https%3A%2F%2Fgithub.com%2FHeliumOctahelide%2FLoopPanel'...
[INFO] running `Command { std: "git" "rev-parse" "HEAD", kill_on_drop: false }`
[INFO] [stdout] 2badea5b911f6a12fc6b7ad110089546c265a640
[INFO] checking HeliumOctahelide/LoopPanel against 3154cc1a3e6424e44f438a95007d043ed5ceaaf6 for pr-133502-30
[INFO] running `Command { std: "git" "clone" "/workspace/cache/git-repos/https%3A%2F%2Fgithub.com%2FHeliumOctahelide%2FLoopPanel" "/workspace/builds/worker-5-tc2/source", kill_on_drop: false }`
[INFO] [stderr] Cloning into '/workspace/builds/worker-5-tc2/source'...
[INFO] [stderr] done.
[INFO] removed /workspace/builds/worker-5-tc2/source/.cargo/config.toml
[INFO] started tweaking git repo https://github.com/HeliumOctahelide/LoopPanel
[INFO] finished tweaking git repo https://github.com/HeliumOctahelide/LoopPanel
[INFO] tweaked toml for git repo https://github.com/HeliumOctahelide/LoopPanel written to /workspace/builds/worker-5-tc2/source/Cargo.toml
[INFO] validating manifest of git repo https://github.com/HeliumOctahelide/LoopPanel on toolchain 3154cc1a3e6424e44f438a95007d043ed5ceaaf6
[INFO] running `Command { std: CARGO_HOME="/workspace/cargo-home" RUSTUP_HOME="/workspace/rustup-home" "/workspace/cargo-home/bin/cargo" "+3154cc1a3e6424e44f438a95007d043ed5ceaaf6" "metadata" "--manifest-path" "Cargo.toml" "--no-deps", kill_on_drop: false }`
[INFO] crate git repo https://github.com/HeliumOctahelide/LoopPanel already has a lockfile, it will not be regenerated
[INFO] running `Command { std: CARGO_HOME="/workspace/cargo-home" RUSTUP_HOME="/workspace/rustup-home" "/workspace/cargo-home/bin/cargo" "+3154cc1a3e6424e44f438a95007d043ed5ceaaf6" "fetch" "--manifest-path" "Cargo.toml", kill_on_drop: false }`
[INFO] running `Command { std: "docker" "create" "-v" "/var/lib/crater-agent-workspace/builds/worker-5-tc2/source:/opt/rustwide/workdir:ro,Z" "-v" "/var/lib/crater-agent-workspace/builds/worker-5-tc2/target:/opt/rustwide/target:rw,Z" "-v" "/var/lib/crater-agent-workspace/cargo-home:/opt/rustwide/cargo-home:ro,Z" "-v" "/var/lib/crater-agent-workspace/rustup-home:/opt/rustwide/rustup-home:ro,Z" "-m" "1610612736" "--network" "none" "ghcr.io/rust-lang/crates-build-env/linux@sha256:77db811e55d90add9212f6832c23229e3de5f1c1f9905e8cb07319ea15df73ac" "sleep" "infinity", kill_on_drop: false }`
[INFO] [stdout] a570feff88329682c9698688fd75c61a699d67551c37959a6bf7bdc8f3048ccc
[INFO] running `Command { std: "docker" "start" "a570feff88329682c9698688fd75c61a699d67551c37959a6bf7bdc8f3048ccc", kill_on_drop: false }`
[INFO] running `Command { std: "docker" "inspect" "a570feff88329682c9698688fd75c61a699d67551c37959a6bf7bdc8f3048ccc", kill_on_drop: false }`
[INFO] running `Command { std: "docker" "exec" "-e" "SOURCE_DIR=/opt/rustwide/workdir" "-e" "CARGO_HOME=/opt/rustwide/cargo-home" "-e" "RUSTUP_HOME=/opt/rustwide/rustup-home" "-e" "CARGO_TARGET_DIR=/opt/rustwide/target" "-w" "/opt/rustwide/workdir" "--user" "0:0" "a570feff88329682c9698688fd75c61a699d67551c37959a6bf7bdc8f3048ccc" "/opt/rustwide/cargo-home/bin/cargo" "+3154cc1a3e6424e44f438a95007d043ed5ceaaf6" "metadata" "--no-deps" "--format-version=1", kill_on_drop: false }`
[INFO] running `Command { std: "docker" "inspect" "a570feff88329682c9698688fd75c61a699d67551c37959a6bf7bdc8f3048ccc", kill_on_drop: false }`
[INFO] running `Command { std: "docker" "exec" "-e" "SOURCE_DIR=/opt/rustwide/workdir" "-e" "CARGO_HOME=/opt/rustwide/cargo-home" "-e" "RUSTUP_HOME=/opt/rustwide/rustup-home" "-e" "CARGO_TARGET_DIR=/opt/rustwide/target" "-e" "CARGO_INCREMENTAL=0" "-e" "RUST_BACKTRACE=full" "-e" "RUSTFLAGS=--cap-lints=forbid" "-e" "RUSTDOCFLAGS=--cap-lints=forbid" "-w" "/opt/rustwide/workdir" "--user" "0:0" "a570feff88329682c9698688fd75c61a699d67551c37959a6bf7bdc8f3048ccc" "/opt/rustwide/cargo-home/bin/cargo" "+3154cc1a3e6424e44f438a95007d043ed5ceaaf6" "check" "--frozen" "--all" "--all-targets" "--message-format=json", kill_on_drop: false }`
[INFO] [stderr]     Checking simd-adler32 v0.3.10
[INFO] [stderr]     Checking bytemuck v1.25.2
[INFO] [stderr]    Compiling proc-macro2 v1.0.107
[INFO] [stderr]     Checking bitflags v2.13.1
[INFO] [stderr]     Checking log v0.4.33
[INFO] [stderr]    Compiling quote v1.0.47
[INFO] [stderr]     Checking arrayvec v0.7.8
[INFO] [stderr]     Checking core_maths v0.1.1
[INFO] [stderr]    Compiling slotmap v1.1.1
[INFO] [stderr]     Checking miniz_oxide v0.8.9
[INFO] [stderr]     Checking smallvec v1.15.2
[INFO] [stderr]     Checking float-cmp v0.9.0
[INFO] [stderr]    Compiling autocfg v1.5.1
[INFO] [stderr]     Checking fdeflate v0.3.7
[INFO] [stderr]     Checking polycool v0.4.0
[INFO] [stderr]     Checking strict-num v0.1.1
[INFO] [stderr]     Checking ttf-parser v0.25.1
[INFO] [stderr]     Checking tinyvec_macros v0.1.1
[INFO] [stderr]     Checking tiny-skia-path v0.12.0
[INFO] [stderr]     Checking tinyvec v1.12.0
[INFO] [stderr]     Checking kurbo v0.13.1
[INFO] [stderr]    Compiling num-traits v0.2.19
[INFO] [stderr]     Checking flate2 v1.1.9
[INFO] [stderr]     Checking unicode-properties v0.1.4
[INFO] [stderr]     Checking unicode-bidi-mirroring v0.4.0
[INFO] [stderr]     Checking siphasher v1.0.3
[INFO] [stderr]    Compiling syn v3.0.3
[INFO] [stderr]     Checking unicode-script v0.5.8
[INFO] [stderr]     Checking unicode-ccc v0.4.0
[INFO] [stderr]     Checking roxmltree v0.21.1
[INFO] [stderr]     Checking png v0.18.1
[INFO] [stderr]     Checking simplecss v0.2.2
[INFO] [stderr]     Checking weezl v0.1.12
[INFO] [stderr]     Checking unicode-bidi v0.3.18
[INFO] [stderr]     Checking svgtypes v0.16.1
[INFO] [stderr]    Compiling anyhow v1.0.104
[INFO] [stderr]     Checking pico-args v0.5.0
[INFO] [stderr]     Checking unicode-vo v0.1.0
[INFO] [stderr]     Checking imagesize v0.14.0
[INFO] [stderr]     Checking pxfm v0.1.30
[INFO] [stderr]     Checking data-url v0.3.2
[INFO] [stderr]     Checking color_quant v1.1.0
[INFO] [stderr]     Checking xmlwriter v0.1.0
[INFO] [stderr]     Checking zune-core v0.5.3
[INFO] [stderr]     Checking gif v0.14.2
[INFO] [stderr]     Checking tiny-skia v0.12.0
[INFO] [stderr]     Checking rgb v0.8.53
[INFO] [stderr]     Checking toml_datetime v0.7.5+spec-1.1.0
[INFO] [stderr]     Checking byteorder-lite v0.1.0
[INFO] [stderr]     Checking zune-jpeg v0.5.15
[INFO] [stderr]     Checking windows-link v0.2.1
[INFO] [stderr]     Checking winnow v0.7.15
[INFO] [stderr]    Compiling looppanel v0.1.0-rc.3 (/opt/rustwide/workdir)
[INFO] [stderr]     Checking memo-map v0.3.3
[INFO] [stderr]     Checking windows-sys v0.61.2
[INFO] [stderr]     Checking fontdb v0.23.0
[INFO] [stderr]     Checking rustybuzz v0.20.1
[INFO] [stderr]     Checking libloading v0.9.0
[INFO] [stderr]    Compiling serde_derive v1.0.229
[INFO] [stderr]     Checking moxcms v0.8.1
[INFO] [stderr]     Checking toml v0.9.12+spec-1.1.0
[INFO] [stderr]     Checking usvg v0.47.0
[INFO] [stderr]     Checking serde v1.0.229
[INFO] [stderr]     Checking resvg v0.47.0
[INFO] [stderr]     Checking minijinja v2.21.0
[INFO] [stderr]     Checking image v0.25.10
[INFO] [stdout] error[E0433]: cannot find `windows` in `os`
[INFO] [stdout]  --> src/startup.rs:1:29
[INFO] [stdout]   |
[INFO] [stdout] 1 | use std::{mem::size_of, os::windows::ffi::OsStrExt, path::Path, ptr};
[INFO] [stdout]   |                             ^^^^^^^ could not find `windows` in `os`
[INFO] [stdout]   |
[INFO] [stdout] note: found an item that was configured out
[INFO] [stdout]  --> /rustc/3154cc1a3e6424e44f438a95007d043ed5ceaaf6/library/std/src/os/mod.rs:62:4
[INFO] [stdout]   |
[INFO] [stdout]   = note: the item is gated behind the `windows` feature
[INFO] [stdout] 
[INFO] [stdout] 
[INFO] [stdout] error[E0433]: cannot find `windows` in `os`
[INFO] [stdout]  --> src/temperature_service.rs:6:9
[INFO] [stdout]   |
[INFO] [stdout] 6 |     os::windows::ffi::OsStrExt,
[INFO] [stdout]   |         ^^^^^^^ could not find `windows` in `os`
[INFO] [stdout]   |
[INFO] [stdout] note: found an item that was configured out
[INFO] [stdout]  --> /rustc/3154cc1a3e6424e44f438a95007d043ed5ceaaf6/library/std/src/os/mod.rs:62:4
[INFO] [stdout]   |
[INFO] [stdout]   = note: the item is gated behind the `windows` feature
[INFO] [stdout] 
[INFO] [stdout] 
[INFO] [stdout] error[E0433]: cannot find `windows` in `os`
[INFO] [stdout]  --> src/tray.rs:3:9
[INFO] [stdout]   |
[INFO] [stdout] 3 |     os::windows::ffi::OsStrExt,
[INFO] [stdout]   |         ^^^^^^^ could not find `windows` in `os`
[INFO] [stdout]   |
[INFO] [stdout] note: found an item that was configured out
[INFO] [stdout]  --> /rustc/3154cc1a3e6424e44f438a95007d043ed5ceaaf6/library/std/src/os/mod.rs:62:4
[INFO] [stdout]   |
[INFO] [stdout]   = note: the item is gated behind the `windows` feature
[INFO] [stdout] 
[INFO] [stdout] 
[INFO] [stdout] error[E0433]: cannot find `windows` in `os`
[INFO] [stdout]  --> src/win.rs:1:30
[INFO] [stdout]   |
[INFO] [stdout] 1 | use std::{ffi::OsString, os::windows::ffi::OsStringExt, path::PathBuf};
[INFO] [stdout]   |                              ^^^^^^^ could not find `windows` in `os`
[INFO] [stdout]   |
[INFO] [stdout] note: found an item that was configured out
[INFO] [stdout]  --> /rustc/3154cc1a3e6424e44f438a95007d043ed5ceaaf6/library/std/src/os/mod.rs:62:4
[INFO] [stdout]   |
[INFO] [stdout]   = note: the item is gated behind the `windows` feature
[INFO] [stdout] 
[INFO] [stdout] 
[INFO] [stdout] error[E0433]: cannot find `windows` in `os`
[INFO] [stdout]  --> src/startup.rs:1:29
[INFO] [stdout]   |
[INFO] [stdout] 1 | use std::{mem::size_of, os::windows::ffi::OsStrExt, path::Path, ptr};
[INFO] [stdout]   |                             ^^^^^^^ could not find `windows` in `os`
[INFO] [stdout]   |
[INFO] [stdout] note: found an item that was configured out
[INFO] [stdout]  --> /rustc/3154cc1a3e6424e44f438a95007d043ed5ceaaf6/library/std/src/os/mod.rs:62:4
[INFO] [stdout]   |
[INFO] [stdout]   = note: the item is gated behind the `windows` feature
[INFO] [stdout] 
[INFO] [stdout] 
[INFO] [stdout] error[E0433]: cannot find `windows` in `os`
[INFO] [stdout]  --> src/temperature_service.rs:6:9
[INFO] [stdout]   |
[INFO] [stdout] 6 |     os::windows::ffi::OsStrExt,
[INFO] [stdout]   |         ^^^^^^^ could not find `windows` in `os`
[INFO] [stdout]   |
[INFO] [stdout] note: found an item that was configured out
[INFO] [stdout]  --> /rustc/3154cc1a3e6424e44f438a95007d043ed5ceaaf6/library/std/src/os/mod.rs:62:4
[INFO] [stdout]   |
[INFO] [stdout]   = note: the item is gated behind the `windows` feature
[INFO] [stdout] 
[INFO] [stdout] 
[INFO] [stdout] error[E0433]: cannot find `windows` in `os`
[INFO] [stdout]  --> src/tray.rs:3:9
[INFO] [stdout]   |
[INFO] [stdout] 3 |     os::windows::ffi::OsStrExt,
[INFO] [stdout]   |         ^^^^^^^ could not find `windows` in `os`
[INFO] [stdout]   |
[INFO] [stdout] note: found an item that was configured out
[INFO] [stdout]  --> /rustc/3154cc1a3e6424e44f438a95007d043ed5ceaaf6/library/std/src/os/mod.rs:62:4
[INFO] [stdout]   |
[INFO] [stdout]   = note: the item is gated behind the `windows` feature
[INFO] [stdout] 
[INFO] [stdout] 
[INFO] [stdout] error[E0433]: cannot find `windows` in `os`
[INFO] [stdout]  --> src/win.rs:1:30
[INFO] [stdout]   |
[INFO] [stdout] 1 | use std::{ffi::OsString, os::windows::ffi::OsStringExt, path::PathBuf};
[INFO] [stdout]   |                              ^^^^^^^ could not find `windows` in `os`
[INFO] [stdout]   |
[INFO] [stdout] note: found an item that was configured out
[INFO] [stdout]  --> /rustc/3154cc1a3e6424e44f438a95007d043ed5ceaaf6/library/std/src/os/mod.rs:62:4
[INFO] [stdout]   |
[INFO] [stdout]   = note: the item is gated behind the `windows` feature
[INFO] [stdout] 
[INFO] [stdout] 
[INFO] [stdout] error[E0599]: no method named `encode_wide` found for reference `&OsStr` in the current scope
[INFO] [stdout]    --> src/startup.rs:128:43
[INFO] [stdout]     |
[INFO] [stdout] 128 |     command.extend(executable.as_os_str().encode_wide());
[INFO] [stdout]     |                                           ^^^^^^^^^^^ method not found in `&OsStr`
[INFO] [stdout] 
[INFO] [stdout] 
[INFO] [stdout] error[E0599]: no method named `encode_wide` found for reference `&OsStr` in the current scope
[INFO] [stdout]    --> src/startup.rs:128:43
[INFO] [stdout]     |
[INFO] [stdout] 128 |     command.extend(executable.as_os_str().encode_wide());
[INFO] [stdout]     |                                           ^^^^^^^^^^^ method not found in `&OsStr`
[INFO] [stdout] 
[INFO] [stdout] 
[INFO] [stdout] error[E0599]: no method named `encode_wide` found for reference `&OsStr` in the current scope
[INFO] [stdout]    --> src/temperature_service.rs:724:35
[INFO] [stdout]     |
[INFO] [stdout] 724 |     value.extend(path.as_os_str().encode_wide());
[INFO] [stdout]     |                                   ^^^^^^^^^^^ method not found in `&OsStr`
[INFO] [stdout] 
[INFO] [stdout] 
[INFO] [stdout] error[E0599]: no method named `encode_wide` found for reference `&OsStr` in the current scope
[INFO] [stdout]    --> src/temperature_service.rs:724:35
[INFO] [stdout]     |
[INFO] [stdout] 724 |     value.extend(path.as_os_str().encode_wide());
[INFO] [stdout]     |                                   ^^^^^^^^^^^ method not found in `&OsStr`
[INFO] [stdout] 
[INFO] [stdout] 
[INFO] [stdout] error[E0599]: no method named `encode_wide` found for reference `&OsStr` in the current scope
[INFO] [stdout]    --> src/tray.rs:394:10
[INFO] [stdout]     |
[INFO] [stdout] 392 |     let path = path
[INFO] [stdout] 393 |         .as_os_str()
[INFO] [stdout] 394 |         .encode_wide()
[INFO] [stdout]     |          ^^^^^^^^^^^ method not found in `&OsStr`
[INFO] [stdout] 
[INFO] [stdout] 
[INFO] [stdout] error[E0599]: no method named `encode_wide` found for reference `&OsStr` in the current scope
[INFO] [stdout]    --> src/tray.rs:622:10
[INFO] [stdout]     |
[INFO] [stdout] 620 |     let path = path
[INFO] [stdout] 621 |         .as_os_str()
[INFO] [stdout] 622 |         .encode_wide()
[INFO] [stdout]     |          ^^^^^^^^^^^ method not found in `&OsStr`
[INFO] [stdout] 
[INFO] [stdout] 
[INFO] [stdout] error[E0599]: no method named `encode_wide` found for reference `&OsStr` in the current scope
[INFO] [stdout]    --> src/tray.rs:394:10
[INFO] [stdout]     |
[INFO] [stdout] 392 |     let path = path
[INFO] [stdout] 393 |         .as_os_str()
[INFO] [stdout] 394 |         .encode_wide()
[INFO] [stdout]     |          ^^^^^^^^^^^ method not found in `&OsStr`
[INFO] [stdout] 
[INFO] [stdout] 
[INFO] [stdout] error[E0599]: no associated function or constant named `from_wide` found for struct `OsString` in the current scope
[INFO] [stdout]   --> src/win.rs:21:32
[INFO] [stdout]    |
[INFO] [stdout] 21 |     Ok(PathBuf::from(OsString::from_wide(&buffer[..length as usize])).join(name))
[INFO] [stdout]    |                                ^^^^^^^^^ associated function or constant not found in `OsString`
[INFO] [stdout]    |
[INFO] [stdout] note: if you're trying to build a new `OsString` consider using one of the following associated functions:
[INFO] [stdout]       OsString::new
[INFO] [stdout]       OsString::from_encoded_bytes_unchecked
[INFO] [stdout]       OsString::with_capacity
[INFO] [stdout]   --> /rustc/3154cc1a3e6424e44f438a95007d043ed5ceaaf6/library/std/src/ffi/os_str.rs:134:4
[INFO] [stdout] help: there is an associated function `from_iter` with a similar name
[INFO] [stdout]    |
[INFO] [stdout] 21 -     Ok(PathBuf::from(OsString::from_wide(&buffer[..length as usize])).join(name))
[INFO] [stdout] 21 +     Ok(PathBuf::from(OsString::from_iter(&buffer[..length as usize])).join(name))
[INFO] [stdout]    |
[INFO] [stdout] 
[INFO] [stdout] 
[INFO] [stdout] error[E0599]: no method named `encode_wide` found for reference `&OsStr` in the current scope
[INFO] [stdout]    --> src/tray.rs:622:10
[INFO] [stdout]     |
[INFO] [stdout] 620 |     let path = path
[INFO] [stdout] 621 |         .as_os_str()
[INFO] [stdout] 622 |         .encode_wide()
[INFO] [stdout]     |          ^^^^^^^^^^^ method not found in `&OsStr`
[INFO] [stdout] 
[INFO] [stdout] 
[INFO] [stdout] error[E0599]: no associated function or constant named `from_wide` found for struct `OsString` in the current scope
[INFO] [stdout]   --> src/win.rs:21:32
[INFO] [stdout]    |
[INFO] [stdout] 21 |     Ok(PathBuf::from(OsString::from_wide(&buffer[..length as usize])).join(name))
[INFO] [stdout]    |                                ^^^^^^^^^ associated function or constant not found in `OsString`
[INFO] [stdout]    |
[INFO] [stdout] note: if you're trying to build a new `OsString` consider using one of the following associated functions:
[INFO] [stdout]       OsString::new
[INFO] [stdout]       OsString::from_encoded_bytes_unchecked
[INFO] [stdout]       OsString::with_capacity
[INFO] [stdout]   --> /rustc/3154cc1a3e6424e44f438a95007d043ed5ceaaf6/library/std/src/ffi/os_str.rs:134:4
[INFO] [stdout] help: there is an associated function `from_iter` with a similar name
[INFO] [stdout]    |
[INFO] [stdout] 21 -     Ok(PathBuf::from(OsString::from_wide(&buffer[..length as usize])).join(name))
[INFO] [stdout] 21 +     Ok(PathBuf::from(OsString::from_iter(&buffer[..length as usize])).join(name))
[INFO] [stdout]    |
[INFO] [stdout] 
[INFO] [stdout] 
[INFO] [stdout] Some errors have detailed explanations: E0433, E0599.
[INFO] [stdout] 
[INFO] [stdout] For more information about an error, try `rustc --explain E0433`.
[INFO] [stdout] 
[INFO] [stderr] error: could not compile `looppanel` (lib) due to 9 previous errors
[INFO] [stderr] warning: build failed, waiting for other jobs to finish...
[INFO] [stdout] Some errors have detailed explanations: E0433, E0599.
[INFO] [stdout] 
[INFO] [stdout] For more information about an error, try `rustc --explain E0433`.
[INFO] [stdout] 
[INFO] [stderr] error: could not compile `looppanel` (lib test) due to 9 previous errors
[INFO] running `Command { std: "docker" "inspect" "a570feff88329682c9698688fd75c61a699d67551c37959a6bf7bdc8f3048ccc", kill_on_drop: false }`
[INFO] running `Command { std: "docker" "rm" "-f" "a570feff88329682c9698688fd75c61a699d67551c37959a6bf7bdc8f3048ccc", kill_on_drop: false }`
[INFO] [stdout] a570feff88329682c9698688fd75c61a699d67551c37959a6bf7bdc8f3048ccc
