[INFO] cloning repository https://github.com/Heiss/steamshell
[INFO] running `Command { std: "git" "-c" "credential.helper=" "-c" "credential.helper=/workspace/cargo-home/bin/git-credential-null" "clone" "--bare" "https://github.com/Heiss/steamshell" "/workspace/cache/git-repos/https%3A%2F%2Fgithub.com%2FHeiss%2Fsteamshell", kill_on_drop: false }`
[INFO] [stderr] Cloning into bare repository '/workspace/cache/git-repos/https%3A%2F%2Fgithub.com%2FHeiss%2Fsteamshell'...
[INFO] running `Command { std: "git" "rev-parse" "HEAD", kill_on_drop: false }`
[INFO] [stdout] ca17bd9cd2ba7b468f4a15b86fc170a9c3e1ace0
[INFO] checking Heiss/steamshell against 3154cc1a3e6424e44f438a95007d043ed5ceaaf6+rustflags=-Znext-solver=coherence for pr-133502-30
[INFO] running `Command { std: "git" "clone" "/workspace/cache/git-repos/https%3A%2F%2Fgithub.com%2FHeiss%2Fsteamshell" "/workspace/builds/worker-6-tc1/source", kill_on_drop: false }`
[INFO] [stderr] Cloning into '/workspace/builds/worker-6-tc1/source'...
[INFO] [stderr] done.
[INFO] removed /workspace/builds/worker-6-tc1/source/.cargo/config.toml
[INFO] started tweaking git repo https://github.com/Heiss/steamshell
[INFO] finished tweaking git repo https://github.com/Heiss/steamshell
[INFO] tweaked toml for git repo https://github.com/Heiss/steamshell written to /workspace/builds/worker-6-tc1/source/Cargo.toml
[INFO] validating manifest of git repo https://github.com/Heiss/steamshell on toolchain 3154cc1a3e6424e44f438a95007d043ed5ceaaf6
[INFO] running `Command { std: CARGO_HOME="/workspace/cargo-home" RUSTUP_HOME="/workspace/rustup-home" "/workspace/cargo-home/bin/cargo" "+3154cc1a3e6424e44f438a95007d043ed5ceaaf6" "metadata" "--manifest-path" "Cargo.toml" "--no-deps", kill_on_drop: false }`
[INFO] crate git repo https://github.com/Heiss/steamshell already has a lockfile, it will not be regenerated
[INFO] running `Command { std: CARGO_HOME="/workspace/cargo-home" RUSTUP_HOME="/workspace/rustup-home" "/workspace/cargo-home/bin/cargo" "+3154cc1a3e6424e44f438a95007d043ed5ceaaf6" "fetch" "--manifest-path" "Cargo.toml", kill_on_drop: false }`
[INFO] running `Command { std: "docker" "create" "-v" "/var/lib/crater-agent-workspace/builds/worker-6-tc1/source:/opt/rustwide/workdir:ro,Z" "-v" "/var/lib/crater-agent-workspace/builds/worker-6-tc1/target:/opt/rustwide/target:rw,Z" "-v" "/var/lib/crater-agent-workspace/cargo-home:/opt/rustwide/cargo-home:ro,Z" "-v" "/var/lib/crater-agent-workspace/rustup-home:/opt/rustwide/rustup-home:ro,Z" "-m" "1610612736" "--network" "none" "ghcr.io/rust-lang/crates-build-env/linux@sha256:77db811e55d90add9212f6832c23229e3de5f1c1f9905e8cb07319ea15df73ac" "sleep" "infinity", kill_on_drop: false }`
[INFO] [stdout] fb034471bf37ef3058d8b860a22347ee3a643ae9c0a5b6244c04dda19a935e7f
[INFO] running `Command { std: "docker" "start" "fb034471bf37ef3058d8b860a22347ee3a643ae9c0a5b6244c04dda19a935e7f", kill_on_drop: false }`
[INFO] running `Command { std: "docker" "inspect" "fb034471bf37ef3058d8b860a22347ee3a643ae9c0a5b6244c04dda19a935e7f", kill_on_drop: false }`
[INFO] running `Command { std: "docker" "exec" "-e" "SOURCE_DIR=/opt/rustwide/workdir" "-e" "CARGO_HOME=/opt/rustwide/cargo-home" "-e" "RUSTUP_HOME=/opt/rustwide/rustup-home" "-e" "CARGO_TARGET_DIR=/opt/rustwide/target" "-w" "/opt/rustwide/workdir" "--user" "0:0" "fb034471bf37ef3058d8b860a22347ee3a643ae9c0a5b6244c04dda19a935e7f" "/opt/rustwide/cargo-home/bin/cargo" "+3154cc1a3e6424e44f438a95007d043ed5ceaaf6" "metadata" "--no-deps" "--format-version=1", kill_on_drop: false }`
[INFO] running `Command { std: "docker" "inspect" "fb034471bf37ef3058d8b860a22347ee3a643ae9c0a5b6244c04dda19a935e7f", kill_on_drop: false }`
[INFO] running `Command { std: "docker" "exec" "-e" "SOURCE_DIR=/opt/rustwide/workdir" "-e" "CARGO_HOME=/opt/rustwide/cargo-home" "-e" "RUSTUP_HOME=/opt/rustwide/rustup-home" "-e" "CARGO_TARGET_DIR=/opt/rustwide/target" "-e" "CARGO_INCREMENTAL=0" "-e" "RUST_BACKTRACE=full" "-e" "RUSTFLAGS=--cap-lints=forbid -Znext-solver=coherence" "-e" "RUSTDOCFLAGS=--cap-lints=forbid" "-w" "/opt/rustwide/workdir" "--user" "0:0" "fb034471bf37ef3058d8b860a22347ee3a643ae9c0a5b6244c04dda19a935e7f" "/opt/rustwide/cargo-home/bin/cargo" "+3154cc1a3e6424e44f438a95007d043ed5ceaaf6" "check" "--frozen" "--all" "--all-targets" "--message-format=json", kill_on_drop: false }`
[INFO] [stderr]     Checking steamshell v0.1.0 (/opt/rustwide/workdir)
[INFO] [stdout] error[E0433]: cannot find `windows` in `os`
[INFO] [stdout]  --> src/host.rs:7:14
[INFO] [stdout]   |
[INFO] [stdout] 7 | use std::os::windows::process::CommandExt;
[INFO] [stdout]   |              ^^^^^^^ could not find `windows` in `os`
[INFO] [stdout]   |
[INFO] [stdout] note: found an item that was configured out
[INFO] [stdout]  --> /rustc/3154cc1a3e6424e44f438a95007d043ed5ceaaf6/library/std/src/os/mod.rs:62:4
[INFO] [stdout]   |
[INFO] [stdout]   = note: the item is gated behind the `windows` feature
[INFO] [stdout] 
[INFO] [stdout] 
[INFO] [stdout] error[E0433]: cannot find `windows` in `os`
[INFO] [stdout]   --> src/task.rs:16:14
[INFO] [stdout]    |
[INFO] [stdout] 16 | use std::os::windows::process::CommandExt;
[INFO] [stdout]    |              ^^^^^^^ could not find `windows` in `os`
[INFO] [stdout]    |
[INFO] [stdout] note: found an item that was configured out
[INFO] [stdout]   --> /rustc/3154cc1a3e6424e44f438a95007d043ed5ceaaf6/library/std/src/os/mod.rs:62:4
[INFO] [stdout]    |
[INFO] [stdout]    = note: the item is gated behind the `windows` feature
[INFO] [stdout] 
[INFO] [stdout] 
[INFO] [stdout] error[E0433]: cannot find `windows` in `os`
[INFO] [stdout]  --> src/winreg.rs:8:14
[INFO] [stdout]   |
[INFO] [stdout] 8 | use std::os::windows::process::CommandExt;
[INFO] [stdout]   |              ^^^^^^^ could not find `windows` in `os`
[INFO] [stdout]   |
[INFO] [stdout] note: found an item that was configured out
[INFO] [stdout]  --> /rustc/3154cc1a3e6424e44f438a95007d043ed5ceaaf6/library/std/src/os/mod.rs:62:4
[INFO] [stdout]   |
[INFO] [stdout]   = note: the item is gated behind the `windows` feature
[INFO] [stdout] 
[INFO] [stdout] 
[INFO] [stdout] error[E0599]: no method named `creation_flags` found for mutable reference `&mut Command` in the current scope
[INFO] [stdout]    --> src/host.rs:143:10
[INFO] [stdout]     |
[INFO] [stdout] 141 |     let out = Command::new("tasklist")
[INFO] [stdout] 142 |         .args(["/FI", &format!("IMAGENAME eq {image}"), "/NH"])
[INFO] [stdout] 143 |         .creation_flags(CREATE_NO_WINDOW)
[INFO] [stdout]     |          ^^^^^^^^^^^^^^ method not found in `&mut Command`
[INFO] [stdout] 
[INFO] [stdout] 
[INFO] [stdout] error[E0433]: cannot find `windows` in `os`
[INFO] [stdout]  --> src/host.rs:7:14
[INFO] [stdout]   |
[INFO] [stdout] 7 | use std::os::windows::process::CommandExt;
[INFO] [stdout]   |              ^^^^^^^ could not find `windows` in `os`
[INFO] [stdout]   |
[INFO] [stdout] note: found an item that was configured out
[INFO] [stdout]  --> /rustc/3154cc1a3e6424e44f438a95007d043ed5ceaaf6/library/std/src/os/mod.rs:62:4
[INFO] [stdout]   |
[INFO] [stdout]   = note: the item is gated behind the `windows` feature
[INFO] [stdout] 
[INFO] [stdout] 
[INFO] [stdout] error[E0433]: cannot find `windows` in `os`
[INFO] [stdout]   --> src/task.rs:16:14
[INFO] [stdout]    |
[INFO] [stdout] 16 | use std::os::windows::process::CommandExt;
[INFO] [stdout]    |              ^^^^^^^ could not find `windows` in `os`
[INFO] [stdout]    |
[INFO] [stdout] note: found an item that was configured out
[INFO] [stdout]   --> /rustc/3154cc1a3e6424e44f438a95007d043ed5ceaaf6/library/std/src/os/mod.rs:62:4
[INFO] [stdout]    |
[INFO] [stdout]    = note: the item is gated behind the `windows` feature
[INFO] [stdout] 
[INFO] [stdout] 
[INFO] [stdout] error[E0433]: cannot find `windows` in `os`
[INFO] [stdout]  --> src/winreg.rs:8:14
[INFO] [stdout]   |
[INFO] [stdout] 8 | use std::os::windows::process::CommandExt;
[INFO] [stdout]   |              ^^^^^^^ could not find `windows` in `os`
[INFO] [stdout]   |
[INFO] [stdout] note: found an item that was configured out
[INFO] [stdout]  --> /rustc/3154cc1a3e6424e44f438a95007d043ed5ceaaf6/library/std/src/os/mod.rs:62:4
[INFO] [stdout]   |
[INFO] [stdout]   = note: the item is gated behind the `windows` feature
[INFO] [stdout] 
[INFO] [stdout] 
[INFO] [stdout] error[E0599]: no method named `creation_flags` found for mutable reference `&mut Command` in the current scope
[INFO] [stdout]    --> src/task.rs:167:10
[INFO] [stdout]     |
[INFO] [stdout] 163 |     let out = Command::new("schtasks")
[INFO] [stdout] 164 |         .args(["/Create", "/XML"])
[INFO] [stdout] 165 |         .arg(&file)
[INFO] [stdout] 166 |         .args(["/TN", name, "/F"])
[INFO] [stdout] 167 |         .creation_flags(CREATE_NO_WINDOW)
[INFO] [stdout]     |          ^^^^^^^^^^^^^^ method not found in `&mut Command`
[INFO] [stdout] 
[INFO] [stdout] 
[INFO] [stdout] error[E0599]: no method named `creation_flags` found for mutable reference `&mut Command` in the current scope
[INFO] [stdout]    --> src/task.rs:192:10
[INFO] [stdout]     |
[INFO] [stdout] 190 |     let out = Command::new("schtasks")
[INFO] [stdout] 191 |         .args(["/Delete", "/TN", name, "/F"])
[INFO] [stdout] 192 |         .creation_flags(CREATE_NO_WINDOW)
[INFO] [stdout]     |          ^^^^^^^^^^^^^^ method not found in `&mut Command`
[INFO] [stdout] 
[INFO] [stdout] 
[INFO] [stdout] error[E0599]: no method named `creation_flags` found for mutable reference `&mut Command` in the current scope
[INFO] [stdout]    --> src/task.rs:222:10
[INFO] [stdout]     |
[INFO] [stdout] 220 |     Command::new("schtasks")
[INFO] [stdout] 221 |         .args(["/Query", "/TN", name])
[INFO] [stdout] 222 |         .creation_flags(CREATE_NO_WINDOW)
[INFO] [stdout]     |          ^^^^^^^^^^^^^^ method not found in `&mut Command`
[INFO] [stdout] 
[INFO] [stdout] 
[INFO] [stdout] error[E0599]: no method named `creation_flags` found for mutable reference `&mut Command` in the current scope
[INFO] [stdout]   --> src/winreg.rs:23:10
[INFO] [stdout]    |
[INFO] [stdout] 21 |     let out = Command::new("reg")
[INFO] [stdout] 22 |         .args(["query", key, "/v", value])
[INFO] [stdout] 23 |         .creation_flags(CREATE_NO_WINDOW)
[INFO] [stdout]    |          ^^^^^^^^^^^^^^ method not found in `&mut Command`
[INFO] [stdout] 
[INFO] [stdout] 
[INFO] [stdout] error[E0599]: no method named `creation_flags` found for mutable reference `&mut Command` in the current scope
[INFO] [stdout]   --> src/winreg.rs:81:10
[INFO] [stdout]    |
[INFO] [stdout] 79 |     let out = Command::new("reg")
[INFO] [stdout] 80 |         .args(args)
[INFO] [stdout] 81 |         .creation_flags(CREATE_NO_WINDOW)
[INFO] [stdout]    |          ^^^^^^^^^^^^^^ method not found in `&mut Command`
[INFO] [stdout] 
[INFO] [stdout] 
[INFO] [stdout] error[E0599]: no method named `creation_flags` found for mutable reference `&mut Command` in the current scope
[INFO] [stdout]    --> src/host.rs:143:10
[INFO] [stdout]     |
[INFO] [stdout] 141 |     let out = Command::new("tasklist")
[INFO] [stdout] 142 |         .args(["/FI", &format!("IMAGENAME eq {image}"), "/NH"])
[INFO] [stdout] 143 |         .creation_flags(CREATE_NO_WINDOW)
[INFO] [stdout]     |          ^^^^^^^^^^^^^^ method not found in `&mut Command`
[INFO] [stdout] 
[INFO] [stdout] 
[INFO] [stdout] Some errors have detailed explanations: E0433, E0599.
[INFO] [stdout] 
[INFO] [stdout] For more information about an error, try `rustc --explain E0433`.
[INFO] [stdout] 
[INFO] [stdout] error[E0599]: no method named `creation_flags` found for mutable reference `&mut Command` in the current scope
[INFO] [stdout]    --> src/task.rs:167:10
[INFO] [stdout]     |
[INFO] [stdout] 163 |     let out = Command::new("schtasks")
[INFO] [stdout] 164 |         .args(["/Create", "/XML"])
[INFO] [stdout] 165 |         .arg(&file)
[INFO] [stdout] 166 |         .args(["/TN", name, "/F"])
[INFO] [stdout] 167 |         .creation_flags(CREATE_NO_WINDOW)
[INFO] [stdout]     |          ^^^^^^^^^^^^^^ method not found in `&mut Command`
[INFO] [stdout] 
[INFO] [stdout] 
[INFO] [stderr] error: could not compile `steamshell` (lib) due to 9 previous errors
[INFO] [stdout] error[E0599]: no method named `creation_flags` found for mutable reference `&mut Command` in the current scope
[INFO] [stdout]    --> src/task.rs:192:10
[INFO] [stdout]     |
[INFO] [stdout] 190 |     let out = Command::new("schtasks")
[INFO] [stdout] 191 |         .args(["/Delete", "/TN", name, "/F"])
[INFO] [stdout] 192 |         .creation_flags(CREATE_NO_WINDOW)
[INFO] [stdout]     |          ^^^^^^^^^^^^^^ method not found in `&mut Command`
[INFO] [stdout] 
[INFO] [stdout] 
[INFO] [stderr] warning: build failed, waiting for other jobs to finish...
[INFO] [stdout] error[E0599]: no method named `creation_flags` found for mutable reference `&mut Command` in the current scope
[INFO] [stdout]    --> src/task.rs:222:10
[INFO] [stdout]     |
[INFO] [stdout] 220 |     Command::new("schtasks")
[INFO] [stdout] 221 |         .args(["/Query", "/TN", name])
[INFO] [stdout] 222 |         .creation_flags(CREATE_NO_WINDOW)
[INFO] [stdout]     |          ^^^^^^^^^^^^^^ method not found in `&mut Command`
[INFO] [stdout] 
[INFO] [stdout] 
[INFO] [stdout] error[E0599]: no method named `creation_flags` found for mutable reference `&mut Command` in the current scope
[INFO] [stdout]   --> src/winreg.rs:23:10
[INFO] [stdout]    |
[INFO] [stdout] 21 |     let out = Command::new("reg")
[INFO] [stdout] 22 |         .args(["query", key, "/v", value])
[INFO] [stdout] 23 |         .creation_flags(CREATE_NO_WINDOW)
[INFO] [stdout]    |          ^^^^^^^^^^^^^^ method not found in `&mut Command`
[INFO] [stdout] 
[INFO] [stdout] 
[INFO] [stdout] error[E0599]: no method named `creation_flags` found for mutable reference `&mut Command` in the current scope
[INFO] [stdout]   --> src/winreg.rs:81:10
[INFO] [stdout]    |
[INFO] [stdout] 79 |     let out = Command::new("reg")
[INFO] [stdout] 80 |         .args(args)
[INFO] [stdout] 81 |         .creation_flags(CREATE_NO_WINDOW)
[INFO] [stdout]    |          ^^^^^^^^^^^^^^ method not found in `&mut Command`
[INFO] [stdout] 
[INFO] [stdout] 
[INFO] [stdout] Some errors have detailed explanations: E0433, E0599.
[INFO] [stdout] 
[INFO] [stdout] For more information about an error, try `rustc --explain E0433`.
[INFO] [stdout] 
[INFO] [stderr] error: could not compile `steamshell` (lib test) due to 9 previous errors
[INFO] running `Command { std: "docker" "inspect" "fb034471bf37ef3058d8b860a22347ee3a643ae9c0a5b6244c04dda19a935e7f", kill_on_drop: false }`
[INFO] running `Command { std: "docker" "rm" "-f" "fb034471bf37ef3058d8b860a22347ee3a643ae9c0a5b6244c04dda19a935e7f", kill_on_drop: false }`
[INFO] [stdout] fb034471bf37ef3058d8b860a22347ee3a643ae9c0a5b6244c04dda19a935e7f
