[INFO] cloning repository https://github.com/Hawkking-cloud/crostini_remote_desktop
[INFO] running `Command { std: "git" "-c" "credential.helper=" "-c" "credential.helper=/workspace/cargo-home/bin/git-credential-null" "clone" "--bare" "https://github.com/Hawkking-cloud/crostini_remote_desktop" "/workspace/cache/git-repos/https%3A%2F%2Fgithub.com%2FHawkking-cloud%2Fcrostini_remote_desktop", kill_on_drop: false }`
[INFO] [stderr] Cloning into bare repository '/workspace/cache/git-repos/https%3A%2F%2Fgithub.com%2FHawkking-cloud%2Fcrostini_remote_desktop'...
[INFO] running `Command { std: "git" "rev-parse" "HEAD", kill_on_drop: false }`
[INFO] [stdout] 17b7012ca8df0934348645f74733a5ceeaccf191
[INFO] checking Hawkking-cloud/crostini_remote_desktop against 3154cc1a3e6424e44f438a95007d043ed5ceaaf6 for pr-133502-30
[INFO] running `Command { std: "git" "clone" "/workspace/cache/git-repos/https%3A%2F%2Fgithub.com%2FHawkking-cloud%2Fcrostini_remote_desktop" "/workspace/builds/worker-5-tc2/source", kill_on_drop: false }`
[INFO] [stderr] Cloning into '/workspace/builds/worker-5-tc2/source'...
[INFO] [stderr] done.
[INFO] started tweaking git repo https://github.com/Hawkking-cloud/crostini_remote_desktop
[INFO] finished tweaking git repo https://github.com/Hawkking-cloud/crostini_remote_desktop
[INFO] tweaked toml for git repo https://github.com/Hawkking-cloud/crostini_remote_desktop written to /workspace/builds/worker-5-tc2/source/Cargo.toml
[INFO] validating manifest of git repo https://github.com/Hawkking-cloud/crostini_remote_desktop on toolchain 3154cc1a3e6424e44f438a95007d043ed5ceaaf6
[INFO] running `Command { std: CARGO_HOME="/workspace/cargo-home" RUSTUP_HOME="/workspace/rustup-home" "/workspace/cargo-home/bin/cargo" "+3154cc1a3e6424e44f438a95007d043ed5ceaaf6" "metadata" "--manifest-path" "Cargo.toml" "--no-deps", kill_on_drop: false }`
[INFO] crate git repo https://github.com/Hawkking-cloud/crostini_remote_desktop already has a lockfile, it will not be regenerated
[INFO] running `Command { std: CARGO_HOME="/workspace/cargo-home" RUSTUP_HOME="/workspace/rustup-home" "/workspace/cargo-home/bin/cargo" "+3154cc1a3e6424e44f438a95007d043ed5ceaaf6" "fetch" "--manifest-path" "Cargo.toml", kill_on_drop: false }`
[INFO] running `Command { std: "docker" "create" "-v" "/var/lib/crater-agent-workspace/builds/worker-5-tc2/source:/opt/rustwide/workdir:ro,Z" "-v" "/var/lib/crater-agent-workspace/builds/worker-5-tc2/target:/opt/rustwide/target:rw,Z" "-v" "/var/lib/crater-agent-workspace/cargo-home:/opt/rustwide/cargo-home:ro,Z" "-v" "/var/lib/crater-agent-workspace/rustup-home:/opt/rustwide/rustup-home:ro,Z" "-m" "1610612736" "--network" "none" "ghcr.io/rust-lang/crates-build-env/linux@sha256:77db811e55d90add9212f6832c23229e3de5f1c1f9905e8cb07319ea15df73ac" "sleep" "infinity", kill_on_drop: false }`
[INFO] [stdout] 9fbc31626b865d5be16860f8476be11899a84df052b380a44e762451fb13a0d1
[INFO] running `Command { std: "docker" "start" "9fbc31626b865d5be16860f8476be11899a84df052b380a44e762451fb13a0d1", kill_on_drop: false }`
[INFO] running `Command { std: "docker" "inspect" "9fbc31626b865d5be16860f8476be11899a84df052b380a44e762451fb13a0d1", kill_on_drop: false }`
[INFO] running `Command { std: "docker" "exec" "-e" "SOURCE_DIR=/opt/rustwide/workdir" "-e" "CARGO_HOME=/opt/rustwide/cargo-home" "-e" "RUSTUP_HOME=/opt/rustwide/rustup-home" "-e" "CARGO_TARGET_DIR=/opt/rustwide/target" "-w" "/opt/rustwide/workdir" "--user" "0:0" "9fbc31626b865d5be16860f8476be11899a84df052b380a44e762451fb13a0d1" "/opt/rustwide/cargo-home/bin/cargo" "+3154cc1a3e6424e44f438a95007d043ed5ceaaf6" "metadata" "--no-deps" "--format-version=1", kill_on_drop: false }`
[INFO] running `Command { std: "docker" "inspect" "9fbc31626b865d5be16860f8476be11899a84df052b380a44e762451fb13a0d1", kill_on_drop: false }`
[INFO] running `Command { std: "docker" "exec" "-e" "SOURCE_DIR=/opt/rustwide/workdir" "-e" "CARGO_HOME=/opt/rustwide/cargo-home" "-e" "RUSTUP_HOME=/opt/rustwide/rustup-home" "-e" "CARGO_TARGET_DIR=/opt/rustwide/target" "-e" "CARGO_INCREMENTAL=0" "-e" "RUST_BACKTRACE=full" "-e" "RUSTFLAGS=--cap-lints=forbid" "-e" "RUSTDOCFLAGS=--cap-lints=forbid" "-w" "/opt/rustwide/workdir" "--user" "0:0" "9fbc31626b865d5be16860f8476be11899a84df052b380a44e762451fb13a0d1" "/opt/rustwide/cargo-home/bin/cargo" "+3154cc1a3e6424e44f438a95007d043ed5ceaaf6" "check" "--frozen" "--all" "--all-targets" "--message-format=json", kill_on_drop: false }`
[INFO] [stderr]    Compiling version-compare v0.1.1
[INFO] [stderr]    Compiling sdl2 v0.38.0
[INFO] [stderr]    Compiling libc v0.2.189
[INFO] [stderr]    Compiling sdl2-sys v0.38.0
[INFO] [stderr]     Checking crostini_remote_desktop v0.1.0 (/opt/rustwide/workdir)
[INFO] [stdout] error: expected one of `,`, `=`, or `>`, found `:`
[INFO] [stdout]   --> src/server.rs:68:13
[INFO] [stdout]    |
[INFO] [stdout] 65 |     let mut in_progress:HashMap<
[INFO] [stdout]    |                        - while parsing the type for the binding
[INFO] [stdout] ...
[INFO] [stdout] 68 |     'running: loop {
[INFO] [stdout]    |             ^ expected one of `,`, `=`, or `>`
[INFO] [stdout]    |
[INFO] [stdout] help: you might have meant to end the type parameters here
[INFO] [stdout]    |
[INFO] [stdout] 68 |     'running>: loop {
[INFO] [stdout]    |             +
[INFO] [stdout] help: use `=` if you meant to assign
[INFO] [stdout]    |
[INFO] [stdout] 65 -     let mut in_progress:HashMap<
[INFO] [stdout] 65 +     let mut in_progress =HashMap<
[INFO] [stdout]    |
[INFO] [stdout] 
[INFO] [stdout] 
[INFO] [stdout] error: expected `;`, found `Ok`
[INFO] [stdout]    --> src/server.rs:101:6
[INFO] [stdout]     |
[INFO] [stdout] 101 |     }
[INFO] [stdout]     |      ^ help: add `;` here
[INFO] [stdout] 102 |
[INFO] [stdout] 103 |     Ok(())
[INFO] [stdout]     |     -- unexpected token
[INFO] [stdout] 
[INFO] [stdout] 
[INFO] [stdout] error: expected one of `,`, `=`, or `>`, found `:`
[INFO] [stdout]   --> src/server.rs:68:13
[INFO] [stdout]    |
[INFO] [stdout] 65 |     let mut in_progress:HashMap<
[INFO] [stdout]    |                        - while parsing the type for the binding
[INFO] [stdout] ...
[INFO] [stdout] 68 |     'running: loop {
[INFO] [stdout]    |             ^ expected one of `,`, `=`, or `>`
[INFO] [stdout]    |
[INFO] [stdout] help: you might have meant to end the type parameters here
[INFO] [stdout]    |
[INFO] [stdout] 68 |     'running>: loop {
[INFO] [stdout]    |             +
[INFO] [stdout] help: use `=` if you meant to assign
[INFO] [stdout]    |
[INFO] [stdout] 65 -     let mut in_progress:HashMap<
[INFO] [stdout] 65 +     let mut in_progress =HashMap<
[INFO] [stdout]    |
[INFO] [stdout] 
[INFO] [stdout] 
[INFO] [stdout] error: expected `;`, found `Ok`
[INFO] [stdout]    --> src/server.rs:101:6
[INFO] [stdout]     |
[INFO] [stdout] 101 |     }
[INFO] [stdout]     |      ^ help: add `;` here
[INFO] [stdout] 102 |
[INFO] [stdout] 103 |     Ok(())
[INFO] [stdout]     |     -- unexpected token
[INFO] [stdout] 
[INFO] [stdout] 
[INFO] [stdout] error[E0433]: cannot find module or crate `windows` in this scope
[INFO] [stdout]  --> src/client.rs:6:5
[INFO] [stdout]   |
[INFO] [stdout] 6 | use windows::Win32::Foundation::*;
[INFO] [stdout]   |     ^^^^^^^ use of unresolved module or unlinked crate `windows`
[INFO] [stdout]   |
[INFO] [stdout]   = help: if you wanted to use a crate named `windows`, use `cargo add windows` to add it to your `Cargo.toml`
[INFO] [stdout] 
[INFO] [stdout] 
[INFO] [stdout] error[E0433]: cannot find module or crate `windows` in this scope
[INFO] [stdout]  --> src/client.rs:7:5
[INFO] [stdout]   |
[INFO] [stdout] 7 | use windows::Win32::Graphics::Gdi::*;
[INFO] [stdout]   |     ^^^^^^^ use of unresolved module or unlinked crate `windows`
[INFO] [stdout]   |
[INFO] [stdout]   = help: if you wanted to use a crate named `windows`, use `cargo add windows` to add it to your `Cargo.toml`
[INFO] [stdout] 
[INFO] [stdout] 
[INFO] [stdout] error[E0433]: cannot find module or crate `windows` in this scope
[INFO] [stdout]  --> src/client.rs:8:5
[INFO] [stdout]   |
[INFO] [stdout] 8 | use windows::Win32::UI::Input::KeyboardAndMouse::*;
[INFO] [stdout]   |     ^^^^^^^ use of unresolved module or unlinked crate `windows`
[INFO] [stdout]   |
[INFO] [stdout]   = help: if you wanted to use a crate named `windows`, use `cargo add windows` to add it to your `Cargo.toml`
[INFO] [stdout] 
[INFO] [stdout] 
[INFO] [stdout] error[E0432]: unresolved imports `windows::Win32::Foundation::*`, `windows::Win32::Graphics::Gdi::*`, `windows::Win32::UI::Input::KeyboardAndMouse::*`
[INFO] [stdout]  --> src/client.rs:6:5
[INFO] [stdout]   |
[INFO] [stdout] 6 | use windows::Win32::Foundation::*;
[INFO] [stdout]   |     ^^^^^^^^^^^^^^^^^^^^^^^^^^^^^
[INFO] [stdout] 7 | use windows::Win32::Graphics::Gdi::*;
[INFO] [stdout]   |     ^^^^^^^^^^^^^^^^^^^^^^^^^^^^^^^^
[INFO] [stdout] 8 | use windows::Win32::UI::Input::KeyboardAndMouse::*;
[INFO] [stdout]   |     ^^^^^^^^^^^^^^^^^^^^^^^^^^^^^^^^^^^^^^^^^^^^^^
[INFO] [stdout] 
[INFO] [stdout] 
[INFO] [stdout] error[E0425]: cannot find value `HashMap` in this scope
[INFO] [stdout]   --> src/server.rs:65:25
[INFO] [stdout]    |
[INFO] [stdout] 65 |     let mut in_progress:HashMap<
[INFO] [stdout]    |                         ^^^^^^^ not found in this scope
[INFO] [stdout] 
[INFO] [stdout] 
[INFO] [stdout] warning: unused import: `SocketAddr`
[INFO] [stdout]  --> src/server.rs:3:16
[INFO] [stdout]   |
[INFO] [stdout] 3 | use std::net::{SocketAddr, UdpSocket};
[INFO] [stdout]   |                ^^^^^^^^^^
[INFO] [stdout]   |
[INFO] [stdout]   = note: `#[warn(unused_imports)]` (part of `#[warn(unused)]`) on by default
[INFO] [stdout] 
[INFO] [stdout] 
[INFO] [stdout] error[E0425]: cannot find value `HORZRES` in this scope
[INFO] [stdout]   --> src/client.rs:58:44
[INFO] [stdout]    |
[INFO] [stdout] 58 |             let width = GetDeviceCaps(hdc, HORZRES);
[INFO] [stdout]    |                                            ^^^^^^^ not found in this scope
[INFO] [stdout] 
[INFO] [stdout] 
[INFO] [stdout] error[E0425]: cannot find value `VERTRES` in this scope
[INFO] [stdout]   --> src/client.rs:59:45
[INFO] [stdout]    |
[INFO] [stdout] 59 |             let height = GetDeviceCaps(hdc, VERTRES);
[INFO] [stdout]    |                                             ^^^^^^^ not found in this scope
[INFO] [stdout] 
[INFO] [stdout] 
[INFO] [stdout] error[E0425]: cannot find value `SRCCOPY` in this scope
[INFO] [stdout]   --> src/client.rs:65:79
[INFO] [stdout]    |
[INFO] [stdout] 65 |                 let _ = BitBlt(compatible_dc, 0, 0, width, height, hdc, 0, 0, SRCCOPY);
[INFO] [stdout]    |                                                                               ^^^^^^^ not found in this scope
[INFO] [stdout] 
[INFO] [stdout] 
[INFO] [stdout] error[E0425]: cannot find type `BITMAPINFO` in this scope
[INFO] [stdout]   --> src/client.rs:66:29
[INFO] [stdout]    |
[INFO] [stdout] 66 |                 let mut bi: BITMAPINFO = std::mem::zeroed();
[INFO] [stdout]    |                             ^^^^^^^^^^ not found in this scope
[INFO] [stdout] 
[INFO] [stdout] 
[INFO] [stdout] error[E0425]: cannot find type `BITMAPINFOHEADER` in this scope
[INFO] [stdout]   --> src/client.rs:67:59
[INFO] [stdout]    |
[INFO] [stdout] 67 |                 bi.bmiHeader.biSize = std::mem::size_of::<BITMAPINFOHEADER>() as u32;
[INFO] [stdout]    |                                                           ^^^^^^^^^^^^^^^^ not found in this scope
[INFO] [stdout] 
[INFO] [stdout] 
[INFO] [stdout] error[E0425]: cannot find value `DIB_RGB_COLORS` in this scope
[INFO] [stdout]   --> src/client.rs:80:21
[INFO] [stdout]    |
[INFO] [stdout] 80 |                     DIB_RGB_COLORS,
[INFO] [stdout]    |                     ^^^^^^^^^^^^^^ not found in this scope
[INFO] [stdout] 
[INFO] [stdout] 
[INFO] [stdout] For more information about this error, try `rustc --explain E0425`.
[INFO] [stdout] 
[INFO] [stdout] error[E0425]: cannot find value `HashMap` in this scope
[INFO] [stdout]   --> src/server.rs:65:25
[INFO] [stdout]    |
[INFO] [stdout] 65 |     let mut in_progress:HashMap<
[INFO] [stdout]    |                         ^^^^^^^ not found in this scope
[INFO] [stdout] 
[INFO] [stdout] 
[INFO] [stdout] warning: unused import: `SocketAddr`
[INFO] [stdout]  --> src/server.rs:3:16
[INFO] [stdout]   |
[INFO] [stdout] 3 | use std::net::{SocketAddr, UdpSocket};
[INFO] [stdout]   |                ^^^^^^^^^^
[INFO] [stdout]   |
[INFO] [stdout]   = note: `#[warn(unused_imports)]` (part of `#[warn(unused)]`) on by default
[INFO] [stdout] 
[INFO] [stdout] 
[INFO] [stderr] error: could not compile `crostini_remote_desktop` (bin "server" test) due to 3 previous errors; 1 warning emitted
[INFO] [stderr] warning: build failed, waiting for other jobs to finish...
[INFO] [stdout] error[E0425]: cannot find function, tuple struct or tuple variant `GetDC` in this scope
[INFO] [stdout]   --> src/client.rs:57:23
[INFO] [stdout]    |
[INFO] [stdout] 57 |             let hdc = GetDC(None);
[INFO] [stdout]    |                       ^^^^^ not found in this scope
[INFO] [stdout] 
[INFO] [stdout] 
[INFO] [stdout] error[E0425]: cannot find function, tuple struct or tuple variant `GetDeviceCaps` in this scope
[INFO] [stdout]   --> src/client.rs:58:25
[INFO] [stdout]    |
[INFO] [stdout] 58 |             let width = GetDeviceCaps(hdc, HORZRES);
[INFO] [stdout]    |                         ^^^^^^^^^^^^^ not found in this scope
[INFO] [stdout] 
[INFO] [stdout] 
[INFO] [stdout] error[E0425]: cannot find function, tuple struct or tuple variant `GetDeviceCaps` in this scope
[INFO] [stdout]   --> src/client.rs:59:26
[INFO] [stdout]    |
[INFO] [stdout] 59 |             let height = GetDeviceCaps(hdc, VERTRES);
[INFO] [stdout]    |                          ^^^^^^^^^^^^^ not found in this scope
[INFO] [stdout] 
[INFO] [stdout] 
[INFO] [stdout] error[E0425]: cannot find function, tuple struct or tuple variant `CreateCompatibleDC` in this scope
[INFO] [stdout]   --> src/client.rs:61:33
[INFO] [stdout]    |
[INFO] [stdout] 61 |             let compatible_dc = CreateCompatibleDC(hdc);
[INFO] [stdout]    |                                 ^^^^^^^^^^^^^^^^^^ not found in this scope
[INFO] [stdout] 
[INFO] [stdout] 
[INFO] [stdout] error[E0425]: cannot find function, tuple struct or tuple variant `CreateCompatibleBitmap` in this scope
[INFO] [stdout]   --> src/client.rs:62:26
[INFO] [stdout]    |
[INFO] [stdout] 62 |             let bitmap = CreateCompatibleBitmap(hdc, width, height);
[INFO] [stdout]    |                          ^^^^^^^^^^^^^^^^^^^^^^ not found in this scope
[INFO] [stdout] 
[INFO] [stdout] 
[INFO] [stdout] error[E0425]: cannot find function, tuple struct or tuple variant `SelectObject` in this scope
[INFO] [stdout]   --> src/client.rs:63:13
[INFO] [stdout]    |
[INFO] [stdout] 63 |             SelectObject(compatible_dc, bitmap);
[INFO] [stdout]    |             ^^^^^^^^^^^^ not found in this scope
[INFO] [stdout] 
[INFO] [stdout] 
[INFO] [stdout] error[E0425]: cannot find function, tuple struct or tuple variant `BitBlt` in this scope
[INFO] [stdout]   --> src/client.rs:65:25
[INFO] [stdout]    |
[INFO] [stdout] 65 |                 let _ = BitBlt(compatible_dc, 0, 0, width, height, hdc, 0, 0, SRCCOPY);
[INFO] [stdout]    |                         ^^^^^^ not found in this scope
[INFO] [stdout] 
[INFO] [stdout] 
[INFO] [stdout] error[E0425]: cannot find function, tuple struct or tuple variant `GetDIBits` in this scope
[INFO] [stdout]   --> src/client.rs:73:17
[INFO] [stdout]    |
[INFO] [stdout] 73 |                 GetDIBits(
[INFO] [stdout]    |                 ^^^^^^^^^ not found in this scope
[INFO] [stdout] 
[INFO] [stdout] 
[INFO] [stdout] Some errors have detailed explanations: E0425, E0432, E0433.
[INFO] [stdout] 
[INFO] [stdout] For more information about an error, try `rustc --explain E0425`.
[INFO] [stdout] 
[INFO] [stdout] For more information about this error, try `rustc --explain E0425`.
[INFO] [stdout] 
[INFO] [stderr] error: could not compile `crostini_remote_desktop` (bin "client") due to 18 previous errors
[INFO] [stderr] error: could not compile `crostini_remote_desktop` (bin "server") due to 3 previous errors; 1 warning emitted
[INFO] [stdout] error[E0433]: cannot find module or crate `windows` in this scope
[INFO] [stdout]  --> src/client.rs:6:5
[INFO] [stdout]   |
[INFO] [stdout] 6 | use windows::Win32::Foundation::*;
[INFO] [stdout]   |     ^^^^^^^ use of unresolved module or unlinked crate `windows`
[INFO] [stdout]   |
[INFO] [stdout]   = help: if you wanted to use a crate named `windows`, use `cargo add windows` to add it to your `Cargo.toml`
[INFO] [stdout] 
[INFO] [stdout] 
[INFO] [stdout] error[E0433]: cannot find module or crate `windows` in this scope
[INFO] [stdout]  --> src/client.rs:7:5
[INFO] [stdout]   |
[INFO] [stdout] 7 | use windows::Win32::Graphics::Gdi::*;
[INFO] [stdout]   |     ^^^^^^^ use of unresolved module or unlinked crate `windows`
[INFO] [stdout]   |
[INFO] [stdout]   = help: if you wanted to use a crate named `windows`, use `cargo add windows` to add it to your `Cargo.toml`
[INFO] [stdout] 
[INFO] [stdout] 
[INFO] [stdout] error[E0433]: cannot find module or crate `windows` in this scope
[INFO] [stdout]  --> src/client.rs:8:5
[INFO] [stdout]   |
[INFO] [stdout] 8 | use windows::Win32::UI::Input::KeyboardAndMouse::*;
[INFO] [stdout]   |     ^^^^^^^ use of unresolved module or unlinked crate `windows`
[INFO] [stdout]   |
[INFO] [stdout]   = help: if you wanted to use a crate named `windows`, use `cargo add windows` to add it to your `Cargo.toml`
[INFO] [stdout] 
[INFO] [stdout] 
[INFO] [stdout] error[E0432]: unresolved imports `windows::Win32::Foundation::*`, `windows::Win32::Graphics::Gdi::*`, `windows::Win32::UI::Input::KeyboardAndMouse::*`
[INFO] [stdout]  --> src/client.rs:6:5
[INFO] [stdout]   |
[INFO] [stdout] 6 | use windows::Win32::Foundation::*;
[INFO] [stdout]   |     ^^^^^^^^^^^^^^^^^^^^^^^^^^^^^
[INFO] [stdout] 7 | use windows::Win32::Graphics::Gdi::*;
[INFO] [stdout]   |     ^^^^^^^^^^^^^^^^^^^^^^^^^^^^^^^^
[INFO] [stdout] 8 | use windows::Win32::UI::Input::KeyboardAndMouse::*;
[INFO] [stdout]   |     ^^^^^^^^^^^^^^^^^^^^^^^^^^^^^^^^^^^^^^^^^^^^^^
[INFO] [stdout] 
[INFO] [stdout] 
[INFO] [stdout] error[E0425]: cannot find value `HORZRES` in this scope
[INFO] [stdout]   --> src/client.rs:58:44
[INFO] [stdout]    |
[INFO] [stdout] 58 |             let width = GetDeviceCaps(hdc, HORZRES);
[INFO] [stdout]    |                                            ^^^^^^^ not found in this scope
[INFO] [stdout] 
[INFO] [stdout] 
[INFO] [stdout] error[E0425]: cannot find value `VERTRES` in this scope
[INFO] [stdout]   --> src/client.rs:59:45
[INFO] [stdout]    |
[INFO] [stdout] 59 |             let height = GetDeviceCaps(hdc, VERTRES);
[INFO] [stdout]    |                                             ^^^^^^^ not found in this scope
[INFO] [stdout] 
[INFO] [stdout] 
[INFO] [stdout] error[E0425]: cannot find value `SRCCOPY` in this scope
[INFO] [stdout]   --> src/client.rs:65:79
[INFO] [stdout]    |
[INFO] [stdout] 65 |                 let _ = BitBlt(compatible_dc, 0, 0, width, height, hdc, 0, 0, SRCCOPY);
[INFO] [stdout]    |                                                                               ^^^^^^^ not found in this scope
[INFO] [stdout] 
[INFO] [stdout] 
[INFO] [stdout] error[E0425]: cannot find type `BITMAPINFO` in this scope
[INFO] [stdout]   --> src/client.rs:66:29
[INFO] [stdout]    |
[INFO] [stdout] 66 |                 let mut bi: BITMAPINFO = std::mem::zeroed();
[INFO] [stdout]    |                             ^^^^^^^^^^ not found in this scope
[INFO] [stdout] 
[INFO] [stdout] 
[INFO] [stdout] error[E0425]: cannot find type `BITMAPINFOHEADER` in this scope
[INFO] [stdout]   --> src/client.rs:67:59
[INFO] [stdout]    |
[INFO] [stdout] 67 |                 bi.bmiHeader.biSize = std::mem::size_of::<BITMAPINFOHEADER>() as u32;
[INFO] [stdout]    |                                                           ^^^^^^^^^^^^^^^^ not found in this scope
[INFO] [stdout] 
[INFO] [stdout] 
[INFO] [stdout] error[E0425]: cannot find value `DIB_RGB_COLORS` in this scope
[INFO] [stdout]   --> src/client.rs:80:21
[INFO] [stdout]    |
[INFO] [stdout] 80 |                     DIB_RGB_COLORS,
[INFO] [stdout]    |                     ^^^^^^^^^^^^^^ not found in this scope
[INFO] [stdout] 
[INFO] [stdout] 
[INFO] [stdout] error[E0425]: cannot find function, tuple struct or tuple variant `GetDC` in this scope
[INFO] [stdout]   --> src/client.rs:57:23
[INFO] [stdout]    |
[INFO] [stdout] 57 |             let hdc = GetDC(None);
[INFO] [stdout]    |                       ^^^^^ not found in this scope
[INFO] [stdout] 
[INFO] [stdout] 
[INFO] [stdout] error[E0425]: cannot find function, tuple struct or tuple variant `GetDeviceCaps` in this scope
[INFO] [stdout]   --> src/client.rs:58:25
[INFO] [stdout]    |
[INFO] [stdout] 58 |             let width = GetDeviceCaps(hdc, HORZRES);
[INFO] [stdout]    |                         ^^^^^^^^^^^^^ not found in this scope
[INFO] [stdout] 
[INFO] [stdout] 
[INFO] [stdout] error[E0425]: cannot find function, tuple struct or tuple variant `GetDeviceCaps` in this scope
[INFO] [stdout]   --> src/client.rs:59:26
[INFO] [stdout]    |
[INFO] [stdout] 59 |             let height = GetDeviceCaps(hdc, VERTRES);
[INFO] [stdout]    |                          ^^^^^^^^^^^^^ not found in this scope
[INFO] [stdout] 
[INFO] [stdout] 
[INFO] [stdout] error[E0425]: cannot find function, tuple struct or tuple variant `CreateCompatibleDC` in this scope
[INFO] [stdout]   --> src/client.rs:61:33
[INFO] [stdout]    |
[INFO] [stdout] 61 |             let compatible_dc = CreateCompatibleDC(hdc);
[INFO] [stdout]    |                                 ^^^^^^^^^^^^^^^^^^ not found in this scope
[INFO] [stdout] 
[INFO] [stdout] 
[INFO] [stdout] error[E0425]: cannot find function, tuple struct or tuple variant `CreateCompatibleBitmap` in this scope
[INFO] [stdout]   --> src/client.rs:62:26
[INFO] [stdout]    |
[INFO] [stdout] 62 |             let bitmap = CreateCompatibleBitmap(hdc, width, height);
[INFO] [stdout]    |                          ^^^^^^^^^^^^^^^^^^^^^^ not found in this scope
[INFO] [stdout] 
[INFO] [stdout] 
[INFO] [stdout] error[E0425]: cannot find function, tuple struct or tuple variant `SelectObject` in this scope
[INFO] [stdout]   --> src/client.rs:63:13
[INFO] [stdout]    |
[INFO] [stdout] 63 |             SelectObject(compatible_dc, bitmap);
[INFO] [stdout]    |             ^^^^^^^^^^^^ not found in this scope
[INFO] [stdout] 
[INFO] [stdout] 
[INFO] [stdout] error[E0425]: cannot find function, tuple struct or tuple variant `BitBlt` in this scope
[INFO] [stdout]   --> src/client.rs:65:25
[INFO] [stdout]    |
[INFO] [stdout] 65 |                 let _ = BitBlt(compatible_dc, 0, 0, width, height, hdc, 0, 0, SRCCOPY);
[INFO] [stdout]    |                         ^^^^^^ not found in this scope
[INFO] [stdout] 
[INFO] [stdout] 
[INFO] [stdout] error[E0425]: cannot find function, tuple struct or tuple variant `GetDIBits` in this scope
[INFO] [stdout]   --> src/client.rs:73:17
[INFO] [stdout]    |
[INFO] [stdout] 73 |                 GetDIBits(
[INFO] [stdout]    |                 ^^^^^^^^^ not found in this scope
[INFO] [stdout] 
[INFO] [stdout] 
[INFO] [stdout] Some errors have detailed explanations: E0425, E0432, E0433.
[INFO] [stdout] 
[INFO] [stdout] For more information about an error, try `rustc --explain E0425`.
[INFO] [stdout] 
[INFO] [stderr] error: could not compile `crostini_remote_desktop` (bin "client" test) due to 18 previous errors
[INFO] running `Command { std: "docker" "inspect" "9fbc31626b865d5be16860f8476be11899a84df052b380a44e762451fb13a0d1", kill_on_drop: false }`
[INFO] running `Command { std: "docker" "rm" "-f" "9fbc31626b865d5be16860f8476be11899a84df052b380a44e762451fb13a0d1", kill_on_drop: false }`
[INFO] [stdout] 9fbc31626b865d5be16860f8476be11899a84df052b380a44e762451fb13a0d1
