[INFO] cloning repository https://github.com/Hawkking-cloud/cm2rs
[INFO] running `Command { std: "git" "-c" "credential.helper=" "-c" "credential.helper=/workspace/cargo-home/bin/git-credential-null" "clone" "--bare" "https://github.com/Hawkking-cloud/cm2rs" "/workspace/cache/git-repos/https%3A%2F%2Fgithub.com%2FHawkking-cloud%2Fcm2rs", kill_on_drop: false }`
[INFO] [stderr] Cloning into bare repository '/workspace/cache/git-repos/https%3A%2F%2Fgithub.com%2FHawkking-cloud%2Fcm2rs'...
[INFO] running `Command { std: "git" "rev-parse" "HEAD", kill_on_drop: false }`
[INFO] [stdout] be1b7c10f3954444981a416b4afa8c1f81b66955
[INFO] checking Hawkking-cloud/cm2rs against 3154cc1a3e6424e44f438a95007d043ed5ceaaf6+rustflags=-Znext-solver=coherence for pr-133502-30
[INFO] running `Command { std: "git" "clone" "/workspace/cache/git-repos/https%3A%2F%2Fgithub.com%2FHawkking-cloud%2Fcm2rs" "/workspace/builds/worker-6-tc1/source", kill_on_drop: false }`
[INFO] [stderr] Cloning into '/workspace/builds/worker-6-tc1/source'...
[INFO] [stderr] done.
[INFO] started tweaking git repo https://github.com/Hawkking-cloud/cm2rs
[INFO] finished tweaking git repo https://github.com/Hawkking-cloud/cm2rs
[INFO] tweaked toml for git repo https://github.com/Hawkking-cloud/cm2rs written to /workspace/builds/worker-6-tc1/source/Cargo.toml
[INFO] validating manifest of git repo https://github.com/Hawkking-cloud/cm2rs on toolchain 3154cc1a3e6424e44f438a95007d043ed5ceaaf6
[INFO] running `Command { std: CARGO_HOME="/workspace/cargo-home" RUSTUP_HOME="/workspace/rustup-home" "/workspace/cargo-home/bin/cargo" "+3154cc1a3e6424e44f438a95007d043ed5ceaaf6" "metadata" "--manifest-path" "Cargo.toml" "--no-deps", kill_on_drop: false }`
[INFO] crate git repo https://github.com/Hawkking-cloud/cm2rs already has a lockfile, it will not be regenerated
[INFO] running `Command { std: CARGO_HOME="/workspace/cargo-home" RUSTUP_HOME="/workspace/rustup-home" "/workspace/cargo-home/bin/cargo" "+3154cc1a3e6424e44f438a95007d043ed5ceaaf6" "fetch" "--manifest-path" "Cargo.toml", kill_on_drop: false }`
[INFO] running `Command { std: "docker" "create" "-v" "/var/lib/crater-agent-workspace/builds/worker-6-tc1/source:/opt/rustwide/workdir:ro,Z" "-v" "/var/lib/crater-agent-workspace/builds/worker-6-tc1/target:/opt/rustwide/target:rw,Z" "-v" "/var/lib/crater-agent-workspace/cargo-home:/opt/rustwide/cargo-home:ro,Z" "-v" "/var/lib/crater-agent-workspace/rustup-home:/opt/rustwide/rustup-home:ro,Z" "-m" "1610612736" "--network" "none" "ghcr.io/rust-lang/crates-build-env/linux@sha256:77db811e55d90add9212f6832c23229e3de5f1c1f9905e8cb07319ea15df73ac" "sleep" "infinity", kill_on_drop: false }`
[INFO] [stdout] 5557aa5d5c7032866c5029f2b75f6cf18ec9ac5d7345e6c1d62070194ad2821c
[INFO] running `Command { std: "docker" "start" "5557aa5d5c7032866c5029f2b75f6cf18ec9ac5d7345e6c1d62070194ad2821c", kill_on_drop: false }`
[INFO] running `Command { std: "docker" "inspect" "5557aa5d5c7032866c5029f2b75f6cf18ec9ac5d7345e6c1d62070194ad2821c", kill_on_drop: false }`
[INFO] running `Command { std: "docker" "exec" "-e" "SOURCE_DIR=/opt/rustwide/workdir" "-e" "CARGO_HOME=/opt/rustwide/cargo-home" "-e" "RUSTUP_HOME=/opt/rustwide/rustup-home" "-e" "CARGO_TARGET_DIR=/opt/rustwide/target" "-w" "/opt/rustwide/workdir" "--user" "0:0" "5557aa5d5c7032866c5029f2b75f6cf18ec9ac5d7345e6c1d62070194ad2821c" "/opt/rustwide/cargo-home/bin/cargo" "+3154cc1a3e6424e44f438a95007d043ed5ceaaf6" "metadata" "--no-deps" "--format-version=1", kill_on_drop: false }`
[INFO] running `Command { std: "docker" "inspect" "5557aa5d5c7032866c5029f2b75f6cf18ec9ac5d7345e6c1d62070194ad2821c", kill_on_drop: false }`
[INFO] running `Command { std: "docker" "exec" "-e" "SOURCE_DIR=/opt/rustwide/workdir" "-e" "CARGO_HOME=/opt/rustwide/cargo-home" "-e" "RUSTUP_HOME=/opt/rustwide/rustup-home" "-e" "CARGO_TARGET_DIR=/opt/rustwide/target" "-e" "CARGO_INCREMENTAL=0" "-e" "RUST_BACKTRACE=full" "-e" "RUSTFLAGS=--cap-lints=forbid -Znext-solver=coherence" "-e" "RUSTDOCFLAGS=--cap-lints=forbid" "-w" "/opt/rustwide/workdir" "--user" "0:0" "5557aa5d5c7032866c5029f2b75f6cf18ec9ac5d7345e6c1d62070194ad2821c" "/opt/rustwide/cargo-home/bin/cargo" "+3154cc1a3e6424e44f438a95007d043ed5ceaaf6" "check" "--frozen" "--all" "--all-targets" "--message-format=json", kill_on_drop: false }`
[INFO] [stderr]     Checking cm2rs v0.1.0 (/opt/rustwide/workdir)
[INFO] [stdout] error[E0063]: missing field `inputs_as_nodes` in initializer of `Cm2SaveOptions`
[INFO] [stdout]  --> examples/import_cm2.rs:9:38
[INFO] [stdout]   |
[INFO] [stdout] 9 |     let ors_to_nodes = cb.create_cm2(Cm2SaveOptions {
[INFO] [stdout]   |                                      ^^^^^^^^^^^^^^ missing `inputs_as_nodes`
[INFO] [stdout] 
[INFO] [stdout] 
[INFO] [stdout] For more information about this error, try `rustc --explain E0063`.
[INFO] [stdout] 
[INFO] [stderr] error: could not compile `cm2rs` (example "import_cm2") due to 1 previous error
[INFO] [stderr] warning: build failed, waiting for other jobs to finish...
[INFO] [stdout] error[E0308]: arguments to this method are incorrect
[INFO] [stdout]    --> examples/cla_generator.rs:16:18
[INFO] [stdout]     |
[INFO] [stdout]  16 |     let cin = cb.add_input_bit((-1, 0, -1), "cin", BusValue::Bit(false));
[INFO] [stdout]     |                  ^^^^^^^^^^^^^              -----  -------------------- expected `&str`, found `BusValue`
[INFO] [stdout]     |                                             |
[INFO] [stdout]     |                                             expected `BusValue`, found `&'static str`
[INFO] [stdout]     |
[INFO] [stdout] note: method defined here
[INFO] [stdout]    --> src/circuit.rs:268:12
[INFO] [stdout]     |
[INFO] [stdout] 268 |     pub fn add_input_bit<P:IntoBlockPosition>(&mut self, position: P, value:BusValue, label: Label<'a>) -> BlockProxy {
[INFO] [stdout]     |            ^^^^^^^^^^^^^
[INFO] [stdout] help: swap these arguments
[INFO] [stdout]     |
[INFO] [stdout]  16 -     let cin = cb.add_input_bit((-1, 0, -1), "cin", BusValue::Bit(false));
[INFO] [stdout]  16 +     let cin = cb.add_input_bit((-1, 0, -1), BusValue::Bit(false), "cin");
[INFO] [stdout]     |
[INFO] [stdout] 
[INFO] [stdout] 
[INFO] [stdout] For more information about this error, try `rustc --explain E0308`.
[INFO] [stdout] 
[INFO] [stderr] error: could not compile `cm2rs` (example "cla_generator") due to 1 previous error
[INFO] [stdout] error[E0061]: this method takes 1 argument but 0 arguments were supplied
[INFO] [stdout]    --> examples/cla_adder.rs:89:23
[INFO] [stdout]     |
[INFO] [stdout]  89 |     println!("{}", cb.create_cm2());
[INFO] [stdout]     |                       ^^^^^^^^^^-- argument #1 of type `Cm2SaveOptions` is missing
[INFO] [stdout]     |
[INFO] [stdout] note: method defined here
[INFO] [stdout]    --> src/circuit.rs:566:12
[INFO] [stdout]     |
[INFO] [stdout] 566 |     pub fn create_cm2(&self,options: Cm2SaveOptions) -> String {
[INFO] [stdout]     |            ^^^^^^^^^^
[INFO] [stdout] help: provide the argument
[INFO] [stdout]     |
[INFO] [stdout]  89 |     println!("{}", cb.create_cm2(/* Cm2SaveOptions */));
[INFO] [stdout]     |                                  ++++++++++++++++++++
[INFO] [stdout] 
[INFO] [stdout] 
[INFO] [stdout] For more information about this error, try `rustc --explain E0061`.
[INFO] [stdout] 
[INFO] [stderr] error: could not compile `cm2rs` (example "cla_adder") due to 1 previous error
[INFO] running `Command { std: "docker" "inspect" "5557aa5d5c7032866c5029f2b75f6cf18ec9ac5d7345e6c1d62070194ad2821c", kill_on_drop: false }`
[INFO] running `Command { std: "docker" "rm" "-f" "5557aa5d5c7032866c5029f2b75f6cf18ec9ac5d7345e6c1d62070194ad2821c", kill_on_drop: false }`
[INFO] [stdout] 5557aa5d5c7032866c5029f2b75f6cf18ec9ac5d7345e6c1d62070194ad2821c
