[INFO] cloning repository https://github.com/HarukaMa/ar-io-gateway-rs
[INFO] running `Command { std: "git" "-c" "credential.helper=" "-c" "credential.helper=/workspace/cargo-home/bin/git-credential-null" "clone" "--bare" "https://github.com/HarukaMa/ar-io-gateway-rs" "/workspace/cache/git-repos/https%3A%2F%2Fgithub.com%2FHarukaMa%2Far-io-gateway-rs", kill_on_drop: false }`
[INFO] [stderr] Cloning into bare repository '/workspace/cache/git-repos/https%3A%2F%2Fgithub.com%2FHarukaMa%2Far-io-gateway-rs'...
[INFO] running `Command { std: "git" "rev-parse" "HEAD", kill_on_drop: false }`
[INFO] [stdout] 8ef8a3aff5dfcc1a521017734459929e0e48dd62
[INFO] checking HarukaMa/ar-io-gateway-rs against 3154cc1a3e6424e44f438a95007d043ed5ceaaf6 for pr-133502-30
[INFO] running `Command { std: "git" "clone" "/workspace/cache/git-repos/https%3A%2F%2Fgithub.com%2FHarukaMa%2Far-io-gateway-rs" "/workspace/builds/worker-0-tc2/source", kill_on_drop: false }`
[INFO] [stderr] Cloning into '/workspace/builds/worker-0-tc2/source'...
[INFO] [stderr] done.
[INFO] started tweaking git repo https://github.com/HarukaMa/ar-io-gateway-rs
[INFO] finished tweaking git repo https://github.com/HarukaMa/ar-io-gateway-rs
[INFO] tweaked toml for git repo https://github.com/HarukaMa/ar-io-gateway-rs written to /workspace/builds/worker-0-tc2/source/Cargo.toml
[INFO] validating manifest of git repo https://github.com/HarukaMa/ar-io-gateway-rs on toolchain 3154cc1a3e6424e44f438a95007d043ed5ceaaf6
[INFO] running `Command { std: CARGO_HOME="/workspace/cargo-home" RUSTUP_HOME="/workspace/rustup-home" "/workspace/cargo-home/bin/cargo" "+3154cc1a3e6424e44f438a95007d043ed5ceaaf6" "metadata" "--manifest-path" "Cargo.toml" "--no-deps", kill_on_drop: false }`
[INFO] crate git repo https://github.com/HarukaMa/ar-io-gateway-rs already has a lockfile, it will not be regenerated
[INFO] running `Command { std: CARGO_HOME="/workspace/cargo-home" RUSTUP_HOME="/workspace/rustup-home" "/workspace/cargo-home/bin/cargo" "+3154cc1a3e6424e44f438a95007d043ed5ceaaf6" "fetch" "--manifest-path" "Cargo.toml", kill_on_drop: false }`
[INFO] running `Command { std: "docker" "create" "-v" "/var/lib/crater-agent-workspace/builds/worker-0-tc2/source:/opt/rustwide/workdir:ro,Z" "-v" "/var/lib/crater-agent-workspace/builds/worker-0-tc2/target:/opt/rustwide/target:rw,Z" "-v" "/var/lib/crater-agent-workspace/cargo-home:/opt/rustwide/cargo-home:ro,Z" "-v" "/var/lib/crater-agent-workspace/rustup-home:/opt/rustwide/rustup-home:ro,Z" "-m" "1610612736" "--network" "none" "ghcr.io/rust-lang/crates-build-env/linux@sha256:77db811e55d90add9212f6832c23229e3de5f1c1f9905e8cb07319ea15df73ac" "sleep" "infinity", kill_on_drop: false }`
[INFO] [stdout] d6b0f3aab54ec978ac345518d69e13d79fb10bcbc77212f587d712440771534b
[INFO] running `Command { std: "docker" "start" "d6b0f3aab54ec978ac345518d69e13d79fb10bcbc77212f587d712440771534b", kill_on_drop: false }`
[INFO] running `Command { std: "docker" "inspect" "d6b0f3aab54ec978ac345518d69e13d79fb10bcbc77212f587d712440771534b", kill_on_drop: false }`
[INFO] running `Command { std: "docker" "exec" "-e" "SOURCE_DIR=/opt/rustwide/workdir" "-e" "CARGO_HOME=/opt/rustwide/cargo-home" "-e" "RUSTUP_HOME=/opt/rustwide/rustup-home" "-e" "CARGO_TARGET_DIR=/opt/rustwide/target" "-w" "/opt/rustwide/workdir" "--user" "0:0" "d6b0f3aab54ec978ac345518d69e13d79fb10bcbc77212f587d712440771534b" "/opt/rustwide/cargo-home/bin/cargo" "+3154cc1a3e6424e44f438a95007d043ed5ceaaf6" "metadata" "--no-deps" "--format-version=1", kill_on_drop: false }`
[INFO] running `Command { std: "docker" "inspect" "d6b0f3aab54ec978ac345518d69e13d79fb10bcbc77212f587d712440771534b", kill_on_drop: false }`
[INFO] running `Command { std: "docker" "exec" "-e" "SOURCE_DIR=/opt/rustwide/workdir" "-e" "CARGO_HOME=/opt/rustwide/cargo-home" "-e" "RUSTUP_HOME=/opt/rustwide/rustup-home" "-e" "CARGO_TARGET_DIR=/opt/rustwide/target" "-e" "CARGO_INCREMENTAL=0" "-e" "RUST_BACKTRACE=full" "-e" "RUSTFLAGS=--cap-lints=forbid" "-e" "RUSTDOCFLAGS=--cap-lints=forbid" "-w" "/opt/rustwide/workdir" "--user" "0:0" "d6b0f3aab54ec978ac345518d69e13d79fb10bcbc77212f587d712440771534b" "/opt/rustwide/cargo-home/bin/cargo" "+3154cc1a3e6424e44f438a95007d043ed5ceaaf6" "check" "--frozen" "--all" "--all-targets" "--message-format=json", kill_on_drop: false }`
[INFO] [stderr]     Checking subtle v2.6.1
[INFO] [stderr]     Checking cmov v0.5.4
[INFO] [stderr]    Compiling num-traits v0.2.19
[INFO] [stderr]    Compiling syn v3.0.4
[INFO] [stderr]     Checking mio v1.2.3
[INFO] [stderr]    Compiling cc v1.4.5
[INFO] [stderr]     Checking generic-array v0.14.7
[INFO] [stderr]     Checking cpubits v0.1.1
[INFO] [stderr]    Compiling serde_json v1.0.151
[INFO] [stderr]    Compiling indexmap v2.14.1
[INFO] [stderr]    Compiling rustls v0.23.43
[INFO] [stderr]     Checking rustix v1.1.4
[INFO] [stderr]     Checking tinyvec v1.13.2
[INFO] [stderr]     Checking der v0.8.1
[INFO] [stderr]     Checking spin v0.9.9
[INFO] [stderr]     Checking base16ct v1.0.0
[INFO] [stderr]     Checking ppv-lite86 v0.2.21
[INFO] [stderr]     Checking der v0.7.10
[INFO] [stderr]    Compiling encoding_rs v0.8.41
[INFO] [stderr]     Checking hybrid-array v0.4.14
[INFO] [stderr]     Checking ctutils v0.4.2
[INFO] [stderr]     Checking ff v0.14.0
[INFO] [stderr]    Compiling curve25519-dalek v4.1.3
[INFO] [stderr]     Checking five8_core v1.0.0
[INFO] [stderr]     Checking group v0.14.0
[INFO] [stderr]     Checking unicode-normalization v0.1.25
[INFO] [stderr]    Compiling ucd-trie v0.1.7
[INFO] [stderr]    Compiling strum_macros v0.27.2
[INFO] [stderr]     Checking block-buffer v0.10.4
[INFO] [stderr]     Checking crypto-common v0.1.7
[INFO] [stderr]     Checking rand_chacha v0.3.1
[INFO] [stderr]     Checking digest v0.10.7
[INFO] [stderr]    Compiling pest v2.9.2
[INFO] [stderr]    Compiling curve25519-dalek v5.0.0
[INFO] [stderr]     Checking solana-hash v4.6.0
[INFO] [stderr]     Checking simdutf8 v0.1.5
[INFO] [stderr]     Checking sha2 v0.10.9
[INFO] [stderr]     Checking stringprep v0.1.5
[INFO] [stderr]     Checking core_detect v1.0.0
[INFO] [stderr]    Compiling crc32fast v1.5.2
[INFO] [stderr]    Compiling num-bigint-dig v0.8.6
[INFO] [stderr]    Compiling multiversion_no_op v1.0.0
[INFO] [stderr]     Checking num-integer v0.1.47
[INFO] [stderr]     Checking solana-sha256-hasher v3.1.0
[INFO] [stderr]     Checking rand v0.8.8
[INFO] [stderr]     Checking concurrent-queue v2.5.0
[INFO] [stderr]    Compiling toml_edit v0.25.13+spec-1.1.0
[INFO] [stderr]     Checking crypto-common v0.2.2
[INFO] [stderr]     Checking block-buffer v0.12.1
[INFO] [stderr]    Compiling cmake v0.1.58
[INFO] [stderr]     Checking crypto-bigint v0.7.5
[INFO] [stderr]     Checking sec1 v0.8.1
[INFO] [stderr]     Checking num-iter v0.1.46
[INFO] [stderr]     Checking spki v0.7.3
[INFO] [stderr]     Checking parking_lot_core v0.9.12
[INFO] [stderr]     Checking five8_const v1.0.0
[INFO] [stderr]     Checking pkcs8 v0.10.2
[INFO] [stderr]     Checking five8 v1.0.0
[INFO] [stderr]     Checking lazy_static v1.5.0
[INFO] [stderr]     Checking futures-lite v2.6.1
[INFO] [stderr]     Checking sha2-const-stable v0.1.0
[INFO] [stderr]    Compiling Inflector v0.11.4
[INFO] [stderr]     Checking solana-atomic-u64 v3.0.1
[INFO] [stderr]     Checking solana-program-error v3.0.1
[INFO] [stderr]     Checking solana-sanitize v3.0.1
[INFO] [stderr]     Checking parking_lot v0.12.5
[INFO] [stderr]     Checking pkcs1 v0.7.5
[INFO] [stderr]     Checking digest v0.11.3
[INFO] [stderr]    Compiling proc-macro-crate v3.5.0
[INFO] [stderr]     Checking phf v0.13.1
[INFO] [stderr]     Checking signature v2.2.0
[INFO] [stderr]    Compiling aws-lc-sys v0.45.0
[INFO] [stderr]     Checking hmac v0.13.0
[INFO] [stderr]     Checking sha2 v0.11.0
[INFO] [stderr]     Checking signature v3.0.0
[INFO] [stderr]     Checking md-5 v0.11.0
[INFO] [stderr]     Checking solana-address v2.7.0
[INFO] [stderr]    Compiling ar-io-gateway v0.1.0 (/opt/rustwide/workdir)
[INFO] [stderr]     Checking ed25519 v3.0.0
[INFO] [stderr]     Checking whoami v2.1.3
[INFO] [stderr]     Checking asynk-strim v0.1.5
[INFO] [stderr]     Checking keccak v0.2.2
[INFO] [stderr]     Checking static_assertions_next v1.1.2
[INFO] [stderr]     Checking sponge-cursor v0.1.0
[INFO] [stderr]     Checking solana-pubkey v4.3.0
[INFO] [stderr]     Checking flate2 v1.1.10
[INFO] [stderr]     Checking bs58 v0.5.1
[INFO] [stderr]     Checking sha3 v0.12.0
[INFO] [stderr]     Checking rsa v0.9.10
[INFO] [stderr]    Compiling strum v0.27.2
[INFO] [stderr]     Checking ed25519-dalek v3.0.0
[INFO] [stderr]     Checking polling v3.11.0
[INFO] [stderr]     Checking tempfile v3.27.0
[INFO] [stderr]     Checking fs4 v0.13.1
[INFO] [stderr]     Checking async-io v2.6.0
[INFO] [stderr]     Checking primefield v0.14.0
[INFO] [stderr]     Checking elliptic-curve v0.14.1
[INFO] [stderr]     Checking rfc6979 v0.6.0
[INFO] [stderr]     Checking wnaf v0.14.1
[INFO] [stderr]    Compiling serde_derive v1.0.229
[INFO] [stderr]    Compiling zerovec-derive v0.11.6
[INFO] [stderr]    Compiling displaydoc v0.2.7
[INFO] [stderr]    Compiling tokio-macros v2.7.2
[INFO] [stderr]    Compiling futures-macro v0.3.34
[INFO] [stderr]    Compiling multiversion-macros v0.9.0
[INFO] [stderr]    Compiling thiserror-impl v2.0.20
[INFO] [stderr]    Compiling async-trait v0.1.92
[INFO] [stderr]     Checking ecdsa v0.17.0
[INFO] [stderr]     Checking primeorder v0.14.0
[INFO] [stderr]     Checking zerotrie v0.2.5
[INFO] [stderr]     Checking futures-util v0.3.34
[INFO] [stderr]     Checking multiversion v0.9.0
[INFO] [stderr]     Checking k256 v0.14.0
[INFO] [stderr]     Checking zerovec v0.11.8
[INFO] [stderr]    Compiling thiserror v2.0.20
[INFO] [stderr]     Checking tinystr v0.8.4
[INFO] [stderr]     Checking potential_utf v0.1.6
[INFO] [stderr]     Checking icu_collections v2.3.0
[INFO] [stderr]     Checking icu_locale_core v2.3.0
[INFO] [stderr]     Checking icu_provider v2.3.1
[INFO] [stderr]     Checking serde v1.0.229
[INFO] [stderr]     Checking bytes v1.12.1
[INFO] [stderr]     Checking icu_properties v2.3.0
[INFO] [stderr]     Checking icu_normalizer v2.3.0
[INFO] [stderr]     Checking serde_urlencoded v0.7.1
[INFO] [stderr]     Checking http v1.5.0
[INFO] [stderr]     Checking tokio v1.53.1
[INFO] [stderr]     Checking postgres-protocol v0.6.12
[INFO] [stderr]     Checking async-graphql-value v7.2.1
[INFO] [stderr]     Checking async-graphql-parser v7.2.1
[INFO] [stderr]     Checking postgres-types v0.2.14
[INFO] [stderr]     Checking idna_adapter v1.2.2
[INFO] [stderr]     Checking idna v1.1.0
[INFO] [stderr]     Checking http-body v1.1.0
[INFO] [stderr]     Checking multer v3.1.0
[INFO] [stderr]     Checking url v2.5.8
[INFO] [stderr]     Checking http-body-util v0.1.5
[INFO] [stderr]     Checking axum-core v0.5.6
[INFO] [stderr]    Compiling async-graphql-derive v7.2.1
[INFO] [stderr]     Checking hyper v1.11.1
[INFO] [stderr]     Checking tower v0.5.3
[INFO] [stderr]     Checking tokio-util v0.7.19
[INFO] [stderr]     Checking hyper-util v0.1.20
[INFO] [stderr]     Checking tokio-postgres v0.7.18
[INFO] [stderr]     Checking tower-http v0.6.11
[INFO] [stderr]    Compiling aws-lc-rs v1.18.1
[INFO] [stderr]     Checking axum v0.8.9
[INFO] [stderr]     Checking rustls-webpki v0.103.15
[INFO] [stderr] error: could not compile `axum` (lib)
[INFO] [stderr] 
[INFO] [stderr] Caused by:
[INFO] [stderr]   process didn't exit successfully: `/opt/rustwide/rustup-home/toolchains/3154cc1a3e6424e44f438a95007d043ed5ceaaf6/bin/rustc --crate-name axum --edition=2021 /opt/rustwide/cargo-home/registry/src/index.crates.io-1949cf8c6b5b557f/axum-0.8.9/src/lib.rs --error-format=json --json=diagnostic-rendered-ansi,artifacts,future-incompat,unused-externs-silent --crate-type lib --emit=dep-info,metadata -C embed-bitcode=no -C debuginfo=2 --cfg 'feature="http1"' --cfg 'feature="json"' --cfg 'feature="query"' --cfg 'feature="tokio"' --check-cfg 'cfg(docsrs,test)' --check-cfg 'cfg(feature, values("__private", "__private_docs", "default", "form", "http1", "http2", "json", "macros", "matched-path", "multipart", "original-uri", "query", "tokio", "tower-log", "tracing", "ws"))' -C metadata=febae0d1edd4f96e -C extra-filename=-d18c1b74a2101a38 --out-dir /opt/rustwide/target/debug/build/axum/d18c1b74a2101a38/out -L dependency=/opt/rustwide/target/debug/build/atomic-waker/d2edf130acb84086/out -L dependency=/opt/rustwide/target/debug/build/base64/d8aec028dea2d277/out -L dependency=/opt/rustwide/target/debug/build/bytes/4f7cd9c689cf11f5/out -L dependency=/opt/rustwide/target/debug/build/equivalent/d23b026399a51038/out -L dependency=/opt/rustwide/target/debug/build/form_urlencoded/a0709cb2f4e6749a/out -L dependency=/opt/rustwide/target/debug/build/futures-channel/308a4123e7ffabe8/out -L dependency=/opt/rustwide/target/debug/build/futures-core/e61316190f86a7bd/out -L dependency=/opt/rustwide/target/debug/build/futures-io/1831beca475a5f7c/out -L dependency=/opt/rustwide/target/debug/build/futures-macro/1e2f613d8411b4b0/out -L dependency=/opt/rustwide/target/debug/build/futures-sink/a9e9f8e9bd8fa6ef/out -L dependency=/opt/rustwide/target/debug/build/futures-task/e6dcbbfe3a416c43/out -L dependency=/opt/rustwide/target/debug/build/futures-util/21d497dd067ec41c/out -L dependency=/opt/rustwide/target/debug/build/hashbrown/1ff293044ac6a4a8/out -L dependency=/opt/rustwide/target/debug/build/http-body-util/d227d3b765868cf1/out -L dependency=/opt/rustwide/target/debug/build/http-body/f96fd388bc5d93d1/out -L dependency=/opt/rustwide/target/debug/build/http/bfcbd96dcd9ef028/out -L dependency=/opt/rustwide/target/debug/build/httparse/b9ed2fea81abf9ac/out -L dependency=/opt/rustwide/target/debug/build/httpdate/dd055e56878c34d5/out -L dependency=/opt/rustwide/target/debug/build/hyper/5df1b78fa07be699/out -L dependency=/opt/rustwide/target/debug/build/indexmap/f60fc7a3fdafe614/out -L dependency=/opt/rustwide/target/debug/build/ipnet/7e5b3052b5f6134c/out -L dependency=/opt/rustwide/target/debug/build/itoa/488dcf4f13423b18/out -L dependency=/opt/rustwide/target/debug/build/libc/5b122225efee376b/out -L dependency=/opt/rustwide/target/debug/build/memchr/b924193483665774/out -L dependency=/opt/rustwide/target/debug/build/mime/719fdfbd841ea854/out -L dependency=/opt/rustwide/target/debug/build/mio/6746babebfddc76e/out -L dependency=/opt/rustwide/target/debug/build/once_cell/6f8123b0c2eed634/out -L dependency=/opt/rustwide/target/debug/build/percent-encoding/f0f3780066f274e0/out -L dependency=/opt/rustwide/target/debug/build/pin-project-lite/7176d3be2b7ee2e1/out -L dependency=/opt/rustwide/target/debug/build/ryu/3da2ab8eb39d89f2/out -L dependency=/opt/rustwide/target/debug/build/serde/afcbf9e980209c87/out -L dependency=/opt/rustwide/target/debug/build/serde_core/0a1ba5c7e6f8457f/out -L dependency=/opt/rustwide/target/debug/build/serde_derive/c35b5fbd7bc9c482/out -L dependency=/opt/rustwide/target/debug/build/slab/101f873bca723251/out -L dependency=/opt/rustwide/target/debug/build/smallvec/9c5df4053197dbb3/out -L dependency=/opt/rustwide/target/debug/build/socket2/081bf329e7bc52a9/out -L dependency=/opt/rustwide/target/debug/build/sync_wrapper/c28c30f601668a0a/out -L dependency=/opt/rustwide/target/debug/build/tokio-macros/334082378ba6a5ab/out -L dependency=/opt/rustwide/target/debug/build/tokio/5873ec838c6eccfc/out -L dependency=/opt/rustwide/target/debug/build/tower-layer/f6d5cc7b185cf351/out -L dependency=/opt/rustwide/target/debug/build/tower-service/e69ac8dcc8243395/out -L dependency=/opt/rustwide/target/debug/build/tracing-core/3324456f4d23a949/out -L dependency=/opt/rustwide/target/debug/build/tracing/6dfb5779d52d8388/out -L dependency=/opt/rustwide/target/debug/build/try-lock/08abaa63f4861efa/out -L dependency=/opt/rustwide/target/debug/build/want/cc3dcee12d270b38/out -L dependency=/opt/rustwide/target/debug/build/zmij/93cb3e10a525d438/out --extern axum_core=/opt/rustwide/target/debug/build/axum-core/7041a77dbf1b26be/out/libaxum_core-7041a77dbf1b26be.rmeta --extern bytes=/opt/rustwide/target/debug/build/bytes/4f7cd9c689cf11f5/out/libbytes-4f7cd9c689cf11f5.rmeta --extern form_urlencoded=/opt/rustwide/target/debug/build/form_urlencoded/a0709cb2f4e6749a/out/libform_urlencoded-a0709cb2f4e6749a.rmeta --extern futures_util=/opt/rustwide/target/debug/build/futures-util/21d497dd067ec41c/out/libfutures_util-21d497dd067ec41c.rmeta --extern http=/opt/rustwide/target/debug/build/http/bfcbd96dcd9ef028/out/libhttp-bfcbd96dcd9ef028.rmeta --extern http_body=/opt/rustwide/target/debug/build/http-body/f96fd388bc5d93d1/out/libhttp_body-f96fd388bc5d93d1.rmeta --extern http_body_util=/opt/rustwide/target/debug/build/http-body-util/d227d3b765868cf1/out/libhttp_body_util-d227d3b765868cf1.rmeta --extern hyper=/opt/rustwide/target/debug/build/hyper/5df1b78fa07be699/out/libhyper-5df1b78fa07be699.rmeta --extern hyper_util=/opt/rustwide/target/debug/build/hyper-util/4da6f7c9d4e45ff1/out/libhyper_util-4da6f7c9d4e45ff1.rmeta --extern itoa=/opt/rustwide/target/debug/build/itoa/488dcf4f13423b18/out/libitoa-488dcf4f13423b18.rmeta --extern matchit=/opt/rustwide/target/debug/build/matchit/e98a3fa189025638/out/libmatchit-e98a3fa189025638.rmeta --extern memchr=/opt/rustwide/target/debug/build/memchr/b924193483665774/out/libmemchr-b924193483665774.rmeta --extern mime=/opt/rustwide/target/debug/build/mime/719fdfbd841ea854/out/libmime-719fdfbd841ea854.rmeta --extern percent_encoding=/opt/rustwide/target/debug/build/percent-encoding/f0f3780066f274e0/out/libpercent_encoding-f0f3780066f274e0.rmeta --extern pin_project_lite=/opt/rustwide/target/debug/build/pin-project-lite/7176d3be2b7ee2e1/out/libpin_project_lite-7176d3be2b7ee2e1.rmeta --extern serde_core=/opt/rustwide/target/debug/build/serde_core/0a1ba5c7e6f8457f/out/libserde_core-0a1ba5c7e6f8457f.rmeta --extern serde_json=/opt/rustwide/target/debug/build/serde_json/9e2478f9f84af825/out/libserde_json-9e2478f9f84af825.rmeta --extern serde_path_to_error=/opt/rustwide/target/debug/build/serde_path_to_error/fcbab7a2847b1eba/out/libserde_path_to_error-fcbab7a2847b1eba.rmeta --extern serde_urlencoded=/opt/rustwide/target/debug/build/serde_urlencoded/0b2933ff576b7222/out/libserde_urlencoded-0b2933ff576b7222.rmeta --extern sync_wrapper=/opt/rustwide/target/debug/build/sync_wrapper/c28c30f601668a0a/out/libsync_wrapper-c28c30f601668a0a.rmeta --extern tokio=/opt/rustwide/target/debug/build/tokio/5873ec838c6eccfc/out/libtokio-5873ec838c6eccfc.rmeta --extern tower=/opt/rustwide/target/debug/build/tower/7fa169db480be63e/out/libtower-7fa169db480be63e.rmeta --extern tower_layer=/opt/rustwide/target/debug/build/tower-layer/f6d5cc7b185cf351/out/libtower_layer-f6d5cc7b185cf351.rmeta --extern tower_service=/opt/rustwide/target/debug/build/tower-service/e69ac8dcc8243395/out/libtower_service-e69ac8dcc8243395.rmeta --cap-lints allow --cap-lints=forbid --force-warn=unused_crate_dependencies` (signal: 9, SIGKILL: kill)
[INFO] [stderr] warning: build failed, waiting for other jobs to finish...
[INFO] [stderr] error: could not compile `async-graphql-derive` (lib)
[INFO] [stderr] 
[INFO] [stderr] Caused by:
[INFO] [stderr]   process didn't exit successfully: `/opt/rustwide/rustup-home/toolchains/3154cc1a3e6424e44f438a95007d043ed5ceaaf6/bin/rustc --crate-name async_graphql_derive --edition=2024 /opt/rustwide/cargo-home/registry/src/index.crates.io-1949cf8c6b5b557f/async-graphql-derive-7.2.1/src/lib.rs --error-format=json --json=diagnostic-rendered-ansi,artifacts,future-incompat,unused-externs-silent --crate-type proc-macro --emit=dep-info,link -C prefer-dynamic -C embed-bitcode=no --check-cfg 'cfg(docsrs,test)' --check-cfg 'cfg(feature, values("boxed-trait"))' -C metadata=b349064b1d051a4d -C extra-filename=-72a31c6d561e6c61 --out-dir /opt/rustwide/target/debug/build/async-graphql-derive/72a31c6d561e6c61/out -L dependency=/opt/rustwide/target/debug/build/async-graphql-value/e43541d7ea598b24/out -L dependency=/opt/rustwide/target/debug/build/bytes/62716bc97275dfd6/out -L dependency=/opt/rustwide/target/debug/build/darling_core/478906d929d77087/out -L dependency=/opt/rustwide/target/debug/build/darling_macro/5ee80d011d949d9f/out -L dependency=/opt/rustwide/target/debug/build/equivalent/1cd2a250f2449a60/out -L dependency=/opt/rustwide/target/debug/build/hashbrown/e6a297648138f250/out -L dependency=/opt/rustwide/target/debug/build/ident_case/ecc112105bc5215b/out -L dependency=/opt/rustwide/target/debug/build/indexmap/2b55d8b0d3308ad5/out -L dependency=/opt/rustwide/target/debug/build/itoa/8df6d4253752101e/out -L dependency=/opt/rustwide/target/debug/build/memchr/eb8ac1f1f77ae379/out -L dependency=/opt/rustwide/target/debug/build/pest/14ee72ee2736fc63/out -L dependency=/opt/rustwide/target/debug/build/proc-macro2/ee684499ef27f3b8/out -L dependency=/opt/rustwide/target/debug/build/quote/97307b84563a2c10/out -L dependency=/opt/rustwide/target/debug/build/serde/8e617ac0c01fb0ce/out -L dependency=/opt/rustwide/target/debug/build/serde_core/c00b30f543c46c7d/out -L dependency=/opt/rustwide/target/debug/build/serde_derive/c35b5fbd7bc9c482/out -L dependency=/opt/rustwide/target/debug/build/serde_json/7b21d738bcb71155/out -L dependency=/opt/rustwide/target/debug/build/strsim/9754e702f19a9357/out -L dependency=/opt/rustwide/target/debug/build/strum_macros/a06660a9aa04a4bd/out -L dependency=/opt/rustwide/target/debug/build/syn/cf9a9978d9be874a/out -L dependency=/opt/rustwide/target/debug/build/thiserror-impl/97c882058f7c82c1/out -L dependency=/opt/rustwide/target/debug/build/toml_datetime/ee29f61cec3041e3/out -L dependency=/opt/rustwide/target/debug/build/toml_edit/deef9e6c9df66d77/out -L dependency=/opt/rustwide/target/debug/build/toml_parser/d1cc2ead37924267/out -L dependency=/opt/rustwide/target/debug/build/ucd-trie/9bcde3556d193e0f/out -L dependency=/opt/rustwide/target/debug/build/unicode-ident/8c98a1a0e58216a9/out -L dependency=/opt/rustwide/target/debug/build/winnow/94a531578cfe91de/out -L dependency=/opt/rustwide/target/debug/build/zmij/c7415b051ede4f3e/out --extern inflector=/opt/rustwide/target/debug/build/Inflector/a9f1a8e4bed91d6a/out/libinflector-a9f1a8e4bed91d6a.rlib --extern inflector=/opt/rustwide/target/debug/build/Inflector/a9f1a8e4bed91d6a/out/libinflector-a9f1a8e4bed91d6a.rmeta --extern async_graphql_parser=/opt/rustwide/target/debug/build/async-graphql-parser/8b31d5864b35291d/out/libasync_graphql_parser-8b31d5864b35291d.rlib --extern async_graphql_parser=/opt/rustwide/target/debug/build/async-graphql-parser/8b31d5864b35291d/out/libasync_graphql_parser-8b31d5864b35291d.rmeta --extern darling=/opt/rustwide/target/debug/build/darling/e8e51e4a2890a081/out/libdarling-e8e51e4a2890a081.rlib --extern darling=/opt/rustwide/target/debug/build/darling/e8e51e4a2890a081/out/libdarling-e8e51e4a2890a081.rmeta --extern proc_macro_crate=/opt/rustwide/target/debug/build/proc-macro-crate/47561fb19740d349/out/libproc_macro_crate-47561fb19740d349.rlib --extern proc_macro_crate=/opt/rustwide/target/debug/build/proc-macro-crate/47561fb19740d349/out/libproc_macro_crate-47561fb19740d349.rmeta --extern proc_macro2=/opt/rustwide/target/debug/build/proc-macro2/ee684499ef27f3b8/out/libproc_macro2-ee684499ef27f3b8.rlib --extern proc_macro2=/opt/rustwide/target/debug/build/proc-macro2/ee684499ef27f3b8/out/libproc_macro2-ee684499ef27f3b8.rmeta --extern quote=/opt/rustwide/target/debug/build/quote/97307b84563a2c10/out/libquote-97307b84563a2c10.rlib --extern quote=/opt/rustwide/target/debug/build/quote/97307b84563a2c10/out/libquote-97307b84563a2c10.rmeta --extern strum=/opt/rustwide/target/debug/build/strum/4ff2048d645296e2/out/libstrum-4ff2048d645296e2.rlib --extern strum=/opt/rustwide/target/debug/build/strum/4ff2048d645296e2/out/libstrum-4ff2048d645296e2.rmeta --extern syn=/opt/rustwide/target/debug/build/syn/cf9a9978d9be874a/out/libsyn-cf9a9978d9be874a.rlib --extern syn=/opt/rustwide/target/debug/build/syn/cf9a9978d9be874a/out/libsyn-cf9a9978d9be874a.rmeta --extern thiserror=/opt/rustwide/target/debug/build/thiserror/7725f3a27ed3b8e9/out/libthiserror-7725f3a27ed3b8e9.rlib --extern thiserror=/opt/rustwide/target/debug/build/thiserror/7725f3a27ed3b8e9/out/libthiserror-7725f3a27ed3b8e9.rmeta --extern proc_macro --cap-lints allow --cap-lints=forbid --force-warn=unused_crate_dependencies` (signal: 9, SIGKILL: kill)
[INFO] [stderr] error: failed to run custom build command for `ar-io-gateway v0.1.0 (/opt/rustwide/workdir)`
[INFO] [stderr] note: To improve backtraces for build dependencies, set the CARGO_PROFILE_DEV_BUILD_OVERRIDE_DEBUG=true environment variable to enable debug information generation.
[INFO] [stderr] 
[INFO] [stderr] Caused by:
[INFO] [stderr]   process didn't exit successfully: `/opt/rustwide/target/debug/build/ar-io-gateway/8579701968502092/out/build_script_build` (exit status: 101)
[INFO] [stderr]   --- stdout
[INFO] [stderr]   cargo:rerun-if-changed=native
[INFO] [stderr]   CMAKE_TOOLCHAIN_FILE_x86_64-unknown-linux-gnu = None
[INFO] [stderr]   CMAKE_TOOLCHAIN_FILE_x86_64_unknown_linux_gnu = None
[INFO] [stderr]   HOST_CMAKE_TOOLCHAIN_FILE = None
[INFO] [stderr]   CMAKE_TOOLCHAIN_FILE = None
[INFO] [stderr]   CMAKE_GENERATOR_x86_64-unknown-linux-gnu = None
[INFO] [stderr]   CMAKE_GENERATOR_x86_64_unknown_linux_gnu = None
[INFO] [stderr]   HOST_CMAKE_GENERATOR = None
[INFO] [stderr]   CMAKE_GENERATOR = None
[INFO] [stderr]   CMAKE_PREFIX_PATH_x86_64-unknown-linux-gnu = None
[INFO] [stderr]   CMAKE_PREFIX_PATH_x86_64_unknown_linux_gnu = None
[INFO] [stderr]   HOST_CMAKE_PREFIX_PATH = None
[INFO] [stderr]   CMAKE_PREFIX_PATH = None
[INFO] [stderr]   CMAKE_x86_64-unknown-linux-gnu = None
[INFO] [stderr]   CMAKE_x86_64_unknown_linux_gnu = None
[INFO] [stderr]   HOST_CMAKE = None
[INFO] [stderr]   CMAKE = None
[INFO] [stderr]   -- The C compiler identification is GNU 15.2.0
[INFO] [stderr]   -- The CXX compiler identification is GNU 15.2.0
[INFO] [stderr]   -- Detecting C compiler ABI info
[INFO] [stderr]   -- Detecting C compiler ABI info - done
[INFO] [stderr]   -- Check for working C compiler: /usr/bin/cc - skipped
[INFO] [stderr]   -- Detecting C compile features
[INFO] [stderr]   -- Detecting C compile features - done
[INFO] [stderr]   -- Detecting CXX compiler ABI info
[INFO] [stderr]   -- Detecting CXX compiler ABI info - done
[INFO] [stderr]   -- Check for working CXX compiler: /usr/bin/c++ - skipped
[INFO] [stderr]   -- Detecting CXX compile features
[INFO] [stderr]   -- Detecting CXX compile features - done
[INFO] [stderr]   -- The ASM compiler identification is GNU
[INFO] [stderr]   -- Found assembler: /usr/bin/cc
[INFO] [stderr]   -- Configuring done (1.9s)
[INFO] [stderr]   -- Generating done (0.0s)
[INFO] [stderr]   -- Build files have been written to: /opt/rustwide/target/debug/build/ar-io-gateway/fc6d8ff17399efc5/out/build
[INFO] [stderr]   [  3%] Building CXX object CMakeFiles/randomx.dir/randomx/src/cpu.cpp.o
[INFO] [stderr]   [ 10%] Building C object CMakeFiles/randomx.dir/randomx/src/argon2_ref.c.o
[INFO] [stderr]   [ 13%] Building C object CMakeFiles/randomx.dir/randomx/src/argon2_avx2.c.o
[INFO] [stderr]   [ 13%] Building CXX object CMakeFiles/randomx.dir/randomx/src/aes_hash.cpp.o
[INFO] [stderr]   [ 17%] Building CXX object CMakeFiles/randomx.dir/randomx/src/bytecode_machine.cpp.o
[INFO] [stderr]   [ 20%] Building C object CMakeFiles/randomx.dir/randomx/src/argon2_ssse3.c.o
[INFO] [stderr]   [ 27%] Building CXX object CMakeFiles/randomx.dir/randomx/src/dataset.cpp.o
[INFO] [stderr]   [ 31%] Building CXX object CMakeFiles/randomx.dir/randomx/src/instruction.cpp.o
[INFO] [stderr]   [ 31%] Building CXX object CMakeFiles/randomx.dir/randomx/src/soft_aes.cpp.o
[INFO] [stderr]   [ 34%] Building C object CMakeFiles/randomx.dir/randomx/src/virtual_memory.c.o
[INFO] [stderr]   [ 37%] Building CXX object CMakeFiles/randomx.dir/randomx/src/vm_interpreted.cpp.o
[INFO] [stderr]   [ 41%] Building CXX object CMakeFiles/randomx.dir/randomx/src/assembly_generator_x86.cpp.o
[INFO] [stderr]   [ 44%] Building CXX object CMakeFiles/randomx.dir/randomx/src/allocator.cpp.o
[INFO] [stderr]   [ 48%] Building CXX object CMakeFiles/randomx.dir/randomx/src/randomx.cpp.o
[INFO] [stderr]   [ 51%] Building CXX object CMakeFiles/randomx.dir/randomx/src/superscalar.cpp.o
[INFO] [stderr]   [ 55%] Building CXX object CMakeFiles/randomx.dir/randomx/src/vm_compiled.cpp.o
[INFO] [stderr]   [ 58%] Building CXX object CMakeFiles/randomx.dir/randomx/src/vm_interpreted_light.cpp.o
[INFO] [stderr]   [ 62%] Building C object CMakeFiles/randomx.dir/randomx/src/argon2_core.c.o
[INFO] [stderr]   [ 65%] Building CXX object CMakeFiles/randomx.dir/randomx/src/blake2_generator.cpp.o
[INFO] [stderr]   [ 68%] Building CXX object CMakeFiles/randomx.dir/randomx/src/instructions_portable.cpp.o
[INFO] [stderr]   [ 72%] Building C object CMakeFiles/randomx.dir/randomx/src/reciprocal.c.o
[INFO] [stderr] 
[INFO] [stderr]   --- stderr
[INFO] [stderr]   running: cd "/opt/rustwide/target/debug/build/ar-io-gateway/fc6d8ff17399efc5/out/build" && CMAKE_PREFIX_PATH="" LC_ALL="C" "cmake" "/opt/rustwide/workdir/native" "-B" "/opt/rustwide/target/debug/build/ar-io-gateway/fc6d8ff17399efc5/out/build" "-DCMAKE_INSTALL_PREFIX=/opt/rustwide/target/debug/build/ar-io-gateway/fc6d8ff17399efc5/out" "-DCMAKE_C_FLAGS= -ffunction-sections -fdata-sections -fPIC -m64 -w" "-DCMAKE_C_COMPILER=/usr/bin/cc" "-DCMAKE_CXX_FLAGS= -ffunction-sections -fdata-sections -fPIC -m64 -w" "-DCMAKE_CXX_COMPILER=/usr/bin/c++" "-DCMAKE_ASM_FLAGS= -ffunction-sections -fdata-sections -fPIC -m64 -w" "-DCMAKE_ASM_COMPILER=/usr/bin/cc" "-DCMAKE_BUILD_TYPE=Release"
[INFO] [stderr]   running: cd "/opt/rustwide/target/debug/build/ar-io-gateway/fc6d8ff17399efc5/out/build" && LC_ALL="C" MAKEFLAGS="-j --jobserver-fds=4,5 --jobserver-auth=4,5" "cmake" "--build" "/opt/rustwide/target/debug/build/ar-io-gateway/fc6d8ff17399efc5/out/build" "--target" "install" "--config" "Release"
[INFO] [stderr]   c++: fatal error: Killed signal terminated program cc1plus
[INFO] [stderr]   compilation terminated.
[INFO] [stderr]   gmake[2]: *** [CMakeFiles/randomx.dir/build.make:261: CMakeFiles/randomx.dir/randomx/src/randomx.cpp.o] Error 1
[INFO] [stderr]   gmake[2]: *** Waiting for unfinished jobs....
[INFO] [stderr]   c++: fatal error: Killed signal terminated program cc1plus
[INFO] [stderr]   compilation terminated.
[INFO] [stderr]   gmake[2]: *** [CMakeFiles/randomx.dir/build.make:205: CMakeFiles/randomx.dir/randomx/src/vm_interpreted.cpp.o] Error 1
[INFO] [stderr]   gmake[1]: *** [CMakeFiles/Makefile2:90: CMakeFiles/randomx.dir/all] Error 2
[INFO] [stderr]   gmake: *** [Makefile:136: all] Error 2
[INFO] [stderr] 
[INFO] [stderr]   thread 'main' (2554) panicked at /opt/rustwide/cargo-home/registry/src/index.crates.io-1949cf8c6b5b557f/cmake-0.1.58/src/lib.rs:1132:5:
[INFO] [stderr] 
[INFO] [stderr]   command did not execute successfully, got: exit status: 2
[INFO] [stderr] 
[INFO] [stderr]   build script failed, must exit now
[INFO] [stderr]   stack backtrace:
[INFO] [stderr]      0:     0x5872ab341ec1 - std[3164a59e47d3bde]::backtrace_rs::backtrace::libunwind::trace
[INFO] [stderr]                                  at /rustc/3154cc1a3e6424e44f438a95007d043ed5ceaaf6/library/std/src/../../backtrace/src/backtrace/libunwind.rs:117:9
[INFO] [stderr]      1:     0x5872ab341ec1 - std[3164a59e47d3bde]::backtrace_rs::backtrace::trace_unsynchronized::<std[3164a59e47d3bde]::sys::backtrace::_print_fmt::{closure#1}>
[INFO] [stderr]                                  at /rustc/3154cc1a3e6424e44f438a95007d043ed5ceaaf6/library/std/src/../../backtrace/src/backtrace/mod.rs:66:14
[INFO] [stderr]      2:     0x5872ab341ec1 - std[3164a59e47d3bde]::sys::backtrace::_print_fmt
[INFO] [stderr]                                  at /rustc/3154cc1a3e6424e44f438a95007d043ed5ceaaf6/library/std/src/sys/backtrace.rs:74:9
[INFO] [stderr]      3:     0x5872ab341ec1 - <<std[3164a59e47d3bde]::sys::backtrace::BacktraceLock>::print::DisplayBacktrace as core[934024a1e6126fb4]::fmt::Display>::fmt
[INFO] [stderr]                                  at /rustc/3154cc1a3e6424e44f438a95007d043ed5ceaaf6/library/std/src/sys/backtrace.rs:44:26
[INFO] [stderr]      4:     0x5872ab35601a - <core[934024a1e6126fb4]::fmt::rt::Argument>::fmt
[INFO] [stderr]                                  at /rustc/3154cc1a3e6424e44f438a95007d043ed5ceaaf6/library/core/src/fmt/rt.rs:152:76
[INFO] [stderr]      5:     0x5872ab35601a - core[934024a1e6126fb4]::fmt::write
[INFO] [stderr]      6:     0x5872ab34786c - core[934024a1e6126fb4]::io::write::default_write_fmt::<std[3164a59e47d3bde]::sys::stdio::unix::Stderr>
[INFO] [stderr]                                  at /rustc/3154cc1a3e6424e44f438a95007d043ed5ceaaf6/library/core/src/io/write.rs:402:11
[INFO] [stderr]      7:     0x5872ab34786c - <std[3164a59e47d3bde]::sys::stdio::unix::Stderr as core[934024a1e6126fb4]::io::write::Write>::write_fmt
[INFO] [stderr]                                  at /rustc/3154cc1a3e6424e44f438a95007d043ed5ceaaf6/library/core/src/io/write.rs:335:13
[INFO] [stderr]      8:     0x5872ab320e16 - <std[3164a59e47d3bde]::sys::backtrace::BacktraceLock>::print
[INFO] [stderr]                                  at /rustc/3154cc1a3e6424e44f438a95007d043ed5ceaaf6/library/std/src/sys/backtrace.rs:47:9
[INFO] [stderr]      9:     0x5872ab320e16 - std[3164a59e47d3bde]::panicking::default_hook::{closure#0}
[INFO] [stderr]                                  at /rustc/3154cc1a3e6424e44f438a95007d043ed5ceaaf6/library/std/src/panicking.rs:289:27
[INFO] [stderr]     10:     0x5872ab33cbe1 - std[3164a59e47d3bde]::panicking::default_hook
[INFO] [stderr]                                  at /rustc/3154cc1a3e6424e44f438a95007d043ed5ceaaf6/library/std/src/panicking.rs:316:9
[INFO] [stderr]     11:     0x5872ab33cd9b - std[3164a59e47d3bde]::panicking::panic_with_hook
[INFO] [stderr]                                  at /rustc/3154cc1a3e6424e44f438a95007d043ed5ceaaf6/library/std/src/panicking.rs:811:13
[INFO] [stderr]     12:     0x5872ab320ec2 - std[3164a59e47d3bde]::panicking::panic_handler::{closure#0}
[INFO] [stderr]                                  at /rustc/3154cc1a3e6424e44f438a95007d043ed5ceaaf6/library/std/src/panicking.rs:685:13
[INFO] [stderr]     13:     0x5872ab319b99 - std[3164a59e47d3bde]::sys::backtrace::__rust_end_short_backtrace::<std[3164a59e47d3bde]::panicking::panic_handler::{closure#0}, !>
[INFO] [stderr]                                  at /rustc/3154cc1a3e6424e44f438a95007d043ed5ceaaf6/library/std/src/sys/backtrace.rs:182:18
[INFO] [stderr]     14:     0x5872ab3216ad - __rustc[2e7b49d4226056d3]::rust_begin_unwind
[INFO] [stderr]                                  at /rustc/3154cc1a3e6424e44f438a95007d043ed5ceaaf6/library/std/src/panicking.rs:676:5
[INFO] [stderr]     15:     0x5872ab35680c - core[934024a1e6126fb4]::panicking::panic_fmt
[INFO] [stderr]                                  at /rustc/3154cc1a3e6424e44f438a95007d043ed5ceaaf6/library/core/src/panicking.rs:80:14
[INFO] [stderr]     16:     0x5872ab2a3a87 - cmake[2ed2966240ecbde4]::fail
[INFO] [stderr]     17:     0x5872ab2a3713 - cmake[2ed2966240ecbde4]::run
[INFO] [stderr]     18:     0x5872ab2a96e5 - <cmake[2ed2966240ecbde4]::Config>::build
[INFO] [stderr]     19:     0x5872ab295a10 - build_script_build[a1b142e604cfd404]::main
[INFO] [stderr]     20:     0x5872ab29650b - <fn() as core[934024a1e6126fb4]::ops::function::FnOnce<()>>::call_once
[INFO] [stderr]     21:     0x5872ab29592e - std[3164a59e47d3bde]::sys::backtrace::__rust_begin_short_backtrace::<fn(), ()>
[INFO] [stderr]     22:     0x5872ab295939 - std[3164a59e47d3bde]::rt::lang_start::<()>::{closure#0}
[INFO] [stderr]     23:     0x5872ab33bee8 - <&dyn core[934024a1e6126fb4]::ops::function::Fn<(), Output = i32> + core[934024a1e6126fb4]::marker::Sync + core[934024a1e6126fb4]::panic::unwind_safe::RefUnwindSafe as core[934024a1e6126fb4]::ops::function::FnOnce<()>>::call_once
[INFO] [stderr]                                  at /rustc/3154cc1a3e6424e44f438a95007d043ed5ceaaf6/library/core/src/ops/function.rs:287:21
[INFO] [stderr]     24:     0x5872ab33bee8 - std[3164a59e47d3bde]::panicking::catch_unwind::do_call::<&dyn core[934024a1e6126fb4]::ops::function::Fn<(), Output = i32> + core[934024a1e6126fb4]::marker::Sync + core[934024a1e6126fb4]::panic::unwind_safe::RefUnwindSafe, i32>
[INFO] [stderr]                                  at /rustc/3154cc1a3e6424e44f438a95007d043ed5ceaaf6/library/std/src/panicking.rs:573:43
[INFO] [stderr]     25:     0x5872ab33bee8 - std[3164a59e47d3bde]::panicking::catch_unwind::<i32, &dyn core[934024a1e6126fb4]::ops::function::Fn<(), Output = i32> + core[934024a1e6126fb4]::marker::Sync + core[934024a1e6126fb4]::panic::unwind_safe::RefUnwindSafe>
[INFO] [stderr]                                  at /rustc/3154cc1a3e6424e44f438a95007d043ed5ceaaf6/library/std/src/panicking.rs:541:19
[INFO] [stderr]     26:     0x5872ab33bee8 - std[3164a59e47d3bde]::panic::catch_unwind::<&dyn core[934024a1e6126fb4]::ops::function::Fn<(), Output = i32> + core[934024a1e6126fb4]::marker::Sync + core[934024a1e6126fb4]::panic::unwind_safe::RefUnwindSafe, i32>
[INFO] [stderr]                                  at /rustc/3154cc1a3e6424e44f438a95007d043ed5ceaaf6/library/std/src/panic.rs:359:14
[INFO] [stderr]     27:     0x5872ab33bee8 - std[3164a59e47d3bde]::rt::lang_start_internal::{closure#0}
[INFO] [stderr]                                  at /rustc/3154cc1a3e6424e44f438a95007d043ed5ceaaf6/library/std/src/rt.rs:175:24
[INFO] [stderr]     28:     0x5872ab33bee8 - std[3164a59e47d3bde]::panicking::catch_unwind::do_call::<std[3164a59e47d3bde]::rt::lang_start_internal::{closure#0}, isize>
[INFO] [stderr]                                  at /rustc/3154cc1a3e6424e44f438a95007d043ed5ceaaf6/library/std/src/panicking.rs:573:43
[INFO] [stderr]     29:     0x5872ab33bee8 - std[3164a59e47d3bde]::panicking::catch_unwind::<isize, std[3164a59e47d3bde]::rt::lang_start_internal::{closure#0}>
[INFO] [stderr]                                  at /rustc/3154cc1a3e6424e44f438a95007d043ed5ceaaf6/library/std/src/panicking.rs:541:19
[INFO] [stderr]     30:     0x5872ab33bee8 - std[3164a59e47d3bde]::panic::catch_unwind::<std[3164a59e47d3bde]::rt::lang_start_internal::{closure#0}, isize>
[INFO] [stderr]                                  at /rustc/3154cc1a3e6424e44f438a95007d043ed5ceaaf6/library/std/src/panic.rs:359:14
[INFO] [stderr]     31:     0x5872ab33bee8 - std[3164a59e47d3bde]::rt::lang_start_internal
[INFO] [stderr]                                  at /rustc/3154cc1a3e6424e44f438a95007d043ed5ceaaf6/library/std/src/rt.rs:171:5
[INFO] [stderr]     32:     0x5872ab295921 - std[3164a59e47d3bde]::rt::lang_start::<()>
[INFO] [stderr]     33:     0x5872ab296575 - main
[INFO] [stderr]     34:     0x7f65d7c46601 - <unknown>
[INFO] [stderr]     35:     0x7f65d7c46718 - __libc_start_main
[INFO] [stderr]     36:     0x5872ab294895 - _start
[INFO] [stderr]     37:                0x0 - <unknown>
[INFO] running `Command { std: "docker" "inspect" "d6b0f3aab54ec978ac345518d69e13d79fb10bcbc77212f587d712440771534b", kill_on_drop: false }`
[INFO] running `Command { std: "docker" "rm" "-f" "d6b0f3aab54ec978ac345518d69e13d79fb10bcbc77212f587d712440771534b", kill_on_drop: false }`
[INFO] [stdout] d6b0f3aab54ec978ac345518d69e13d79fb10bcbc77212f587d712440771534b
