[INFO] cloning repository https://github.com/HappyLalo/XiaoaiSchedule-for-Windows
[INFO] running `Command { std: "git" "-c" "credential.helper=" "-c" "credential.helper=/workspace/cargo-home/bin/git-credential-null" "clone" "--bare" "https://github.com/HappyLalo/XiaoaiSchedule-for-Windows" "/workspace/cache/git-repos/https%3A%2F%2Fgithub.com%2FHappyLalo%2FXiaoaiSchedule-for-Windows", kill_on_drop: false }`
[INFO] [stderr] Cloning into bare repository '/workspace/cache/git-repos/https%3A%2F%2Fgithub.com%2FHappyLalo%2FXiaoaiSchedule-for-Windows'...
[INFO] running `Command { std: "git" "rev-parse" "HEAD", kill_on_drop: false }`
[INFO] [stdout] b87a46b171023a140d90f2cae019a954c0310367
[INFO] checking HappyLalo/XiaoaiSchedule-for-Windows/b87a46b171023a140d90f2cae019a954c0310367 against 3154cc1a3e6424e44f438a95007d043ed5ceaaf6+rustflags=-Znext-solver=coherence for pr-133502-30
[INFO] running `Command { std: "git" "clone" "/workspace/cache/git-repos/https%3A%2F%2Fgithub.com%2FHappyLalo%2FXiaoaiSchedule-for-Windows" "/workspace/builds/worker-0-tc1/source", kill_on_drop: false }`
[INFO] [stderr] Cloning into '/workspace/builds/worker-0-tc1/source'...
[INFO] [stderr] done.
[INFO] started tweaking git repo https://github.com/HappyLalo/XiaoaiSchedule-for-Windows
[INFO] finished tweaking git repo https://github.com/HappyLalo/XiaoaiSchedule-for-Windows
[INFO] tweaked toml for git repo https://github.com/HappyLalo/XiaoaiSchedule-for-Windows written to /workspace/builds/worker-0-tc1/source/Cargo.toml
[INFO] validating manifest of git repo https://github.com/HappyLalo/XiaoaiSchedule-for-Windows on toolchain 3154cc1a3e6424e44f438a95007d043ed5ceaaf6
[INFO] running `Command { std: CARGO_HOME="/workspace/cargo-home" RUSTUP_HOME="/workspace/rustup-home" "/workspace/cargo-home/bin/cargo" "+3154cc1a3e6424e44f438a95007d043ed5ceaaf6" "metadata" "--manifest-path" "Cargo.toml" "--no-deps", kill_on_drop: false }`
[INFO] crate git repo https://github.com/HappyLalo/XiaoaiSchedule-for-Windows already has a lockfile, it will not be regenerated
[INFO] running `Command { std: CARGO_HOME="/workspace/cargo-home" RUSTUP_HOME="/workspace/rustup-home" "/workspace/cargo-home/bin/cargo" "+3154cc1a3e6424e44f438a95007d043ed5ceaaf6" "fetch" "--manifest-path" "Cargo.toml", kill_on_drop: false }`
[INFO] [stderr]  Downloading crates ...
[INFO] [stderr]   Downloaded webview2-com v0.33.0
[INFO] [stderr]   Downloaded wry v0.47.2
[INFO] [stderr]   Downloaded smallvec v1.16.1
[INFO] [stderr]   Downloaded objc2-web-kit v0.2.2
[INFO] [stderr]   Downloaded cc v1.4.6
[INFO] [stderr]   Downloaded webview2-com-sys v0.33.0
[INFO] running `Command { std: "docker" "create" "-v" "/var/lib/crater-agent-workspace/builds/worker-0-tc1/source:/opt/rustwide/workdir:ro,Z" "-v" "/var/lib/crater-agent-workspace/builds/worker-0-tc1/target:/opt/rustwide/target:rw,Z" "-v" "/var/lib/crater-agent-workspace/cargo-home:/opt/rustwide/cargo-home:ro,Z" "-v" "/var/lib/crater-agent-workspace/rustup-home:/opt/rustwide/rustup-home:ro,Z" "-m" "1610612736" "--network" "none" "ghcr.io/rust-lang/crates-build-env/linux@sha256:77db811e55d90add9212f6832c23229e3de5f1c1f9905e8cb07319ea15df73ac" "sleep" "infinity", kill_on_drop: false }`
[INFO] [stdout] bcb8737e1a26d9ee3d409b0077b2d8f864364ace58151d3ce38be61ac2b06791
[INFO] running `Command { std: "docker" "start" "bcb8737e1a26d9ee3d409b0077b2d8f864364ace58151d3ce38be61ac2b06791", kill_on_drop: false }`
[INFO] running `Command { std: "docker" "inspect" "bcb8737e1a26d9ee3d409b0077b2d8f864364ace58151d3ce38be61ac2b06791", kill_on_drop: false }`
[INFO] running `Command { std: "docker" "exec" "-e" "SOURCE_DIR=/opt/rustwide/workdir" "-e" "CARGO_HOME=/opt/rustwide/cargo-home" "-e" "RUSTUP_HOME=/opt/rustwide/rustup-home" "-e" "CARGO_TARGET_DIR=/opt/rustwide/target" "-w" "/opt/rustwide/workdir" "--user" "0:0" "bcb8737e1a26d9ee3d409b0077b2d8f864364ace58151d3ce38be61ac2b06791" "/opt/rustwide/cargo-home/bin/cargo" "+3154cc1a3e6424e44f438a95007d043ed5ceaaf6" "metadata" "--no-deps" "--format-version=1", kill_on_drop: false }`
[INFO] running `Command { std: "docker" "inspect" "bcb8737e1a26d9ee3d409b0077b2d8f864364ace58151d3ce38be61ac2b06791", kill_on_drop: false }`
[INFO] running `Command { std: "docker" "exec" "-e" "SOURCE_DIR=/opt/rustwide/workdir" "-e" "CARGO_HOME=/opt/rustwide/cargo-home" "-e" "RUSTUP_HOME=/opt/rustwide/rustup-home" "-e" "CARGO_TARGET_DIR=/opt/rustwide/target" "-e" "CARGO_INCREMENTAL=0" "-e" "RUST_BACKTRACE=full" "-e" "RUSTFLAGS=--cap-lints=forbid -Znext-solver=coherence" "-e" "RUSTDOCFLAGS=--cap-lints=forbid" "-w" "/opt/rustwide/workdir" "--user" "0:0" "bcb8737e1a26d9ee3d409b0077b2d8f864364ace58151d3ce38be61ac2b06791" "/opt/rustwide/cargo-home/bin/cargo" "+3154cc1a3e6424e44f438a95007d043ed5ceaaf6" "check" "--frozen" "--all" "--all-targets" "--message-format=json", kill_on_drop: false }`
[INFO] [stderr]    Compiling proc-macro2 v1.0.107
[INFO] [stderr]    Compiling serde_core v1.0.229
[INFO] [stderr]    Compiling serde v1.0.229
[INFO] [stderr]    Compiling pkg-config v0.3.34
[INFO] [stderr]    Compiling winnow v0.5.40
[INFO] [stderr]    Compiling target-lexicon v0.12.16
[INFO] [stderr]    Compiling smallvec v1.16.1
[INFO] [stderr]    Compiling version-compare v0.2.1
[INFO] [stderr]    Compiling quote v1.0.47
[INFO] [stderr]    Compiling indexmap v2.14.2
[INFO] [stderr]     Checking futures-io v0.3.34
[INFO] [stderr]     Checking bitflags v2.13.2
[INFO] [stderr]    Compiling proc-macro-error-attr v1.0.4
[INFO] [stderr]    Compiling syn v1.0.109
[INFO] [stderr]    Compiling proc-macro-error v1.0.4
[INFO] [stderr]    Compiling winnow v1.0.4
[INFO] [stderr]    Compiling crossbeam-utils v0.8.23
[INFO] [stderr]    Compiling rustix v1.1.4
[INFO] [stderr]     Checking litemap v0.8.3
[INFO] [stderr]     Checking writeable v0.6.4
[INFO] [stderr]    Compiling icu_properties_data v2.3.0
[INFO] [stderr]    Compiling icu_normalizer_data v2.3.0
[INFO] [stderr]     Checking fastrand v2.5.0
[INFO] [stderr]     Checking utf8_iter v1.0.4
[INFO] [stderr]     Checking linux-raw-sys v0.12.1
[INFO] [stderr]     Checking event-listener v5.4.2
[INFO] [stderr]    Compiling gio v0.18.4
[INFO] [stderr]     Checking futures-lite v2.6.1
[INFO] [stderr]     Checking event-listener-strategy v0.5.4
[INFO] [stderr]     Checking async-task v4.7.1
[INFO] [stderr]     Checking concurrent-queue v2.5.0
[INFO] [stderr]    Compiling cc v1.4.6
[INFO] [stderr]    Compiling syn v3.0.5
[INFO] [stderr]    Compiling syn v2.0.119
[INFO] [stderr]    Compiling cfg-expr v0.15.8
[INFO] [stderr]    Compiling wayland-sys v0.31.11
[INFO] [stderr]     Checking async-channel v2.5.0
[INFO] [stderr]    Compiling async-io v2.6.0
[INFO] [stderr]     Checking form_urlencoded v1.2.2
[INFO] [stderr]    Compiling memoffset v0.9.1
[INFO] [stderr]    Compiling windows_x86_64_gnu v0.52.6
[INFO] [stderr]    Compiling zerocopy v0.8.57
[INFO] [stderr]     Checking piper v0.2.5
[INFO] [stderr]    Compiling getrandom v0.3.4
[INFO] [stderr]    Compiling field-offset v0.3.6
[INFO] [stderr]    Compiling x11 v2.21.0
[INFO] [stderr]    Compiling endi v1.1.1
[INFO] [stderr]    Compiling once_cell v1.21.4
[INFO] [stderr]    Compiling memchr v2.8.3
[INFO] [stderr]     Checking signal-hook-registry v1.4.8
[INFO] [stderr]    Compiling gtk v0.18.2
[INFO] [stderr]     Checking async-lock v3.4.2
[INFO] [stderr]     Checking blocking v1.7.0
[INFO] [stderr]    Compiling wayland-client v0.31.15
[INFO] [stderr]     Checking rand_core v0.9.5
[INFO] [stderr]    Compiling toml_parser v1.1.3+spec-1.1.0
[INFO] [stderr]     Checking windows-targets v0.52.6
[INFO] [stderr]    Compiling x11-dl v2.21.0
[INFO] [stderr]    Compiling time-core v0.1.9
[INFO] [stderr]    Compiling num-conv v0.2.2
[INFO] [stderr]    Compiling quick-xml v0.41.0
[INFO] [stderr]    Compiling time-macros v0.2.32
[INFO] [stderr]    Compiling wayland-backend v0.3.17
[INFO] [stderr]     Checking windows-result v0.2.0
[INFO] [stderr]     Checking async-executor v1.14.0
[INFO] [stderr]     Checking async-broadcast v0.7.2
[INFO] [stderr]    Compiling cookie v0.18.2
[INFO] [stderr]     Checking ordered-stream v0.2.0
[INFO] [stderr]     Checking powerfmt v0.2.0
[INFO] [stderr]    Compiling zmij v1.0.23
[INFO] [stderr]     Checking deranged v0.5.8
[INFO] [stderr]     Checking async-fs v2.2.0
[INFO] [stderr]     Checking windows-strings v0.1.0
[INFO] [stderr]     Checking parking_lot_core v0.9.12
[INFO] [stderr]    Compiling wry v0.47.2
[INFO] [stderr]     Checking bytes v1.12.1
[INFO] [stderr]     Checking dpi v0.1.2
[INFO] [stderr]    Compiling rfd v0.15.4
[INFO] [stderr]     Checking parking_lot v0.12.5
[INFO] [stderr]    Compiling serde_json v1.0.151
[INFO] [stderr]     Checking crossbeam-channel v0.5.17
[INFO] [stderr]     Checking pollster v0.4.0
[INFO] [stderr]     Checking urlencoding v2.1.3
[INFO] [stderr]     Checking http v1.5.0
[INFO] [stderr]    Compiling wayland-scanner v0.31.11
[INFO] [stderr]    Compiling toml_datetime v1.1.1+spec-1.1.0
[INFO] [stderr]    Compiling serde_spanned v1.1.1
[INFO] [stderr]    Compiling toml_edit v0.25.15+spec-1.1.0
[INFO] [stderr]    Compiling toml v1.1.6+spec-1.1.0
[INFO] [stderr]     Checking uuid v1.26.1
[INFO] [stderr]     Checking time v0.3.55
[INFO] [stderr]    Compiling proc-macro-crate v3.5.0
[INFO] [stderr]    Compiling winresource v0.1.31
[INFO] [stderr]    Compiling xiaoai_schedule v1.0.0 (/opt/rustwide/workdir)
[INFO] [stderr]     Checking ppv-lite86 v0.2.21
[INFO] [stderr]     Checking rand_chacha v0.9.0
[INFO] [stderr]    Compiling synstructure v0.14.0
[INFO] [stderr]    Compiling thiserror-impl v1.0.69
[INFO] [stderr]    Compiling enumflags2_derive v0.7.12
[INFO] [stderr]    Compiling tracing-attributes v0.1.31
[INFO] [stderr]    Compiling async-recursion v1.1.1
[INFO] [stderr]    Compiling windows-interface v0.58.0
[INFO] [stderr]    Compiling windows-implement v0.58.0
[INFO] [stderr]    Compiling dlopen2_derive v0.4.3
[INFO] [stderr]     Checking rand v0.9.5
[INFO] [stderr]     Checking dlopen2 v0.7.0
[INFO] [stderr]    Compiling serde_derive v1.0.229
[INFO] [stderr]    Compiling zerofrom-derive v0.1.8
[INFO] [stderr]    Compiling yoke-derive v0.8.3
[INFO] [stderr]    Compiling futures-macro v0.3.34
[INFO] [stderr]    Compiling zerovec-derive v0.11.6
[INFO] [stderr]    Compiling displaydoc v0.2.7
[INFO] [stderr]    Compiling serde_repr v0.1.21
[INFO] [stderr]    Compiling async-trait v0.1.92
[INFO] [stderr]     Checking windows-core v0.58.0
[INFO] [stderr]     Checking polling v3.11.0
[INFO] [stderr]     Checking tracing v0.1.44
[INFO] [stderr]     Checking thiserror v1.0.69
[INFO] [stderr]     Checking windows v0.58.0
[INFO] [stderr]     Checking futures-util v0.3.34
[INFO] [stderr]     Checking async-signal v0.2.14
[INFO] [stderr]     Checking async-net v2.0.0
[INFO] [stderr]     Checking async-process v2.5.0
[INFO] [stderr]     Checking zerofrom v0.1.8
[INFO] [stderr]     Checking yoke v0.8.3
[INFO] [stderr]     Checking zerovec v0.11.8
[INFO] [stderr]     Checking zerotrie v0.2.5
[INFO] [stderr]     Checking tinystr v0.8.4
[INFO] [stderr]     Checking potential_utf v0.1.6
[INFO] [stderr]     Checking icu_collections v2.3.0
[INFO] [stderr]     Checking icu_locale_core v2.3.0
[INFO] [stderr]     Checking wayland-protocols v0.32.13
[INFO] [stderr]     Checking enumflags2 v0.7.12
[INFO] [stderr]     Checking zcheapstr v1.1.0
[INFO] [stderr]     Checking zvariant_utils v4.2.0
[INFO] [stderr]     Checking icu_provider v2.3.1
[INFO] [stderr]    Compiling toml_datetime v0.6.3
[INFO] [stderr]    Compiling serde_spanned v0.6.9
[INFO] [stderr]    Compiling toml_edit v0.20.2
[INFO] [stderr]    Compiling toml_edit v0.19.15
[INFO] [stderr]     Checking futures-executor v0.3.34
[INFO] [stderr]     Checking icu_normalizer v2.3.0
[INFO] [stderr]     Checking icu_properties v2.3.0
[INFO] [stderr]    Compiling zvariant_derive v5.15.0
[INFO] [stderr]    Compiling zvariant v5.15.0
[INFO] [stderr]     Checking idna_adapter v1.2.2
[INFO] [stderr]     Checking idna v1.1.0
[INFO] [stderr]     Checking url v2.5.8
[INFO] [stderr]    Compiling toml v0.8.2
[INFO] [stderr]    Compiling proc-macro-crate v2.0.2
[INFO] [stderr]    Compiling proc-macro-crate v1.3.1
[INFO] [stderr]    Compiling gtk3-macros v0.18.2
[INFO] [stderr]    Compiling system-deps v6.2.2
[INFO] [stderr]    Compiling glib-macros v0.18.5
[INFO] [stderr]    Compiling glib-sys v0.18.1
[INFO] [stderr]    Compiling gobject-sys v0.18.0
[INFO] [stderr]    Compiling gio-sys v0.18.1
[INFO] [stderr]    Compiling gdk-sys v0.18.2
[INFO] [stderr]    Compiling pango-sys v0.18.0
[INFO] [stderr]    Compiling cairo-sys-rs v0.18.2
[INFO] [stderr]    Compiling gdk-pixbuf-sys v0.18.0
[INFO] [stderr]    Compiling atk-sys v0.18.2
[INFO] [stderr]    Compiling gtk-sys v0.18.2
[INFO] [stderr]    Compiling soup3-sys v0.5.0
[INFO] [stderr]    Compiling javascriptcore-rs-sys v1.1.1
[INFO] [stderr]    Compiling webkit2gtk-sys v2.0.1
[INFO] [stderr]    Compiling gdkx11-sys v0.18.2
[INFO] [stderr]    Compiling zbus_names v4.3.4
[INFO] [stderr]    Compiling zbus_macros v5.19.0
[INFO] [stderr]     Checking gdkwayland-sys v0.18.2
[INFO] [stderr]     Checking glib v0.18.5
[INFO] [stderr]     Checking zbus v5.19.0
[INFO] [stderr]     Checking cairo-rs v0.18.5
[INFO] [stderr]     Checking atk v0.18.2
[INFO] [stderr]     Checking javascriptcore-rs v1.1.2
[INFO] [stderr]     Checking ashpd v0.11.1
[INFO] [stderr]     Checking gdk-pixbuf v0.18.5
[INFO] [stderr]     Checking pango v0.18.3
[INFO] [stderr]     Checking soup3 v0.5.0
[INFO] [stderr]     Checking gdk v0.18.2
[INFO] [stderr]     Checking gdkx11 v0.18.2
[INFO] [stderr]     Checking webkit2gtk v2.0.1
[INFO] [stderr]     Checking tao v0.31.1
[INFO] [stdout] error[E0433]: cannot find `Win32` in `windows`
[INFO] [stdout]  --> src/winlayer.rs:4:14
[INFO] [stdout]   |
[INFO] [stdout] 4 | use windows::Win32::Foundation::{HWND, LPARAM, POINT, RECT, WPARAM};
[INFO] [stdout]   |              ^^^^^ could not find `Win32` in `windows`
[INFO] [stdout] 
[INFO] [stdout] 
[INFO] [stdout] error[E0433]: cannot find `Win32` in `windows`
[INFO] [stdout]  --> src/winlayer.rs:5:14
[INFO] [stdout]   |
[INFO] [stdout] 5 | use windows::Win32::Graphics::Dwm::{
[INFO] [stdout]   |              ^^^^^ could not find `Win32` in `windows`
[INFO] [stdout] 
[INFO] [stdout] 
[INFO] [stdout] error[E0433]: cannot find `Win32` in `windows`
[INFO] [stdout]  --> src/winlayer.rs:8:14
[INFO] [stdout]   |
[INFO] [stdout] 8 | use windows::Win32::Graphics::Gdi::ClientToScreen;
[INFO] [stdout]   |              ^^^^^ could not find `Win32` in `windows`
[INFO] [stdout] 
[INFO] [stdout] 
[INFO] [stdout] error[E0433]: cannot find `Win32` in `windows`
[INFO] [stdout]  --> src/winlayer.rs:9:14
[INFO] [stdout]   |
[INFO] [stdout] 9 | use windows::Win32::UI::Input::KeyboardAndMouse::ReleaseCapture;
[INFO] [stdout]   |              ^^^^^ could not find `Win32` in `windows`
[INFO] [stdout] 
[INFO] [stdout] 
[INFO] [stdout] error[E0433]: cannot find `Win32` in `windows`
[INFO] [stdout]   --> src/winlayer.rs:10:14
[INFO] [stdout]    |
[INFO] [stdout] 10 | use windows::Win32::UI::WindowsAndMessaging::*;
[INFO] [stdout]    |              ^^^^^ could not find `Win32` in `windows`
[INFO] [stdout] 
[INFO] [stdout] 
[INFO] [stdout] error[E0432]: unresolved import `windows::core`
[INFO] [stdout]  --> src/winlayer.rs:3:14
[INFO] [stdout]   |
[INFO] [stdout] 3 | use windows::core::PCWSTR;
[INFO] [stdout]   |              ^^^^ could not find `core` in `windows`
[INFO] [stdout] 
[INFO] [stdout] 
[INFO] [stdout] error[E0433]: cannot find `Win32` in `windows`
[INFO] [stdout]   --> src/main.rs:22:14
[INFO] [stdout]    |
[INFO] [stdout] 22 | use windows::Win32::Foundation::{HWND, POINT, RECT};
[INFO] [stdout]    |              ^^^^^ could not find `Win32` in `windows`
[INFO] [stdout] 
[INFO] [stdout] 
[INFO] [stdout] error[E0433]: cannot find `Win32` in `windows`
[INFO] [stdout]   --> src/main.rs:23:14
[INFO] [stdout]    |
[INFO] [stdout] 23 | use windows::Win32::UI::WindowsAndMessaging::{
[INFO] [stdout]    |              ^^^^^ could not find `Win32` in `windows`
[INFO] [stdout] 
[INFO] [stdout] 
[INFO] [stdout] error[E0433]: cannot find `Win32` in `windows`
[INFO] [stdout]  --> src/winlayer.rs:4:14
[INFO] [stdout]   |
[INFO] [stdout] 4 | use windows::Win32::Foundation::{HWND, LPARAM, POINT, RECT, WPARAM};
[INFO] [stdout]   |              ^^^^^ could not find `Win32` in `windows`
[INFO] [stdout] 
[INFO] [stdout] 
[INFO] [stdout] error[E0433]: cannot find `Win32` in `windows`
[INFO] [stdout]  --> src/winlayer.rs:5:14
[INFO] [stdout]   |
[INFO] [stdout] 5 | use windows::Win32::Graphics::Dwm::{
[INFO] [stdout]   |              ^^^^^ could not find `Win32` in `windows`
[INFO] [stdout] 
[INFO] [stdout] 
[INFO] [stdout] error[E0433]: cannot find `Win32` in `windows`
[INFO] [stdout]  --> src/winlayer.rs:8:14
[INFO] [stdout]   |
[INFO] [stdout] 8 | use windows::Win32::Graphics::Gdi::ClientToScreen;
[INFO] [stdout]   |              ^^^^^ could not find `Win32` in `windows`
[INFO] [stdout] 
[INFO] [stdout] 
[INFO] [stdout] error[E0433]: cannot find `Win32` in `windows`
[INFO] [stdout]  --> src/winlayer.rs:9:14
[INFO] [stdout]   |
[INFO] [stdout] 9 | use windows::Win32::UI::Input::KeyboardAndMouse::ReleaseCapture;
[INFO] [stdout]   |              ^^^^^ could not find `Win32` in `windows`
[INFO] [stdout] 
[INFO] [stdout] 
[INFO] [stdout] error[E0433]: cannot find `Win32` in `windows`
[INFO] [stdout]   --> src/winlayer.rs:10:14
[INFO] [stdout]    |
[INFO] [stdout] 10 | use windows::Win32::UI::WindowsAndMessaging::*;
[INFO] [stdout]    |              ^^^^^ could not find `Win32` in `windows`
[INFO] [stdout] 
[INFO] [stdout] 
[INFO] [stdout] error[E0432]: unresolved import `windows::core`
[INFO] [stdout]  --> src/winlayer.rs:3:14
[INFO] [stdout]   |
[INFO] [stdout] 3 | use windows::core::PCWSTR;
[INFO] [stdout]   |              ^^^^ could not find `core` in `windows`
[INFO] [stdout] 
[INFO] [stdout] 
[INFO] [stdout] error[E0433]: cannot find `Win32` in `windows`
[INFO] [stdout]   --> src/main.rs:22:14
[INFO] [stdout]    |
[INFO] [stdout] 22 | use windows::Win32::Foundation::{HWND, POINT, RECT};
[INFO] [stdout]    |              ^^^^^ could not find `Win32` in `windows`
[INFO] [stdout] 
[INFO] [stdout] 
[INFO] [stdout] error[E0433]: cannot find `Win32` in `windows`
[INFO] [stdout]   --> src/main.rs:23:14
[INFO] [stdout]    |
[INFO] [stdout] 23 | use windows::Win32::UI::WindowsAndMessaging::{
[INFO] [stdout]    |              ^^^^^ could not find `Win32` in `windows`
[INFO] [stdout] 
[INFO] [stdout] 
[INFO] [stdout] error[E0432]: unresolved import `tao::platform::windows`
[INFO] [stdout]   --> src/main.rs:19:15
[INFO] [stdout]    |
[INFO] [stdout] 19 |     platform::windows::IconExtWindows,
[INFO] [stdout]    |               ^^^^^^^ could not find `windows` in `platform`
[INFO] [stdout]    |
[INFO] [stdout] note: found an item that was configured out
[INFO] [stdout]   --> /opt/rustwide/cargo-home/registry/src/index.crates.io-1949cf8c6b5b557f/tao-0.31.1/src/platform/mod.rs:28:9
[INFO] [stdout]    |
[INFO] [stdout] 28 | pub mod windows;
[INFO] [stdout]    |         ^^^^^^^
[INFO] [stdout]    |
[INFO] [stdout]   ::: /opt/rustwide/cargo-home/registry/src/index.crates.io-1949cf8c6b5b557f/tao-0.31.1/src/platform/windows.rs:5:8
[INFO] [stdout]    |
[INFO] [stdout]  5 | #![cfg(target_os = "windows")]
[INFO] [stdout]    |        --------------------- the item is gated behind the `windows` feature
[INFO] [stdout] 
[INFO] [stdout] 
[INFO] [stdout] error[E0433]: cannot find `Win32` in `windows`
[INFO] [stdout]    --> src/main.rs:485:18
[INFO] [stdout]     |
[INFO] [stdout] 485 |     use windows::Win32::System::Registry::{
[INFO] [stdout]     |                  ^^^^^ could not find `Win32` in `windows`
[INFO] [stdout] 
[INFO] [stdout] 
[INFO] [stdout] error[E0432]: unresolved import `windows::core`
[INFO] [stdout]    --> src/main.rs:484:18
[INFO] [stdout]     |
[INFO] [stdout] 484 |     use windows::core::PCWSTR;
[INFO] [stdout]     |                  ^^^^ could not find `core` in `windows`
[INFO] [stdout] 
[INFO] [stdout] 
[INFO] [stdout] error[E0432]: unresolved import `tao::platform::windows`
[INFO] [stdout]   --> src/main.rs:19:15
[INFO] [stdout]    |
[INFO] [stdout] 19 |     platform::windows::IconExtWindows,
[INFO] [stdout]    |               ^^^^^^^ could not find `windows` in `platform`
[INFO] [stdout]    |
[INFO] [stdout] note: found an item that was configured out
[INFO] [stdout]   --> /opt/rustwide/cargo-home/registry/src/index.crates.io-1949cf8c6b5b557f/tao-0.31.1/src/platform/mod.rs:28:9
[INFO] [stdout]    |
[INFO] [stdout] 28 | pub mod windows;
[INFO] [stdout]    |         ^^^^^^^
[INFO] [stdout]    |
[INFO] [stdout]   ::: /opt/rustwide/cargo-home/registry/src/index.crates.io-1949cf8c6b5b557f/tao-0.31.1/src/platform/windows.rs:5:8
[INFO] [stdout]    |
[INFO] [stdout]  5 | #![cfg(target_os = "windows")]
[INFO] [stdout]    |        --------------------- the item is gated behind the `windows` feature
[INFO] [stdout] 
[INFO] [stdout] 
[INFO] [stdout] error[E0433]: cannot find `Win32` in `windows`
[INFO] [stdout]    --> src/main.rs:485:18
[INFO] [stdout]     |
[INFO] [stdout] 485 |     use windows::Win32::System::Registry::{
[INFO] [stdout]     |                  ^^^^^ could not find `Win32` in `windows`
[INFO] [stdout] 
[INFO] [stdout] 
[INFO] [stdout] error[E0432]: unresolved import `windows::core`
[INFO] [stdout]    --> src/main.rs:484:18
[INFO] [stdout]     |
[INFO] [stdout] 484 |     use windows::core::PCWSTR;
[INFO] [stdout]     |                  ^^^^ could not find `core` in `windows`
[INFO] [stdout] 
[INFO] [stdout] 
[INFO] [stdout] error[E0433]: cannot find `Win32` in `windows`
[INFO] [stdout]    --> src/winlayer.rs:153:83
[INFO] [stdout]     |
[INFO] [stdout] 153 |         unsafe extern "system" fn enum_cb(hwnd: HWND, lparam: LPARAM) -> windows::Win32::Foundation::BOOL {
[INFO] [stdout]     |                                                                                   ^^^^^ could not find `Win32` in `windows`
[INFO] [stdout] 
[INFO] [stdout] 
[INFO] [stdout] error[E0433]: cannot find `Win32` in `windows`
[INFO] [stdout]    --> src/winlayer.rs:153:83
[INFO] [stdout]     |
[INFO] [stdout] 153 |         unsafe extern "system" fn enum_cb(hwnd: HWND, lparam: LPARAM) -> windows::Win32::Foundation::BOOL {
[INFO] [stdout]     |                                                                                   ^^^^^ could not find `Win32` in `windows`
[INFO] [stdout] 
[INFO] [stdout] 
[INFO] [stdout] error[E0433]: cannot find `Win32` in `windows`
[INFO] [stdout]    --> src/winlayer.rs:165:41
[INFO] [stdout]     |
[INFO] [stdout] 165 |                         return windows::Win32::Foundation::BOOL(0);
[INFO] [stdout]     |                                         ^^^^^ could not find `Win32` in `windows`
[INFO] [stdout] 
[INFO] [stdout] 
[INFO] [stdout] error[E0433]: cannot find `Win32` in `windows`
[INFO] [stdout]    --> src/winlayer.rs:168:26
[INFO] [stdout]     |
[INFO] [stdout] 168 |                 windows::Win32::Foundation::BOOL(1)
[INFO] [stdout]     |                          ^^^^^ could not find `Win32` in `windows`
[INFO] [stdout] 
[INFO] [stdout] 
[INFO] [stdout] error[E0433]: cannot find `Win32` in `windows`
[INFO] [stdout]    --> src/winlayer.rs:165:41
[INFO] [stdout]     |
[INFO] [stdout] 165 |                         return windows::Win32::Foundation::BOOL(0);
[INFO] [stdout]     |                                         ^^^^^ could not find `Win32` in `windows`
[INFO] [stdout] 
[INFO] [stdout] 
[INFO] [stdout] error[E0433]: cannot find `Win32` in `windows`
[INFO] [stdout]    --> src/winlayer.rs:168:26
[INFO] [stdout]     |
[INFO] [stdout] 168 |                 windows::Win32::Foundation::BOOL(1)
[INFO] [stdout]     |                          ^^^^^ could not find `Win32` in `windows`
[INFO] [stdout] 
[INFO] [stdout] 
[INFO] [stdout] error[E0433]: cannot find `Win32` in `windows`
[INFO] [stdout]    --> src/main.rs:289:22
[INFO] [stdout]     |
[INFO] [stdout] 289 |             windows::Win32::UI::WindowsAndMessaging::SET_WINDOW_POS_FLAGS(flags),
[INFO] [stdout]     |                      ^^^^^ could not find `Win32` in `windows`
[INFO] [stdout] 
[INFO] [stdout] 
[INFO] [stdout] error[E0425]: cannot find value `SW_RESTORE` in this scope
[INFO] [stdout]   --> src/winlayer.rs:37:38
[INFO] [stdout]    |
[INFO] [stdout] 37 |             let _ = ShowWindow(hwnd, SW_RESTORE);
[INFO] [stdout]    |                                      ^^^^^^^^^^ not found in this scope
[INFO] [stdout] 
[INFO] [stdout] 
[INFO] [stdout] error[E0425]: cannot find value `WM_NCLBUTTONDOWN` in this scope
[INFO] [stdout]   --> src/winlayer.rs:64:13
[INFO] [stdout]    |
[INFO] [stdout] 64 |             WM_NCLBUTTONDOWN,
[INFO] [stdout]    |             ^^^^^^^^^^^^^^^^ not found in this scope
[INFO] [stdout] 
[INFO] [stdout] 
[INFO] [stdout] error[E0425]: cannot find value `HTTOPLEFT` in this scope
[INFO] [stdout]   --> src/winlayer.rs:77:21
[INFO] [stdout]    |
[INFO] [stdout] 77 |         return Some(HTTOPLEFT as isize);
[INFO] [stdout]    |                     ^^^^^^^^^ not found in this scope
[INFO] [stdout] 
[INFO] [stdout] 
[INFO] [stdout] error[E0425]: cannot find value `HTTOPRIGHT` in this scope
[INFO] [stdout]   --> src/winlayer.rs:80:21
[INFO] [stdout]    |
[INFO] [stdout] 80 |         return Some(HTTOPRIGHT as isize);
[INFO] [stdout]    |                     ^^^^^^^^^^ not found in this scope
[INFO] [stdout] 
[INFO] [stdout] 
[INFO] [stdout] error[E0425]: cannot find value `HTBOTTOMLEFT` in this scope
[INFO] [stdout]   --> src/winlayer.rs:83:21
[INFO] [stdout]    |
[INFO] [stdout] 83 |         return Some(HTBOTTOMLEFT as isize);
[INFO] [stdout]    |                     ^^^^^^^^^^^^ not found in this scope
[INFO] [stdout] 
[INFO] [stdout] 
[INFO] [stdout] error[E0425]: cannot find value `HTBOTTOMRIGHT` in this scope
[INFO] [stdout]   --> src/winlayer.rs:86:21
[INFO] [stdout]    |
[INFO] [stdout] 86 |         return Some(HTBOTTOMRIGHT as isize);
[INFO] [stdout]    |                     ^^^^^^^^^^^^^ not found in this scope
[INFO] [stdout] 
[INFO] [stdout] 
[INFO] [stdout] error[E0425]: cannot find value `HTLEFT` in this scope
[INFO] [stdout]   --> src/winlayer.rs:89:21
[INFO] [stdout]    |
[INFO] [stdout] 89 |         return Some(HTLEFT as isize);
[INFO] [stdout]    |                     ^^^^^^ not found in this scope
[INFO] [stdout] 
[INFO] [stdout] 
[INFO] [stdout] error[E0425]: cannot find value `HTRIGHT` in this scope
[INFO] [stdout]   --> src/winlayer.rs:92:21
[INFO] [stdout]    |
[INFO] [stdout] 92 |         return Some(HTRIGHT as isize);
[INFO] [stdout]    |                     ^^^^^^^ not found in this scope
[INFO] [stdout] 
[INFO] [stdout] 
[INFO] [stdout] error[E0425]: cannot find value `HTTOP` in this scope
[INFO] [stdout]   --> src/winlayer.rs:95:21
[INFO] [stdout]    |
[INFO] [stdout] 95 |         return Some(HTTOP as isize);
[INFO] [stdout]    |                     ^^^^^ not found in this scope
[INFO] [stdout] 
[INFO] [stdout] 
[INFO] [stdout] error[E0425]: cannot find value `HTBOTTOM` in this scope
[INFO] [stdout]   --> src/winlayer.rs:98:21
[INFO] [stdout]    |
[INFO] [stdout] 98 |         return Some(HTBOTTOM as isize);
[INFO] [stdout]    |                     ^^^^^^^^ not found in this scope
[INFO] [stdout] 
[INFO] [stdout] 
[INFO] [stdout] error[E0425]: cannot find value `GWL_STYLE` in this scope
[INFO] [stdout]    --> src/winlayer.rs:112:51
[INFO] [stdout]     |
[INFO] [stdout] 112 |                 let mut style = GetWindowLongW(h, GWL_STYLE) as u32;
[INFO] [stdout]     |                                                   ^^^^^^^^^ not found in this scope
[INFO] [stdout] 
[INFO] [stdout] 
[INFO] [stdout] error[E0425]: cannot find value `WS_CHILD` in this scope
[INFO] [stdout]    --> src/winlayer.rs:113:35
[INFO] [stdout]     |
[INFO] [stdout] 113 |                 style = (style & !WS_CHILD.0) | WS_POPUP.0 | WS_VISIBLE.0;
[INFO] [stdout]     |                                   ^^^^^^^^ not found in this scope
[INFO] [stdout] 
[INFO] [stdout] 
[INFO] [stdout] error[E0425]: cannot find value `WS_POPUP` in this scope
[INFO] [stdout]    --> src/winlayer.rs:113:49
[INFO] [stdout]     |
[INFO] [stdout] 113 |                 style = (style & !WS_CHILD.0) | WS_POPUP.0 | WS_VISIBLE.0;
[INFO] [stdout]     |                                                 ^^^^^^^^ not found in this scope
[INFO] [stdout] 
[INFO] [stdout] 
[INFO] [stdout] error[E0425]: cannot find value `WS_VISIBLE` in this scope
[INFO] [stdout]    --> src/winlayer.rs:113:62
[INFO] [stdout]     |
[INFO] [stdout] 113 |                 style = (style & !WS_CHILD.0) | WS_POPUP.0 | WS_VISIBLE.0;
[INFO] [stdout]     |                                                              ^^^^^^^^^^ not found in this scope
[INFO] [stdout] 
[INFO] [stdout] 
[INFO] [stdout] error[E0425]: cannot find value `GWL_STYLE` in this scope
[INFO] [stdout]    --> src/winlayer.rs:114:35
[INFO] [stdout]     |
[INFO] [stdout] 114 |                 SetWindowLongW(h, GWL_STYLE, style as i32);
[INFO] [stdout]     |                                   ^^^^^^^^^ not found in this scope
[INFO] [stdout] 
[INFO] [stdout] 
[INFO] [stdout] error[E0425]: cannot find value `SWP_NOSIZE` in this scope
[INFO] [stdout]    --> src/winlayer.rs:116:96
[INFO] [stdout]     |
[INFO] [stdout] 116 |                 let _ = SetWindowPos(h, HWND(std::ptr::null_mut()), rect.left, rect.top, 0, 0, SWP_NOSIZE | SWP_NOACTIVATE);
[INFO] [stdout]     |                                                                                                ^^^^^^^^^^ not found in this scope
[INFO] [stdout] 
[INFO] [stdout] 
[INFO] [stdout] error[E0425]: cannot find value `SWP_NOACTIVATE` in this scope
[INFO] [stdout]    --> src/winlayer.rs:116:109
[INFO] [stdout]     |
[INFO] [stdout] 116 |                 let _ = SetWindowPos(h, HWND(std::ptr::null_mut()), rect.left, rect.top, 0, 0, SWP_NOSIZE | SWP_NOACTIVATE);
[INFO] [stdout]     |                                                                                                             ^^^^^^^^^^^^^^ not found in this scope
[INFO] [stdout] 
[INFO] [stdout] 
[INFO] [stdout] error[E0425]: cannot find value `HWND_TOPMOST` in this scope
[INFO] [stdout]    --> src/winlayer.rs:121:13
[INFO] [stdout]     |
[INFO] [stdout] 121 |             HWND_TOPMOST
[INFO] [stdout]     |             ^^^^^^^^^^^^ not found in this scope
[INFO] [stdout] 
[INFO] [stdout] 
[INFO] [stdout] error[E0425]: cannot find value `HWND_BOTTOM` in this scope
[INFO] [stdout]    --> src/winlayer.rs:123:13
[INFO] [stdout]     |
[INFO] [stdout] 123 |             HWND_BOTTOM
[INFO] [stdout]     |             ^^^^^^^^^^^ not found in this scope
[INFO] [stdout] 
[INFO] [stdout] 
[INFO] [stdout] error[E0425]: cannot find value `HWND_NOTOPMOST` in this scope
[INFO] [stdout]    --> src/winlayer.rs:125:13
[INFO] [stdout]     |
[INFO] [stdout] 125 |             HWND_NOTOPMOST
[INFO] [stdout]     |             ^^^^^^^^^^^^^^ not found in this scope
[INFO] [stdout] 
[INFO] [stdout] 
[INFO] [stdout] error[E0425]: cannot find value `SWP_NOMOVE` in this scope
[INFO] [stdout]    --> src/winlayer.rs:127:48
[INFO] [stdout]     |
[INFO] [stdout] 127 |         let _ = SetWindowPos(h, z, 0, 0, 0, 0, SWP_NOMOVE | SWP_NOSIZE | SWP_NOACTIVATE);
[INFO] [stdout]     |                                                ^^^^^^^^^^ not found in this scope
[INFO] [stdout] 
[INFO] [stdout] 
[INFO] [stdout] error[E0425]: cannot find value `SWP_NOSIZE` in this scope
[INFO] [stdout]    --> src/winlayer.rs:127:61
[INFO] [stdout]     |
[INFO] [stdout] 127 |         let _ = SetWindowPos(h, z, 0, 0, 0, 0, SWP_NOMOVE | SWP_NOSIZE | SWP_NOACTIVATE);
[INFO] [stdout]     |                                                             ^^^^^^^^^^ not found in this scope
[INFO] [stdout] 
[INFO] [stdout] 
[INFO] [stdout] error[E0425]: cannot find value `SWP_NOACTIVATE` in this scope
[INFO] [stdout]    --> src/winlayer.rs:127:74
[INFO] [stdout]     |
[INFO] [stdout] 127 |         let _ = SetWindowPos(h, z, 0, 0, 0, 0, SWP_NOMOVE | SWP_NOSIZE | SWP_NOACTIVATE);
[INFO] [stdout]     |                                                                          ^^^^^^^^^^^^^^ not found in this scope
[INFO] [stdout] 
[INFO] [stdout] 
[INFO] [stdout] error[E0425]: cannot find value `WM_APP` in this scope
[INFO] [stdout]    --> src/winlayer.rs:143:13
[INFO] [stdout]     |
[INFO] [stdout] 143 |             WM_APP + 0x052C,
[INFO] [stdout]     |             ^^^^^^ not found in this scope
[INFO] [stdout] 
[INFO] [stdout] 
[INFO] [stdout] error[E0425]: cannot find value `SMTO_NORMAL` in this scope
[INFO] [stdout]    --> src/winlayer.rs:146:13
[INFO] [stdout]     |
[INFO] [stdout] 146 |             SMTO_NORMAL,
[INFO] [stdout]     |             ^^^^^^^^^^^ not found in this scope
[INFO] [stdout] 
[INFO] [stdout] 
[INFO] [stdout] error[E0433]: cannot find `Win32` in `windows`
[INFO] [stdout]    --> src/main.rs:289:22
[INFO] [stdout]     |
[INFO] [stdout] 289 |             windows::Win32::UI::WindowsAndMessaging::SET_WINDOW_POS_FLAGS(flags),
[INFO] [stdout]     |                      ^^^^^ could not find `Win32` in `windows`
[INFO] [stdout] 
[INFO] [stdout] 
[INFO] [stdout] error[E0425]: cannot find value `SW_RESTORE` in this scope
[INFO] [stdout]   --> src/winlayer.rs:37:38
[INFO] [stdout]    |
[INFO] [stdout] 37 |             let _ = ShowWindow(hwnd, SW_RESTORE);
[INFO] [stdout]    |                                      ^^^^^^^^^^ not found in this scope
[INFO] [stdout] 
[INFO] [stdout] 
[INFO] [stdout] error[E0425]: cannot find value `WM_NCLBUTTONDOWN` in this scope
[INFO] [stdout]   --> src/winlayer.rs:64:13
[INFO] [stdout]    |
[INFO] [stdout] 64 |             WM_NCLBUTTONDOWN,
[INFO] [stdout]    |             ^^^^^^^^^^^^^^^^ not found in this scope
[INFO] [stdout] 
[INFO] [stdout] 
[INFO] [stdout] error[E0425]: cannot find value `HTTOPLEFT` in this scope
[INFO] [stdout]   --> src/winlayer.rs:77:21
[INFO] [stdout]    |
[INFO] [stdout] 77 |         return Some(HTTOPLEFT as isize);
[INFO] [stdout]    |                     ^^^^^^^^^ not found in this scope
[INFO] [stdout] 
[INFO] [stdout] 
[INFO] [stdout] error[E0425]: cannot find value `HTTOPRIGHT` in this scope
[INFO] [stdout]   --> src/winlayer.rs:80:21
[INFO] [stdout]    |
[INFO] [stdout] 80 |         return Some(HTTOPRIGHT as isize);
[INFO] [stdout]    |                     ^^^^^^^^^^ not found in this scope
[INFO] [stdout] 
[INFO] [stdout] 
[INFO] [stdout] error[E0425]: cannot find value `HTBOTTOMLEFT` in this scope
[INFO] [stdout]   --> src/winlayer.rs:83:21
[INFO] [stdout]    |
[INFO] [stdout] 83 |         return Some(HTBOTTOMLEFT as isize);
[INFO] [stdout]    |                     ^^^^^^^^^^^^ not found in this scope
[INFO] [stdout] 
[INFO] [stdout] 
[INFO] [stdout] error[E0425]: cannot find value `HTBOTTOMRIGHT` in this scope
[INFO] [stdout]   --> src/winlayer.rs:86:21
[INFO] [stdout]    |
[INFO] [stdout] 86 |         return Some(HTBOTTOMRIGHT as isize);
[INFO] [stdout]    |                     ^^^^^^^^^^^^^ not found in this scope
[INFO] [stdout] 
[INFO] [stdout] 
[INFO] [stdout] error[E0425]: cannot find value `HTLEFT` in this scope
[INFO] [stdout]   --> src/winlayer.rs:89:21
[INFO] [stdout]    |
[INFO] [stdout] 89 |         return Some(HTLEFT as isize);
[INFO] [stdout]    |                     ^^^^^^ not found in this scope
[INFO] [stdout] 
[INFO] [stdout] 
[INFO] [stdout] error[E0425]: cannot find value `HTRIGHT` in this scope
[INFO] [stdout]   --> src/winlayer.rs:92:21
[INFO] [stdout]    |
[INFO] [stdout] 92 |         return Some(HTRIGHT as isize);
[INFO] [stdout]    |                     ^^^^^^^ not found in this scope
[INFO] [stdout] 
[INFO] [stdout] 
[INFO] [stdout] error[E0425]: cannot find value `HTTOP` in this scope
[INFO] [stdout]   --> src/winlayer.rs:95:21
[INFO] [stdout]    |
[INFO] [stdout] 95 |         return Some(HTTOP as isize);
[INFO] [stdout]    |                     ^^^^^ not found in this scope
[INFO] [stdout] 
[INFO] [stdout] 
[INFO] [stdout] error[E0425]: cannot find value `HTBOTTOM` in this scope
[INFO] [stdout]   --> src/winlayer.rs:98:21
[INFO] [stdout]    |
[INFO] [stdout] 98 |         return Some(HTBOTTOM as isize);
[INFO] [stdout]    |                     ^^^^^^^^ not found in this scope
[INFO] [stdout] 
[INFO] [stdout] 
[INFO] [stdout] error[E0425]: cannot find value `GWL_STYLE` in this scope
[INFO] [stdout]    --> src/winlayer.rs:112:51
[INFO] [stdout]     |
[INFO] [stdout] 112 |                 let mut style = GetWindowLongW(h, GWL_STYLE) as u32;
[INFO] [stdout]     |                                                   ^^^^^^^^^ not found in this scope
[INFO] [stdout] 
[INFO] [stdout] 
[INFO] [stdout] error[E0425]: cannot find value `WS_CHILD` in this scope
[INFO] [stdout]    --> src/winlayer.rs:113:35
[INFO] [stdout]     |
[INFO] [stdout] 113 |                 style = (style & !WS_CHILD.0) | WS_POPUP.0 | WS_VISIBLE.0;
[INFO] [stdout]     |                                   ^^^^^^^^ not found in this scope
[INFO] [stdout] 
[INFO] [stdout] 
[INFO] [stdout] error[E0425]: cannot find value `WS_POPUP` in this scope
[INFO] [stdout]    --> src/winlayer.rs:113:49
[INFO] [stdout]     |
[INFO] [stdout] 113 |                 style = (style & !WS_CHILD.0) | WS_POPUP.0 | WS_VISIBLE.0;
[INFO] [stdout]     |                                                 ^^^^^^^^ not found in this scope
[INFO] [stdout] 
[INFO] [stdout] 
[INFO] [stdout] error[E0425]: cannot find value `WS_VISIBLE` in this scope
[INFO] [stdout]    --> src/winlayer.rs:113:62
[INFO] [stdout]     |
[INFO] [stdout] 113 |                 style = (style & !WS_CHILD.0) | WS_POPUP.0 | WS_VISIBLE.0;
[INFO] [stdout]     |                                                              ^^^^^^^^^^ not found in this scope
[INFO] [stdout] 
[INFO] [stdout] 
[INFO] [stdout] error[E0425]: cannot find value `GWL_STYLE` in this scope
[INFO] [stdout]    --> src/winlayer.rs:114:35
[INFO] [stdout]     |
[INFO] [stdout] 114 |                 SetWindowLongW(h, GWL_STYLE, style as i32);
[INFO] [stdout]     |                                   ^^^^^^^^^ not found in this scope
[INFO] [stdout] 
[INFO] [stdout] 
[INFO] [stdout] error[E0425]: cannot find value `SWP_NOSIZE` in this scope
[INFO] [stdout]    --> src/winlayer.rs:116:96
[INFO] [stdout]     |
[INFO] [stdout] 116 |                 let _ = SetWindowPos(h, HWND(std::ptr::null_mut()), rect.left, rect.top, 0, 0, SWP_NOSIZE | SWP_NOACTIVATE);
[INFO] [stdout]     |                                                                                                ^^^^^^^^^^ not found in this scope
[INFO] [stdout] 
[INFO] [stdout] 
[INFO] [stdout] error[E0425]: cannot find value `SWP_NOACTIVATE` in this scope
[INFO] [stdout]    --> src/winlayer.rs:116:109
[INFO] [stdout]     |
[INFO] [stdout] 116 |                 let _ = SetWindowPos(h, HWND(std::ptr::null_mut()), rect.left, rect.top, 0, 0, SWP_NOSIZE | SWP_NOACTIVATE);
[INFO] [stdout]     |                                                                                                             ^^^^^^^^^^^^^^ not found in this scope
[INFO] [stdout] 
[INFO] [stdout] 
[INFO] [stdout] error[E0425]: cannot find value `HWND_TOPMOST` in this scope
[INFO] [stdout]    --> src/winlayer.rs:121:13
[INFO] [stdout]     |
[INFO] [stdout] 121 |             HWND_TOPMOST
[INFO] [stdout]     |             ^^^^^^^^^^^^ not found in this scope
[INFO] [stdout] 
[INFO] [stdout] 
[INFO] [stdout] error[E0425]: cannot find value `HWND_BOTTOM` in this scope
[INFO] [stdout]    --> src/winlayer.rs:123:13
[INFO] [stdout]     |
[INFO] [stdout] 123 |             HWND_BOTTOM
[INFO] [stdout]     |             ^^^^^^^^^^^ not found in this scope
[INFO] [stdout] 
[INFO] [stdout] 
[INFO] [stdout] error[E0425]: cannot find value `HWND_NOTOPMOST` in this scope
[INFO] [stdout]    --> src/winlayer.rs:125:13
[INFO] [stdout]     |
[INFO] [stdout] 125 |             HWND_NOTOPMOST
[INFO] [stdout]     |             ^^^^^^^^^^^^^^ not found in this scope
[INFO] [stdout] 
[INFO] [stdout] 
[INFO] [stdout] error[E0425]: cannot find value `SWP_NOMOVE` in this scope
[INFO] [stdout]    --> src/winlayer.rs:127:48
[INFO] [stdout]     |
[INFO] [stdout] 127 |         let _ = SetWindowPos(h, z, 0, 0, 0, 0, SWP_NOMOVE | SWP_NOSIZE | SWP_NOACTIVATE);
[INFO] [stdout]     |                                                ^^^^^^^^^^ not found in this scope
[INFO] [stdout] 
[INFO] [stdout] 
[INFO] [stdout] error[E0425]: cannot find value `SWP_NOSIZE` in this scope
[INFO] [stdout]    --> src/winlayer.rs:127:61
[INFO] [stdout]     |
[INFO] [stdout] 127 |         let _ = SetWindowPos(h, z, 0, 0, 0, 0, SWP_NOMOVE | SWP_NOSIZE | SWP_NOACTIVATE);
[INFO] [stdout]     |                                                             ^^^^^^^^^^ not found in this scope
[INFO] [stdout] 
[INFO] [stdout] 
[INFO] [stdout] error[E0425]: cannot find value `SWP_NOACTIVATE` in this scope
[INFO] [stdout]    --> src/winlayer.rs:127:74
[INFO] [stdout]     |
[INFO] [stdout] 127 |         let _ = SetWindowPos(h, z, 0, 0, 0, 0, SWP_NOMOVE | SWP_NOSIZE | SWP_NOACTIVATE);
[INFO] [stdout]     |                                                                          ^^^^^^^^^^^^^^ not found in this scope
[INFO] [stdout] 
[INFO] [stdout] 
[INFO] [stdout] error[E0425]: cannot find value `WM_APP` in this scope
[INFO] [stdout]    --> src/winlayer.rs:143:13
[INFO] [stdout]     |
[INFO] [stdout] 143 |             WM_APP + 0x052C,
[INFO] [stdout]     |             ^^^^^^ not found in this scope
[INFO] [stdout] 
[INFO] [stdout] 
[INFO] [stdout] error[E0425]: cannot find value `SMTO_NORMAL` in this scope
[INFO] [stdout]    --> src/winlayer.rs:146:13
[INFO] [stdout]     |
[INFO] [stdout] 146 |             SMTO_NORMAL,
[INFO] [stdout]     |             ^^^^^^^^^^^ not found in this scope
[INFO] [stdout] 
[INFO] [stdout] 
[INFO] [stdout] warning: use of deprecated trait `raw_window_handle::HasRawWindowHandle`: Use `HasWindowHandle` instead
[INFO] [stdout]    --> src/main.rs:168:33
[INFO] [stdout]     |
[INFO] [stdout] 168 |         use raw_window_handle::{HasRawWindowHandle, RawWindowHandle};
[INFO] [stdout]     |                                 ^^^^^^^^^^^^^^^^^^
[INFO] [stdout]     |
[INFO] [stdout]     = note: `#[warn(deprecated)]` on by default
[INFO] [stdout] 
[INFO] [stdout] 
[INFO] [stdout] warning: use of deprecated trait `raw_window_handle::HasRawWindowHandle`: Use `HasWindowHandle` instead
[INFO] [stdout]    --> src/main.rs:168:33
[INFO] [stdout]     |
[INFO] [stdout] 168 |         use raw_window_handle::{HasRawWindowHandle, RawWindowHandle};
[INFO] [stdout]     |                                 ^^^^^^^^^^^^^^^^^^
[INFO] [stdout]     |
[INFO] [stdout]     = note: `#[warn(deprecated)]` on by default
[INFO] [stdout] 
[INFO] [stdout] 
[INFO] [stdout] error[E0425]: cannot find function, tuple struct or tuple variant `FindWindowW` in this scope
[INFO] [stdout]   --> src/winlayer.rs:36:27
[INFO] [stdout]    |
[INFO] [stdout] 36 |         if let Ok(hwnd) = FindWindowW(PCWSTR(name.as_ptr()), PCWSTR::null()) {
[INFO] [stdout]    |                           ^^^^^^^^^^^ not found in this scope
[INFO] [stdout] 
[INFO] [stdout] 
[INFO] [stdout] error[E0425]: cannot find function, tuple struct or tuple variant `ShowWindow` in this scope
[INFO] [stdout]   --> src/winlayer.rs:37:21
[INFO] [stdout]    |
[INFO] [stdout] 37 |             let _ = ShowWindow(hwnd, SW_RESTORE);
[INFO] [stdout]    |                     ^^^^^^^^^^ not found in this scope
[INFO] [stdout] 
[INFO] [stdout] 
[INFO] [stdout] error[E0425]: cannot find function, tuple struct or tuple variant `SetForegroundWindow` in this scope
[INFO] [stdout]   --> src/winlayer.rs:38:21
[INFO] [stdout]    |
[INFO] [stdout] 38 |             let _ = SetForegroundWindow(hwnd);
[INFO] [stdout]    |                     ^^^^^^^^^^^^^^^^^^^ not found in this scope
[INFO] [stdout] 
[INFO] [stdout] 
[INFO] [stdout] error[E0425]: cannot find function, tuple struct or tuple variant `GetCursorPos` in this scope
[INFO] [stdout]   --> src/winlayer.rs:59:17
[INFO] [stdout]    |
[INFO] [stdout] 59 |         let _ = GetCursorPos(&mut p);
[INFO] [stdout]    |                 ^^^^^^^^^^^^ not found in this scope
[INFO] [stdout] 
[INFO] [stdout] 
[INFO] [stdout] error[E0425]: cannot find function, tuple struct or tuple variant `SendMessageW` in this scope
[INFO] [stdout]   --> src/winlayer.rs:62:17
[INFO] [stdout]    |
[INFO] [stdout] 62 |         let _ = SendMessageW(
[INFO] [stdout]    |                 ^^^^^^^^^^^^ not found in this scope
[INFO] [stdout] 
[INFO] [stdout] 
[INFO] [stdout] error[E0425]: cannot find function, tuple struct or tuple variant `GetWindowRect` in this scope
[INFO] [stdout]    --> src/winlayer.rs:107:17
[INFO] [stdout]     |
[INFO] [stdout] 107 |         let _ = GetWindowRect(h, &mut rect);
[INFO] [stdout]     |                 ^^^^^^^^^^^^^ not found in this scope
[INFO] [stdout] 
[INFO] [stdout] 
[INFO] [stdout] error[E0425]: cannot find function, tuple struct or tuple variant `GetParent` in this scope
[INFO] [stdout]    --> src/winlayer.rs:110:29
[INFO] [stdout]     |
[INFO] [stdout] 110 |         if let Ok(parent) = GetParent(h) {
[INFO] [stdout]     |                             ^^^^^^^^^ not found in this scope
[INFO] [stdout] 
[INFO] [stdout] 
[INFO] [stdout] error[E0425]: cannot find function, tuple struct or tuple variant `GetWindowLongW` in this scope
[INFO] [stdout]    --> src/winlayer.rs:112:33
[INFO] [stdout]     |
[INFO] [stdout] 112 |                 let mut style = GetWindowLongW(h, GWL_STYLE) as u32;
[INFO] [stdout]     |                                 ^^^^^^^^^^^^^^ not found in this scope
[INFO] [stdout] 
[INFO] [stdout] 
[INFO] [stdout] error[E0425]: cannot find function, tuple struct or tuple variant `SetWindowLongW` in this scope
[INFO] [stdout]    --> src/winlayer.rs:114:17
[INFO] [stdout]     |
[INFO] [stdout] 114 |                 SetWindowLongW(h, GWL_STYLE, style as i32);
[INFO] [stdout]     |                 ^^^^^^^^^^^^^^ not found in this scope
[INFO] [stdout] 
[INFO] [stdout] 
[INFO] [stdout] error[E0425]: cannot find function, tuple struct or tuple variant `SetParent` in this scope
[INFO] [stdout]    --> src/winlayer.rs:115:25
[INFO] [stdout]     |
[INFO] [stdout] 115 |                 let _ = SetParent(h, None);
[INFO] [stdout]     |                         ^^^^^^^^^ not found in this scope
[INFO] [stdout] 
[INFO] [stdout] 
[INFO] [stdout] error[E0425]: cannot find function, tuple struct or tuple variant `FindWindowW` in this scope
[INFO] [stdout]   --> src/winlayer.rs:36:27
[INFO] [stdout]    |
[INFO] [stdout] 36 |         if let Ok(hwnd) = FindWindowW(PCWSTR(name.as_ptr()), PCWSTR::null()) {
[INFO] [stdout]    |                           ^^^^^^^^^^^ not found in this scope
[INFO] [stdout] 
[INFO] [stdout] 
[INFO] [stdout] error[E0425]: cannot find function, tuple struct or tuple variant `SetWindowPos` in this scope
[INFO] [stdout]    --> src/winlayer.rs:116:25
[INFO] [stdout]     |
[INFO] [stdout] 116 |                 let _ = SetWindowPos(h, HWND(std::ptr::null_mut()), rect.left, rect.top, 0, 0, SWP_NOSIZE | SWP_NOACTIVATE);
[INFO] [stdout]     |                         ^^^^^^^^^^^^ not found in this scope
[INFO] [stdout] 
[INFO] [stdout] 
[INFO] [stdout] error[E0425]: cannot find function, tuple struct or tuple variant `ShowWindow` in this scope
[INFO] [stdout]   --> src/winlayer.rs:37:21
[INFO] [stdout]    |
[INFO] [stdout] 37 |             let _ = ShowWindow(hwnd, SW_RESTORE);
[INFO] [stdout]    |                     ^^^^^^^^^^ not found in this scope
[INFO] [stdout] 
[INFO] [stdout] 
[INFO] [stdout] error[E0425]: cannot find function, tuple struct or tuple variant `SetWindowPos` in this scope
[INFO] [stdout]    --> src/winlayer.rs:127:17
[INFO] [stdout]     |
[INFO] [stdout] 127 |         let _ = SetWindowPos(h, z, 0, 0, 0, 0, SWP_NOMOVE | SWP_NOSIZE | SWP_NOACTIVATE);
[INFO] [stdout]     |                 ^^^^^^^^^^^^ not found in this scope
[INFO] [stdout] 
[INFO] [stdout] 
[INFO] [stdout] error[E0425]: cannot find function, tuple struct or tuple variant `SetForegroundWindow` in this scope
[INFO] [stdout]   --> src/winlayer.rs:38:21
[INFO] [stdout]    |
[INFO] [stdout] 38 |             let _ = SetForegroundWindow(hwnd);
[INFO] [stdout]    |                     ^^^^^^^^^^^^^^^^^^^ not found in this scope
[INFO] [stdout] 
[INFO] [stdout] 
[INFO] [stdout] error[E0425]: cannot find function, tuple struct or tuple variant `GetCursorPos` in this scope
[INFO] [stdout]   --> src/winlayer.rs:59:17
[INFO] [stdout]    |
[INFO] [stdout] 59 |         let _ = GetCursorPos(&mut p);
[INFO] [stdout]    |                 ^^^^^^^^^^^^ not found in this scope
[INFO] [stdout] 
[INFO] [stdout] 
[INFO] [stdout] error[E0425]: cannot find function, tuple struct or tuple variant `FindWindowW` in this scope
[INFO] [stdout]    --> src/winlayer.rs:134:29
[INFO] [stdout]     |
[INFO] [stdout] 134 |         let progman = match FindWindowW(PCWSTR(progman_name.as_ptr()), PCWSTR::null()) {
[INFO] [stdout]     |                             ^^^^^^^^^^^ not found in this scope
[INFO] [stdout] 
[INFO] [stdout] 
[INFO] [stdout] error[E0425]: cannot find function, tuple struct or tuple variant `SendMessageTimeoutW` in this scope
[INFO] [stdout]    --> src/winlayer.rs:141:17
[INFO] [stdout]     |
[INFO] [stdout] 141 |         let _ = SendMessageTimeoutW(
[INFO] [stdout]     |                 ^^^^^^^^^^^^^^^^^^^ not found in this scope
[INFO] [stdout] 
[INFO] [stdout] 
[INFO] [stdout] error[E0425]: cannot find function, tuple struct or tuple variant `SendMessageW` in this scope
[INFO] [stdout]   --> src/winlayer.rs:62:17
[INFO] [stdout]    |
[INFO] [stdout] 62 |         let _ = SendMessageW(
[INFO] [stdout]    |                 ^^^^^^^^^^^^ not found in this scope
[INFO] [stdout] 
[INFO] [stdout] 
[INFO] [stdout] error[E0425]: cannot find function, tuple struct or tuple variant `GetWindowRect` in this scope
[INFO] [stdout]    --> src/winlayer.rs:107:17
[INFO] [stdout]     |
[INFO] [stdout] 107 |         let _ = GetWindowRect(h, &mut rect);
[INFO] [stdout]     |                 ^^^^^^^^^^^^^ not found in this scope
[INFO] [stdout] 
[INFO] [stdout] 
[INFO] [stdout] error[E0425]: cannot find function, tuple struct or tuple variant `GetParent` in this scope
[INFO] [stdout]    --> src/winlayer.rs:110:29
[INFO] [stdout]     |
[INFO] [stdout] 110 |         if let Ok(parent) = GetParent(h) {
[INFO] [stdout]     |                             ^^^^^^^^^ not found in this scope
[INFO] [stdout] 
[INFO] [stdout] 
[INFO] [stdout] error[E0425]: cannot find function, tuple struct or tuple variant `GetWindowLongW` in this scope
[INFO] [stdout]    --> src/winlayer.rs:112:33
[INFO] [stdout]     |
[INFO] [stdout] 112 |                 let mut style = GetWindowLongW(h, GWL_STYLE) as u32;
[INFO] [stdout]     |                                 ^^^^^^^^^^^^^^ not found in this scope
[INFO] [stdout] 
[INFO] [stdout] 
[INFO] [stdout] error[E0425]: cannot find function, tuple struct or tuple variant `SetWindowLongW` in this scope
[INFO] [stdout]    --> src/winlayer.rs:114:17
[INFO] [stdout]     |
[INFO] [stdout] 114 |                 SetWindowLongW(h, GWL_STYLE, style as i32);
[INFO] [stdout]     |                 ^^^^^^^^^^^^^^ not found in this scope
[INFO] [stdout] 
[INFO] [stdout] 
[INFO] [stdout] error[E0425]: cannot find function, tuple struct or tuple variant `SetParent` in this scope
[INFO] [stdout]    --> src/winlayer.rs:115:25
[INFO] [stdout]     |
[INFO] [stdout] 115 |                 let _ = SetParent(h, None);
[INFO] [stdout]     |                         ^^^^^^^^^ not found in this scope
[INFO] [stdout] 
[INFO] [stdout] 
[INFO] [stdout] error[E0425]: cannot find function, tuple struct or tuple variant `SetWindowPos` in this scope
[INFO] [stdout]    --> src/winlayer.rs:116:25
[INFO] [stdout]     |
[INFO] [stdout] 116 |                 let _ = SetWindowPos(h, HWND(std::ptr::null_mut()), rect.left, rect.top, 0, 0, SWP_NOSIZE | SWP_NOACTIVATE);
[INFO] [stdout]     |                         ^^^^^^^^^^^^ not found in this scope
[INFO] [stdout] 
[INFO] [stdout] 
[INFO] [stdout] error[E0425]: cannot find function, tuple struct or tuple variant `SetWindowPos` in this scope
[INFO] [stdout]    --> src/winlayer.rs:127:17
[INFO] [stdout]     |
[INFO] [stdout] 127 |         let _ = SetWindowPos(h, z, 0, 0, 0, 0, SWP_NOMOVE | SWP_NOSIZE | SWP_NOACTIVATE);
[INFO] [stdout]     |                 ^^^^^^^^^^^^ not found in this scope
[INFO] [stdout] 
[INFO] [stdout] 
[INFO] [stdout] error[E0425]: cannot find function, tuple struct or tuple variant `FindWindowW` in this scope
[INFO] [stdout]    --> src/winlayer.rs:134:29
[INFO] [stdout]     |
[INFO] [stdout] 134 |         let progman = match FindWindowW(PCWSTR(progman_name.as_ptr()), PCWSTR::null()) {
[INFO] [stdout]     |                             ^^^^^^^^^^^ not found in this scope
[INFO] [stdout] 
[INFO] [stdout] 
[INFO] [stdout] error[E0425]: cannot find function, tuple struct or tuple variant `SendMessageTimeoutW` in this scope
[INFO] [stdout]    --> src/winlayer.rs:141:17
[INFO] [stdout]     |
[INFO] [stdout] 141 |         let _ = SendMessageTimeoutW(
[INFO] [stdout]     |                 ^^^^^^^^^^^^^^^^^^^ not found in this scope
[INFO] [stdout] 
[INFO] [stdout] 
[INFO] [stdout] error[E0425]: cannot find function, tuple struct or tuple variant `EnumWindows` in this scope
[INFO] [stdout]    --> src/winlayer.rs:181:17
[INFO] [stdout]     |
[INFO] [stdout] 181 |         let _ = EnumWindows(Some(enum_cb), LPARAM(&mut found as *mut isize as isize));
[INFO] [stdout]     |                 ^^^^^^^^^^^ not found in this scope
[INFO] [stdout] 
[INFO] [stdout] 
[INFO] [stdout] error[E0425]: cannot find function, tuple struct or tuple variant `EnumWindows` in this scope
[INFO] [stdout]    --> src/winlayer.rs:181:17
[INFO] [stdout]     |
[INFO] [stdout] 181 |         let _ = EnumWindows(Some(enum_cb), LPARAM(&mut found as *mut isize as isize));
[INFO] [stdout]     |                 ^^^^^^^^^^^ not found in this scope
[INFO] [stdout] 
[INFO] [stdout] 
[INFO] [stdout] error[E0425]: cannot find function, tuple struct or tuple variant `FindWindowExW` in this scope
[INFO] [stdout]    --> src/winlayer.rs:155:27
[INFO] [stdout]     |
[INFO] [stdout] 155 |                 let def = FindWindowExW(hwnd, None, PCWSTR(DEF_VIEW.as_ptr()), PCWSTR::null());
[INFO] [stdout]     |                           ^^^^^^^^^^^^^ not found in this scope
[INFO] [stdout] 
[INFO] [stdout] 
[INFO] [stdout] error[E0425]: cannot find function, tuple struct or tuple variant `FindWindowExW` in this scope
[INFO] [stdout]    --> src/winlayer.rs:155:27
[INFO] [stdout]     |
[INFO] [stdout] 155 |                 let def = FindWindowExW(hwnd, None, PCWSTR(DEF_VIEW.as_ptr()), PCWSTR::null());
[INFO] [stdout]     |                           ^^^^^^^^^^^^^ not found in this scope
[INFO] [stdout] 
[INFO] [stdout] 
[INFO] [stdout] error[E0425]: cannot find function, tuple struct or tuple variant `FindWindowExW` in this scope
[INFO] [stdout]    --> src/winlayer.rs:159:29
[INFO] [stdout]     |
[INFO] [stdout] 159 | ...                   FindWindowExW(hwnd, None, PCWSTR(WORKER_W.as_ptr()), PCWSTR::null());
[INFO] [stdout]     |                       ^^^^^^^^^^^^^ not found in this scope
[INFO] [stdout] 
[INFO] [stdout] 
[INFO] [stdout] error[E0425]: cannot find function, tuple struct or tuple variant `FindWindowExW` in this scope
[INFO] [stdout]    --> src/winlayer.rs:159:29
[INFO] [stdout]     |
[INFO] [stdout] 159 | ...                   FindWindowExW(hwnd, None, PCWSTR(WORKER_W.as_ptr()), PCWSTR::null());
[INFO] [stdout]     |                       ^^^^^^^^^^^^^ not found in this scope
[INFO] [stdout] 
[INFO] [stdout] 
[INFO] [stdout] warning: use of deprecated method `raw_window_handle::HasRawWindowHandle::raw_window_handle`: Use `HasWindowHandle` instead
[INFO] [stdout]    --> src/main.rs:169:55
[INFO] [stdout]     |
[INFO] [stdout] 169 |         if let Ok(RawWindowHandle::Win32(h)) = window.raw_window_handle() {
[INFO] [stdout]     |                                                       ^^^^^^^^^^^^^^^^^
[INFO] [stdout] 
[INFO] [stdout] 
[INFO] [stdout] warning: use of deprecated method `raw_window_handle::HasRawWindowHandle::raw_window_handle`: Use `HasWindowHandle` instead
[INFO] [stdout]    --> src/main.rs:169:55
[INFO] [stdout]     |
[INFO] [stdout] 169 |         if let Ok(RawWindowHandle::Win32(h)) = window.raw_window_handle() {
[INFO] [stdout]     |                                                       ^^^^^^^^^^^^^^^^^
[INFO] [stdout] 
[INFO] [stdout] 
[INFO] [stdout] error[E0599]: no associated function or constant named `from_path` found for struct `Icon` in the current scope
[INFO] [stdout]    --> src/main.rs:230:11
[INFO] [stdout]     |
[INFO] [stdout] 230 |     Icon::from_path(ico, None).ok()
[INFO] [stdout]     |           ^^^^^^^^^ associated function or constant not found in `Icon`
[INFO] [stdout]     |
[INFO] [stdout] note: if you're trying to build a new `Icon`, consider using `Icon::from_rgba` which returns `Result<Icon, BadIcon>`
[INFO] [stdout]    --> /opt/rustwide/cargo-home/registry/src/index.crates.io-1949cf8c6b5b557f/tao-0.31.1/src/icon.rs:164:3
[INFO] [stdout]     |
[INFO] [stdout] 164 |   pub fn from_rgba(rgba: Vec<u8>, width: u32, height: u32) -> Result<Self, BadIcon> {
[INFO] [stdout]     |   ^^^^^^^^^^^^^^^^^^^^^^^^^^^^^^^^^^^^^^^^^^^^^^^^^^^^^^^^^^^^^^^^^^^^^^^^^^^^^^^^^
[INFO] [stdout] 
[INFO] [stdout] 
[INFO] [stdout] error[E0599]: no associated function or constant named `from_path` found for struct `Icon` in the current scope
[INFO] [stdout]    --> src/main.rs:230:11
[INFO] [stdout]     |
[INFO] [stdout] 230 |     Icon::from_path(ico, None).ok()
[INFO] [stdout]     |           ^^^^^^^^^ associated function or constant not found in `Icon`
[INFO] [stdout]     |
[INFO] [stdout] note: if you're trying to build a new `Icon`, consider using `Icon::from_rgba` which returns `Result<Icon, BadIcon>`
[INFO] [stdout]    --> /opt/rustwide/cargo-home/registry/src/index.crates.io-1949cf8c6b5b557f/tao-0.31.1/src/icon.rs:164:3
[INFO] [stdout]     |
[INFO] [stdout] 164 |   pub fn from_rgba(rgba: Vec<u8>, width: u32, height: u32) -> Result<Self, BadIcon> {
[INFO] [stdout]     |   ^^^^^^^^^^^^^^^^^^^^^^^^^^^^^^^^^^^^^^^^^^^^^^^^^^^^^^^^^^^^^^^^^^^^^^^^^^^^^^^^^
[INFO] [stdout] 
[INFO] [stdout] 
[INFO] [stdout] Some errors have detailed explanations: E0425, E0432, E0433, E0599.
[INFO] [stdout] 
[INFO] [stdout] For more information about an error, try `rustc --explain E0425`.
[INFO] [stdout] 
[INFO] [stdout] Some errors have detailed explanations: E0425, E0432, E0433, E0599.
[INFO] [stdout] 
[INFO] [stdout] For more information about an error, try `rustc --explain E0425`.
[INFO] [stdout] 
[INFO] [stderr] error: could not compile `xiaoai_schedule` (bin "xiaoai_schedule") due to 58 previous errors; 2 warnings emitted
[INFO] [stderr] warning: build failed, waiting for other jobs to finish...
[INFO] [stderr] error: could not compile `xiaoai_schedule` (bin "xiaoai_schedule" test) due to 58 previous errors; 2 warnings emitted
[INFO] running `Command { std: "docker" "inspect" "bcb8737e1a26d9ee3d409b0077b2d8f864364ace58151d3ce38be61ac2b06791", kill_on_drop: false }`
[INFO] running `Command { std: "docker" "rm" "-f" "bcb8737e1a26d9ee3d409b0077b2d8f864364ace58151d3ce38be61ac2b06791", kill_on_drop: false }`
[INFO] [stdout] bcb8737e1a26d9ee3d409b0077b2d8f864364ace58151d3ce38be61ac2b06791
